64.208.172.172 - - [05/Sep/2007:05:00:49 -0700] "GET /robots.txt HTTP/1.0" 404 275 "-" "ia_archiver" "www.dmulk.com"
64.208.172.172 - - [05/Sep/2007:05:00:49 -0700] "GET /megumi/Necklace/?D=D HTTP/1.0" 200 4307 "-" "ia_archiver" "www.dmulk.com"
64.208.172.172 - - [05/Sep/2007:05:00:56 -0700] "GET /megumi/Necklace/?N=D HTTP/1.0" 200 4307 "-" "ia_archiver" "www.dmulk.com"
64.208.172.172 - - [05/Sep/2007:05:01:02 -0700] "GET / HTTP/1.0" 200 2946 "-" "ia_archiver" "www.dmulk.com"
64.208.172.172 - - [05/Sep/2007:05:01:15 -0700] "GET /megumi/Bracelet/?S=D HTTP/1.0" 200 1689 "-" "ia_archiver" "www.dmulk.com"
64.208.172.172 - - [05/Sep/2007:05:06:18 -0700] "GET /megumi/?D=A HTTP/1.0" 200 921 "-" "ia_archiver" "www.dmulk.com"
64.208.172.172 - - [05/Sep/2007:05:06:24 -0700] "GET /megumi/Necklace/ HTTP/1.0" 200 4307 "-" "ia_archiver" "www.dmulk.com"
64.208.172.172 - - [05/Sep/2007:05:08:23 -0700] "GET /megumi/Bracelet/?N=D HTTP/1.0" 200 1689 "-" "ia_archiver" "www.dmulk.com"
64.208.172.172 - - [05/Sep/2007:05:09:02 -0700] "GET /megumi/earrings/ HTTP/1.0" 200 2065 "-" "ia_archiver" "www.dmulk.com"
72.30.61.94 - - [05/Sep/2007:05:14:56 -0700] "GET /tmp/?D=A HTTP/1.0" 200 1998 "-" "Mozilla/5.0 (compatible; Yahoo! Slurp; http://help.yahoo.com/help/us/ysearch/slurp)" "www.dmulk.com"
74.6.20.230 - - [05/Sep/2007:05:29:25 -0700] "GET /minamijewelry/?M=D HTTP/1.0" 200 2100 "-" "Mozilla/5.0 (compatible; Yahoo! Slurp; http://help.yahoo.com/help/us/ysearch/slurp)" "www.dmulk.com"
65.55.209.206 - - [05/Sep/2007:05:45:30 -0700] "GET /robots.txt HTTP/1.0" 404 275 "-" "msnbot/1.0 (+http://search.msn.com/msnbot.htm)" "www.dmulk.com"
72.30.61.175 - - [05/Sep/2007:06:12:07 -0700] "GET /tmp/?D=A HTTP/1.0" 200 1995 "-" "Mozilla/5.0 (compatible; Yahoo! Slurp; http://help.yahoo.com/help/us/ysearch/slurp)" "www.dmulk.com"
74.6.24.79 - - [05/Sep/2007:06:39:51 -0700] "GET /megumi/?N=A HTTP/1.0" 200 921 "-" "Mozilla/5.0 (compatible; Yahoo! Slurp; http://help.yahoo.com/help/us/ysearch/slurp)" "www.dmulk.com"
72.30.61.105 - - [05/Sep/2007:06:43:56 -0700] "GET /tmp/?D=A HTTP/1.0" 200 1995 "-" "Mozilla/5.0 (compatible; Yahoo! Slurp; http://help.yahoo.com/help/us/ysearch/slurp)" "www.dmulk.com"
74.6.28.122 - - [05/Sep/2007:07:09:03 -0700] "GET /minamijewelry/html/dream.html HTTP/1.0" 304 - "-" "Mozilla/5.0 (compatible; Yahoo! Slurp; http://help.yahoo.com/help/us/ysearch/slurp)" "www.dmulk.com"
74.6.24.45 - - [05/Sep/2007:07:13:25 -0700] "GET /presto/ HTTP/1.0" 200 510 "-" "Mozilla/5.0 (compatible; Yahoo! Slurp; http://help.yahoo.com/help/us/ysearch/slurp)" "www.dmulk.com"
74.6.24.145 - - [05/Sep/2007:07:14:44 -0700] "GET /presto/?S=A HTTP/1.0" 200 510 "-" "Mozilla/5.0 (compatible; Yahoo! Slurp; http://help.yahoo.com/help/us/ysearch/slurp)" "www.dmulk.com"
74.6.19.207 - - [05/Sep/2007:07:15:27 -0700] "GET /presto/?N=D HTTP/1.0" 200 510 "-" "Mozilla/5.0 (compatible; Yahoo! Slurp; http://help.yahoo.com/help/us/ysearch/slurp)" "www.dmulk.com"
64.208.172.172 - - [05/Sep/2007:07:43:25 -0700] "GET /megumi/earrings/?M=A HTTP/1.0" 200 2065 "-" "ia_archiver" "www.dmulk.com"
64.208.172.172 - - [05/Sep/2007:07:43:31 -0700] "GET /megumi/Bracelet/?M=A HTTP/1.0" 200 1689 "-" "ia_archiver" "www.dmulk.com"
64.208.172.172 - - [05/Sep/2007:07:43:38 -0700] "GET /megumi/Bracelet/ HTTP/1.0" 200 1689 "-" "ia_archiver" "www.dmulk.com"
64.208.172.172 - - [05/Sep/2007:07:43:59 -0700] "GET /megumi/Necklace/?D=A HTTP/1.0" 200 4307 "-" "ia_archiver" "www.dmulk.com"
64.208.172.172 - - [05/Sep/2007:07:44:06 -0700] "GET /megumi/earrings/?N=D HTTP/1.0" 200 2065 "-" "ia_archiver" "www.dmulk.com"
213.29.7.220 - - [05/Sep/2007:07:50:44 -0700] "GET /robots.txt HTTP/1.1" 404 275 "-" "holmes/3.11 (http://morfeo.centrum.cz/bot)" "www.dmulk.com"
72.30.61.175 - - [05/Sep/2007:07:53:18 -0700] "GET /tmp/?D=A HTTP/1.0" 200 1995 "-" "Mozilla/5.0 (compatible; Yahoo! Slurp; http://help.yahoo.com/help/us/ysearch/slurp)" "www.dmulk.com"
72.51.43.185 - - [05/Sep/2007:08:54:28 -0700] "GET / HTTP/1.0" 200 2946 "-" "Mozilla/4.0 (compatible; MSIE 6.0; Windows NT 5.1; Mirar Search Indexing Agent see getmirar.com)" "www.dmulk.com"
74.6.25.135 - - [05/Sep/2007:08:56:32 -0700] "GET /presto/?D=A HTTP/1.0" 200 510 "-" "Mozilla/5.0 (compatible; Yahoo! Slurp; http://help.yahoo.com/help/us/ysearch/slurp)" "www.dmulk.com"
12.11.10.200 - - [05/Sep/2007:08:59:11 -0700] "GET /funny/ HTTP/1.1" 200 808 "http://search.yahoo.com/search?p=index+parent+directory+funny+wmv&fr=yfp-t-471&pstart=1&b=71" "Mozilla/4.0 (compatible; MSIE 7.0; Windows NT 5.1; .NET CLR 1.1.4322)" "www.dmulk.com"
12.11.10.200 - - [05/Sep/2007:08:59:12 -0700] "GET /favicon.ico HTTP/1.1" 404 275 "-" "Mozilla/4.0 (compatible; MSIE 7.0; Windows NT 5.1; .NET CLR 1.1.4322)" "www.dmulk.com"
74.6.23.139 - - [05/Sep/2007:09:09:40 -0700] "GET /megumi/Bracelet/?S=A HTTP/1.0" 200 1689 "-" "Mozilla/5.0 (compatible; Yahoo! Slurp; http://help.yahoo.com/help/us/ysearch/slurp)" "www.dmulk.com"
74.6.22.198 - - [05/Sep/2007:09:13:06 -0700] "GET /minamijewelry/html/about.html HTTP/1.0" 200 12859 "-" "Mozilla/5.0 (compatible; Yahoo! Slurp; http://help.yahoo.com/help/us/ysearch/slurp)" "www.dmulk.com"
74.6.26.142 - - [05/Sep/2007:09:25:39 -0700] "GET /retreat1/?N=A HTTP/1.0" 200 15065 "-" "Mozilla/5.0 (compatible; Yahoo! Slurp; http://help.yahoo.com/help/us/ysearch/slurp)" "www.dmulk.com"
72.30.61.175 - - [05/Sep/2007:09:34:58 -0700] "GET /tmp/?D=A HTTP/1.0" 200 1995 "-" "Mozilla/5.0 (compatible; Yahoo! Slurp; http://help.yahoo.com/help/us/ysearch/slurp)" "www.dmulk.com"
74.6.28.111 - - [05/Sep/2007:09:49:22 -0700] "GET /logs/access_070807.log HTTP/1.0" 304 - "-" "Mozilla/5.0 (compatible; Yahoo! Slurp; http://help.yahoo.com/help/us/ysearch/slurp)" "www.dmulk.com"
74.6.23.35 - - [05/Sep/2007:10:12:30 -0700] "GET /robots.txt HTTP/1.0" 404 275 "-" "Mozilla/5.0 (compatible; Yahoo! Slurp; http://help.yahoo.com/help/us/ysearch/slurp)" "www.dmulk.com"
72.30.61.94 - - [05/Sep/2007:10:12:31 -0700] "GET /tmp/?D=A HTTP/1.0" 200 1998 "-" "Mozilla/5.0 (compatible; Yahoo! Slurp; http://help.yahoo.com/help/us/ysearch/slurp)" "www.dmulk.com"
202.160.179.168 - - [05/Sep/2007:10:19:46 -0700] "GET /robots.txt HTTP/1.0" 404 275 "-" "Mozilla/5.0 (compatible; Yahoo! Slurp China; http://misc.yahoo.com.cn/help.html)" "www.dmulk.com"
202.160.178.230 - - [05/Sep/2007:10:19:47 -0700] "GET /presto/ HTTP/1.0" 200 510 "-" "Mozilla/5.0 (compatible; Yahoo! Slurp China; http://misc.yahoo.com.cn/help.html)" "www.dmulk.com"
208.80.193.44 - - [05/Sep/2007:10:45:47 -0700] "GET / HTTP/1.1" 200 2962 "-" "Mozilla/5.0 (compatible; Konqueror/3.0-rc1; i686 Linux; 20020522)" "www.dmulk.com"
65.55.209.204 - - [05/Sep/2007:11:05:21 -0700] "GET /robots.txt HTTP/1.0" 404 275 "-" "msnbot/1.0 (+http://search.msn.com/msnbot.htm)" "www.dmulk.com"
65.55.209.204 - - [05/Sep/2007:11:05:22 -0700] "GET /bikes/?D=A HTTP/1.0" 200 2036 "-" "msnbot/1.0 (+http://search.msn.com/msnbot.htm)" "www.dmulk.com"
72.30.61.175 - - [05/Sep/2007:11:20:34 -0700] "GET /tmp/?D=A HTTP/1.0" 200 1998 "-" "Mozilla/5.0 (compatible; Yahoo! Slurp; http://help.yahoo.com/help/us/ysearch/slurp)" "www.dmulk.com"
82.120.141.159 - - [05/Sep/2007:11:45:29 -0700] "GET / HTTP/1.0" 200 2946 "http://www.courbis.fr" "Courbis, trucs et astuces pour la Varadero 125" "www.dmulk.com"
65.55.209.206 - - [05/Sep/2007:11:49:07 -0700] "GET /robots.txt HTTP/1.0" 404 275 "-" "msnbot/1.0 (+http://search.msn.com/msnbot.htm)" "www.dmulk.com"
65.55.209.206 - - [05/Sep/2007:11:49:07 -0700] "GET /logs/access_070730.log HTTP/1.0" 200 41451 "-" "msnbot/1.0 (+http://search.msn.com/msnbot.htm)" "www.dmulk.com"
65.55.209.205 - - [05/Sep/2007:12:07:47 -0700] "GET /robots.txt HTTP/1.0" 404 275 "-" "msnbot/1.0 (+http://search.msn.com/msnbot.htm)" "www.dmulk.com"
65.55.209.205 - - [05/Sep/2007:12:07:47 -0700] "GET /bikes/?M=A HTTP/1.0" 200 2036 "-" "msnbot/1.0 (+http://search.msn.com/msnbot.htm)" "www.dmulk.com"
65.55.209.205 - - [05/Sep/2007:12:07:48 -0700] "GET /bikes/?S=A HTTP/1.0" 200 2036 "-" "msnbot/1.0 (+http://search.msn.com/msnbot.htm)" "www.dmulk.com"
195.70.35.179 - - [05/Sep/2007:12:12:26 -0700] "GET /presto/ HTTP/1.1" 200 526 "-" "Mozilla/5.0 (X11; U; Linux i686; en-US; rv:1.8.1.6) Gecko/20061201 Firefox/2.0.0.6 (Ubuntu-feisty)" "www.dmulk.com"
74.6.22.21 - - [05/Sep/2007:12:17:31 -0700] "GET /tmp/sess_f80d20e09ebe77dd8b7f68d7fef7c6b0 HTTP/1.0" 403 163 "-" "Mozilla/5.0 (compatible; Yahoo! Slurp; http://help.yahoo.com/help/us/ysearch/slurp)" "www.dmulk.com"
213.244.7.172 - - [05/Sep/2007:12:39:22 -0700] "GET /funny/ HTTP/1.1" 200 812 "http://www.google.com/search?client=firefox-a&rls=org.mozilla%3Anl%3Aofficial&channel=s&hl=nl&q=-htm+-html+intitle%3A%27index+of%27+%28avi%7Cmpg%7Cwmv%29+%27last+modified%27+%27fun%27+&lr=&btnG=Google+zoeken" "Mozilla/5.0 (Windows; U; Windows NT 5.1; nl; rv:1.8.1.6) Gecko/20070725 Firefox/2.0.0.6" "www.dmulk.com"
213.244.7.172 - - [05/Sep/2007:12:39:27 -0700] "GET /favicon.ico HTTP/1.1" 404 275 "-" "Mozilla/5.0 (Windows; U; Windows NT 5.1; nl; rv:1.8.1.6) Gecko/20070725 Firefox/2.0.0.6" "www.dmulk.com"
213.244.7.172 - - [05/Sep/2007:12:39:29 -0700] "GET / HTTP/1.1" 200 2962 "http://www.dmulk.com/funny/" "Mozilla/5.0 (Windows; U; Windows NT 5.1; nl; rv:1.8.1.6) Gecko/20070725 Firefox/2.0.0.6" "www.dmulk.com"
72.30.61.175 - - [05/Sep/2007:13:01:47 -0700] "GET /tmp/?D=A HTTP/1.0" 200 1995 "-" "Mozilla/5.0 (compatible; Yahoo! Slurp; http://help.yahoo.com/help/us/ysearch/slurp)" "www.dmulk.com"
65.55.209.214 - - [05/Sep/2007:13:03:54 -0700] "GET /robots.txt HTTP/1.0" 404 275 "-" "msnbot/1.0 (+http://search.msn.com/msnbot.htm)" "www.dmulk.com"
65.55.209.214 - - [05/Sep/2007:13:03:54 -0700] "GET /presto/?D=D HTTP/1.0" 200 510 "-" "msnbot/1.0 (+http://search.msn.com/msnbot.htm)" "www.dmulk.com"
74.6.26.43 - - [05/Sep/2007:13:21:43 -0700] "GET /logs/access_070702.log HTTP/1.0" 304 - "-" "Mozilla/5.0 (compatible; Yahoo! Slurp; http://help.yahoo.com/help/us/ysearch/slurp)" "www.dmulk.com"
74.6.26.117 - - [05/Sep/2007:13:22:34 -0700] "GET /plans/A4_SCHEMAIC_SECTION.pdf HTTP/1.0" 304 - "-" "Mozilla/5.0 (compatible; Yahoo! Slurp; http://help.yahoo.com/help/us/ysearch/slurp)" "www.dmulk.com"
74.6.24.106 - - [05/Sep/2007:13:47:27 -0700] "GET /bikes/CreSTOC07/ HTTP/1.0" 200 15280 "-" "Mozilla/5.0 (compatible; Yahoo! Slurp; http://help.yahoo.com/help/us/ysearch/slurp)" "www.dmulk.com"
64.208.172.172 - - [05/Sep/2007:13:47:29 -0700] "GET /megumi/?N=D HTTP/1.0" 200 921 "-" "ia_archiver" "www.dmulk.com"
64.208.172.172 - - [05/Sep/2007:13:47:34 -0700] "GET /?N=D HTTP/1.0" 200 2946 "-" "ia_archiver" "www.dmulk.com"
64.208.172.172 - - [05/Sep/2007:13:48:08 -0700] "GET /minamijewelry/ HTTP/1.0" 200 2094 "-" "ia_archiver" "www.dmulk.com"
64.208.172.172 - - [05/Sep/2007:13:48:18 -0700] "GET /megumi/?N=A HTTP/1.0" 200 921 "-" "ia_archiver" "www.dmulk.com"
64.208.172.172 - - [05/Sep/2007:13:48:23 -0700] "GET /megumi/?D=D HTTP/1.0" 200 921 "-" "ia_archiver" "www.dmulk.com"
64.208.172.172 - - [05/Sep/2007:13:48:28 -0700] "GET /logs/ HTTP/1.0" 200 11361 "-" "ia_archiver" "www.dmulk.com"
64.208.172.172 - - [05/Sep/2007:13:48:33 -0700] "GET /drop/ HTTP/1.0" 401 395 "-" "ia_archiver" "www.dmulk.com"
64.208.172.172 - - [05/Sep/2007:13:48:38 -0700] "GET /mobileoffice/ HTTP/1.0" 200 5008 "-" "ia_archiver" "www.dmulk.com"
64.208.172.172 - - [05/Sep/2007:13:48:43 -0700] "GET /tmp/ HTTP/1.0" 200 1995 "-" "ia_archiver" "www.dmulk.com"
64.208.172.172 - - [05/Sep/2007:13:49:18 -0700] "GET /megumi/?S=A HTTP/1.0" 200 921 "-" "ia_archiver" "www.dmulk.com"
64.208.172.172 - - [05/Sep/2007:13:49:29 -0700] "GET /funny/ HTTP/1.0" 200 792 "-" "ia_archiver" "www.dmulk.com"
64.208.172.172 - - [05/Sep/2007:13:49:34 -0700] "GET /?M=A HTTP/1.0" 200 2946 "-" "ia_archiver" "www.dmulk.com"
64.208.172.172 - - [05/Sep/2007:13:49:52 -0700] "GET /?S=A HTTP/1.0" 200 2946 "-" "ia_archiver" "www.dmulk.com"
64.208.172.172 - - [05/Sep/2007:13:49:59 -0700] "GET /bikes/ HTTP/1.0" 200 2036 "-" "ia_archiver" "www.dmulk.com"
64.208.172.172 - - [05/Sep/2007:13:50:04 -0700] "GET /?D=A HTTP/1.0" 200 2946 "-" "ia_archiver" "www.dmulk.com"
207.91.18.242 - - [05/Sep/2007:14:24:13 -0700] "GET /funny/ HTTP/1.1" 200 808 "http://www.google.com/custom?q=funny+parent+directory+index&hl=en&cof=S:http://www.hamilton.net%3BL:http://www.hamilton.net/newpages2/googlehead.gif%3BLH:88%3BLW:746%3B&domains=hamilton.net&start=110&sa=N" "Mozilla/4.0 (compatible; MSIE 7.0; Windows NT 5.1; .NET CLR 1.1.4322)" "www.dmulk.com"
207.91.18.242 - - [05/Sep/2007:14:24:14 -0700] "GET /favicon.ico HTTP/1.1" 404 275 "-" "Mozilla/4.0 (compatible; MSIE 7.0; Windows NT 5.1; .NET CLR 1.1.4322)" "www.dmulk.com"
72.30.61.175 - - [05/Sep/2007:14:42:10 -0700] "GET /tmp/?D=A HTTP/1.0" 200 1998 "-" "Mozilla/5.0 (compatible; Yahoo! Slurp; http://help.yahoo.com/help/us/ysearch/slurp)" "www.dmulk.com"
74.6.26.156 - - [05/Sep/2007:14:43:08 -0700] "GET /?S=D HTTP/1.0" 200 2946 "-" "Mozilla/5.0 (compatible; Yahoo! Slurp; http://help.yahoo.com/help/us/ysearch/slurp)" "www.dmulk.com"
72.30.61.94 - - [05/Sep/2007:14:59:33 -0700] "GET /tmp/?D=A HTTP/1.0" 200 1995 "-" "Mozilla/5.0 (compatible; Yahoo! Slurp; http://help.yahoo.com/help/us/ysearch/slurp)" "www.dmulk.com"
66.249.73.36 - - [05/Sep/2007:15:00:15 -0700] "GET /robots.txt HTTP/1.1" 404 275 "-" "Mozilla/5.0 (compatible; Googlebot/2.1; +http://www.google.com/bot.html)" "www.dmulk.com"
66.249.73.36 - - [05/Sep/2007:15:00:15 -0700] "GET /logs/access_070727.log HTTP/1.1" 200 35863 "-" "Mozilla/5.0 (compatible; Googlebot/2.1; +http://www.google.com/bot.html)" "www.dmulk.com"
66.249.73.36 - - [05/Sep/2007:15:00:21 -0700] "GET /logs/access_070719.log HTTP/1.1" 200 50682 "-" "Mozilla/5.0 (compatible; Googlebot/2.1; +http://www.google.com/bot.html)" "www.dmulk.com"
66.249.73.36 - - [05/Sep/2007:15:00:24 -0700] "GET /logs/access_070716.log HTTP/1.1" 200 34661 "-" "Mozilla/5.0 (compatible; Googlebot/2.1; +http://www.google.com/bot.html)" "www.dmulk.com"
66.249.73.36 - - [05/Sep/2007:15:20:55 -0700] "HEAD /bikes/dteel/MVI_2434.AVI HTTP/1.1" 200 0 "-" "Mozilla/5.0 (compatible; Googlebot/2.1; +http://www.google.com/bot.html)" "www.dmulk.com"
66.249.73.36 - - [05/Sep/2007:15:20:55 -0700] "HEAD /funny/terryt1.wmv HTTP/1.1" 200 0 "-" "Mozilla/5.0 (compatible; Googlebot/2.1; +http://www.google.com/bot.html)" "www.dmulk.com"
66.249.73.36 - - [05/Sep/2007:15:28:10 -0700] "GET /logs/access_070710.log HTTP/1.1" 304 - "-" "Mozilla/5.0 (compatible; Googlebot/2.1; +http://www.google.com/bot.html)" "www.dmulk.com"
66.249.73.36 - - [05/Sep/2007:15:28:17 -0700] "GET /logs/access_070708.log HTTP/1.1" 304 - "-" "Mozilla/5.0 (compatible; Googlebot/2.1; +http://www.google.com/bot.html)" "www.dmulk.com"
66.249.73.36 - - [05/Sep/2007:15:33:36 -0700] "GET /robots.txt HTTP/1.1" 404 275 "-" "Mozilla/5.0 (compatible; Googlebot/2.1; +http://www.google.com/bot.html)" "dmulk.com"
66.249.73.36 - - [05/Sep/2007:15:33:36 -0700] "GET /tmp/ HTTP/1.1" 200 2011 "-" "Mozilla/5.0 (compatible; Googlebot/2.1; +http://www.google.com/bot.html)" "dmulk.com"
72.30.61.105 - - [05/Sep/2007:15:50:28 -0700] "GET /tmp/?D=A HTTP/1.0" 200 1995 "-" "Mozilla/5.0 (compatible; Yahoo! Slurp; http://help.yahoo.com/help/us/ysearch/slurp)" "www.dmulk.com"
70.181.193.5 - - [05/Sep/2007:16:04:36 -0700] "GET /warboard/index.php?table_name=warboard_main&function=search&where_clause=&page=0&order=FileNum&order_type=DESC HTTP/1.1" 401 395 "-" "Mozilla/5.0 (Windows; U; Windows NT 5.1; en-US; rv:1.8.1.6) Gecko/20070725 Firefox/2.0.0.6" "www.dmulk.com"
70.181.193.5 - warboard [05/Sep/2007:16:04:39 -0700] "GET /warboard/index.php?table_name=warboard_main&function=search&where_clause=&page=0&order=FileNum&order_type=DESC HTTP/1.1" 200 33073 "-" "Mozilla/5.0 (Windows; U; Windows NT 5.1; en-US; rv:1.8.1.6) Gecko/20070725 Firefox/2.0.0.6" "www.dmulk.com"
70.181.193.5 - warboard [05/Sep/2007:16:04:39 -0700] "GET /warboard/css/styles_screen.css HTTP/1.1" 304 - "http://www.dmulk.com/warboard/index.php?table_name=warboard_main&function=search&where_clause=&page=0&order=FileNum&order_type=DESC" "Mozilla/5.0 (Windows; U; Windows NT 5.1; en-US; rv:1.8.1.6) Gecko/20070725 Firefox/2.0.0.6" "www.dmulk.com"
70.181.193.5 - warboard [05/Sep/2007:16:04:39 -0700] "GET /warboard/css/styles_print.css HTTP/1.1" 304 - "http://www.dmulk.com/warboard/index.php?table_name=warboard_main&function=search&where_clause=&page=0&order=FileNum&order_type=DESC" "Mozilla/5.0 (Windows; U; Windows NT 5.1; en-US; rv:1.8.1.6) Gecko/20070725 Firefox/2.0.0.6" "www.dmulk.com"
70.181.193.5 - warboard [05/Sep/2007:16:04:39 -0700] "GET /warboard/images/update.gif HTTP/1.1" 304 - "http://www.dmulk.com/warboard/index.php?table_name=warboard_main&function=search&where_clause=&page=0&order=FileNum&order_type=DESC" "Mozilla/5.0 (Windows; U; Windows NT 5.1; en-US; rv:1.8.1.6) Gecko/20070725 Firefox/2.0.0.6" "www.dmulk.com"
70.181.193.5 - warboard [05/Sep/2007:16:04:39 -0700] "GET /warboard/images/delete.gif HTTP/1.1" 304 - "http://www.dmulk.com/warboard/index.php?table_name=warboard_main&function=search&where_clause=&page=0&order=FileNum&order_type=DESC" "Mozilla/5.0 (Windows; U; Windows NT 5.1; en-US; rv:1.8.1.6) Gecko/20070725 Firefox/2.0.0.6" "www.dmulk.com"
70.181.193.5 - warboard [05/Sep/2007:16:04:39 -0700] "GET /warboard/images/details.gif HTTP/1.1" 304 - "http://www.dmulk.com/warboard/index.php?table_name=warboard_main&function=search&where_clause=&page=0&order=FileNum&order_type=DESC" "Mozilla/5.0 (Windows; U; Windows NT 5.1; en-US; rv:1.8.1.6) Gecko/20070725 Firefox/2.0.0.6" "www.dmulk.com"
70.181.193.5 - warboard [05/Sep/2007:16:13:46 -0700] "GET /warboard/index.php?function=show_insert_form&table_name=warboard_main HTTP/1.1" 200 7348 "http://www.dmulk.com/warboard/index.php?table_name=warboard_main&function=search&where_clause=&page=0&order=FileNum&order_type=DESC" "Mozilla/5.0 (Windows; U; Windows NT 5.1; en-US; rv:1.8.1.6) Gecko/20070725 Firefox/2.0.0.6" "www.dmulk.com"
70.181.193.5 - warboard [05/Sep/2007:16:16:11 -0700] "POST /warboard/index.php?table_name=warboard_main&page=0&function=insert HTTP/1.1" 302 2906 "http://www.dmulk.com/warboard/index.php?function=show_insert_form&table_name=warboard_main" "Mozilla/5.0 (Windows; U; Windows NT 5.1; en-US; rv:1.8.1.6) Gecko/20070725 Firefox/2.0.0.6" "www.dmulk.com"
70.181.193.5 - warboard [05/Sep/2007:16:16:11 -0700] "GET /warboard/index.php?table_name=warboard_main&function=search&where_clause=&page=0&just_inserted=1&order=dataid&order_type=desc HTTP/1.1" 200 33081 "http://www.dmulk.com/warboard/index.php?function=show_insert_form&table_name=warboard_main" "Mozilla/5.0 (Windows; U; Windows NT 5.1; en-US; rv:1.8.1.6) Gecko/20070725 Firefox/2.0.0.6" "www.dmulk.com"
72.30.61.175 - - [05/Sep/2007:16:29:18 -0700] "GET /tmp/?D=A HTTP/1.0" 200 2164 "-" "Mozilla/5.0 (compatible; Yahoo! Slurp; http://help.yahoo.com/help/us/ysearch/slurp)" "www.dmulk.com"
64.208.172.172 - - [05/Sep/2007:17:06:25 -0700] "GET /megumi/Necklace/?S=A HTTP/1.0" 200 4307 "-" "ia_archiver" "www.dmulk.com"
64.208.172.172 - - [05/Sep/2007:17:06:30 -0700] "GET /megumi/Bracelet/?S=A HTTP/1.0" 200 1689 "-" "ia_archiver" "www.dmulk.com"
64.208.172.172 - - [05/Sep/2007:17:07:18 -0700] "GET /megumi/Bracelet/?D=A HTTP/1.0" 200 1689 "-" "ia_archiver" "www.dmulk.com"
64.208.172.172 - - [05/Sep/2007:17:07:25 -0700] "GET /megumi/Necklace/?M=A HTTP/1.0" 200 4307 "-" "ia_archiver" "www.dmulk.com"
64.208.172.172 - - [05/Sep/2007:17:07:46 -0700] "GET /megumi/?M=D HTTP/1.0" 200 921 "-" "ia_archiver" "www.dmulk.com"
74.6.20.149 - - [05/Sep/2007:17:09:21 -0700] "GET /megumi/earrings/?N=A HTTP/1.0" 200 2065 "-" "Mozilla/5.0 (compatible; Yahoo! Slurp; http://help.yahoo.com/help/us/ysearch/slurp)" "www.dmulk.com"
72.36.175.106 - "" [05/Sep/2007:17:14:39 -0700] "GET / HTTP/1.0" 200 2946 "-" "Mozilla/4.0 (compatible; MSIE 5.5; Windows 98)" "www.dmulk.com"
72.36.175.106 - "" [05/Sep/2007:17:14:39 -0700] "GET /?S=A HTTP/1.0" 200 2946 "http://www.dmulk.com/" "Mozilla/4.0 (compatible; MSIE 5.5; Windows 98)" "www.dmulk.com"
72.36.175.106 - "" [05/Sep/2007:17:14:39 -0700] "GET /?M=A HTTP/1.0" 200 2946 "http://www.dmulk.com/" "Mozilla/4.0 (compatible; MSIE 5.5; Windows 98)" "www.dmulk.com"
72.36.175.106 - "" [05/Sep/2007:17:14:40 -0700] "GET /?N=D HTTP/1.0" 200 2946 "http://www.dmulk.com/" "Mozilla/4.0 (compatible; MSIE 5.5; Windows 98)" "www.dmulk.com"
72.36.175.106 - "" [05/Sep/2007:17:14:40 -0700] "GET /_private/ HTTP/1.0" 403 163 "http://www.dmulk.com/" "Mozilla/4.0 (compatible; MSIE 5.5; Windows 98)" "www.dmulk.com"
72.36.175.106 - "" [05/Sep/2007:17:14:40 -0700] "GET /?D=A HTTP/1.0" 200 2946 "http://www.dmulk.com/" "Mozilla/4.0 (compatible; MSIE 5.5; Windows 98)" "www.dmulk.com"
72.36.175.106 - "" [05/Sep/2007:17:14:40 -0700] "GET /backup/ HTTP/1.0" 401 395 "http://www.dmulk.com/" "Mozilla/4.0 (compatible; MSIE 5.5; Windows 98)" "www.dmulk.com"
72.36.175.106 - "" [05/Sep/2007:17:14:40 -0700] "GET /backup2/ HTTP/1.0" 401 395 "http://www.dmulk.com/" "Mozilla/4.0 (compatible; MSIE 5.5; Windows 98)" "www.dmulk.com"
72.36.175.106 - "" [05/Sep/2007:17:14:40 -0700] "GET /drop/ HTTP/1.0" 401 395 "http://www.dmulk.com/" "Mozilla/4.0 (compatible; MSIE 5.5; Windows 98)" "www.dmulk.com"
72.36.175.106 - "" [05/Sep/2007:17:14:40 -0700] "GET /bikes/ HTTP/1.0" 200 2036 "http://www.dmulk.com/" "Mozilla/4.0 (compatible; MSIE 5.5; Windows 98)" "www.dmulk.com"
72.36.175.106 - "" [05/Sep/2007:17:14:40 -0700] "GET /funny/ HTTP/1.0" 200 796 "http://www.dmulk.com/" "Mozilla/4.0 (compatible; MSIE 5.5; Windows 98)" "www.dmulk.com"
72.36.175.106 - "" [05/Sep/2007:17:14:40 -0700] "GET /imperant/ HTTP/1.0" 401 395 "http://www.dmulk.com/" "Mozilla/4.0 (compatible; MSIE 5.5; Windows 98)" "www.dmulk.com"
72.36.175.106 - "" [05/Sep/2007:17:14:40 -0700] "GET /megumi/ HTTP/1.0" 200 921 "http://www.dmulk.com/" "Mozilla/4.0 (compatible; MSIE 5.5; Windows 98)" "www.dmulk.com"
72.36.175.106 - "" [05/Sep/2007:17:14:40 -0700] "GET /logs/ HTTP/1.0" 200 11589 "http://www.dmulk.com/" "Mozilla/4.0 (compatible; MSIE 5.5; Windows 98)" "www.dmulk.com"
72.36.175.106 - "" [05/Sep/2007:17:14:40 -0700] "GET /minamijewelry/ HTTP/1.0" 200 2100 "http://www.dmulk.com/" "Mozilla/4.0 (compatible; MSIE 5.5; Windows 98)" "www.dmulk.com"
72.36.175.106 - "" [05/Sep/2007:17:14:40 -0700] "GET /mobilehackers/ HTTP/1.0" 401 395 "http://www.dmulk.com/" "Mozilla/4.0 (compatible; MSIE 5.5; Windows 98)" "www.dmulk.com"
72.36.175.106 - "" [05/Sep/2007:17:14:40 -0700] "GET /plans/ HTTP/1.0" 200 958 "http://www.dmulk.com/" "Mozilla/4.0 (compatible; MSIE 5.5; Windows 98)" "www.dmulk.com"
72.36.175.106 - "" [05/Sep/2007:17:14:40 -0700] "GET /presto/ HTTP/1.0" 200 510 "http://www.dmulk.com/" "Mozilla/4.0 (compatible; MSIE 5.5; Windows 98)" "www.dmulk.com"
72.36.175.106 - "" [05/Sep/2007:17:14:40 -0700] "GET /mobileoffice/ HTTP/1.0" 200 5008 "http://www.dmulk.com/" "Mozilla/4.0 (compatible; MSIE 5.5; Windows 98)" "www.dmulk.com"
72.36.175.106 - "" [05/Sep/2007:17:14:40 -0700] "GET /tmp/ HTTP/1.0" 200 2167 "http://www.dmulk.com/" "Mozilla/4.0 (compatible; MSIE 5.5; Windows 98)" "www.dmulk.com"
72.36.175.106 - "" [05/Sep/2007:17:14:40 -0700] "GET /retreat1/ HTTP/1.0" 200 15065 "http://www.dmulk.com/" "Mozilla/4.0 (compatible; MSIE 5.5; Windows 98)" "www.dmulk.com"
72.36.175.106 - "" [05/Sep/2007:17:14:40 -0700] "GET /warboard/ HTTP/1.0" 401 395 "http://www.dmulk.com/" "Mozilla/4.0 (compatible; MSIE 5.5; Windows 98)" "www.dmulk.com"
72.36.175.106 - "" [05/Sep/2007:17:14:41 -0700] "GET /tools/ HTTP/1.0" 200 12388 "http://www.dmulk.com/" "Mozilla/4.0 (compatible; MSIE 5.5; Windows 98)" "www.dmulk.com"
74.6.24.21 - - [05/Sep/2007:17:22:51 -0700] "GET /funny/?N=A HTTP/1.0" 200 792 "-" "Mozilla/5.0 (compatible; Yahoo! Slurp; http://help.yahoo.com/help/us/ysearch/slurp)" "www.dmulk.com"
66.249.73.36 - - [05/Sep/2007:18:10:46 -0700] "GET /tmp/sess_b719351438183b8bbc91869694ec2b60 HTTP/1.1" 403 163 "-" "Mozilla/5.0 (compatible; Googlebot/2.1; +http://www.google.com/bot.html)" "dmulk.com"
72.30.61.175 - - [05/Sep/2007:18:10:47 -0700] "GET /tmp/?D=A HTTP/1.0" 200 2164 "-" "Mozilla/5.0 (compatible; Yahoo! Slurp; http://help.yahoo.com/help/us/ysearch/slurp)" "www.dmulk.com"
74.6.24.113 - - [05/Sep/2007:18:12:58 -0700] "GET /plans/A2_MASTER_SUITE_PLAN.pdf HTTP/1.0" 304 - "-" "Mozilla/5.0 (compatible; Yahoo! Slurp; http://help.yahoo.com/help/us/ysearch/slurp)" "www.dmulk.com"
74.6.24.10 - - [05/Sep/2007:18:21:24 -0700] "GET /minamijewelry/ HTTP/1.0" 200 2100 "-" "Mozilla/5.0 (compatible; Yahoo! Slurp; http://help.yahoo.com/help/us/ysearch/slurp)" "www.dmulk.com"
74.6.27.48 - - [05/Sep/2007:18:23:45 -0700] "GET /megumi/earrings/?D=A HTTP/1.0" 200 2065 "-" "Mozilla/5.0 (compatible; Yahoo! Slurp; http://help.yahoo.com/help/us/ysearch/slurp)" "www.dmulk.com"
74.6.22.38 - - [05/Sep/2007:18:24:38 -0700] "GET /minamijewelry/source_images/batch1/ HTTP/1.0" 200 5016 "-" "Mozilla/5.0 (compatible; Yahoo! Slurp; http://help.yahoo.com/help/us/ysearch/slurp)" "www.dmulk.com"
66.249.73.36 - - [05/Sep/2007:18:33:01 -0700] "GET /tmp/sess_891bb05607aa170a3105e7c877b2f799 HTTP/1.1" 403 163 "-" "Mozilla/5.0 (compatible; Googlebot/2.1; +http://www.google.com/bot.html)" "dmulk.com"
74.6.20.168 - - [05/Sep/2007:18:33:42 -0700] "GET /funny/?M=D HTTP/1.0" 200 792 "-" "Mozilla/5.0 (compatible; Yahoo! Slurp; http://help.yahoo.com/help/us/ysearch/slurp)" "www.dmulk.com"
87.89.227.61 - - [05/Sep/2007:18:59:06 -0700] "GET /logs/access_070904.log HTTP/1.0" 200 30421 "-" "Wget/1.10.2" "dmulk.com"
66.249.73.36 - - [05/Sep/2007:19:08:46 -0700] "GET /tmp/sess_a321c007465aa4f56e4198e50f29ed81 HTTP/1.1" 403 163 "-" "Mozilla/5.0 (compatible; Googlebot/2.1; +http://www.google.com/bot.html)" "dmulk.com"
70.181.193.5 - warboard [05/Sep/2007:19:09:24 -0700] "GET /warboard/index.php?table_name=warboard_main&function=search&where_clause=&page=0&order=FileNum&order_type=DESC HTTP/1.1" 200 33083 "-" "Mozilla/5.0 (Windows; U; Windows NT 5.1; en-US; rv:1.8.1.6) Gecko/20070725 Firefox/2.0.0.6" "www.dmulk.com"
70.181.193.5 - warboard [05/Sep/2007:19:10:01 -0700] "GET /warboard/index.php?&table_name=warboard_main&function=search&where_clause=&page=1&order=FileNum&order_type=DESC HTTP/1.1" 200 33173 "http://www.dmulk.com/warboard/index.php?table_name=warboard_main&function=search&where_clause=&page=0&order=FileNum&order_type=DESC" "Mozilla/5.0 (Windows; U; Windows NT 5.1; en-US; rv:1.8.1.6) Gecko/20070725 Firefox/2.0.0.6" "www.dmulk.com"
65.55.209.206 - - [05/Sep/2007:19:19:06 -0700] "GET /robots.txt HTTP/1.0" 404 275 "-" "msnbot/1.0 (+http://search.msn.com/msnbot.htm)" "www.dmulk.com"
65.55.209.206 - - [05/Sep/2007:19:19:06 -0700] "GET /presto/?N=A HTTP/1.0" 200 510 "-" "msnbot/1.0 (+http://search.msn.com/msnbot.htm)" "www.dmulk.com"
65.55.209.206 - - [05/Sep/2007:19:20:49 -0700] "GET /presto/?N=D HTTP/1.0" 200 510 "-" "msnbot/1.0 (+http://search.msn.com/msnbot.htm)" "www.dmulk.com"
72.30.61.175 - - [05/Sep/2007:19:51:32 -0700] "GET /tmp/?D=A HTTP/1.0" 200 2164 "-" "Mozilla/5.0 (compatible; Yahoo! Slurp; http://help.yahoo.com/help/us/ysearch/slurp)" "www.dmulk.com"
72.30.61.94 - - [05/Sep/2007:20:07:44 -0700] "GET /tmp/?D=A HTTP/1.0" 200 2167 "-" "Mozilla/5.0 (compatible; Yahoo! Slurp; http://help.yahoo.com/help/us/ysearch/slurp)" "www.dmulk.com"
64.208.172.172 - - [05/Sep/2007:20:07:46 -0700] "GET /megumi/?S=D HTTP/1.0" 200 921 "-" "ia_archiver" "www.dmulk.com"
64.208.172.172 - - [05/Sep/2007:20:08:41 -0700] "GET /megumi/ HTTP/1.0" 200 921 "-" "ia_archiver" "www.dmulk.com"
64.208.172.172 - - [05/Sep/2007:20:08:46 -0700] "GET /megumi/?M=A HTTP/1.0" 200 921 "-" "ia_archiver" "www.dmulk.com"
74.6.23.15 - - [05/Sep/2007:20:13:50 -0700] "GET /?M=D HTTP/1.0" 200 2946 "-" "Mozilla/5.0 (compatible; Yahoo! Slurp; http://help.yahoo.com/help/us/ysearch/slurp)" "www.dmulk.com"
70.181.193.5 - warboard [05/Sep/2007:20:41:51 -0700] "GET /warboard/index.php?&table_name=warboard_main&function=search&where_clause=&page=0&order=FileNum&order_type=DESC HTTP/1.1" 200 33083 "http://www.dmulk.com/warboard/index.php?&table_name=warboard_main&function=search&where_clause=&page=1&order=FileNum&order_type=DESC" "Mozilla/5.0 (Windows; U; Windows NT 5.1; en-US; rv:1.8.1.6) Gecko/20070725 Firefox/2.0.0.6" "www.dmulk.com"
125.212.206.123 - - [05/Sep/2007:20:54:45 -0700] "GET /funny/Mencanmultitask.asx HTTP/1.1" 206 204463 "http://209.85.129.104/search?q=cache:XzBRMo1TVQgJ:www.dmulk.com/funny/+index+of/funny&hl=pl&ct=clnk&cd=7&gl=pl" "Mozilla/4.0 (compatible; MSIE 5.00; Windows 98)" "www.dmulk.com"
74.6.24.48 - - [05/Sep/2007:21:25:26 -0700] "GET /logs/access_070713.log HTTP/1.0" 200 67092 "-" "Mozilla/5.0 (compatible; Yahoo! Slurp; http://help.yahoo.com/help/us/ysearch/slurp)" "www.dmulk.com"
72.30.61.175 - - [05/Sep/2007:21:31:49 -0700] "GET /tmp/?D=A HTTP/1.0" 200 2164 "-" "Mozilla/5.0 (compatible; Yahoo! Slurp; http://help.yahoo.com/help/us/ysearch/slurp)" "www.dmulk.com"
74.6.23.35 - - [05/Sep/2007:23:20:47 -0700] "GET /robots.txt HTTP/1.0" 404 275 "-" "Mozilla/5.0 (compatible; Yahoo! Slurp; http://help.yahoo.com/help/us/ysearch/slurp)" "www.dmulk.com"
72.30.61.175 - - [05/Sep/2007:23:20:48 -0700] "GET /tmp/?D=A HTTP/1.0" 200 2164 "-" "Mozilla/5.0 (compatible; Yahoo! Slurp; http://help.yahoo.com/help/us/ysearch/slurp)" "www.dmulk.com"
64.208.172.172 - - [06/Sep/2007:00:04:36 -0700] "GET /robots.txt HTTP/1.0" 404 275 "-" "ia_archiver" "www.dmulk.com"
64.208.172.172 - - [06/Sep/2007:00:04:36 -0700] "GET /retreat1/ HTTP/1.0" 200 15065 "-" "ia_archiver" "www.dmulk.com"
64.208.172.172 - - [06/Sep/2007:00:05:14 -0700] "GET /plans/ HTTP/1.0" 200 958 "-" "ia_archiver" "www.dmulk.com"
64.208.172.172 - - [06/Sep/2007:00:06:16 -0700] "GET /warboard/ HTTP/1.0" 401 395 "-" "ia_archiver" "www.dmulk.com"
64.208.172.172 - - [06/Sep/2007:00:06:35 -0700] "GET /backup/ HTTP/1.0" 401 395 "-" "ia_archiver" "www.dmulk.com"
64.208.172.172 - - [06/Sep/2007:00:06:41 -0700] "GET /_private/ HTTP/1.0" 403 163 "-" "ia_archiver" "www.dmulk.com"
64.208.172.172 - - [06/Sep/2007:00:06:47 -0700] "GET /imperant/ HTTP/1.0" 401 395 "-" "ia_archiver" "www.dmulk.com"
74.6.19.200 - - [06/Sep/2007:00:08:30 -0700] "GET / HTTP/1.0" 200 2946 "-" "Mozilla/5.0 (compatible; Yahoo! Slurp; http://help.yahoo.com/help/us/ysearch/slurp)" "www.dmulk.com"
64.208.172.172 - - [06/Sep/2007:00:08:52 -0700] "GET /mobilehackers/ HTTP/1.0" 401 395 "-" "ia_archiver" "www.dmulk.com"
203.162.3.152 - - [06/Sep/2007:00:29:21 -0700] "GET /funny/Mencanmultitask.asx HTTP/1.1" 206 196608 "http://209.85.129.104/search?q=cache:XzBRMo1TVQgJ:www.dmulk.com/funny/+index+of/funny&hl=pl&ct=clnk&cd=7&gl=pl" "Mozilla/4.0 (compatible; MSIE 5.00; Windows 98)" "www.dmulk.com"
72.30.61.175 - - [06/Sep/2007:01:02:00 -0700] "GET /tmp/?D=A HTTP/1.0" 200 2164 "-" "Mozilla/5.0 (compatible; Yahoo! Slurp; http://help.yahoo.com/help/us/ysearch/slurp)" "www.dmulk.com"
72.30.61.105 - - [06/Sep/2007:01:07:52 -0700] "GET /tmp/?D=A HTTP/1.0" 200 2164 "-" "Mozilla/5.0 (compatible; Yahoo! Slurp; http://help.yahoo.com/help/us/ysearch/slurp)" "www.dmulk.com"
74.6.19.206 - - [06/Sep/2007:01:18:40 -0700] "GET /tmp/sess_165891c4f3a04339834570076dbe1841 HTTP/1.0" 403 163 "-" "Mozilla/5.0 (compatible; Yahoo! Slurp; http://help.yahoo.com/help/us/ysearch/slurp)" "www.dmulk.com"
122.152.128.23 - - [06/Sep/2007:01:23:02 -0700] "GET /presto/ HTTP/1.1" 200 526 "-" "Baiduspider+(+http://www.baidu.com/search/spider_jp.html)" "www.dmulk.com"
72.30.61.94 - - [06/Sep/2007:01:30:35 -0700] "GET /tmp/?D=A HTTP/1.0" 200 2167 "-" "Mozilla/5.0 (compatible; Yahoo! Slurp; http://help.yahoo.com/help/us/ysearch/slurp)" "www.dmulk.com"
74.6.20.81 - - [06/Sep/2007:01:53:45 -0700] "GET /bikes/?S=A HTTP/1.0" 200 2036 "-" "Mozilla/5.0 (compatible; Yahoo! Slurp; http://help.yahoo.com/help/us/ysearch/slurp)" "www.dmulk.com"
74.6.20.199 - - [06/Sep/2007:02:05:04 -0700] "GET /funny/?D=A HTTP/1.0" 200 792 "-" "Mozilla/5.0 (compatible; Yahoo! Slurp; http://help.yahoo.com/help/us/ysearch/slurp)" "www.dmulk.com"
64.208.172.172 - - [06/Sep/2007:02:21:00 -0700] "GET /tools/ HTTP/1.0" 200 12388 "-" "ia_archiver" "www.dmulk.com"
72.30.61.175 - - [06/Sep/2007:02:42:31 -0700] "GET /tmp/?D=A HTTP/1.0" 200 2164 "-" "Mozilla/5.0 (compatible; Yahoo! Slurp; http://help.yahoo.com/help/us/ysearch/slurp)" "www.dmulk.com"
72.51.43.185 - - [06/Sep/2007:03:07:23 -0700] "GET / HTTP/1.0" 200 2946 "-" "Mozilla/4.0 (compatible; MSIE 6.0; Windows NT 5.1; Mirar Search Indexing Agent see getmirar.com)" "www.dmulk.com"
74.6.22.221 - - [06/Sep/2007:03:11:00 -0700] "GET /tools/ HTTP/1.0" 200 12388 "-" "Mozilla/5.0 (compatible; Yahoo! Slurp; http://help.yahoo.com/help/us/ysearch/slurp)" "www.dmulk.com"
72.30.61.175 - - [06/Sep/2007:04:23:24 -0700] "GET /tmp/?D=A HTTP/1.0" 200 2167 "-" "Mozilla/5.0 (compatible; Yahoo! Slurp; http://help.yahoo.com/help/us/ysearch/slurp)" "www.dmulk.com"
74.6.23.32 - - [06/Sep/2007:04:29:25 -0700] "GET /tmp/mailError.log HTTP/1.0" 304 - "-" "Mozilla/5.0 (compatible; Yahoo! Slurp; http://help.yahoo.com/help/us/ysearch/slurp)" "www.dmulk.com"