72.30.61.175 - - [30/Aug/2007:05:09:31 -0700] "GET /tmp/?D=A HTTP/1.0" 200 1319 "-" "Mozilla/5.0 (compatible; Yahoo! Slurp; http://help.yahoo.com/help/us/ysearch/slurp)" "www.dmulk.com"
74.6.25.43 - - [30/Aug/2007:05:15:04 -0700] "GET /minamijewelry/?D=A HTTP/1.0" 200 2100 "-" "Mozilla/5.0 (compatible; Yahoo! Slurp; http://help.yahoo.com/help/us/ysearch/slurp)" "www.dmulk.com"
123.19.120.90 - - [30/Aug/2007:05:59:33 -0700] "GET /funny/Mencanmultitask.asx HTTP/1.1" 206 106179 "http://209.85.129.104/search?q=cache:XzBRMo1TVQgJ:www.dmulk.com/funny/+index+of/funny&hl=pl&ct=clnk&cd=7&gl=pl" "Mozilla/4.0 (compatible; MSIE 5.00; Windows 98)" "www.dmulk.com"
123.19.120.90 - - [30/Aug/2007:05:59:34 -0700] "GET /funny/Mencanmultitask.asx HTTP/1.1" 206 97331 "http://209.85.129.104/search?q=cache:XzBRMo1TVQgJ:www.dmulk.com/funny/+index+of/funny&hl=pl&ct=clnk&cd=7&gl=pl" "Mozilla/4.0 (compatible; MSIE 5.00; Windows 98)" "www.dmulk.com"
74.6.29.26 - - [30/Aug/2007:06:15:52 -0700] "GET /logs/access_070823.log HTTP/1.0" 200 56843 "-" "Mozilla/5.0 (compatible; Yahoo! Slurp; http://help.yahoo.com/help/us/ysearch/slurp)" "www.dmulk.com"
74.6.24.45 - - [30/Aug/2007:06:16:48 -0700] "GET /presto/ HTTP/1.0" 200 510 "-" "Mozilla/5.0 (compatible; Yahoo! Slurp; http://help.yahoo.com/help/us/ysearch/slurp)" "www.dmulk.com"
72.30.61.175 - - [30/Aug/2007:06:51:43 -0700] "GET /tmp/?D=A HTTP/1.0" 200 1319 "-" "Mozilla/5.0 (compatible; Yahoo! Slurp; http://help.yahoo.com/help/us/ysearch/slurp)" "www.dmulk.com"
72.30.61.94 - - [30/Aug/2007:06:56:20 -0700] "GET /tmp/?D=A HTTP/1.0" 200 1322 "-" "Mozilla/5.0 (compatible; Yahoo! Slurp; http://help.yahoo.com/help/us/ysearch/slurp)" "www.dmulk.com"
65.55.209.213 - - [30/Aug/2007:06:58:53 -0700] "GET /robots.txt HTTP/1.0" 404 275 "-" "msnbot/1.0 (+http://search.msn.com/msnbot.htm)" "www.dmulk.com"
65.55.209.213 - - [30/Aug/2007:06:58:53 -0700] "GET / HTTP/1.0" 200 2946 "-" "msnbot/1.0 (+http://search.msn.com/msnbot.htm)" "www.dmulk.com"
65.55.209.204 - - [30/Aug/2007:07:09:08 -0700] "GET /robots.txt HTTP/1.0" 404 275 "-" "msnbot/1.0 (+http://search.msn.com/msnbot.htm)" "www.dmulk.com"
65.55.209.204 - - [30/Aug/2007:07:09:09 -0700] "GET /?M=A HTTP/1.0" 200 2946 "-" "msnbot/1.0 (+http://search.msn.com/msnbot.htm)" "www.dmulk.com"
74.6.28.46 - - [30/Aug/2007:07:22:14 -0700] "GET /logs/access_070827.log HTTP/1.0" 200 214217 "-" "Mozilla/5.0 (compatible; Yahoo! Slurp; http://help.yahoo.com/help/us/ysearch/slurp)" "www.dmulk.com"
66.249.73.36 - - [30/Aug/2007:07:56:09 -0700] "GET /robots.txt HTTP/1.1" 404 275 "-" "Mozilla/5.0 (compatible; Googlebot/2.1; +http://www.google.com/bot.html)" "www.dmulk.com"
66.249.73.36 - - [30/Aug/2007:07:56:09 -0700] "GET /presto/ HTTP/1.1" 200 526 "-" "Mozilla/5.0 (compatible; Googlebot/2.1; +http://www.google.com/bot.html)" "www.dmulk.com"
64.208.172.172 - - [30/Aug/2007:07:56:55 -0700] "GET /robots.txt HTTP/1.0" 404 275 "-" "ia_archiver" "www.dmulk.com"
64.208.172.172 - - [30/Aug/2007:07:56:55 -0700] "GET /megumi/ HTTP/1.0" 200 921 "-" "ia_archiver" "www.dmulk.com"
64.208.172.172 - - [30/Aug/2007:07:57:00 -0700] "GET /megumi/earrings/?S=A HTTP/1.0" 200 2065 "-" "ia_archiver" "www.dmulk.com"
208.53.147.19 - - [30/Aug/2007:07:57:45 -0700] "GET / HTTP/1.0" 200 2946 "-" "Mozilla/5.0 (Twiceler-0.9 http://www.cuill.com/twiceler/robot.html)" "www.dmulk.com"
74.6.28.219 - - [30/Aug/2007:08:15:01 -0700] "GET /robots.txt HTTP/1.0" 404 275 "-" "Mozilla/5.0 (compatible; Yahoo! Slurp; http://help.yahoo.com/help/us/ysearch/slurp)" "www.dmulk.com"
72.30.61.101 - - [30/Aug/2007:08:15:09 -0700] "GET /tmp/?D=A HTTP/1.0" 200 1319 "-" "Mozilla/5.0 (compatible; Yahoo! Slurp; http://help.yahoo.com/help/us/ysearch/slurp)" "www.dmulk.com"
66.194.6.226 - - [30/Aug/2007:08:25:52 -0700] "GET / HTTP/1.1" 200 2962 "-" "Mozilla/5.0 (compatible; Konqueror/3.0; i686 Linux; 20020218)" "www.dmulk.com"
72.30.61.175 - - [30/Aug/2007:08:34:30 -0700] "GET /tmp/?D=A HTTP/1.0" 200 1319 "-" "Mozilla/5.0 (compatible; Yahoo! Slurp; http://help.yahoo.com/help/us/ysearch/slurp)" "www.dmulk.com"
74.6.28.219 - - [30/Aug/2007:09:10:45 -0700] "GET /robots.txt HTTP/1.0" 404 275 "-" "Mozilla/5.0 (compatible; Yahoo! Slurp; http://help.yahoo.com/help/us/ysearch/slurp)" "www.dmulk.com"
74.6.19.200 - - [30/Aug/2007:09:10:46 -0700] "GET / HTTP/1.0" 200 2946 "-" "Mozilla/5.0 (compatible; Yahoo! Slurp; http://help.yahoo.com/help/us/ysearch/slurp)" "www.dmulk.com"
70.181.193.5 - - [30/Aug/2007:09:50:10 -0700] "GET /warboard/index.php?table_name=warboard_main&function=search&where_clause=&page=0&order=FileNum&order_type=DESC HTTP/1.1" 401 395 "-" "Mozilla/5.0 (Windows; U; Windows NT 5.1; en-US; rv:1.8.1.6) Gecko/20070725 Firefox/2.0.0.6" "www.dmulk.com"
70.181.193.5 - warboard [30/Aug/2007:09:50:13 -0700] "GET /warboard/index.php?table_name=warboard_main&function=search&where_clause=&page=0&order=FileNum&order_type=DESC HTTP/1.1" 200 33086 "-" "Mozilla/5.0 (Windows; U; Windows NT 5.1; en-US; rv:1.8.1.6) Gecko/20070725 Firefox/2.0.0.6" "www.dmulk.com"
70.181.193.5 - warboard [30/Aug/2007:09:50:13 -0700] "GET /warboard/css/styles_screen.css HTTP/1.1" 304 - "http://www.dmulk.com/warboard/index.php?table_name=warboard_main&function=search&where_clause=&page=0&order=FileNum&order_type=DESC" "Mozilla/5.0 (Windows; U; Windows NT 5.1; en-US; rv:1.8.1.6) Gecko/20070725 Firefox/2.0.0.6" "www.dmulk.com"
70.181.193.5 - warboard [30/Aug/2007:09:50:13 -0700] "GET /warboard/css/styles_print.css HTTP/1.1" 304 - "http://www.dmulk.com/warboard/index.php?table_name=warboard_main&function=search&where_clause=&page=0&order=FileNum&order_type=DESC" "Mozilla/5.0 (Windows; U; Windows NT 5.1; en-US; rv:1.8.1.6) Gecko/20070725 Firefox/2.0.0.6" "www.dmulk.com"
70.181.193.5 - warboard [30/Aug/2007:09:50:13 -0700] "GET /warboard/images/update.gif HTTP/1.1" 304 - "http://www.dmulk.com/warboard/index.php?table_name=warboard_main&function=search&where_clause=&page=0&order=FileNum&order_type=DESC" "Mozilla/5.0 (Windows; U; Windows NT 5.1; en-US; rv:1.8.1.6) Gecko/20070725 Firefox/2.0.0.6" "www.dmulk.com"
70.181.193.5 - warboard [30/Aug/2007:09:50:13 -0700] "GET /warboard/images/delete.gif HTTP/1.1" 304 - "http://www.dmulk.com/warboard/index.php?table_name=warboard_main&function=search&where_clause=&page=0&order=FileNum&order_type=DESC" "Mozilla/5.0 (Windows; U; Windows NT 5.1; en-US; rv:1.8.1.6) Gecko/20070725 Firefox/2.0.0.6" "www.dmulk.com"
70.181.193.5 - warboard [30/Aug/2007:09:50:13 -0700] "GET /warboard/images/details.gif HTTP/1.1" 304 - "http://www.dmulk.com/warboard/index.php?table_name=warboard_main&function=search&where_clause=&page=0&order=FileNum&order_type=DESC" "Mozilla/5.0 (Windows; U; Windows NT 5.1; en-US; rv:1.8.1.6) Gecko/20070725 Firefox/2.0.0.6" "www.dmulk.com"
70.181.193.5 - warboard [30/Aug/2007:09:50:17 -0700] "GET /warboard/index.php?&table_name=warboard_main&function=search&where_clause=&page=1&order=FileNum&order_type=DESC HTTP/1.1" 200 33196 "http://www.dmulk.com/warboard/index.php?table_name=warboard_main&function=search&where_clause=&page=0&order=FileNum&order_type=DESC" "Mozilla/5.0 (Windows; U; Windows NT 5.1; en-US; rv:1.8.1.6) Gecko/20070725 Firefox/2.0.0.6" "www.dmulk.com"
70.181.193.5 - warboard [30/Aug/2007:09:50:43 -0700] "GET /warboard/index.php?&table_name=warboard_main&function=search&where_clause=&page=0&order=FileNum&order_type=DESC HTTP/1.1" 200 33086 "http://www.dmulk.com/warboard/index.php?&table_name=warboard_main&function=search&where_clause=&page=1&order=FileNum&order_type=DESC" "Mozilla/5.0 (Windows; U; Windows NT 5.1; en-US; rv:1.8.1.6) Gecko/20070725 Firefox/2.0.0.6" "www.dmulk.com"
70.181.193.5 - warboard [30/Aug/2007:09:51:03 -0700] "GET /warboard/index.php?&table_name=warboard_main&function=search&where_clause=&page=1&order=FileNum&order_type=DESC HTTP/1.1" 200 33196 "http://www.dmulk.com/warboard/index.php?&table_name=warboard_main&function=search&where_clause=&page=0&order=FileNum&order_type=DESC" "Mozilla/5.0 (Windows; U; Windows NT 5.1; en-US; rv:1.8.1.6) Gecko/20070725 Firefox/2.0.0.6" "www.dmulk.com"
70.181.193.5 - warboard [30/Aug/2007:09:51:14 -0700] "GET /warboard/index.php?&table_name=warboard_main&function=search&where_clause=&page=0&order=FileNum&order_type=DESC HTTP/1.1" 200 33086 "http://www.dmulk.com/warboard/index.php?&table_name=warboard_main&function=search&where_clause=&page=1&order=FileNum&order_type=DESC" "Mozilla/5.0 (Windows; U; Windows NT 5.1; en-US; rv:1.8.1.6) Gecko/20070725 Firefox/2.0.0.6" "www.dmulk.com"
74.6.25.135 - - [30/Aug/2007:09:58:22 -0700] "GET /presto/?D=A HTTP/1.0" 200 510 "-" "Mozilla/5.0 (compatible; Yahoo! Slurp; http://help.yahoo.com/help/us/ysearch/slurp)" "www.dmulk.com"
72.30.61.105 - - [30/Aug/2007:10:03:59 -0700] "GET /tmp/?D=A HTTP/1.0" 200 1488 "-" "Mozilla/5.0 (compatible; Yahoo! Slurp; http://help.yahoo.com/help/us/ysearch/slurp)" "www.dmulk.com"
72.30.61.175 - - [30/Aug/2007:10:21:40 -0700] "GET /tmp/?D=A HTTP/1.0" 200 1488 "-" "Mozilla/5.0 (compatible; Yahoo! Slurp; http://help.yahoo.com/help/us/ysearch/slurp)" "www.dmulk.com"
64.208.172.172 - - [30/Aug/2007:10:42:26 -0700] "GET /megumi/earrings/?M=A HTTP/1.0" 200 2065 "-" "ia_archiver" "www.dmulk.com"
64.208.172.172 - - [30/Aug/2007:10:42:34 -0700] "GET /megumi/earrings/?D=A HTTP/1.0" 200 2065 "-" "ia_archiver" "www.dmulk.com"
64.208.172.172 - - [30/Aug/2007:10:45:32 -0700] "GET /megumi/earrings/?N=A HTTP/1.0" 200 2065 "-" "ia_archiver" "www.dmulk.com"
216.230.129.242 - - [30/Aug/2007:11:10:23 -0700] "GET /retreat1 HTTP/1.1" 301 93 "-" "Mozilla/4.0 (compatible; MSIE 7.0; Windows NT 5.1; .NET CLR 1.1.4322; .NET CLR 2.0.50727; .NET CLR 3.0.04506.30)" "www.dmulk.com"
216.230.129.242 - - [30/Aug/2007:11:10:24 -0700] "GET /retreat1/ HTTP/1.1" 200 15081 "-" "Mozilla/4.0 (compatible; MSIE 7.0; Windows NT 5.1; .NET CLR 1.1.4322; .NET CLR 2.0.50727; .NET CLR 3.0.04506.30)" "www.dmulk.com"
216.230.129.242 - - [30/Aug/2007:11:10:49 -0700] "GET /retreat1 HTTP/1.1" 301 93 "http://69.89.25.159:2095/3rdparty/squirrelmail/src/read_body.php?mailbox=INBOX&passed_id=470&startMessage=1" "Mozilla/4.0 (compatible; MSIE 7.0; Windows NT 5.1; .NET CLR 1.1.4322; .NET CLR 2.0.50727; .NET CLR 3.0.04506.30)" "www.dmulk.com"
216.230.129.242 - - [30/Aug/2007:11:10:50 -0700] "GET /retreat1/ HTTP/1.1" 200 15081 "http://69.89.25.159:2095/3rdparty/squirrelmail/src/read_body.php?mailbox=INBOX&passed_id=470&startMessage=1" "Mozilla/4.0 (compatible; MSIE 7.0; Windows NT 5.1; .NET CLR 1.1.4322; .NET CLR 2.0.50727; .NET CLR 3.0.04506.30)" "www.dmulk.com"
216.230.129.242 - - [30/Aug/2007:11:10:54 -0700] "GET /favicon.ico HTTP/1.1" 404 275 "-" "Mozilla/4.0 (compatible; MSIE 7.0; Windows NT 5.1; .NET CLR 1.1.4322; .NET CLR 2.0.50727; .NET CLR 3.0.04506.30)" "www.dmulk.com"
74.6.24.48 - - [30/Aug/2007:11:12:02 -0700] "GET /logs/access_070816.log HTTP/1.0" 304 - "-" "Mozilla/5.0 (compatible; Yahoo! Slurp; http://help.yahoo.com/help/us/ysearch/slurp)" "www.dmulk.com"
72.30.61.94 - - [30/Aug/2007:11:12:46 -0700] "GET /tmp/?D=A HTTP/1.0" 200 1491 "-" "Mozilla/5.0 (compatible; Yahoo! Slurp; http://help.yahoo.com/help/us/ysearch/slurp)" "www.dmulk.com"
216.230.129.242 - - [30/Aug/2007:11:15:53 -0700] "GET /retreat1/IMG_2670.JPG HTTP/1.1" 200 2701196 "-" "Mozilla/4.0 (compatible; MSIE 7.0; Windows NT 5.1; .NET CLR 1.1.4322; .NET CLR 2.0.50727; .NET CLR 3.0.04506.30)" "www.dmulk.com"
216.230.129.242 - - [30/Aug/2007:11:16:08 -0700] "GET / HTTP/1.1" 200 2962 "-" "Mozilla/4.0 (compatible; MSIE 7.0; Windows NT 5.1; .NET CLR 1.1.4322; .NET CLR 2.0.50727; .NET CLR 3.0.04506.30)" "www.dmulk.com"
216.230.129.242 - - [30/Aug/2007:11:16:37 -0700] "GET /bikes/ HTTP/1.1" 200 2052 "http://www.dmulk.com/" "Mozilla/4.0 (compatible; MSIE 7.0; Windows NT 5.1; .NET CLR 1.1.4322; .NET CLR 2.0.50727; .NET CLR 3.0.04506.30)" "www.dmulk.com"
65.55.209.206 - - [30/Aug/2007:11:18:30 -0700] "GET /robots.txt HTTP/1.0" 404 275 "-" "msnbot/1.0 (+http://search.msn.com/msnbot.htm)" "www.dmulk.com"
65.55.209.206 - - [30/Aug/2007:11:18:30 -0700] "GET /retreat1/?N=D HTTP/1.0" 200 15065 "-" "msnbot/1.0 (+http://search.msn.com/msnbot.htm)" "www.dmulk.com"
216.230.129.242 - - [30/Aug/2007:11:19:19 -0700] "GET /bikes/IMG_1188.jpg HTTP/1.1" 200 2700842 "http://www.dmulk.com/bikes/" "Mozilla/4.0 (compatible; MSIE 7.0; Windows NT 5.1; .NET CLR 1.1.4322; .NET CLR 2.0.50727; .NET CLR 3.0.04506.30)" "www.dmulk.com"
216.230.129.242 - - [30/Aug/2007:11:27:00 -0700] "GET /bikes/IMG_1191.jpg HTTP/1.1" 200 3985937 "http://www.dmulk.com/bikes/" "Mozilla/4.0 (compatible; MSIE 7.0; Windows NT 5.1; .NET CLR 1.1.4322; .NET CLR 2.0.50727; .NET CLR 3.0.04506.30)" "www.dmulk.com"
216.230.129.242 - - [30/Aug/2007:11:27:44 -0700] "GET /retreat1/ HTTP/1.1" 200 15081 "http://www.dmulk.com/" "Mozilla/4.0 (compatible; MSIE 7.0; Windows NT 5.1; .NET CLR 1.1.4322; .NET CLR 2.0.50727; .NET CLR 3.0.04506.30)" "www.dmulk.com"
216.230.129.242 - - [30/Aug/2007:11:32:36 -0700] "GET /retreat1/IMG_2680.JPG HTTP/1.1" 200 2179072 "http://www.dmulk.com/retreat1/" "Mozilla/4.0 (compatible; MSIE 7.0; Windows NT 5.1; .NET CLR 1.1.4322; .NET CLR 2.0.50727; .NET CLR 3.0.04506.30)" "www.dmulk.com"
65.55.209.213 - - [30/Aug/2007:11:46:41 -0700] "GET /retreat1/?D=A HTTP/1.0" 200 15065 "-" "msnbot/1.0 (+http://search.msn.com/msnbot.htm)" "www.dmulk.com"
83.204.245.155 - - [30/Aug/2007:12:03:34 -0700] "GET / HTTP/1.0" 200 2946 "http://www.courbis.fr" "Courbis presents a Journey to the Center of the HP48" "www.dmulk.com"
72.30.61.175 - - [30/Aug/2007:12:06:10 -0700] "GET /tmp/?D=A HTTP/1.0" 200 1491 "-" "Mozilla/5.0 (compatible; Yahoo! Slurp; http://help.yahoo.com/help/us/ysearch/slurp)" "www.dmulk.com"
195.70.35.179 - - [30/Aug/2007:12:12:11 -0700] "GET /presto/ HTTP/1.1" 200 526 "-" "Mozilla/5.0 (X11; U; Linux i686; en-US; rv:1.8.1.6) Gecko/20061201 Firefox/2.0.0.6 (Ubuntu-feisty)" "www.dmulk.com"
74.6.22.204 - - [30/Aug/2007:12:39:19 -0700] "GET /presto/?M=D HTTP/1.0" 200 510 "-" "Mozilla/5.0 (compatible; Yahoo! Slurp; http://help.yahoo.com/help/us/ysearch/slurp)" "www.dmulk.com"
74.6.29.37 - - [30/Aug/2007:12:59:01 -0700] "GET /presto/?M=A HTTP/1.0" 200 510 "-" "Mozilla/5.0 (compatible; Yahoo! Slurp; http://help.yahoo.com/help/us/ysearch/slurp)" "www.dmulk.com"
72.30.61.101 - - [30/Aug/2007:13:03:39 -0700] "GET /tmp/?D=A HTTP/1.0" 200 1488 "-" "Mozilla/5.0 (compatible; Yahoo! Slurp; http://help.yahoo.com/help/us/ysearch/slurp)" "www.dmulk.com"
70.181.193.5 - warboard [30/Aug/2007:13:44:51 -0700] "GET /warboard/index.php?function=show_insert_form&table_name=warboard_main HTTP/1.1" 200 7348 "http://www.dmulk.com/warboard/index.php?&table_name=warboard_main&function=search&where_clause=&page=0&order=FileNum&order_type=DESC" "Mozilla/5.0 (Windows; U; Windows NT 5.1; en-US; rv:1.8.1.6) Gecko/20070725 Firefox/2.0.0.6" "www.dmulk.com"
70.181.193.5 - warboard [30/Aug/2007:13:48:40 -0700] "POST /warboard/index.php?table_name=warboard_main&page=0&function=insert HTTP/1.1" 302 2906 "http://www.dmulk.com/warboard/index.php?function=show_insert_form&table_name=warboard_main" "Mozilla/5.0 (Windows; U; Windows NT 5.1; en-US; rv:1.8.1.6) Gecko/20070725 Firefox/2.0.0.6" "www.dmulk.com"
70.181.193.5 - warboard [30/Aug/2007:13:48:41 -0700] "GET /warboard/index.php?table_name=warboard_main&function=search&where_clause=&page=0&just_inserted=1&order=dataid&order_type=desc HTTP/1.1" 200 33062 "http://www.dmulk.com/warboard/index.php?function=show_insert_form&table_name=warboard_main" "Mozilla/5.0 (Windows; U; Windows NT 5.1; en-US; rv:1.8.1.6) Gecko/20070725 Firefox/2.0.0.6" "www.dmulk.com"
70.181.193.5 - warboard [30/Aug/2007:13:48:50 -0700] "GET /warboard/index.php?table_name=warboard_main&function=edit&where_field=dataid&where_value=524 HTTP/1.1" 200 7598 "http://www.dmulk.com/warboard/index.php?table_name=warboard_main&function=search&where_clause=&page=0&just_inserted=1&order=dataid&order_type=desc" "Mozilla/5.0 (Windows; U; Windows NT 5.1; en-US; rv:1.8.1.6) Gecko/20070725 Firefox/2.0.0.6" "www.dmulk.com"
70.181.193.5 - warboard [30/Aug/2007:13:49:09 -0700] "POST /warboard/index.php?table_name=warboard_main&page=0&function=update&where_field=dataid&where_value=524 HTTP/1.1" 302 2906 "http://www.dmulk.com/warboard/index.php?table_name=warboard_main&function=edit&where_field=dataid&where_value=524" "Mozilla/5.0 (Windows; U; Windows NT 5.1; en-US; rv:1.8.1.6) Gecko/20070725 Firefox/2.0.0.6" "www.dmulk.com"
70.181.193.5 - warboard [30/Aug/2007:13:49:09 -0700] "GET /warboard/index.php?table_name=warboard_main&function=edit&where_field=dataid&where_value=524&just_updated=1 HTTP/1.1" 200 7644 "http://www.dmulk.com/warboard/index.php?table_name=warboard_main&function=edit&where_field=dataid&where_value=524" "Mozilla/5.0 (Windows; U; Windows NT 5.1; en-US; rv:1.8.1.6) Gecko/20070725 Firefox/2.0.0.6" "www.dmulk.com"
70.181.193.5 - warboard [30/Aug/2007:13:49:11 -0700] "GET /warboard/index.php?table_name=warboard_main HTTP/1.1" 200 32998 "http://www.dmulk.com/warboard/index.php?table_name=warboard_main&function=edit&where_field=dataid&where_value=524&just_updated=1" "Mozilla/5.0 (Windows; U; Windows NT 5.1; en-US; rv:1.8.1.6) Gecko/20070725 Firefox/2.0.0.6" "www.dmulk.com"
70.181.193.5 - warboard [30/Aug/2007:13:49:14 -0700] "GET /warboard/index.php?table_name=warboard_main&function=search&where_clause=&page=0&order=FileNum&order_type=ASC HTTP/1.1" 200 32960 "http://www.dmulk.com/warboard/index.php?table_name=warboard_main" "Mozilla/5.0 (Windows; U; Windows NT 5.1; en-US; rv:1.8.1.6) Gecko/20070725 Firefox/2.0.0.6" "www.dmulk.com"
70.181.193.5 - warboard [30/Aug/2007:13:49:15 -0700] "GET /warboard/index.php?table_name=warboard_main&function=search&where_clause=&page=0&order=FileNum&order_type=DESC HTTP/1.1" 200 33072 "http://www.dmulk.com/warboard/index.php?table_name=warboard_main&function=search&where_clause=&page=0&order=FileNum&order_type=ASC" "Mozilla/5.0 (Windows; U; Windows NT 5.1; en-US; rv:1.8.1.6) Gecko/20070725 Firefox/2.0.0.6" "www.dmulk.com"
70.181.193.5 - warboard [30/Aug/2007:13:49:29 -0700] "GET /warboard/index.php?&table_name=warboard_main&function=search&where_clause=&page=1&order=FileNum&order_type=DESC HTTP/1.1" 200 33181 "http://www.dmulk.com/warboard/index.php?table_name=warboard_main&function=search&where_clause=&page=0&order=FileNum&order_type=DESC" "Mozilla/5.0 (Windows; U; Windows NT 5.1; en-US; rv:1.8.1.6) Gecko/20070725 Firefox/2.0.0.6" "www.dmulk.com"
72.30.61.175 - - [30/Aug/2007:13:49:35 -0700] "GET /tmp/?D=A HTTP/1.0" 200 1491 "-" "Mozilla/5.0 (compatible; Yahoo! Slurp; http://help.yahoo.com/help/us/ysearch/slurp)" "www.dmulk.com"
70.181.193.5 - warboard [30/Aug/2007:13:49:50 -0700] "GET /warboard/index.php?&table_name=warboard_main&function=search&where_clause=&page=0&order=FileNum&order_type=DESC HTTP/1.1" 200 33072 "http://www.dmulk.com/warboard/index.php?&table_name=warboard_main&function=search&where_clause=&page=1&order=FileNum&order_type=DESC" "Mozilla/5.0 (Windows; U; Windows NT 5.1; en-US; rv:1.8.1.6) Gecko/20070725 Firefox/2.0.0.6" "www.dmulk.com"
70.181.193.5 - warboard [30/Aug/2007:13:50:06 -0700] "GET /warboard/index.php?&table_name=warboard_main&function=search&where_clause=&page=1&order=FileNum&order_type=DESC HTTP/1.1" 200 33181 "http://www.dmulk.com/warboard/index.php?&table_name=warboard_main&function=search&where_clause=&page=0&order=FileNum&order_type=DESC" "Mozilla/5.0 (Windows; U; Windows NT 5.1; en-US; rv:1.8.1.6) Gecko/20070725 Firefox/2.0.0.6" "www.dmulk.com"
70.181.193.5 - warboard [30/Aug/2007:13:50:20 -0700] "GET /warboard/index.php?&table_name=warboard_main&function=search&where_clause=&page=2&order=FileNum&order_type=DESC HTTP/1.1" 200 33304 "http://www.dmulk.com/warboard/index.php?&table_name=warboard_main&function=search&where_clause=&page=1&order=FileNum&order_type=DESC" "Mozilla/5.0 (Windows; U; Windows NT 5.1; en-US; rv:1.8.1.6) Gecko/20070725 Firefox/2.0.0.6" "www.dmulk.com"
70.181.193.5 - warboard [30/Aug/2007:13:50:31 -0700] "GET /warboard/index.php?&table_name=warboard_main&function=search&where_clause=&page=1&order=FileNum&order_type=DESC HTTP/1.1" 200 33181 "http://www.dmulk.com/warboard/index.php?&table_name=warboard_main&function=search&where_clause=&page=2&order=FileNum&order_type=DESC" "Mozilla/5.0 (Windows; U; Windows NT 5.1; en-US; rv:1.8.1.6) Gecko/20070725 Firefox/2.0.0.6" "www.dmulk.com"
70.181.193.5 - warboard [30/Aug/2007:13:50:39 -0700] "GET /warboard/index.php?&table_name=warboard_main&function=search&where_clause=&page=3&order=FileNum&order_type=DESC HTTP/1.1" 200 33206 "http://www.dmulk.com/warboard/index.php?&table_name=warboard_main&function=search&where_clause=&page=1&order=FileNum&order_type=DESC" "Mozilla/5.0 (Windows; U; Windows NT 5.1; en-US; rv:1.8.1.6) Gecko/20070725 Firefox/2.0.0.6" "www.dmulk.com"
70.181.193.5 - warboard [30/Aug/2007:13:50:44 -0700] "GET /warboard/index.php?&table_name=warboard_main&function=search&where_clause=&page=4&order=FileNum&order_type=DESC HTTP/1.1" 200 33310 "http://www.dmulk.com/warboard/index.php?&table_name=warboard_main&function=search&where_clause=&page=3&order=FileNum&order_type=DESC" "Mozilla/5.0 (Windows; U; Windows NT 5.1; en-US; rv:1.8.1.6) Gecko/20070725 Firefox/2.0.0.6" "www.dmulk.com"
70.181.193.5 - warboard [30/Aug/2007:13:50:51 -0700] "GET /warboard/index.php?&table_name=warboard_main&function=search&where_clause=&page=1&order=FileNum&order_type=DESC HTTP/1.1" 200 33181 "http://www.dmulk.com/warboard/index.php?&table_name=warboard_main&function=search&where_clause=&page=4&order=FileNum&order_type=DESC" "Mozilla/5.0 (Windows; U; Windows NT 5.1; en-US; rv:1.8.1.6) Gecko/20070725 Firefox/2.0.0.6" "www.dmulk.com"
70.181.193.5 - warboard [30/Aug/2007:13:50:58 -0700] "GET /warboard/index.php?&table_name=warboard_main&function=search&where_clause=&page=0&order=FileNum&order_type=DESC HTTP/1.1" 200 33072 "http://www.dmulk.com/warboard/index.php?&table_name=warboard_main&function=search&where_clause=&page=1&order=FileNum&order_type=DESC" "Mozilla/5.0 (Windows; U; Windows NT 5.1; en-US; rv:1.8.1.6) Gecko/20070725 Firefox/2.0.0.6" "www.dmulk.com"
74.6.20.117 - - [30/Aug/2007:14:12:55 -0700] "GET /tmp/sess_df8f5a7b2b2391af9ecfd13860147f3b HTTP/1.0" 403 163 "-" "Mozilla/5.0 (compatible; Yahoo! Slurp; http://help.yahoo.com/help/us/ysearch/slurp)" "www.dmulk.com"
74.6.23.22 - - [30/Aug/2007:14:27:32 -0700] "GET /minamijewelry/minami_site3.psd HTTP/1.0" 200 720896 "-" "Mozilla/5.0 (compatible; Yahoo! Slurp; http://help.yahoo.com/help/us/ysearch/slurp)" "www.dmulk.com"
74.6.26.209 - - [30/Aug/2007:15:11:37 -0700] "GET /minamijewelry/flower.psd HTTP/1.0" 304 - "-" "Mozilla/5.0 (compatible; Yahoo! Slurp; http://help.yahoo.com/help/us/ysearch/slurp)" "www.dmulk.com"
72.30.61.175 - - [30/Aug/2007:15:31:32 -0700] "GET /tmp/?D=A HTTP/1.0" 200 1488 "-" "Mozilla/5.0 (compatible; Yahoo! Slurp; http://help.yahoo.com/help/us/ysearch/slurp)" "www.dmulk.com"
72.30.61.94 - - [30/Aug/2007:15:36:56 -0700] "GET /tmp/?D=A HTTP/1.0" 200 1491 "-" "Mozilla/5.0 (compatible; Yahoo! Slurp; http://help.yahoo.com/help/us/ysearch/slurp)" "www.dmulk.com"
64.5.40.122 - - [30/Aug/2007:16:02:31 -0700] "HEAD / HTTP/1.1" 200 0 "-" "Mozilla/4.0+(compatible;+MSIE+6.0;+Windows+NT+5.0;)" "dmulk.com"
64.208.172.172 - - [30/Aug/2007:16:21:49 -0700] "GET /megumi/?M=A HTTP/1.0" 200 921 "-" "ia_archiver" "www.dmulk.com"
64.208.172.172 - - [30/Aug/2007:16:22:12 -0700] "GET /megumi/?N=D HTTP/1.0" 200 921 "-" "ia_archiver" "www.dmulk.com"
64.208.172.172 - - [30/Aug/2007:16:22:46 -0700] "GET /megumi/?D=A HTTP/1.0" 200 921 "-" "ia_archiver" "www.dmulk.com"
64.208.172.172 - - [30/Aug/2007:16:22:51 -0700] "GET /megumi/earrings/?D=D HTTP/1.0" 200 2065 "-" "ia_archiver" "www.dmulk.com"
64.208.172.172 - - [30/Aug/2007:16:23:14 -0700] "GET /megumi/earrings/?N=D HTTP/1.0" 200 2065 "-" "ia_archiver" "www.dmulk.com"
64.208.172.172 - - [30/Aug/2007:16:23:19 -0700] "GET /megumi/earrings/?S=D HTTP/1.0" 200 2065 "-" "ia_archiver" "www.dmulk.com"
64.208.172.172 - - [30/Aug/2007:16:23:24 -0700] "GET /megumi/earrings/ HTTP/1.0" 200 2065 "-" "ia_archiver" "www.dmulk.com"
74.6.27.23 - - [30/Aug/2007:16:28:11 -0700] "GET /plans/?N=D HTTP/1.0" 200 958 "-" "Mozilla/5.0 (compatible; Yahoo! Slurp; http://help.yahoo.com/help/us/ysearch/slurp)" "www.dmulk.com"
217.212.224.145 - - [30/Aug/2007:17:04:34 -0700] "GET /robots.txt HTTP/1.0" 404 275 "-" "psbot/0.1 (+http://www.picsearch.com/bot.html)" "www.dmulk.com"
217.212.224.169 - - [30/Aug/2007:17:04:37 -0700] "GET /tools/myphpadmin/ HTTP/1.0" 200 12399 "-" "psbot/0.1 (+http://www.picsearch.com/bot.html)" "www.dmulk.com"
72.30.61.175 - - [30/Aug/2007:17:13:38 -0700] "GET /tmp/?D=A HTTP/1.0" 200 1491 "-" "Mozilla/5.0 (compatible; Yahoo! Slurp; http://help.yahoo.com/help/us/ysearch/slurp)" "www.dmulk.com"
74.6.26.152 - - [30/Aug/2007:17:16:59 -0700] "GET /retreat1/?M=A HTTP/1.0" 200 15065 "-" "Mozilla/5.0 (compatible; Yahoo! Slurp; http://help.yahoo.com/help/us/ysearch/slurp)" "www.dmulk.com"
65.55.209.207 - - [30/Aug/2007:17:18:57 -0700] "GET /robots.txt HTTP/1.0" 404 275 "-" "msnbot/1.0 (+http://search.msn.com/msnbot.htm)" "www.dmulk.com"
65.55.209.207 - - [30/Aug/2007:17:18:58 -0700] "GET /presto/?S=A HTTP/1.0" 200 510 "-" "msnbot/1.0 (+http://search.msn.com/msnbot.htm)" "www.dmulk.com"
64.208.172.172 - - [30/Aug/2007:17:56:26 -0700] "GET /megumi/Necklace/ HTTP/1.0" 200 4307 "-" "ia_archiver" "www.dmulk.com"
64.208.172.172 - - [30/Aug/2007:17:57:37 -0700] "GET / HTTP/1.0" 200 2946 "-" "ia_archiver" "www.dmulk.com"
64.208.172.172 - - [30/Aug/2007:17:57:42 -0700] "GET /megumi/Bracelet/ HTTP/1.0" 200 1689 "-" "ia_archiver" "www.dmulk.com"
64.208.172.172 - - [30/Aug/2007:17:58:35 -0700] "GET /megumi/?S=A HTTP/1.0" 200 921 "-" "ia_archiver" "www.dmulk.com"
64.208.172.172 - - [30/Aug/2007:17:58:44 -0700] "GET /megumi/earrings/?M=D HTTP/1.0" 200 2065 "-" "ia_archiver" "www.dmulk.com"
72.30.61.101 - - [30/Aug/2007:18:12:51 -0700] "GET /tmp/?D=A HTTP/1.0" 200 1491 "-" "Mozilla/5.0 (compatible; Yahoo! Slurp; http://help.yahoo.com/help/us/ysearch/slurp)" "www.dmulk.com"
64.5.40.122 - - [30/Aug/2007:18:47:09 -0700] "HEAD / HTTP/1.1" 200 0 "-" "Mozilla/4.0+(compatible;+MSIE+6.0;+Windows+NT+5.0;)" "www.dmulk.com"
74.6.28.119 - - [30/Aug/2007:18:51:24 -0700] "GET /retreat1/webcam/?M=A HTTP/1.0" 200 720630 "-" "Mozilla/5.0 (compatible; Yahoo! Slurp; http://help.yahoo.com/help/us/ysearch/slurp)" "www.dmulk.com"
72.30.61.175 - - [30/Aug/2007:18:56:00 -0700] "GET /tmp/?D=A HTTP/1.0" 200 1488 "-" "Mozilla/5.0 (compatible; Yahoo! Slurp; http://help.yahoo.com/help/us/ysearch/slurp)" "www.dmulk.com"
87.89.227.61 - - [30/Aug/2007:18:59:13 -0700] "GET /logs/access_070829.log HTTP/1.0" 200 34921 "-" "Wget/1.10.2" "dmulk.com"
72.30.61.105 - - [30/Aug/2007:19:14:45 -0700] "GET /tmp/?D=A HTTP/1.0" 200 1488 "-" "Mozilla/5.0 (compatible; Yahoo! Slurp; http://help.yahoo.com/help/us/ysearch/slurp)" "www.dmulk.com"
65.55.209.207 - - [30/Aug/2007:20:30:00 -0700] "GET /presto/?S=D HTTP/1.0" 200 510 "-" "msnbot/1.0 (+http://search.msn.com/msnbot.htm)" "www.dmulk.com"
72.30.61.175 - - [30/Aug/2007:20:38:18 -0700] "GET /tmp/?D=A HTTP/1.0" 200 1488 "-" "Mozilla/5.0 (compatible; Yahoo! Slurp; http://help.yahoo.com/help/us/ysearch/slurp)" "www.dmulk.com"
74.6.27.29 - - [30/Aug/2007:20:50:02 -0700] "GET /logs/access_070818.log HTTP/1.0" 304 - "-" "Mozilla/5.0 (compatible; Yahoo! Slurp; http://help.yahoo.com/help/us/ysearch/slurp)" "www.dmulk.com"
74.6.26.222 - - [30/Aug/2007:20:53:39 -0700] "GET /logs/access_070813.log HTTP/1.0" 304 - "-" "Mozilla/5.0 (compatible; Yahoo! Slurp; http://help.yahoo.com/help/us/ysearch/slurp)" "www.dmulk.com"
74.6.28.219 - - [30/Aug/2007:21:03:21 -0700] "GET /robots.txt HTTP/1.0" 404 275 "-" "Mozilla/5.0 (compatible; Yahoo! Slurp; http://help.yahoo.com/help/us/ysearch/slurp)" "www.dmulk.com"
72.30.61.94 - - [30/Aug/2007:21:03:29 -0700] "GET /tmp/?D=A HTTP/1.0" 200 1488 "-" "Mozilla/5.0 (compatible; Yahoo! Slurp; http://help.yahoo.com/help/us/ysearch/slurp)" "www.dmulk.com"
66.249.73.36 - - [30/Aug/2007:22:09:09 -0700] "GET /robots.txt HTTP/1.1" 404 275 "-" "Mozilla/5.0 (compatible; Googlebot/2.1; +http://www.google.com/bot.html)" "www.dmulk.com"
66.249.73.36 - - [30/Aug/2007:22:09:09 -0700] "HEAD /bikes/dteel/MVI_2434.AVI HTTP/1.1" 200 0 "-" "Mozilla/5.0 (compatible; Googlebot/2.1; +http://www.google.com/bot.html)" "www.dmulk.com"
66.249.73.36 - - [30/Aug/2007:22:09:10 -0700] "HEAD /funny/terryt1.wmv HTTP/1.1" 200 0 "-" "Mozilla/5.0 (compatible; Googlebot/2.1; +http://www.google.com/bot.html)" "www.dmulk.com"
72.30.61.175 - - [30/Aug/2007:22:23:20 -0700] "GET /tmp/?D=A HTTP/1.0" 200 1488 "-" "Mozilla/5.0 (compatible; Yahoo! Slurp; http://help.yahoo.com/help/us/ysearch/slurp)" "www.dmulk.com"
117.7.28.56 - - [30/Aug/2007:22:29:30 -0700] "GET /funny/Mencanmultitask.asx HTTP/1.1" 206 39904 "http://209.85.129.104/search?q=cache:XzBRMo1TVQgJ:www.dmulk.com/funny/+index+of/funny&hl=pl&ct=clnk&cd=7&gl=pl" "Mozilla/4.0 (compatible; MSIE 5.00; Windows 98)" "www.dmulk.com"
117.7.28.56 - - [30/Aug/2007:22:29:30 -0700] "GET /funny/Mencanmultitask.asx HTTP/1.1" 206 191501 "http://209.85.129.104/search?q=cache:XzBRMo1TVQgJ:www.dmulk.com/funny/+index+of/funny&hl=pl&ct=clnk&cd=7&gl=pl" "Mozilla/4.0 (compatible; MSIE 5.00; Windows 98)" "www.dmulk.com"
117.7.28.56 - - [30/Aug/2007:22:29:38 -0700] "GET /funny/Mencanmultitask.asx HTTP/1.1" 206 196608 "http://209.85.129.104/search?q=cache:XzBRMo1TVQgJ:www.dmulk.com/funny/+index+of/funny&hl=pl&ct=clnk&cd=7&gl=pl" "Mozilla/4.0 (compatible; MSIE 5.00; Windows 98)" "www.dmulk.com"
117.7.28.56 - - [30/Aug/2007:22:29:38 -0700] "GET /funny/Mencanmultitask.asx HTTP/1.1" 206 196608 "http://209.85.129.104/search?q=cache:XzBRMo1TVQgJ:www.dmulk.com/funny/+index+of/funny&hl=pl&ct=clnk&cd=7&gl=pl" "Mozilla/4.0 (compatible; MSIE 5.00; Windows 98)" "www.dmulk.com"
117.7.28.56 - - [30/Aug/2007:22:29:38 -0700] "GET /funny/Mencanmultitask.asx HTTP/1.1" 206 196608 "http://209.85.129.104/search?q=cache:XzBRMo1TVQgJ:www.dmulk.com/funny/+index+of/funny&hl=pl&ct=clnk&cd=7&gl=pl" "Mozilla/4.0 (compatible; MSIE 5.00; Windows 98)" "www.dmulk.com"
117.7.28.56 - - [30/Aug/2007:22:29:39 -0700] "GET /funny/Mencanmultitask.asx HTTP/1.1" 206 196608 "http://209.85.129.104/search?q=cache:XzBRMo1TVQgJ:www.dmulk.com/funny/+index+of/funny&hl=pl&ct=clnk&cd=7&gl=pl" "Mozilla/4.0 (compatible; MSIE 5.00; Windows 98)" "www.dmulk.com"
117.7.28.56 - - [30/Aug/2007:22:29:40 -0700] "GET /funny/Mencanmultitask.asx HTTP/1.1" 206 196608 "http://209.85.129.104/search?q=cache:XzBRMo1TVQgJ:www.dmulk.com/funny/+index+of/funny&hl=pl&ct=clnk&cd=7&gl=pl" "Mozilla/4.0 (compatible; MSIE 5.00; Windows 98)" "www.dmulk.com"
117.7.28.56 - - [30/Aug/2007:22:29:40 -0700] "GET /funny/Mencanmultitask.asx HTTP/1.1" 206 196608 "http://209.85.129.104/search?q=cache:XzBRMo1TVQgJ:www.dmulk.com/funny/+index+of/funny&hl=pl&ct=clnk&cd=7&gl=pl" "Mozilla/4.0 (compatible; MSIE 5.00; Windows 98)" "www.dmulk.com"
200.150.145.68 - - [30/Aug/2007:22:58:54 -0700] "GET /presto/ HTTP/1.1" 200 526 "-" "Mozilla/4.0 (compatible; MSIE 6.0; Windows NT 5.0)" "www.dmulk.com"
72.30.61.101 - - [30/Aug/2007:23:06:34 -0700] "GET /tmp/?D=A HTTP/1.0" 200 1488 "-" "Mozilla/5.0 (compatible; Yahoo! Slurp; http://help.yahoo.com/help/us/ysearch/slurp)" "www.dmulk.com"
74.6.23.76 - - [30/Aug/2007:23:18:08 -0700] "GET /mobileoffice/?D=A HTTP/1.0" 200 5008 "-" "Mozilla/5.0 (compatible; Yahoo! Slurp; http://help.yahoo.com/help/us/ysearch/slurp)" "www.dmulk.com"
74.6.28.164 - - [30/Aug/2007:23:30:53 -0700] "GET /minamijewelry/?S=A HTTP/1.0" 200 2094 "-" "Mozilla/5.0 (compatible; Yahoo! Slurp; http://help.yahoo.com/help/us/ysearch/slurp)" "www.dmulk.com"
72.30.61.175 - - [31/Aug/2007:00:07:02 -0700] "GET /tmp/?D=A HTTP/1.0" 200 1488 "-" "Mozilla/5.0 (compatible; Yahoo! Slurp; http://help.yahoo.com/help/us/ysearch/slurp)" "www.dmulk.com"
74.6.23.70 - - [31/Aug/2007:00:35:04 -0700] "GET /bikes/dteel/03MAR07/?N=D HTTP/1.0" 200 692 "-" "Mozilla/5.0 (compatible; Yahoo! Slurp; http://help.yahoo.com/help/us/ysearch/slurp)" "www.dmulk.com"
65.55.209.207 - - [31/Aug/2007:00:55:26 -0700] "GET /robots.txt HTTP/1.0" 404 275 "-" "msnbot/1.0 (+http://search.msn.com/msnbot.htm)" "www.dmulk.com"
65.55.209.207 - - [31/Aug/2007:00:55:26 -0700] "GET /presto/?M=A HTTP/1.0" 200 510 "-" "msnbot/1.0 (+http://search.msn.com/msnbot.htm)" "www.dmulk.com"
74.6.20.45 - - [31/Aug/2007:01:00:00 -0700] "GET /retreat1/webcam/?N=A HTTP/1.0" 200 851738 "-" "Mozilla/5.0 (compatible; Yahoo! Slurp; http://help.yahoo.com/help/us/ysearch/slurp)" "www.dmulk.com"
74.6.25.37 - - [31/Aug/2007:01:02:11 -0700] "GET /mobileoffice HTTP/1.0" 301 81 "-" "Mozilla/5.0 (compatible; Yahoo! Slurp; http://help.yahoo.com/help/us/ysearch/slurp)" "www.dmulk.com"
74.6.25.37 - - [31/Aug/2007:01:02:12 -0700] "GET /mobileoffice/ HTTP/1.0" 200 5008 "-" "Mozilla/5.0 (compatible; Yahoo! Slurp; http://help.yahoo.com/help/us/ysearch/slurp)" "www.dmulk.com"
74.6.23.206 - - [31/Aug/2007:01:19:37 -0700] "GET /presto/?N=A HTTP/1.0" 200 510 "-" "Mozilla/5.0 (compatible; Yahoo! Slurp; http://help.yahoo.com/help/us/ysearch/slurp)" "www.dmulk.com"
74.6.19.207 - - [31/Aug/2007:01:31:31 -0700] "GET /presto/?N=D HTTP/1.0" 200 510 "-" "Mozilla/5.0 (compatible; Yahoo! Slurp; http://help.yahoo.com/help/us/ysearch/slurp)" "www.dmulk.com"
72.30.61.175 - - [31/Aug/2007:01:50:06 -0700] "GET /tmp/?D=A HTTP/1.0" 200 1491 "-" "Mozilla/5.0 (compatible; Yahoo! Slurp; http://help.yahoo.com/help/us/ysearch/slurp)" "www.dmulk.com"
72.30.61.94 - - [31/Aug/2007:01:52:47 -0700] "GET /tmp/?D=A HTTP/1.0" 200 1488 "-" "Mozilla/5.0 (compatible; Yahoo! Slurp; http://help.yahoo.com/help/us/ysearch/slurp)" "www.dmulk.com"
74.6.28.155 - - [31/Aug/2007:02:04:21 -0700] "GET /tmp/ HTTP/1.0" 200 1488 "-" "Mozilla/5.0 (compatible; Yahoo! Slurp; http://help.yahoo.com/help/us/ysearch/slurp)" "www.dmulk.com"
74.6.26.216 - - [31/Aug/2007:02:06:28 -0700] "GET /tmp/sess_b64593bf642908d336993b331684a136 HTTP/1.0" 403 163 "-" "Mozilla/5.0 (compatible; Yahoo! Slurp; http://help.yahoo.com/help/us/ysearch/slurp)" "www.dmulk.com"
74.6.24.145 - - [31/Aug/2007:02:43:40 -0700] "GET /presto/?S=A HTTP/1.0" 200 510 "-" "Mozilla/5.0 (compatible; Yahoo! Slurp; http://help.yahoo.com/help/us/ysearch/slurp)" "www.dmulk.com"
72.30.61.175 - - [31/Aug/2007:03:38:31 -0700] "GET /tmp/?D=A HTTP/1.0" 200 1488 "-" "Mozilla/5.0 (compatible; Yahoo! Slurp; http://help.yahoo.com/help/us/ysearch/slurp)" "www.dmulk.com"
72.30.61.101 - - [31/Aug/2007:04:07:20 -0700] "GET /tmp/?D=A HTTP/1.0" 200 1491 "-" "Mozilla/5.0 (compatible; Yahoo! Slurp; http://help.yahoo.com/help/us/ysearch/slurp)" "www.dmulk.com"
72.30.61.105 - - [31/Aug/2007:04:39:09 -0700] "GET /tmp/?D=A HTTP/1.0" 200 1488 "-" "Mozilla/5.0 (compatible; Yahoo! Slurp; http://help.yahoo.com/help/us/ysearch/slurp)" "www.dmulk.com"
65.55.209.214 - - [31/Aug/2007:04:39:31 -0700] "GET /robots.txt HTTP/1.0" 404 275 "-" "msnbot/1.0 (+http://search.msn.com/msnbot.htm)" "www.dmulk.com"
65.55.209.214 - - [31/Aug/2007:04:39:32 -0700] "GET /presto/?D=A HTTP/1.0" 200 510 "-" "msnbot/1.0 (+http://search.msn.com/msnbot.htm)" "www.dmulk.com"