65.55.209.214 - - [20/Aug/2007:22:43:36 -0700] "GET /logs/access_070814.log HTTP/1.0" 200 55888 "-" "msnbot/1.0 (+http://search.msn.com/msnbot.htm)" "www.dmulk.com"
65.55.209.214 - - [20/Aug/2007:22:43:37 -0700] "GET /logs/access_070718.log HTTP/1.0" 200 45557 "-" "msnbot/1.0 (+http://search.msn.com/msnbot.htm)" "www.dmulk.com"
65.55.209.214 - - [20/Aug/2007:22:43:38 -0700] "GET /logs/access_070627.log HTTP/1.0" 200 163174 "-" "msnbot/1.0 (+http://search.msn.com/msnbot.htm)" "www.dmulk.com"
65.55.209.203 - - [20/Aug/2007:22:48:05 -0700] "GET /logs/access_070810.log HTTP/1.0" 200 58508 "-" "msnbot/1.0 (+http://search.msn.com/msnbot.htm)" "www.dmulk.com"
65.55.209.203 - - [20/Aug/2007:22:48:06 -0700] "GET /logs/access_070726.log HTTP/1.0" 200 41609 "-" "msnbot/1.0 (+http://search.msn.com/msnbot.htm)" "www.dmulk.com"
65.55.209.203 - - [20/Aug/2007:22:48:07 -0700] "GET /logs/access_070711.log HTTP/1.0" 200 43580 "-" "msnbot/1.0 (+http://search.msn.com/msnbot.htm)" "www.dmulk.com"
65.55.209.203 - - [20/Aug/2007:22:48:08 -0700] "GET /logs/access_070731.log HTTP/1.0" 200 34839 "-" "msnbot/1.0 (+http://search.msn.com/msnbot.htm)" "www.dmulk.com"
65.55.209.213 - - [20/Aug/2007:22:50:39 -0700] "GET /logs/access.log HTTP/1.0" 200 51117 "-" "msnbot/1.0 (+http://search.msn.com/msnbot.htm)" "www.dmulk.com"
65.55.209.213 - - [20/Aug/2007:22:54:48 -0700] "GET /logs/access_070715.log HTTP/1.0" 200 115427 "-" "msnbot/1.0 (+http://search.msn.com/msnbot.htm)" "www.dmulk.com"
65.55.209.213 - - [20/Aug/2007:22:54:49 -0700] "GET /logs/access_070629.log HTTP/1.0" 200 29210 "-" "msnbot/1.0 (+http://search.msn.com/msnbot.htm)" "www.dmulk.com"
65.55.209.213 - - [20/Aug/2007:22:54:49 -0700] "GET /logs/access_070803.log HTTP/1.0" 200 56048 "-" "msnbot/1.0 (+http://search.msn.com/msnbot.htm)" "www.dmulk.com"
65.55.209.213 - - [20/Aug/2007:22:54:50 -0700] "GET /logs/access_070701.log HTTP/1.0" 200 48497 "-" "msnbot/1.0 (+http://search.msn.com/msnbot.htm)" "www.dmulk.com"
65.55.209.213 - - [20/Aug/2007:22:56:08 -0700] "GET /logs/access_070721.log HTTP/1.0" 200 23814 "-" "msnbot/1.0 (+http://search.msn.com/msnbot.htm)" "www.dmulk.com"
65.55.209.213 - - [20/Aug/2007:22:56:09 -0700] "GET /logs/access_070817.log HTTP/1.0" 200 59720 "-" "msnbot/1.0 (+http://search.msn.com/msnbot.htm)" "www.dmulk.com"
65.55.209.212 - - [20/Aug/2007:23:06:05 -0700] "GET /robots.txt HTTP/1.0" 404 275 "-" "msnbot/1.0 (+http://search.msn.com/msnbot.htm)" "www.dmulk.com"
65.55.209.212 - - [20/Aug/2007:23:06:06 -0700] "GET /logs/access_070704.log HTTP/1.0" 200 11515 "-" "msnbot/1.0 (+http://search.msn.com/msnbot.htm)" "www.dmulk.com"
65.55.209.212 - - [20/Aug/2007:23:09:18 -0700] "GET /minamijewelry/?D=A HTTP/1.0" 200 2100 "-" "msnbot/1.0 (+http://search.msn.com/msnbot.htm)" "www.dmulk.com"
65.55.209.212 - - [20/Aug/2007:23:09:19 -0700] "GET /logs/access_070812.log HTTP/1.0" 200 37724 "-" "msnbot/1.0 (+http://search.msn.com/msnbot.htm)" "www.dmulk.com"
65.55.209.212 - - [20/Aug/2007:23:09:19 -0700] "GET /logs/access_070808.log HTTP/1.0" 200 84948 "-" "msnbot/1.0 (+http://search.msn.com/msnbot.htm)" "www.dmulk.com"
65.55.209.212 - - [20/Aug/2007:23:09:21 -0700] "GET /logs/access_070724.log HTTP/1.0" 200 173704 "-" "msnbot/1.0 (+http://search.msn.com/msnbot.htm)" "www.dmulk.com"
65.55.209.207 - - [20/Aug/2007:23:14:42 -0700] "GET /robots.txt HTTP/1.0" 404 275 "-" "msnbot/1.0 (+http://search.msn.com/msnbot.htm)" "www.dmulk.com"
65.55.209.207 - - [20/Aug/2007:23:14:42 -0700] "GET /logs/access_070811.log HTTP/1.0" 200 94297 "-" "msnbot/1.0 (+http://search.msn.com/msnbot.htm)" "www.dmulk.com"
65.55.209.207 - - [20/Aug/2007:23:14:42 -0700] "GET /logs/access_070727.log HTTP/1.0" 200 35863 "-" "msnbot/1.0 (+http://search.msn.com/msnbot.htm)" "www.dmulk.com"
65.55.209.207 - - [20/Aug/2007:23:14:43 -0700] "GET /logs/access_070709.log HTTP/1.0" 200 30963 "-" "msnbot/1.0 (+http://search.msn.com/msnbot.htm)" "www.dmulk.com"
65.55.209.207 - - [20/Aug/2007:23:14:44 -0700] "GET /logs/access_070713.log HTTP/1.0" 200 67092 "-" "msnbot/1.0 (+http://search.msn.com/msnbot.htm)" "www.dmulk.com"
65.55.209.207 - - [20/Aug/2007:23:14:44 -0700] "GET /logs/access_070729.log HTTP/1.0" 200 26979 "-" "msnbot/1.0 (+http://search.msn.com/msnbot.htm)" "www.dmulk.com"
65.55.209.207 - - [20/Aug/2007:23:14:45 -0700] "GET /logs/access_070805.log HTTP/1.0" 200 30484 "-" "msnbot/1.0 (+http://search.msn.com/msnbot.htm)" "www.dmulk.com"
65.55.209.207 - - [20/Aug/2007:23:14:46 -0700] "GET /logs/access_070707.log HTTP/1.0" 200 48967 "-" "msnbot/1.0 (+http://search.msn.com/msnbot.htm)" "www.dmulk.com"
65.55.209.207 - - [20/Aug/2007:23:14:47 -0700] "GET /logs/access_070710.log HTTP/1.0" 200 32027 "-" "msnbot/1.0 (+http://search.msn.com/msnbot.htm)" "www.dmulk.com"
65.55.209.207 - - [20/Aug/2007:23:16:21 -0700] "GET /logs/access_070730.log HTTP/1.0" 200 41451 "-" "msnbot/1.0 (+http://search.msn.com/msnbot.htm)" "www.dmulk.com"
72.30.61.175 - - [20/Aug/2007:23:25:50 -0700] "GET /tmp/?D=A HTTP/1.0" 200 1153 "-" "Mozilla/5.0 (compatible; Yahoo! Slurp; http://help.yahoo.com/help/us/ysearch/slurp)" "www.dmulk.com"
65.55.209.207 - - [20/Aug/2007:23:46:38 -0700] "GET /minamijewelry/dream.psd HTTP/1.0" 200 109304 "-" "msnbot/1.0 (+http://search.msn.com/msnbot.htm)" "www.dmulk.com"
65.55.209.214 - - [20/Aug/2007:23:49:47 -0700] "GET /logs/access_070702.log HTTP/1.0" 200 2893 "-" "msnbot/1.0 (+http://search.msn.com/msnbot.htm)" "www.dmulk.com"
65.55.209.214 - - [20/Aug/2007:23:51:10 -0700] "GET /logs/access_070722.log HTTP/1.0" 200 78392 "-" "msnbot/1.0 (+http://search.msn.com/msnbot.htm)" "www.dmulk.com"
65.55.209.214 - - [20/Aug/2007:23:51:11 -0700] "GET /logs/?N=D HTTP/1.0" 200 9073 "-" "msnbot/1.0 (+http://search.msn.com/msnbot.htm)" "www.dmulk.com"
65.55.209.206 - - [20/Aug/2007:23:57:28 -0700] "GET /minamijewelry/minami_site3.psd HTTP/1.0" 200 1310720 "-" "msnbot/1.0 (+http://search.msn.com/msnbot.htm)" "www.dmulk.com"
65.55.209.206 - - [20/Aug/2007:23:58:39 -0700] "GET /minamijewelry/flower.psd HTTP/1.0" 200 109558 "-" "msnbot/1.0 (+http://search.msn.com/msnbot.htm)" "www.dmulk.com"
65.55.209.212 - - [21/Aug/2007:00:04:44 -0700] "GET /minamijewelry/kanji1.psd HTTP/1.0" 200 515148 "-" "msnbot/1.0 (+http://search.msn.com/msnbot.htm)" "www.dmulk.com"
65.55.209.212 - - [21/Aug/2007:00:04:44 -0700] "GET /minamijewelry/moon.psd HTTP/1.0" 200 108656 "-" "msnbot/1.0 (+http://search.msn.com/msnbot.htm)" "www.dmulk.com"
72.30.61.101 - - [21/Aug/2007:00:14:07 -0700] "GET /tmp/?D=A HTTP/1.0" 200 1153 "-" "Mozilla/5.0 (compatible; Yahoo! Slurp; http://help.yahoo.com/help/us/ysearch/slurp)" "www.dmulk.com"
65.55.209.213 - - [21/Aug/2007:00:25:00 -0700] "GET /minamijewelry/?S=A HTTP/1.0" 200 2094 "-" "msnbot/1.0 (+http://search.msn.com/msnbot.htm)" "www.dmulk.com"
65.55.209.213 - - [21/Aug/2007:00:25:00 -0700] "GET /minamijewelry/?M=A HTTP/1.0" 200 2094 "-" "msnbot/1.0 (+http://search.msn.com/msnbot.htm)" "www.dmulk.com"
65.55.209.213 - - [21/Aug/2007:00:27:46 -0700] "GET /minamijewelry/html/ HTTP/1.0" 200 13288 "-" "msnbot/1.0 (+http://search.msn.com/msnbot.htm)" "www.dmulk.com"
65.55.209.213 - - [21/Aug/2007:00:27:47 -0700] "GET /minamijewelry/bird.psd HTTP/1.0" 200 109644 "-" "msnbot/1.0 (+http://search.msn.com/msnbot.htm)" "www.dmulk.com"
64.208.172.172 - - [21/Aug/2007:00:30:41 -0700] "GET /robots.txt HTTP/1.0" 404 275 "-" "ia_archiver" "www.dmulk.com"
64.208.172.172 - - [21/Aug/2007:00:30:41 -0700] "GET / HTTP/1.0" 200 2946 "-" "ia_archiver" "www.dmulk.com"
65.55.209.214 - - [21/Aug/2007:01:16:33 -0700] "GET /minamijewelry/source_images/ HTTP/1.0" 200 2398 "-" "msnbot/1.0 (+http://search.msn.com/msnbot.htm)" "www.dmulk.com"
72.30.61.94 - - [21/Aug/2007:01:19:34 -0700] "GET /tmp/?D=A HTTP/1.0" 200 1153 "-" "Mozilla/5.0 (compatible; Yahoo! Slurp; http://help.yahoo.com/help/us/ysearch/slurp)" "www.dmulk.com"
65.55.209.207 - - [21/Aug/2007:01:20:09 -0700] "GET /_private/ HTTP/1.0" 403 163 "-" "msnbot/1.0 (+http://search.msn.com/msnbot.htm)" "www.dmulk.com"
72.30.61.175 - - [21/Aug/2007:01:20:45 -0700] "GET /tmp/?D=A HTTP/1.0" 200 1150 "-" "Mozilla/5.0 (compatible; Yahoo! Slurp; http://help.yahoo.com/help/us/ysearch/slurp)" "www.dmulk.com"
65.55.209.212 - - [21/Aug/2007:01:34:11 -0700] "GET /robots.txt HTTP/1.0" 404 275 "-" "msnbot/1.0 (+http://search.msn.com/msnbot.htm)" "www.dmulk.com"
65.55.209.212 - - [21/Aug/2007:01:34:12 -0700] "GET /warboard/ HTTP/1.0" 401 395 "-" "msnbot/1.0 (+http://search.msn.com/msnbot.htm)" "www.dmulk.com"
74.6.25.167 - - [21/Aug/2007:01:41:59 -0700] "GET /logs/access_070726.log HTTP/1.0" 304 - "-" "Mozilla/5.0 (compatible; Yahoo! Slurp; http://help.yahoo.com/help/us/ysearch/slurp)" "www.dmulk.com"
74.6.22.204 - - [21/Aug/2007:01:44:35 -0700] "GET /presto/?M=D HTTP/1.0" 200 510 "-" "Mozilla/5.0 (compatible; Yahoo! Slurp; http://help.yahoo.com/help/us/ysearch/slurp)" "www.dmulk.com"
65.55.209.205 - - [21/Aug/2007:01:56:08 -0700] "GET /robots.txt HTTP/1.0" 404 275 "-" "msnbot/1.0 (+http://search.msn.com/msnbot.htm)" "www.dmulk.com"
65.55.209.205 - - [21/Aug/2007:01:56:08 -0700] "GET /funny/ HTTP/1.0" 200 792 "-" "msnbot/1.0 (+http://search.msn.com/msnbot.htm)" "www.dmulk.com"
74.6.26.206 - - [21/Aug/2007:01:57:52 -0700] "GET /bikes/?M=A HTTP/1.0" 200 2036 "-" "Mozilla/5.0 (compatible; Yahoo! Slurp; http://help.yahoo.com/help/us/ysearch/slurp)" "www.dmulk.com"
74.6.24.45 - - [21/Aug/2007:02:39:20 -0700] "GET /presto/ HTTP/1.0" 200 510 "-" "Mozilla/5.0 (compatible; Yahoo! Slurp; http://help.yahoo.com/help/us/ysearch/slurp)" "www.dmulk.com"
74.6.25.135 - - [21/Aug/2007:02:40:57 -0700] "GET /presto/?D=A HTTP/1.0" 200 510 "-" "Mozilla/5.0 (compatible; Yahoo! Slurp; http://help.yahoo.com/help/us/ysearch/slurp)" "www.dmulk.com"
74.6.19.209 - - [21/Aug/2007:02:47:22 -0700] "GET /bikes/?M=D HTTP/1.0" 200 2036 "-" "Mozilla/5.0 (compatible; Yahoo! Slurp; http://help.yahoo.com/help/us/ysearch/slurp)" "www.dmulk.com"
74.6.24.113 - - [21/Aug/2007:03:00:58 -0700] "GET /logs/access_070819.log HTTP/1.0" 200 28182 "-" "Mozilla/5.0 (compatible; Yahoo! Slurp; http://help.yahoo.com/help/us/ysearch/slurp)" "www.dmulk.com"
72.30.61.175 - - [21/Aug/2007:03:03:26 -0700] "GET /tmp/?D=A HTTP/1.0" 200 1153 "-" "Mozilla/5.0 (compatible; Yahoo! Slurp; http://help.yahoo.com/help/us/ysearch/slurp)" "www.dmulk.com"
65.55.209.204 - - [21/Aug/2007:03:07:15 -0700] "GET /robots.txt HTTP/1.0" 404 275 "-" "msnbot/1.0 (+http://search.msn.com/msnbot.htm)" "www.dmulk.com"
65.55.209.204 - - [21/Aug/2007:03:07:16 -0700] "GET /funny/?M=A HTTP/1.0" 200 796 "-" "msnbot/1.0 (+http://search.msn.com/msnbot.htm)" "www.dmulk.com"
65.55.209.204 - - [21/Aug/2007:03:07:16 -0700] "GET /funny/?S=A HTTP/1.0" 200 796 "-" "msnbot/1.0 (+http://search.msn.com/msnbot.htm)" "www.dmulk.com"
65.55.209.205 - - [21/Aug/2007:03:08:58 -0700] "GET /funny/?D=A HTTP/1.0" 200 796 "-" "msnbot/1.0 (+http://search.msn.com/msnbot.htm)" "www.dmulk.com"
65.55.209.213 - - [21/Aug/2007:03:10:57 -0700] "GET /robots.txt HTTP/1.0" 404 275 "-" "msnbot/1.0 (+http://search.msn.com/msnbot.htm)" "www.dmulk.com"
65.55.209.213 - - [21/Aug/2007:03:10:57 -0700] "GET /funny/?N=D HTTP/1.0" 200 792 "-" "msnbot/1.0 (+http://search.msn.com/msnbot.htm)" "www.dmulk.com"
59.162.4.226 - - [21/Aug/2007:03:19:31 -0700] "GET /favicon.ico HTTP/1.1" 404 275 "-" "Mozilla/4.0 (compatible; MSIE 7.0; Windows NT 5.1; .NET CLR 1.1.4322)" "www.dmulk.com"
59.162.4.226 - - [21/Aug/2007:03:19:31 -0700] "GET /funny/?N=D HTTP/1.1" 200 808 "http://www.google.co.in/search?q=%22index+of%22+funny&hl=en&start=10&sa=N" "Mozilla/4.0 (compatible; MSIE 7.0; Windows NT 5.1; .NET CLR 1.1.4322)" "www.dmulk.com"
65.55.209.212 - - [21/Aug/2007:03:23:40 -0700] "GET /funny/Mencanmultitask.asx HTTP/1.0" 200 817843 "-" "msnbot/1.0 (+http://search.msn.com/msnbot.htm)" "www.dmulk.com"
74.6.26.227 - - [21/Aug/2007:03:32:53 -0700] "GET /tmp/sess_fec28d501e1937be6876c32fca02d0b0 HTTP/1.0" 404 275 "-" "Mozilla/5.0 (compatible; Yahoo! Slurp; http://help.yahoo.com/help/us/ysearch/slurp)" "www.dmulk.com"
74.6.27.108 - - [21/Aug/2007:03:37:11 -0700] "GET /logs/?S=A HTTP/1.0" 200 9073 "-" "Mozilla/5.0 (compatible; Yahoo! Slurp; http://help.yahoo.com/help/us/ysearch/slurp)" "www.dmulk.com"
74.6.28.218 - - [21/Aug/2007:03:43:21 -0700] "GET /mobileoffice/?N=A HTTP/1.0" 200 5008 "-" "Mozilla/5.0 (compatible; Yahoo! Slurp; http://help.yahoo.com/help/us/ysearch/slurp)" "www.dmulk.com"
218.111.50.91 - - [21/Aug/2007:04:44:09 -0700] "GET /megumi/Necklace/ HTTP/1.1" 200 4323 "http://images.google.com.my/imgres?imgurl=http://www.dmulk.com/megumi/Necklace/9_Garnet_Pearl_Choker_35.JPG&imgrefurl=http://www.dmulk.com/megumi/Necklace/&h=2112&w=2816&sz=2141&hl=en&start=143&um=1&tbnid=ZQbxaV2UaGOimM:&tbnh=113&tbnw=150&prev=/images%3Fq%3DGARNET%26start%3D126%26imgsz%3Dxxlarge%26ndsp%3D21%26svnum%3D10%26um%3D1%26hl%3Den%26sa%3DN" "Mozilla/4.0 (compatible; MSIE 6.0; Windows NT 5.1; SV1; .NET CLR 2.0.50727; InfoPath.1)" "www.dmulk.com"
72.30.61.105 - - [21/Aug/2007:04:44:11 -0700] "GET /tmp/?D=A HTTP/1.0" 200 1150 "-" "Mozilla/5.0 (compatible; Yahoo! Slurp; http://help.yahoo.com/help/us/ysearch/slurp)" "www.dmulk.com"
218.111.50.91 - - [21/Aug/2007:04:45:12 -0700] "GET /megumi/Necklace/9_Garnet_Pearl_Choker_35.JPG HTTP/1.1" 200 2192240 "http://images.google.com.my/imgres?imgurl=http://www.dmulk.com/megumi/Necklace/9_Garnet_Pearl_Choker_35.JPG&imgrefurl=http://www.dmulk.com/megumi/Necklace/&h=2112&w=2816&sz=2141&tbnid=ZQbxaV2UaGOimM:&tbnh=113&tbnw=150&hl=en&um=1&prev=/images%3Fq%3DGARNET%26start%3D126%26imgsz%3Dxxlarge%26ndsp%3D21%26svnum%3D10%26um%3D1%26hl%3Den%26sa%3DN&frame=small" "Mozilla/4.0 (compatible; MSIE 6.0; Windows NT 5.1; SV1; .NET CLR 2.0.50727; InfoPath.1)" "www.dmulk.com"
218.111.50.91 - - [21/Aug/2007:04:45:22 -0700] "GET /favicon.ico HTTP/1.1" 404 275 "-" "Mozilla/4.0 (compatible; MSIE 6.0; Windows NT 5.1; SV1; .NET CLR 2.0.50727; InfoPath.1)" "www.dmulk.com"
218.111.50.91 - - [21/Aug/2007:04:45:22 -0700] "GET /favicon.ico HTTP/1.1" 404 275 "-" "Mozilla/4.0 (compatible; MSIE 6.0; Windows NT 5.1; SV1; .NET CLR 2.0.50727; InfoPath.1)" "www.dmulk.com"
72.30.61.175 - - [21/Aug/2007:04:47:47 -0700] "GET /tmp/?D=A HTTP/1.0" 200 1150 "-" "Mozilla/5.0 (compatible; Yahoo! Slurp; http://help.yahoo.com/help/us/ysearch/slurp)" "www.dmulk.com"